{"id":13251,"date":"2024-02-28T16:47:33","date_gmt":"2024-02-28T16:47:33","guid":{"rendered":"https:\/\/anivet.lt\/elparduotuve\/?post_type=product&#038;p=13251"},"modified":"2026-04-29T06:08:03","modified_gmt":"2026-04-29T06:08:03","slug":"virbac-veggiedent-kramtukai-dantu-prieziurai-5-10-kg-n15","status":"publish","type":"product","link":"https:\/\/anivet.lt\/elparduotuve\/produktas\/virbac-veggiedent-kramtukai-dantu-prieziurai-5-10-kg-n15\/","title":{"rendered":"Virbac VEGGIEDENT kramtukai dant\u0173 prie\u017ei\u016brai 5-10 kg N15"},"content":{"rendered":"<ul>\n<li style=\"font-weight: 400;\" aria-level=\"1\"><span style=\"font-weight: 400;\">Efektyviai kovoja su dant\u0173 apna\u0161omis: Granatas ir antioksidantai padeda suma\u017einti apna\u0161\u0173 susidarym\u0105.<\/span><\/li>\n<li style=\"font-weight: 400;\" aria-level=\"1\"><span style=\"font-weight: 400;\">V\u0117sinamasis efektas: Eritritolis u\u017etikrina \u0161vie\u017eum\u0105 ir ma\u017eina bakterij\u0173 kiek\u012f nasruose.<\/span><\/li>\n<li style=\"font-weight: 400;\" aria-level=\"1\"><span style=\"font-weight: 400;\">Nemalonaus kvapo slopinimas: Inulinas palaiko \u017earnyno mikrofloros balans\u0105 ir ma\u017eina duj\u0173 gamyb\u0105.<\/span><\/li>\n<li style=\"font-weight: 400;\" aria-level=\"1\"><span style=\"font-weight: 400;\">Saugus diabetu sergantiems \u0161unims: Kramtukai neturi \u012ftakos gliukoz\u0117s ar insulino lygiui kraujyje.<\/span><\/li>\n<li style=\"font-weight: 400;\" aria-level=\"1\"><span style=\"font-weight: 400;\">Nat\u016bral\u016bs ingredientai: Be gyvulin\u0117s kilm\u0117s baltym\u0173, gliuteno, GMO ir skonio stiprikli\u0173.<\/span><\/li>\n<\/ul>\n<p><span style=\"font-weight: 400;\">\u201eVirbac VeggieDent\u201d kramtukai u\u017etikrina visapusi\u0161k\u0105 burnos ir vir\u0161kinimo trakto prie\u017ei\u016br\u0105. Nat\u016bralios sudedamosios med\u017eiagos ir unikali formul\u0117 ne tik pagerina nasr\u0173 \u0161var\u0105 ir kvap\u0105, bet ir palaiko bendr\u0105 j\u016bs\u0173 augintinio sveikat\u0105. Tai patogus ir efektyvus sprendimas, skirtas kasdienei dant\u0173 higienai.<\/span><\/p>\n","protected":false},"excerpt":{"rendered":"<p><span style=\"font-weight: 400;\">\u0160ie kramtukai yra puikus pasirinkimas, siekiant u\u017etikrinti efektyvi\u0105 j\u016bs\u0173 \u0161uns dant\u0173 prie\u017ei\u016br\u0105. \u0160ie kramtukai ne tik slopina bakterij\u0173 dauginim\u0105si ir dant\u0173 apna\u0161\u0173 formavim\u0105si, bet ir ma\u017eina nemalon\u0173 kvap\u0105 i\u0161 burnos bei vir\u0161kinamojo trakto. Tinka net diabetu sergantiems \u0161unims, tod\u0117l tai universalus sprendimas, atitinkantis \u012fvairi\u0173 \u0161un\u0173 poreikius.<\/span><\/p>\n","protected":false},"featured_media":13110,"template":"","meta":[],"product_brand":[],"product_cat":[101,103,106,337],"product_tag":[],"class_list":{"0":"post-13251","1":"product","2":"type-product","3":"status-publish","4":"has-post-thumbnail","6":"product_cat-sunims","7":"product_cat-sunu-maistas","8":"product_cat-skanestai","9":"product_cat-virbac-sunu-maistas","10":"pa_prekinis-zenklas-virbac","12":"first","13":"outofstock","14":"taxable","15":"shipping-taxable","16":"purchasable","17":"product-type-simple"},"yoast_head":"<!-- This site is optimized with the Yoast SEO Premium plugin v27.1 (Yoast SEO v27.5) - https:\/\/yoast.com\/product\/yoast-seo-premium-wordpress\/ -->\n<title>Virbac VEGGIEDENT kramtukai dant\u0173 prie\u017ei\u016brai 5-10 kg N15 - anivet.lt<\/title>\n<meta name=\"description\" content=\"\u0160ie kramtukai yra puikus pasirinkimas, siekiant u\u017etikrinti efektyvi\u0105 j\u016bs\u0173 \u0161uns dant\u0173 prie\u017ei\u016br\u0105. \u0160ie kramtukai ne tik slopina bakterij\u0173 dauginim\u0105si ir dant\u0173 apna\u0161\u0173 formavim\u0105si, bet ir ma\u017eina nemalon\u0173 kvap\u0105 i\u0161 burnos bei vir\u0161kinamojo trakto. Tinka net diabetu sergantiems \u0161unims, tod\u0117l tai universalus sprendimas, atitinkantis \u012fvairi\u0173 \u0161un\u0173 poreikius.\" \/>\n<meta name=\"robots\" content=\"index, follow, max-snippet:-1, max-image-preview:large, max-video-preview:-1\" \/>\n<link rel=\"canonical\" href=\"https:\/\/anivet.lt\/elparduotuve\/produktas\/virbac-veggiedent-kramtukai-dantu-prieziurai-5-10-kg-n15\/\" \/>\n<meta property=\"og:locale\" content=\"lt_LT\" \/>\n<meta property=\"og:type\" content=\"article\" \/>\n<meta property=\"og:title\" content=\"Virbac VEGGIEDENT kramtukai dant\u0173 prie\u017ei\u016brai 5-10 kg N15\" \/>\n<meta property=\"og:description\" content=\"\u0160ie kramtukai yra puikus pasirinkimas, siekiant u\u017etikrinti efektyvi\u0105 j\u016bs\u0173 \u0161uns dant\u0173 prie\u017ei\u016br\u0105. \u0160ie kramtukai ne tik slopina bakterij\u0173 dauginim\u0105si ir dant\u0173 apna\u0161\u0173 formavim\u0105si, bet ir ma\u017eina nemalon\u0173 kvap\u0105 i\u0161 burnos bei vir\u0161kinamojo trakto. Tinka net diabetu sergantiems \u0161unims, tod\u0117l tai universalus sprendimas, atitinkantis \u012fvairi\u0173 \u0161un\u0173 poreikius.\" \/>\n<meta property=\"og:url\" content=\"https:\/\/anivet.lt\/elparduotuve\/produktas\/virbac-veggiedent-kramtukai-dantu-prieziurai-5-10-kg-n15\/\" \/>\n<meta property=\"og:site_name\" content=\"anivet.lt\" \/>\n<meta property=\"article:modified_time\" content=\"2026-04-29T06:08:03+00:00\" \/>\n<meta property=\"og:image\" content=\"https:\/\/anivet.lt\/elparduotuve\/wp-content\/uploads\/2024\/01\/veggiedent_fresh_s-5-10kg.jpg\" \/>\n\t<meta property=\"og:image:width\" content=\"600\" \/>\n\t<meta property=\"og:image:height\" content=\"600\" \/>\n\t<meta property=\"og:image:type\" content=\"image\/jpeg\" \/>\n<meta name=\"twitter:card\" content=\"summary_large_image\" \/>\n<meta name=\"twitter:label1\" content=\"Est. reading time\" \/>\n\t<meta name=\"twitter:data1\" content=\"1 minut\u0117\" \/>\n<script type=\"application\/ld+json\" class=\"yoast-schema-graph\">{\"@context\":\"https:\\\/\\\/schema.org\",\"@graph\":[{\"@type\":\"WebPage\",\"@id\":\"https:\\\/\\\/anivet.lt\\\/elparduotuve\\\/produktas\\\/virbac-veggiedent-kramtukai-dantu-prieziurai-5-10-kg-n15\\\/\",\"url\":\"https:\\\/\\\/anivet.lt\\\/elparduotuve\\\/produktas\\\/virbac-veggiedent-kramtukai-dantu-prieziurai-5-10-kg-n15\\\/\",\"name\":\"Virbac VEGGIEDENT kramtukai dant\u0173 prie\u017ei\u016brai 5-10 kg N15 - anivet.lt\",\"isPartOf\":{\"@id\":\"https:\\\/\\\/anivet.lt\\\/elparduotuve\\\/#website\"},\"primaryImageOfPage\":{\"@id\":\"https:\\\/\\\/anivet.lt\\\/elparduotuve\\\/produktas\\\/virbac-veggiedent-kramtukai-dantu-prieziurai-5-10-kg-n15\\\/#primaryimage\"},\"image\":{\"@id\":\"https:\\\/\\\/anivet.lt\\\/elparduotuve\\\/produktas\\\/virbac-veggiedent-kramtukai-dantu-prieziurai-5-10-kg-n15\\\/#primaryimage\"},\"thumbnailUrl\":\"https:\\\/\\\/anivet.lt\\\/elparduotuve\\\/wp-content\\\/uploads\\\/2024\\\/01\\\/veggiedent_fresh_s-5-10kg.jpg\",\"datePublished\":\"2024-02-28T16:47:33+00:00\",\"dateModified\":\"2026-04-29T06:08:03+00:00\",\"description\":\"\u0160ie kramtukai yra puikus pasirinkimas, siekiant u\u017etikrinti efektyvi\u0105 j\u016bs\u0173 \u0161uns dant\u0173 prie\u017ei\u016br\u0105. \u0160ie kramtukai ne tik slopina bakterij\u0173 dauginim\u0105si ir dant\u0173 apna\u0161\u0173 formavim\u0105si, bet ir ma\u017eina nemalon\u0173 kvap\u0105 i\u0161 burnos bei vir\u0161kinamojo trakto. Tinka net diabetu sergantiems \u0161unims, tod\u0117l tai universalus sprendimas, atitinkantis \u012fvairi\u0173 \u0161un\u0173 poreikius.\",\"breadcrumb\":{\"@id\":\"https:\\\/\\\/anivet.lt\\\/elparduotuve\\\/produktas\\\/virbac-veggiedent-kramtukai-dantu-prieziurai-5-10-kg-n15\\\/#breadcrumb\"},\"inLanguage\":\"lt-LT\",\"potentialAction\":[{\"@type\":\"ReadAction\",\"target\":[\"https:\\\/\\\/anivet.lt\\\/elparduotuve\\\/produktas\\\/virbac-veggiedent-kramtukai-dantu-prieziurai-5-10-kg-n15\\\/\"]}]},{\"@type\":\"ImageObject\",\"inLanguage\":\"lt-LT\",\"@id\":\"https:\\\/\\\/anivet.lt\\\/elparduotuve\\\/produktas\\\/virbac-veggiedent-kramtukai-dantu-prieziurai-5-10-kg-n15\\\/#primaryimage\",\"url\":\"https:\\\/\\\/anivet.lt\\\/elparduotuve\\\/wp-content\\\/uploads\\\/2024\\\/01\\\/veggiedent_fresh_s-5-10kg.jpg\",\"contentUrl\":\"https:\\\/\\\/anivet.lt\\\/elparduotuve\\\/wp-content\\\/uploads\\\/2024\\\/01\\\/veggiedent_fresh_s-5-10kg.jpg\",\"width\":600,\"height\":600,\"caption\":\"Virbac VEGGIEDENT kramtukai dant\u0173 prie\u017ei\u016brai 5-10 kg N15\"},{\"@type\":\"BreadcrumbList\",\"@id\":\"https:\\\/\\\/anivet.lt\\\/elparduotuve\\\/produktas\\\/virbac-veggiedent-kramtukai-dantu-prieziurai-5-10-kg-n15\\\/#breadcrumb\",\"itemListElement\":[{\"@type\":\"ListItem\",\"position\":1,\"name\":\"Home\",\"item\":\"https:\\\/\\\/anivet.lt\\\/elparduotuve\\\/\"},{\"@type\":\"ListItem\",\"position\":2,\"name\":\"Produktai\",\"item\":\"https:\\\/\\\/anivet.lt\\\/elparduotuve\\\/produktai\\\/\"},{\"@type\":\"ListItem\",\"position\":3,\"name\":\"Virbac VEGGIEDENT kramtukai dant\u0173 prie\u017ei\u016brai 5-10 kg N15\"}]},{\"@type\":\"WebSite\",\"@id\":\"https:\\\/\\\/anivet.lt\\\/elparduotuve\\\/#website\",\"url\":\"https:\\\/\\\/anivet.lt\\\/elparduotuve\\\/\",\"name\":\"anivet.lt\",\"description\":\"Viskas J\u016bs\u0173 \u0161uns, kat\u0117s prie\u017ei\u016brai\",\"publisher\":{\"@id\":\"https:\\\/\\\/anivet.lt\\\/elparduotuve\\\/#organization\"},\"alternateName\":\"Viskas J\u016bs\u0173 \u0161uns, kat\u0117s prie\u017ei\u016brai\",\"potentialAction\":[{\"@type\":\"SearchAction\",\"target\":{\"@type\":\"EntryPoint\",\"urlTemplate\":\"https:\\\/\\\/anivet.lt\\\/elparduotuve\\\/?s={search_term_string}\"},\"query-input\":{\"@type\":\"PropertyValueSpecification\",\"valueRequired\":true,\"valueName\":\"search_term_string\"}}],\"inLanguage\":\"lt-LT\"},{\"@type\":\"Organization\",\"@id\":\"https:\\\/\\\/anivet.lt\\\/elparduotuve\\\/#organization\",\"name\":\"Viskas J\u016bs\u0173 \u0161uns, kat\u0117s prie\u017ei\u016brai\",\"url\":\"https:\\\/\\\/anivet.lt\\\/elparduotuve\\\/\",\"logo\":{\"@type\":\"ImageObject\",\"inLanguage\":\"lt-LT\",\"@id\":\"https:\\\/\\\/anivet.lt\\\/elparduotuve\\\/#\\\/schema\\\/logo\\\/image\\\/\",\"url\":\"https:\\\/\\\/anivet.lt\\\/elparduotuve\\\/wp-content\\\/uploads\\\/2023\\\/06\\\/logo2.jpg\",\"contentUrl\":\"https:\\\/\\\/anivet.lt\\\/elparduotuve\\\/wp-content\\\/uploads\\\/2023\\\/06\\\/logo2.jpg\",\"width\":655,\"height\":194,\"caption\":\"Viskas J\u016bs\u0173 \u0161uns, kat\u0117s prie\u017ei\u016brai\"},\"image\":{\"@id\":\"https:\\\/\\\/anivet.lt\\\/elparduotuve\\\/#\\\/schema\\\/logo\\\/image\\\/\"}}]}<\/script>\n<!-- \/ Yoast SEO Premium plugin. -->","yoast_head_json":{"title":"Virbac VEGGIEDENT kramtukai dant\u0173 prie\u017ei\u016brai 5-10 kg N15 - anivet.lt","description":"\u0160ie kramtukai yra puikus pasirinkimas, siekiant u\u017etikrinti efektyvi\u0105 j\u016bs\u0173 \u0161uns dant\u0173 prie\u017ei\u016br\u0105. \u0160ie kramtukai ne tik slopina bakterij\u0173 dauginim\u0105si ir dant\u0173 apna\u0161\u0173 formavim\u0105si, bet ir ma\u017eina nemalon\u0173 kvap\u0105 i\u0161 burnos bei vir\u0161kinamojo trakto. Tinka net diabetu sergantiems \u0161unims, tod\u0117l tai universalus sprendimas, atitinkantis \u012fvairi\u0173 \u0161un\u0173 poreikius.","robots":{"index":"index","follow":"follow","max-snippet":"max-snippet:-1","max-image-preview":"max-image-preview:large","max-video-preview":"max-video-preview:-1"},"canonical":"https:\/\/anivet.lt\/elparduotuve\/produktas\/virbac-veggiedent-kramtukai-dantu-prieziurai-5-10-kg-n15\/","og_locale":"lt_LT","og_type":"article","og_title":"Virbac VEGGIEDENT kramtukai dant\u0173 prie\u017ei\u016brai 5-10 kg N15","og_description":"\u0160ie kramtukai yra puikus pasirinkimas, siekiant u\u017etikrinti efektyvi\u0105 j\u016bs\u0173 \u0161uns dant\u0173 prie\u017ei\u016br\u0105. \u0160ie kramtukai ne tik slopina bakterij\u0173 dauginim\u0105si ir dant\u0173 apna\u0161\u0173 formavim\u0105si, bet ir ma\u017eina nemalon\u0173 kvap\u0105 i\u0161 burnos bei vir\u0161kinamojo trakto. Tinka net diabetu sergantiems \u0161unims, tod\u0117l tai universalus sprendimas, atitinkantis \u012fvairi\u0173 \u0161un\u0173 poreikius.","og_url":"https:\/\/anivet.lt\/elparduotuve\/produktas\/virbac-veggiedent-kramtukai-dantu-prieziurai-5-10-kg-n15\/","og_site_name":"anivet.lt","article_modified_time":"2026-04-29T06:08:03+00:00","og_image":[{"width":600,"height":600,"url":"https:\/\/anivet.lt\/elparduotuve\/wp-content\/uploads\/2024\/01\/veggiedent_fresh_s-5-10kg.jpg","type":"image\/jpeg"}],"twitter_card":"summary_large_image","twitter_misc":{"Est. reading time":"1 minut\u0117"},"schema":{"@context":"https:\/\/schema.org","@graph":[{"@type":"WebPage","@id":"https:\/\/anivet.lt\/elparduotuve\/produktas\/virbac-veggiedent-kramtukai-dantu-prieziurai-5-10-kg-n15\/","url":"https:\/\/anivet.lt\/elparduotuve\/produktas\/virbac-veggiedent-kramtukai-dantu-prieziurai-5-10-kg-n15\/","name":"Virbac VEGGIEDENT kramtukai dant\u0173 prie\u017ei\u016brai 5-10 kg N15 - anivet.lt","isPartOf":{"@id":"https:\/\/anivet.lt\/elparduotuve\/#website"},"primaryImageOfPage":{"@id":"https:\/\/anivet.lt\/elparduotuve\/produktas\/virbac-veggiedent-kramtukai-dantu-prieziurai-5-10-kg-n15\/#primaryimage"},"image":{"@id":"https:\/\/anivet.lt\/elparduotuve\/produktas\/virbac-veggiedent-kramtukai-dantu-prieziurai-5-10-kg-n15\/#primaryimage"},"thumbnailUrl":"https:\/\/anivet.lt\/elparduotuve\/wp-content\/uploads\/2024\/01\/veggiedent_fresh_s-5-10kg.jpg","datePublished":"2024-02-28T16:47:33+00:00","dateModified":"2026-04-29T06:08:03+00:00","description":"\u0160ie kramtukai yra puikus pasirinkimas, siekiant u\u017etikrinti efektyvi\u0105 j\u016bs\u0173 \u0161uns dant\u0173 prie\u017ei\u016br\u0105. \u0160ie kramtukai ne tik slopina bakterij\u0173 dauginim\u0105si ir dant\u0173 apna\u0161\u0173 formavim\u0105si, bet ir ma\u017eina nemalon\u0173 kvap\u0105 i\u0161 burnos bei vir\u0161kinamojo trakto. Tinka net diabetu sergantiems \u0161unims, tod\u0117l tai universalus sprendimas, atitinkantis \u012fvairi\u0173 \u0161un\u0173 poreikius.","breadcrumb":{"@id":"https:\/\/anivet.lt\/elparduotuve\/produktas\/virbac-veggiedent-kramtukai-dantu-prieziurai-5-10-kg-n15\/#breadcrumb"},"inLanguage":"lt-LT","potentialAction":[{"@type":"ReadAction","target":["https:\/\/anivet.lt\/elparduotuve\/produktas\/virbac-veggiedent-kramtukai-dantu-prieziurai-5-10-kg-n15\/"]}]},{"@type":"ImageObject","inLanguage":"lt-LT","@id":"https:\/\/anivet.lt\/elparduotuve\/produktas\/virbac-veggiedent-kramtukai-dantu-prieziurai-5-10-kg-n15\/#primaryimage","url":"https:\/\/anivet.lt\/elparduotuve\/wp-content\/uploads\/2024\/01\/veggiedent_fresh_s-5-10kg.jpg","contentUrl":"https:\/\/anivet.lt\/elparduotuve\/wp-content\/uploads\/2024\/01\/veggiedent_fresh_s-5-10kg.jpg","width":600,"height":600,"caption":"Virbac VEGGIEDENT kramtukai dant\u0173 prie\u017ei\u016brai 5-10 kg N15"},{"@type":"BreadcrumbList","@id":"https:\/\/anivet.lt\/elparduotuve\/produktas\/virbac-veggiedent-kramtukai-dantu-prieziurai-5-10-kg-n15\/#breadcrumb","itemListElement":[{"@type":"ListItem","position":1,"name":"Home","item":"https:\/\/anivet.lt\/elparduotuve\/"},{"@type":"ListItem","position":2,"name":"Produktai","item":"https:\/\/anivet.lt\/elparduotuve\/produktai\/"},{"@type":"ListItem","position":3,"name":"Virbac VEGGIEDENT kramtukai dant\u0173 prie\u017ei\u016brai 5-10 kg N15"}]},{"@type":"WebSite","@id":"https:\/\/anivet.lt\/elparduotuve\/#website","url":"https:\/\/anivet.lt\/elparduotuve\/","name":"anivet.lt","description":"Viskas J\u016bs\u0173 \u0161uns, kat\u0117s prie\u017ei\u016brai","publisher":{"@id":"https:\/\/anivet.lt\/elparduotuve\/#organization"},"alternateName":"Viskas J\u016bs\u0173 \u0161uns, kat\u0117s prie\u017ei\u016brai","potentialAction":[{"@type":"SearchAction","target":{"@type":"EntryPoint","urlTemplate":"https:\/\/anivet.lt\/elparduotuve\/?s={search_term_string}"},"query-input":{"@type":"PropertyValueSpecification","valueRequired":true,"valueName":"search_term_string"}}],"inLanguage":"lt-LT"},{"@type":"Organization","@id":"https:\/\/anivet.lt\/elparduotuve\/#organization","name":"Viskas J\u016bs\u0173 \u0161uns, kat\u0117s prie\u017ei\u016brai","url":"https:\/\/anivet.lt\/elparduotuve\/","logo":{"@type":"ImageObject","inLanguage":"lt-LT","@id":"https:\/\/anivet.lt\/elparduotuve\/#\/schema\/logo\/image\/","url":"https:\/\/anivet.lt\/elparduotuve\/wp-content\/uploads\/2023\/06\/logo2.jpg","contentUrl":"https:\/\/anivet.lt\/elparduotuve\/wp-content\/uploads\/2023\/06\/logo2.jpg","width":655,"height":194,"caption":"Viskas J\u016bs\u0173 \u0161uns, kat\u0117s prie\u017ei\u016brai"},"image":{"@id":"https:\/\/anivet.lt\/elparduotuve\/#\/schema\/logo\/image\/"}}]}},"_links":{"self":[{"href":"https:\/\/anivet.lt\/elparduotuve\/wp-json\/wp\/v2\/product\/13251","targetHints":{"allow":["GET"]}}],"collection":[{"href":"https:\/\/anivet.lt\/elparduotuve\/wp-json\/wp\/v2\/product"}],"about":[{"href":"https:\/\/anivet.lt\/elparduotuve\/wp-json\/wp\/v2\/types\/product"}],"wp:featuredmedia":[{"embeddable":true,"href":"https:\/\/anivet.lt\/elparduotuve\/wp-json\/wp\/v2\/media\/13110"}],"wp:attachment":[{"href":"https:\/\/anivet.lt\/elparduotuve\/wp-json\/wp\/v2\/media?parent=13251"}],"wp:term":[{"taxonomy":"product_brand","embeddable":true,"href":"https:\/\/anivet.lt\/elparduotuve\/wp-json\/wp\/v2\/product_brand?post=13251"},{"taxonomy":"product_cat","embeddable":true,"href":"https:\/\/anivet.lt\/elparduotuve\/wp-json\/wp\/v2\/product_cat?post=13251"},{"taxonomy":"product_tag","embeddable":true,"href":"https:\/\/anivet.lt\/elparduotuve\/wp-json\/wp\/v2\/product_tag?post=13251"}],"curies":[{"name":"wp","href":"https:\/\/api.w.org\/{rel}","templated":true}]}}