{"id":13262,"date":"2024-02-29T21:19:15","date_gmt":"2024-02-29T21:19:15","guid":{"rendered":"https:\/\/anivet.lt\/elparduotuve\/?post_type=product&#038;p=13262"},"modified":"2026-04-01T19:53:03","modified_gmt":"2026-04-01T19:53:03","slug":"furminator-deshedding-sukos-dideliu-veisliu-ilgaplaukiams-sunims","status":"publish","type":"product","link":"https:\/\/anivet.lt\/elparduotuve\/produktas\/furminator-deshedding-sukos-dideliu-veisliu-ilgaplaukiams-sunims\/","title":{"rendered":"FURminator deShedding \u0161ukos dideli\u0173 veisli\u0173 ilgaplaukiams \u0161unims"},"content":{"rendered":"<ul>\n<li style=\"font-weight: 400;\" aria-level=\"1\"><span style=\"font-weight: 400;\">Suma\u017eina \u0161\u0117rim\u0105si: Efektyviai pa\u0161alina negyvus plaukus ir paviln\u0119, suma\u017eindamos \u0161\u0117rim\u0105si iki 90%.<\/span><\/li>\n<li style=\"font-weight: 400;\" aria-level=\"1\"><span style=\"font-weight: 400;\">Apsaugo nuo plauk\u0173 kamuoliuk\u0173: \u0160ukuojant kail\u012f, i\u0161vengiama jo v\u0117limosi ir plauk\u0173 kamuoliuk\u0173 formavimosi.<\/span><\/li>\n<li style=\"font-weight: 400;\" aria-level=\"1\"><span style=\"font-weight: 400;\">\u0160velnus poveikis: Ner\u016bdijan\u010dio plieno danteliai slysta kailiu, nesukeldami odos sudirginimo.<\/span><\/li>\n<li style=\"font-weight: 400;\" aria-level=\"1\"><span style=\"font-weight: 400;\">Ergonomi\u0161kas dizainas: Patogi ranken\u0117l\u0117 ir i\u0161lenkta \u0161uk\u0173 forma leid\u017eia lengvai pasiekti visas k\u016bno zonas.<\/span><\/li>\n<li style=\"font-weight: 400;\" aria-level=\"1\"><span style=\"font-weight: 400;\">Lengvas valymas: FURejector mygtukas leid\u017eia greitai pa\u0161alinti \u0161ukose susikaupusius plaukus.<\/span><\/li>\n<\/ul>\n<p><span style=\"font-weight: 400;\">\u0160ukos tinkamos naudoti 1\u20132 kartus per savait\u0119 po 10\u201320 minu\u010di\u0173, geriausia po maudyni\u0173 ir kailio d\u017eiovinimo. Netinka nesi\u0161eriantiems ar jautri\u0105 od\u0105 turintiems gyv\u016bnams. \u201eFURminator deShedding\u201c \u2013 tai prakti\u0161kas \u012frankis, padedantis palaikyti \u0161uns kailio gro\u017e\u012f ir sveikat\u0105.<\/span><\/p>\n","protected":false},"excerpt":{"rendered":"<p><span style=\"font-weight: 400;\">\u0160ios \u0161ukos yra idealus pasirinkimas dideli\u0173 veisli\u0173 \u0161unims, kuri\u0173 kailis yra ilgesnis nei 5 cm. Jos efektyviai ma\u017eina kailio \u0161\u0117rim\u0105si, u\u017etikrindamos patogi\u0105 ir veiksming\u0105 kailio prie\u017ei\u016br\u0105.<\/span><\/p>\n","protected":false},"featured_media":13263,"template":"","meta":[],"product_brand":[],"product_cat":[101,108,312],"product_tag":[],"class_list":{"0":"post-13262","1":"product","2":"type-product","3":"status-publish","4":"has-post-thumbnail","6":"product_cat-sunims","7":"product_cat-prieziuros-priemones","8":"product_cat-kitos-priemones-prieziuros-priemones","9":"pa_prekinis-zenklas-furminator","11":"first","12":"instock","13":"taxable","14":"shipping-taxable","15":"purchasable","16":"product-type-simple"},"yoast_head":"<!-- This site is optimized with the Yoast SEO Premium plugin v27.1 (Yoast SEO v27.5) - https:\/\/yoast.com\/product\/yoast-seo-premium-wordpress\/ -->\n<title>FURminator deShedding \u0161ukos dideli\u0173 veisli\u0173 ilgaplaukiams \u0161unims - anivet.lt<\/title>\n<meta name=\"description\" content=\"\u0160ios \u0161ukos yra idealus pasirinkimas dideli\u0173 veisli\u0173 \u0161unims, kuri\u0173 kailis yra ilgesnis nei 5 cm. Jos efektyviai ma\u017eina kailio \u0161\u0117rim\u0105si, u\u017etikrindamos patogi\u0105 ir veiksming\u0105 kailio prie\u017ei\u016br\u0105.\" \/>\n<meta name=\"robots\" content=\"index, follow, max-snippet:-1, max-image-preview:large, max-video-preview:-1\" \/>\n<link rel=\"canonical\" href=\"https:\/\/anivet.lt\/elparduotuve\/produktas\/furminator-deshedding-sukos-dideliu-veisliu-ilgaplaukiams-sunims\/\" \/>\n<meta property=\"og:locale\" content=\"lt_LT\" \/>\n<meta property=\"og:type\" content=\"article\" \/>\n<meta property=\"og:title\" content=\"FURminator deShedding \u0161ukos dideli\u0173 veisli\u0173 ilgaplaukiams \u0161unims\" \/>\n<meta property=\"og:description\" content=\"\u0160ios \u0161ukos yra idealus pasirinkimas dideli\u0173 veisli\u0173 \u0161unims, kuri\u0173 kailis yra ilgesnis nei 5 cm. Jos efektyviai ma\u017eina kailio \u0161\u0117rim\u0105si, u\u017etikrindamos patogi\u0105 ir veiksming\u0105 kailio prie\u017ei\u016br\u0105.\" \/>\n<meta property=\"og:url\" content=\"https:\/\/anivet.lt\/elparduotuve\/produktas\/furminator-deshedding-sukos-dideliu-veisliu-ilgaplaukiams-sunims\/\" \/>\n<meta property=\"og:site_name\" content=\"anivet.lt\" \/>\n<meta property=\"article:modified_time\" content=\"2026-04-01T19:53:03+00:00\" \/>\n<meta property=\"og:image\" content=\"https:\/\/anivet.lt\/elparduotuve\/wp-content\/uploads\/2024\/02\/FURminator-Undercoat-deShedding_L.jpg\" \/>\n\t<meta property=\"og:image:width\" content=\"960\" \/>\n\t<meta property=\"og:image:height\" content=\"1200\" \/>\n\t<meta property=\"og:image:type\" content=\"image\/jpeg\" \/>\n<meta name=\"twitter:card\" content=\"summary_large_image\" \/>\n<meta name=\"twitter:label1\" content=\"Est. reading time\" \/>\n\t<meta name=\"twitter:data1\" content=\"1 minut\u0117\" \/>\n<script type=\"application\/ld+json\" class=\"yoast-schema-graph\">{\"@context\":\"https:\\\/\\\/schema.org\",\"@graph\":[{\"@type\":\"WebPage\",\"@id\":\"https:\\\/\\\/anivet.lt\\\/elparduotuve\\\/produktas\\\/furminator-deshedding-sukos-dideliu-veisliu-ilgaplaukiams-sunims\\\/\",\"url\":\"https:\\\/\\\/anivet.lt\\\/elparduotuve\\\/produktas\\\/furminator-deshedding-sukos-dideliu-veisliu-ilgaplaukiams-sunims\\\/\",\"name\":\"FURminator deShedding \u0161ukos dideli\u0173 veisli\u0173 ilgaplaukiams \u0161unims - anivet.lt\",\"isPartOf\":{\"@id\":\"https:\\\/\\\/anivet.lt\\\/elparduotuve\\\/#website\"},\"primaryImageOfPage\":{\"@id\":\"https:\\\/\\\/anivet.lt\\\/elparduotuve\\\/produktas\\\/furminator-deshedding-sukos-dideliu-veisliu-ilgaplaukiams-sunims\\\/#primaryimage\"},\"image\":{\"@id\":\"https:\\\/\\\/anivet.lt\\\/elparduotuve\\\/produktas\\\/furminator-deshedding-sukos-dideliu-veisliu-ilgaplaukiams-sunims\\\/#primaryimage\"},\"thumbnailUrl\":\"https:\\\/\\\/anivet.lt\\\/elparduotuve\\\/wp-content\\\/uploads\\\/2024\\\/02\\\/FURminator-Undercoat-deShedding_L.jpg\",\"datePublished\":\"2024-02-29T21:19:15+00:00\",\"dateModified\":\"2026-04-01T19:53:03+00:00\",\"description\":\"\u0160ios \u0161ukos yra idealus pasirinkimas dideli\u0173 veisli\u0173 \u0161unims, kuri\u0173 kailis yra ilgesnis nei 5 cm. Jos efektyviai ma\u017eina kailio \u0161\u0117rim\u0105si, u\u017etikrindamos patogi\u0105 ir veiksming\u0105 kailio prie\u017ei\u016br\u0105.\",\"breadcrumb\":{\"@id\":\"https:\\\/\\\/anivet.lt\\\/elparduotuve\\\/produktas\\\/furminator-deshedding-sukos-dideliu-veisliu-ilgaplaukiams-sunims\\\/#breadcrumb\"},\"inLanguage\":\"lt-LT\",\"potentialAction\":[{\"@type\":\"ReadAction\",\"target\":[\"https:\\\/\\\/anivet.lt\\\/elparduotuve\\\/produktas\\\/furminator-deshedding-sukos-dideliu-veisliu-ilgaplaukiams-sunims\\\/\"]}]},{\"@type\":\"ImageObject\",\"inLanguage\":\"lt-LT\",\"@id\":\"https:\\\/\\\/anivet.lt\\\/elparduotuve\\\/produktas\\\/furminator-deshedding-sukos-dideliu-veisliu-ilgaplaukiams-sunims\\\/#primaryimage\",\"url\":\"https:\\\/\\\/anivet.lt\\\/elparduotuve\\\/wp-content\\\/uploads\\\/2024\\\/02\\\/FURminator-Undercoat-deShedding_L.jpg\",\"contentUrl\":\"https:\\\/\\\/anivet.lt\\\/elparduotuve\\\/wp-content\\\/uploads\\\/2024\\\/02\\\/FURminator-Undercoat-deShedding_L.jpg\",\"width\":960,\"height\":1200,\"caption\":\"FURminator deShedding \u0161ukos dideli\u0173 veisli\u0173 ilgaplaukiams \u0161unims\"},{\"@type\":\"BreadcrumbList\",\"@id\":\"https:\\\/\\\/anivet.lt\\\/elparduotuve\\\/produktas\\\/furminator-deshedding-sukos-dideliu-veisliu-ilgaplaukiams-sunims\\\/#breadcrumb\",\"itemListElement\":[{\"@type\":\"ListItem\",\"position\":1,\"name\":\"Home\",\"item\":\"https:\\\/\\\/anivet.lt\\\/elparduotuve\\\/\"},{\"@type\":\"ListItem\",\"position\":2,\"name\":\"Produktai\",\"item\":\"https:\\\/\\\/anivet.lt\\\/elparduotuve\\\/produktai\\\/\"},{\"@type\":\"ListItem\",\"position\":3,\"name\":\"FURminator deShedding \u0161ukos dideli\u0173 veisli\u0173 ilgaplaukiams \u0161unims\"}]},{\"@type\":\"WebSite\",\"@id\":\"https:\\\/\\\/anivet.lt\\\/elparduotuve\\\/#website\",\"url\":\"https:\\\/\\\/anivet.lt\\\/elparduotuve\\\/\",\"name\":\"anivet.lt\",\"description\":\"Viskas J\u016bs\u0173 \u0161uns, kat\u0117s prie\u017ei\u016brai\",\"publisher\":{\"@id\":\"https:\\\/\\\/anivet.lt\\\/elparduotuve\\\/#organization\"},\"alternateName\":\"Viskas J\u016bs\u0173 \u0161uns, kat\u0117s prie\u017ei\u016brai\",\"potentialAction\":[{\"@type\":\"SearchAction\",\"target\":{\"@type\":\"EntryPoint\",\"urlTemplate\":\"https:\\\/\\\/anivet.lt\\\/elparduotuve\\\/?s={search_term_string}\"},\"query-input\":{\"@type\":\"PropertyValueSpecification\",\"valueRequired\":true,\"valueName\":\"search_term_string\"}}],\"inLanguage\":\"lt-LT\"},{\"@type\":\"Organization\",\"@id\":\"https:\\\/\\\/anivet.lt\\\/elparduotuve\\\/#organization\",\"name\":\"Viskas J\u016bs\u0173 \u0161uns, kat\u0117s prie\u017ei\u016brai\",\"url\":\"https:\\\/\\\/anivet.lt\\\/elparduotuve\\\/\",\"logo\":{\"@type\":\"ImageObject\",\"inLanguage\":\"lt-LT\",\"@id\":\"https:\\\/\\\/anivet.lt\\\/elparduotuve\\\/#\\\/schema\\\/logo\\\/image\\\/\",\"url\":\"https:\\\/\\\/anivet.lt\\\/elparduotuve\\\/wp-content\\\/uploads\\\/2023\\\/06\\\/logo2.jpg\",\"contentUrl\":\"https:\\\/\\\/anivet.lt\\\/elparduotuve\\\/wp-content\\\/uploads\\\/2023\\\/06\\\/logo2.jpg\",\"width\":655,\"height\":194,\"caption\":\"Viskas J\u016bs\u0173 \u0161uns, kat\u0117s prie\u017ei\u016brai\"},\"image\":{\"@id\":\"https:\\\/\\\/anivet.lt\\\/elparduotuve\\\/#\\\/schema\\\/logo\\\/image\\\/\"}}]}<\/script>\n<!-- \/ Yoast SEO Premium plugin. -->","yoast_head_json":{"title":"FURminator deShedding \u0161ukos dideli\u0173 veisli\u0173 ilgaplaukiams \u0161unims - anivet.lt","description":"\u0160ios \u0161ukos yra idealus pasirinkimas dideli\u0173 veisli\u0173 \u0161unims, kuri\u0173 kailis yra ilgesnis nei 5 cm. Jos efektyviai ma\u017eina kailio \u0161\u0117rim\u0105si, u\u017etikrindamos patogi\u0105 ir veiksming\u0105 kailio prie\u017ei\u016br\u0105.","robots":{"index":"index","follow":"follow","max-snippet":"max-snippet:-1","max-image-preview":"max-image-preview:large","max-video-preview":"max-video-preview:-1"},"canonical":"https:\/\/anivet.lt\/elparduotuve\/produktas\/furminator-deshedding-sukos-dideliu-veisliu-ilgaplaukiams-sunims\/","og_locale":"lt_LT","og_type":"article","og_title":"FURminator deShedding \u0161ukos dideli\u0173 veisli\u0173 ilgaplaukiams \u0161unims","og_description":"\u0160ios \u0161ukos yra idealus pasirinkimas dideli\u0173 veisli\u0173 \u0161unims, kuri\u0173 kailis yra ilgesnis nei 5 cm. Jos efektyviai ma\u017eina kailio \u0161\u0117rim\u0105si, u\u017etikrindamos patogi\u0105 ir veiksming\u0105 kailio prie\u017ei\u016br\u0105.","og_url":"https:\/\/anivet.lt\/elparduotuve\/produktas\/furminator-deshedding-sukos-dideliu-veisliu-ilgaplaukiams-sunims\/","og_site_name":"anivet.lt","article_modified_time":"2026-04-01T19:53:03+00:00","og_image":[{"width":960,"height":1200,"url":"https:\/\/anivet.lt\/elparduotuve\/wp-content\/uploads\/2024\/02\/FURminator-Undercoat-deShedding_L.jpg","type":"image\/jpeg"}],"twitter_card":"summary_large_image","twitter_misc":{"Est. reading time":"1 minut\u0117"},"schema":{"@context":"https:\/\/schema.org","@graph":[{"@type":"WebPage","@id":"https:\/\/anivet.lt\/elparduotuve\/produktas\/furminator-deshedding-sukos-dideliu-veisliu-ilgaplaukiams-sunims\/","url":"https:\/\/anivet.lt\/elparduotuve\/produktas\/furminator-deshedding-sukos-dideliu-veisliu-ilgaplaukiams-sunims\/","name":"FURminator deShedding \u0161ukos dideli\u0173 veisli\u0173 ilgaplaukiams \u0161unims - anivet.lt","isPartOf":{"@id":"https:\/\/anivet.lt\/elparduotuve\/#website"},"primaryImageOfPage":{"@id":"https:\/\/anivet.lt\/elparduotuve\/produktas\/furminator-deshedding-sukos-dideliu-veisliu-ilgaplaukiams-sunims\/#primaryimage"},"image":{"@id":"https:\/\/anivet.lt\/elparduotuve\/produktas\/furminator-deshedding-sukos-dideliu-veisliu-ilgaplaukiams-sunims\/#primaryimage"},"thumbnailUrl":"https:\/\/anivet.lt\/elparduotuve\/wp-content\/uploads\/2024\/02\/FURminator-Undercoat-deShedding_L.jpg","datePublished":"2024-02-29T21:19:15+00:00","dateModified":"2026-04-01T19:53:03+00:00","description":"\u0160ios \u0161ukos yra idealus pasirinkimas dideli\u0173 veisli\u0173 \u0161unims, kuri\u0173 kailis yra ilgesnis nei 5 cm. Jos efektyviai ma\u017eina kailio \u0161\u0117rim\u0105si, u\u017etikrindamos patogi\u0105 ir veiksming\u0105 kailio prie\u017ei\u016br\u0105.","breadcrumb":{"@id":"https:\/\/anivet.lt\/elparduotuve\/produktas\/furminator-deshedding-sukos-dideliu-veisliu-ilgaplaukiams-sunims\/#breadcrumb"},"inLanguage":"lt-LT","potentialAction":[{"@type":"ReadAction","target":["https:\/\/anivet.lt\/elparduotuve\/produktas\/furminator-deshedding-sukos-dideliu-veisliu-ilgaplaukiams-sunims\/"]}]},{"@type":"ImageObject","inLanguage":"lt-LT","@id":"https:\/\/anivet.lt\/elparduotuve\/produktas\/furminator-deshedding-sukos-dideliu-veisliu-ilgaplaukiams-sunims\/#primaryimage","url":"https:\/\/anivet.lt\/elparduotuve\/wp-content\/uploads\/2024\/02\/FURminator-Undercoat-deShedding_L.jpg","contentUrl":"https:\/\/anivet.lt\/elparduotuve\/wp-content\/uploads\/2024\/02\/FURminator-Undercoat-deShedding_L.jpg","width":960,"height":1200,"caption":"FURminator deShedding \u0161ukos dideli\u0173 veisli\u0173 ilgaplaukiams \u0161unims"},{"@type":"BreadcrumbList","@id":"https:\/\/anivet.lt\/elparduotuve\/produktas\/furminator-deshedding-sukos-dideliu-veisliu-ilgaplaukiams-sunims\/#breadcrumb","itemListElement":[{"@type":"ListItem","position":1,"name":"Home","item":"https:\/\/anivet.lt\/elparduotuve\/"},{"@type":"ListItem","position":2,"name":"Produktai","item":"https:\/\/anivet.lt\/elparduotuve\/produktai\/"},{"@type":"ListItem","position":3,"name":"FURminator deShedding \u0161ukos dideli\u0173 veisli\u0173 ilgaplaukiams \u0161unims"}]},{"@type":"WebSite","@id":"https:\/\/anivet.lt\/elparduotuve\/#website","url":"https:\/\/anivet.lt\/elparduotuve\/","name":"anivet.lt","description":"Viskas J\u016bs\u0173 \u0161uns, kat\u0117s prie\u017ei\u016brai","publisher":{"@id":"https:\/\/anivet.lt\/elparduotuve\/#organization"},"alternateName":"Viskas J\u016bs\u0173 \u0161uns, kat\u0117s prie\u017ei\u016brai","potentialAction":[{"@type":"SearchAction","target":{"@type":"EntryPoint","urlTemplate":"https:\/\/anivet.lt\/elparduotuve\/?s={search_term_string}"},"query-input":{"@type":"PropertyValueSpecification","valueRequired":true,"valueName":"search_term_string"}}],"inLanguage":"lt-LT"},{"@type":"Organization","@id":"https:\/\/anivet.lt\/elparduotuve\/#organization","name":"Viskas J\u016bs\u0173 \u0161uns, kat\u0117s prie\u017ei\u016brai","url":"https:\/\/anivet.lt\/elparduotuve\/","logo":{"@type":"ImageObject","inLanguage":"lt-LT","@id":"https:\/\/anivet.lt\/elparduotuve\/#\/schema\/logo\/image\/","url":"https:\/\/anivet.lt\/elparduotuve\/wp-content\/uploads\/2023\/06\/logo2.jpg","contentUrl":"https:\/\/anivet.lt\/elparduotuve\/wp-content\/uploads\/2023\/06\/logo2.jpg","width":655,"height":194,"caption":"Viskas J\u016bs\u0173 \u0161uns, kat\u0117s prie\u017ei\u016brai"},"image":{"@id":"https:\/\/anivet.lt\/elparduotuve\/#\/schema\/logo\/image\/"}}]}},"_links":{"self":[{"href":"https:\/\/anivet.lt\/elparduotuve\/wp-json\/wp\/v2\/product\/13262","targetHints":{"allow":["GET"]}}],"collection":[{"href":"https:\/\/anivet.lt\/elparduotuve\/wp-json\/wp\/v2\/product"}],"about":[{"href":"https:\/\/anivet.lt\/elparduotuve\/wp-json\/wp\/v2\/types\/product"}],"wp:featuredmedia":[{"embeddable":true,"href":"https:\/\/anivet.lt\/elparduotuve\/wp-json\/wp\/v2\/media\/13263"}],"wp:attachment":[{"href":"https:\/\/anivet.lt\/elparduotuve\/wp-json\/wp\/v2\/media?parent=13262"}],"wp:term":[{"taxonomy":"product_brand","embeddable":true,"href":"https:\/\/anivet.lt\/elparduotuve\/wp-json\/wp\/v2\/product_brand?post=13262"},{"taxonomy":"product_cat","embeddable":true,"href":"https:\/\/anivet.lt\/elparduotuve\/wp-json\/wp\/v2\/product_cat?post=13262"},{"taxonomy":"product_tag","embeddable":true,"href":"https:\/\/anivet.lt\/elparduotuve\/wp-json\/wp\/v2\/product_tag?post=13262"}],"curies":[{"name":"wp","href":"https:\/\/api.w.org\/{rel}","templated":true}]}}