{"id":13394,"date":"2024-03-18T12:44:18","date_gmt":"2024-03-18T12:44:18","guid":{"rendered":"https:\/\/anivet.lt\/elparduotuve\/?post_type=product&#038;p=13394"},"modified":"2026-05-06T07:58:18","modified_gmt":"2026-05-06T07:58:18","slug":"primal-iberian-pork-pasaras-sunims-su-kiauliena-1kg","status":"publish","type":"product","link":"https:\/\/anivet.lt\/elparduotuve\/produktas\/primal-iberian-pork-pasaras-sunims-su-kiauliena-1kg\/","title":{"rendered":"PRIMAL IBERIAN Pork pa\u0161aras \u0161unims su kiauliena 1kg"},"content":{"rendered":"<ul>\n<li style=\"font-weight: 400;\" aria-level=\"1\"><span style=\"font-weight: 400;\">Auk\u0161tos kokyb\u0117s m\u0117sa: Sud\u0117tyje net 70% Iberijos kiaulienos, \u012fskaitant 30% kiaulienos kumpio.<\/span><\/li>\n<li style=\"font-weight: 400;\" aria-level=\"1\"><span style=\"font-weight: 400;\">Be glitimo: Tinka jautriems \u0161unims, vengiantiems gr\u016bd\u0173.<\/span><\/li>\n<li style=\"font-weight: 400;\" aria-level=\"1\"><span style=\"font-weight: 400;\">Nat\u016bral\u016bs ingredientai: Be m\u0117sos milt\u0173, da\u017eikli\u0173 ir kvapikli\u0173, gamyboje naudojami tik nat\u016bral\u016bs komponentai.<\/span><\/li>\n<li style=\"font-weight: 400;\" aria-level=\"1\"><span style=\"font-weight: 400;\">Praturtintas naudingais priedais: Alaus miel\u0117s ir ciber\u017eol\u0117 palaiko vir\u0161kinim\u0105 ir stiprina organizmo atsparum\u0105.<\/span><\/li>\n<li style=\"font-weight: 400;\" aria-level=\"1\"><span style=\"font-weight: 400;\">Lengvai vir\u0161kinamas: Nat\u016brali sud\u0117tis padeda i\u0161vengti vir\u0161kinimo problem\u0173 ir palaiko \u0161uns sveikat\u0105.<\/span><\/li>\n<\/ul>\n<p><span style=\"font-weight: 400;\">\u0160is pa\u0161aras yra puikus pasirinkimas \u0161unims, kurie vertina auk\u0161tos kokyb\u0117s m\u0117s\u0105 ir nat\u016bralum\u0105. Iberijos kiauliena ir ciber\u017eol\u0117 padeda palaikyti ger\u0105 savijaut\u0105 ir suteikia pa\u0161arui nepakartojam\u0105 skon\u012f, tod\u0117l j\u016bs\u0173 augintinis juo m\u0117gausis kiekvien\u0105 dien\u0105.<\/span><\/p>\n","protected":false},"excerpt":{"rendered":"<p><span style=\"font-weight: 400;\">Auk\u0161tos kokyb\u0117s dr\u0117gnas pa\u0161aras suaugusiems \u0161unims, sukurtas atsi\u017evelgiant \u012f j\u0173 poreikius. Pa\u0161are n\u0117ra glitimo, da\u017eikli\u0173 ir kvapikli\u0173, tod\u0117l jis yra puikus pasirinkimas jautriems ar alergi\u0161kiems \u0161unims. Kruop\u0161\u010diai atrinkti ingredientai u\u017etikrina ger\u0105 vir\u0161kinim\u0105 ir optimali\u0105 mityb\u0105.<\/span><\/p>\n","protected":false},"featured_media":13395,"template":"","meta":[],"product_brand":[],"product_cat":[101,103,104,440],"product_tag":[],"class_list":{"0":"post-13394","1":"product","2":"type-product","3":"status-publish","4":"has-post-thumbnail","6":"product_cat-sunims","7":"product_cat-sunu-maistas","8":"product_cat-sausas-maistas","9":"product_cat-primal-spirit-sunu-maistas","10":"pa_prekinis-zenklas-primal-spirit","12":"first","13":"outofstock","14":"taxable","15":"shipping-taxable","16":"purchasable","17":"product-type-simple"},"yoast_head":"<!-- This site is optimized with the Yoast SEO Premium plugin v27.1 (Yoast SEO v27.5) - https:\/\/yoast.com\/product\/yoast-seo-premium-wordpress\/ -->\n<title>PRIMAL IBERIAN Pork pa\u0161aras \u0161unims su kiauliena 1kg - anivet.lt<\/title>\n<meta name=\"description\" content=\"Auk\u0161tos kokyb\u0117s dr\u0117gnas pa\u0161aras suaugusiems \u0161unims, sukurtas atsi\u017evelgiant \u012f j\u0173 poreikius. Pa\u0161are n\u0117ra glitimo, da\u017eikli\u0173 ir kvapikli\u0173, tod\u0117l jis yra puikus pasirinkimas jautriems ar alergi\u0161kiems \u0161unims. Kruop\u0161\u010diai atrinkti ingredientai u\u017etikrina ger\u0105 vir\u0161kinim\u0105 ir optimali\u0105 mityb\u0105.\" \/>\n<meta name=\"robots\" content=\"index, follow, max-snippet:-1, max-image-preview:large, max-video-preview:-1\" \/>\n<link rel=\"canonical\" href=\"https:\/\/anivet.lt\/elparduotuve\/produktas\/primal-iberian-pork-pasaras-sunims-su-kiauliena-1kg\/\" \/>\n<meta property=\"og:locale\" content=\"lt_LT\" \/>\n<meta property=\"og:type\" content=\"article\" \/>\n<meta property=\"og:title\" content=\"PRIMAL IBERIAN Pork pa\u0161aras \u0161unims su kiauliena 1kg\" \/>\n<meta property=\"og:description\" content=\"Auk\u0161tos kokyb\u0117s dr\u0117gnas pa\u0161aras suaugusiems \u0161unims, sukurtas atsi\u017evelgiant \u012f j\u0173 poreikius. Pa\u0161are n\u0117ra glitimo, da\u017eikli\u0173 ir kvapikli\u0173, tod\u0117l jis yra puikus pasirinkimas jautriems ar alergi\u0161kiems \u0161unims. Kruop\u0161\u010diai atrinkti ingredientai u\u017etikrina ger\u0105 vir\u0161kinim\u0105 ir optimali\u0105 mityb\u0105.\" \/>\n<meta property=\"og:url\" content=\"https:\/\/anivet.lt\/elparduotuve\/produktas\/primal-iberian-pork-pasaras-sunims-su-kiauliena-1kg\/\" \/>\n<meta property=\"og:site_name\" content=\"anivet.lt\" \/>\n<meta property=\"article:modified_time\" content=\"2026-05-06T07:58:18+00:00\" \/>\n<meta property=\"og:image\" content=\"https:\/\/anivet.lt\/elparduotuve\/wp-content\/uploads\/2024\/03\/primal-spirit-dog-70-iberian-pork-with-ham-1kg.jpg\" \/>\n\t<meta property=\"og:image:width\" content=\"800\" \/>\n\t<meta property=\"og:image:height\" content=\"800\" \/>\n\t<meta property=\"og:image:type\" content=\"image\/jpeg\" \/>\n<meta name=\"twitter:card\" content=\"summary_large_image\" \/>\n<meta name=\"twitter:label1\" content=\"Est. reading time\" \/>\n\t<meta name=\"twitter:data1\" content=\"1 minut\u0117\" \/>\n<script type=\"application\/ld+json\" class=\"yoast-schema-graph\">{\"@context\":\"https:\\\/\\\/schema.org\",\"@graph\":[{\"@type\":\"WebPage\",\"@id\":\"https:\\\/\\\/anivet.lt\\\/elparduotuve\\\/produktas\\\/primal-iberian-pork-pasaras-sunims-su-kiauliena-1kg\\\/\",\"url\":\"https:\\\/\\\/anivet.lt\\\/elparduotuve\\\/produktas\\\/primal-iberian-pork-pasaras-sunims-su-kiauliena-1kg\\\/\",\"name\":\"PRIMAL IBERIAN Pork pa\u0161aras \u0161unims su kiauliena 1kg - anivet.lt\",\"isPartOf\":{\"@id\":\"https:\\\/\\\/anivet.lt\\\/elparduotuve\\\/#website\"},\"primaryImageOfPage\":{\"@id\":\"https:\\\/\\\/anivet.lt\\\/elparduotuve\\\/produktas\\\/primal-iberian-pork-pasaras-sunims-su-kiauliena-1kg\\\/#primaryimage\"},\"image\":{\"@id\":\"https:\\\/\\\/anivet.lt\\\/elparduotuve\\\/produktas\\\/primal-iberian-pork-pasaras-sunims-su-kiauliena-1kg\\\/#primaryimage\"},\"thumbnailUrl\":\"https:\\\/\\\/anivet.lt\\\/elparduotuve\\\/wp-content\\\/uploads\\\/2024\\\/03\\\/primal-spirit-dog-70-iberian-pork-with-ham-1kg.jpg\",\"datePublished\":\"2024-03-18T12:44:18+00:00\",\"dateModified\":\"2026-05-06T07:58:18+00:00\",\"description\":\"Auk\u0161tos kokyb\u0117s dr\u0117gnas pa\u0161aras suaugusiems \u0161unims, sukurtas atsi\u017evelgiant \u012f j\u0173 poreikius. Pa\u0161are n\u0117ra glitimo, da\u017eikli\u0173 ir kvapikli\u0173, tod\u0117l jis yra puikus pasirinkimas jautriems ar alergi\u0161kiems \u0161unims. Kruop\u0161\u010diai atrinkti ingredientai u\u017etikrina ger\u0105 vir\u0161kinim\u0105 ir optimali\u0105 mityb\u0105.\",\"breadcrumb\":{\"@id\":\"https:\\\/\\\/anivet.lt\\\/elparduotuve\\\/produktas\\\/primal-iberian-pork-pasaras-sunims-su-kiauliena-1kg\\\/#breadcrumb\"},\"inLanguage\":\"lt-LT\",\"potentialAction\":[{\"@type\":\"ReadAction\",\"target\":[\"https:\\\/\\\/anivet.lt\\\/elparduotuve\\\/produktas\\\/primal-iberian-pork-pasaras-sunims-su-kiauliena-1kg\\\/\"]}]},{\"@type\":\"ImageObject\",\"inLanguage\":\"lt-LT\",\"@id\":\"https:\\\/\\\/anivet.lt\\\/elparduotuve\\\/produktas\\\/primal-iberian-pork-pasaras-sunims-su-kiauliena-1kg\\\/#primaryimage\",\"url\":\"https:\\\/\\\/anivet.lt\\\/elparduotuve\\\/wp-content\\\/uploads\\\/2024\\\/03\\\/primal-spirit-dog-70-iberian-pork-with-ham-1kg.jpg\",\"contentUrl\":\"https:\\\/\\\/anivet.lt\\\/elparduotuve\\\/wp-content\\\/uploads\\\/2024\\\/03\\\/primal-spirit-dog-70-iberian-pork-with-ham-1kg.jpg\",\"width\":800,\"height\":800,\"caption\":\"PRIMAL IBERIAN Pork pa\u0161aras \u0161unims su kiauliena 1kg\"},{\"@type\":\"BreadcrumbList\",\"@id\":\"https:\\\/\\\/anivet.lt\\\/elparduotuve\\\/produktas\\\/primal-iberian-pork-pasaras-sunims-su-kiauliena-1kg\\\/#breadcrumb\",\"itemListElement\":[{\"@type\":\"ListItem\",\"position\":1,\"name\":\"Home\",\"item\":\"https:\\\/\\\/anivet.lt\\\/elparduotuve\\\/\"},{\"@type\":\"ListItem\",\"position\":2,\"name\":\"Produktai\",\"item\":\"https:\\\/\\\/anivet.lt\\\/elparduotuve\\\/produktai\\\/\"},{\"@type\":\"ListItem\",\"position\":3,\"name\":\"PRIMAL IBERIAN Pork pa\u0161aras \u0161unims su kiauliena 1kg\"}]},{\"@type\":\"WebSite\",\"@id\":\"https:\\\/\\\/anivet.lt\\\/elparduotuve\\\/#website\",\"url\":\"https:\\\/\\\/anivet.lt\\\/elparduotuve\\\/\",\"name\":\"anivet.lt\",\"description\":\"Viskas J\u016bs\u0173 \u0161uns, kat\u0117s prie\u017ei\u016brai\",\"publisher\":{\"@id\":\"https:\\\/\\\/anivet.lt\\\/elparduotuve\\\/#organization\"},\"alternateName\":\"Viskas J\u016bs\u0173 \u0161uns, kat\u0117s prie\u017ei\u016brai\",\"potentialAction\":[{\"@type\":\"SearchAction\",\"target\":{\"@type\":\"EntryPoint\",\"urlTemplate\":\"https:\\\/\\\/anivet.lt\\\/elparduotuve\\\/?s={search_term_string}\"},\"query-input\":{\"@type\":\"PropertyValueSpecification\",\"valueRequired\":true,\"valueName\":\"search_term_string\"}}],\"inLanguage\":\"lt-LT\"},{\"@type\":\"Organization\",\"@id\":\"https:\\\/\\\/anivet.lt\\\/elparduotuve\\\/#organization\",\"name\":\"Viskas J\u016bs\u0173 \u0161uns, kat\u0117s prie\u017ei\u016brai\",\"url\":\"https:\\\/\\\/anivet.lt\\\/elparduotuve\\\/\",\"logo\":{\"@type\":\"ImageObject\",\"inLanguage\":\"lt-LT\",\"@id\":\"https:\\\/\\\/anivet.lt\\\/elparduotuve\\\/#\\\/schema\\\/logo\\\/image\\\/\",\"url\":\"https:\\\/\\\/anivet.lt\\\/elparduotuve\\\/wp-content\\\/uploads\\\/2023\\\/06\\\/logo2.jpg\",\"contentUrl\":\"https:\\\/\\\/anivet.lt\\\/elparduotuve\\\/wp-content\\\/uploads\\\/2023\\\/06\\\/logo2.jpg\",\"width\":655,\"height\":194,\"caption\":\"Viskas J\u016bs\u0173 \u0161uns, kat\u0117s prie\u017ei\u016brai\"},\"image\":{\"@id\":\"https:\\\/\\\/anivet.lt\\\/elparduotuve\\\/#\\\/schema\\\/logo\\\/image\\\/\"}}]}<\/script>\n<!-- \/ Yoast SEO Premium plugin. -->","yoast_head_json":{"title":"PRIMAL IBERIAN Pork pa\u0161aras \u0161unims su kiauliena 1kg - anivet.lt","description":"Auk\u0161tos kokyb\u0117s dr\u0117gnas pa\u0161aras suaugusiems \u0161unims, sukurtas atsi\u017evelgiant \u012f j\u0173 poreikius. Pa\u0161are n\u0117ra glitimo, da\u017eikli\u0173 ir kvapikli\u0173, tod\u0117l jis yra puikus pasirinkimas jautriems ar alergi\u0161kiems \u0161unims. Kruop\u0161\u010diai atrinkti ingredientai u\u017etikrina ger\u0105 vir\u0161kinim\u0105 ir optimali\u0105 mityb\u0105.","robots":{"index":"index","follow":"follow","max-snippet":"max-snippet:-1","max-image-preview":"max-image-preview:large","max-video-preview":"max-video-preview:-1"},"canonical":"https:\/\/anivet.lt\/elparduotuve\/produktas\/primal-iberian-pork-pasaras-sunims-su-kiauliena-1kg\/","og_locale":"lt_LT","og_type":"article","og_title":"PRIMAL IBERIAN Pork pa\u0161aras \u0161unims su kiauliena 1kg","og_description":"Auk\u0161tos kokyb\u0117s dr\u0117gnas pa\u0161aras suaugusiems \u0161unims, sukurtas atsi\u017evelgiant \u012f j\u0173 poreikius. Pa\u0161are n\u0117ra glitimo, da\u017eikli\u0173 ir kvapikli\u0173, tod\u0117l jis yra puikus pasirinkimas jautriems ar alergi\u0161kiems \u0161unims. Kruop\u0161\u010diai atrinkti ingredientai u\u017etikrina ger\u0105 vir\u0161kinim\u0105 ir optimali\u0105 mityb\u0105.","og_url":"https:\/\/anivet.lt\/elparduotuve\/produktas\/primal-iberian-pork-pasaras-sunims-su-kiauliena-1kg\/","og_site_name":"anivet.lt","article_modified_time":"2026-05-06T07:58:18+00:00","og_image":[{"width":800,"height":800,"url":"https:\/\/anivet.lt\/elparduotuve\/wp-content\/uploads\/2024\/03\/primal-spirit-dog-70-iberian-pork-with-ham-1kg.jpg","type":"image\/jpeg"}],"twitter_card":"summary_large_image","twitter_misc":{"Est. reading time":"1 minut\u0117"},"schema":{"@context":"https:\/\/schema.org","@graph":[{"@type":"WebPage","@id":"https:\/\/anivet.lt\/elparduotuve\/produktas\/primal-iberian-pork-pasaras-sunims-su-kiauliena-1kg\/","url":"https:\/\/anivet.lt\/elparduotuve\/produktas\/primal-iberian-pork-pasaras-sunims-su-kiauliena-1kg\/","name":"PRIMAL IBERIAN Pork pa\u0161aras \u0161unims su kiauliena 1kg - anivet.lt","isPartOf":{"@id":"https:\/\/anivet.lt\/elparduotuve\/#website"},"primaryImageOfPage":{"@id":"https:\/\/anivet.lt\/elparduotuve\/produktas\/primal-iberian-pork-pasaras-sunims-su-kiauliena-1kg\/#primaryimage"},"image":{"@id":"https:\/\/anivet.lt\/elparduotuve\/produktas\/primal-iberian-pork-pasaras-sunims-su-kiauliena-1kg\/#primaryimage"},"thumbnailUrl":"https:\/\/anivet.lt\/elparduotuve\/wp-content\/uploads\/2024\/03\/primal-spirit-dog-70-iberian-pork-with-ham-1kg.jpg","datePublished":"2024-03-18T12:44:18+00:00","dateModified":"2026-05-06T07:58:18+00:00","description":"Auk\u0161tos kokyb\u0117s dr\u0117gnas pa\u0161aras suaugusiems \u0161unims, sukurtas atsi\u017evelgiant \u012f j\u0173 poreikius. Pa\u0161are n\u0117ra glitimo, da\u017eikli\u0173 ir kvapikli\u0173, tod\u0117l jis yra puikus pasirinkimas jautriems ar alergi\u0161kiems \u0161unims. Kruop\u0161\u010diai atrinkti ingredientai u\u017etikrina ger\u0105 vir\u0161kinim\u0105 ir optimali\u0105 mityb\u0105.","breadcrumb":{"@id":"https:\/\/anivet.lt\/elparduotuve\/produktas\/primal-iberian-pork-pasaras-sunims-su-kiauliena-1kg\/#breadcrumb"},"inLanguage":"lt-LT","potentialAction":[{"@type":"ReadAction","target":["https:\/\/anivet.lt\/elparduotuve\/produktas\/primal-iberian-pork-pasaras-sunims-su-kiauliena-1kg\/"]}]},{"@type":"ImageObject","inLanguage":"lt-LT","@id":"https:\/\/anivet.lt\/elparduotuve\/produktas\/primal-iberian-pork-pasaras-sunims-su-kiauliena-1kg\/#primaryimage","url":"https:\/\/anivet.lt\/elparduotuve\/wp-content\/uploads\/2024\/03\/primal-spirit-dog-70-iberian-pork-with-ham-1kg.jpg","contentUrl":"https:\/\/anivet.lt\/elparduotuve\/wp-content\/uploads\/2024\/03\/primal-spirit-dog-70-iberian-pork-with-ham-1kg.jpg","width":800,"height":800,"caption":"PRIMAL IBERIAN Pork pa\u0161aras \u0161unims su kiauliena 1kg"},{"@type":"BreadcrumbList","@id":"https:\/\/anivet.lt\/elparduotuve\/produktas\/primal-iberian-pork-pasaras-sunims-su-kiauliena-1kg\/#breadcrumb","itemListElement":[{"@type":"ListItem","position":1,"name":"Home","item":"https:\/\/anivet.lt\/elparduotuve\/"},{"@type":"ListItem","position":2,"name":"Produktai","item":"https:\/\/anivet.lt\/elparduotuve\/produktai\/"},{"@type":"ListItem","position":3,"name":"PRIMAL IBERIAN Pork pa\u0161aras \u0161unims su kiauliena 1kg"}]},{"@type":"WebSite","@id":"https:\/\/anivet.lt\/elparduotuve\/#website","url":"https:\/\/anivet.lt\/elparduotuve\/","name":"anivet.lt","description":"Viskas J\u016bs\u0173 \u0161uns, kat\u0117s prie\u017ei\u016brai","publisher":{"@id":"https:\/\/anivet.lt\/elparduotuve\/#organization"},"alternateName":"Viskas J\u016bs\u0173 \u0161uns, kat\u0117s prie\u017ei\u016brai","potentialAction":[{"@type":"SearchAction","target":{"@type":"EntryPoint","urlTemplate":"https:\/\/anivet.lt\/elparduotuve\/?s={search_term_string}"},"query-input":{"@type":"PropertyValueSpecification","valueRequired":true,"valueName":"search_term_string"}}],"inLanguage":"lt-LT"},{"@type":"Organization","@id":"https:\/\/anivet.lt\/elparduotuve\/#organization","name":"Viskas J\u016bs\u0173 \u0161uns, kat\u0117s prie\u017ei\u016brai","url":"https:\/\/anivet.lt\/elparduotuve\/","logo":{"@type":"ImageObject","inLanguage":"lt-LT","@id":"https:\/\/anivet.lt\/elparduotuve\/#\/schema\/logo\/image\/","url":"https:\/\/anivet.lt\/elparduotuve\/wp-content\/uploads\/2023\/06\/logo2.jpg","contentUrl":"https:\/\/anivet.lt\/elparduotuve\/wp-content\/uploads\/2023\/06\/logo2.jpg","width":655,"height":194,"caption":"Viskas J\u016bs\u0173 \u0161uns, kat\u0117s prie\u017ei\u016brai"},"image":{"@id":"https:\/\/anivet.lt\/elparduotuve\/#\/schema\/logo\/image\/"}}]}},"_links":{"self":[{"href":"https:\/\/anivet.lt\/elparduotuve\/wp-json\/wp\/v2\/product\/13394","targetHints":{"allow":["GET"]}}],"collection":[{"href":"https:\/\/anivet.lt\/elparduotuve\/wp-json\/wp\/v2\/product"}],"about":[{"href":"https:\/\/anivet.lt\/elparduotuve\/wp-json\/wp\/v2\/types\/product"}],"wp:featuredmedia":[{"embeddable":true,"href":"https:\/\/anivet.lt\/elparduotuve\/wp-json\/wp\/v2\/media\/13395"}],"wp:attachment":[{"href":"https:\/\/anivet.lt\/elparduotuve\/wp-json\/wp\/v2\/media?parent=13394"}],"wp:term":[{"taxonomy":"product_brand","embeddable":true,"href":"https:\/\/anivet.lt\/elparduotuve\/wp-json\/wp\/v2\/product_brand?post=13394"},{"taxonomy":"product_cat","embeddable":true,"href":"https:\/\/anivet.lt\/elparduotuve\/wp-json\/wp\/v2\/product_cat?post=13394"},{"taxonomy":"product_tag","embeddable":true,"href":"https:\/\/anivet.lt\/elparduotuve\/wp-json\/wp\/v2\/product_tag?post=13394"}],"curies":[{"name":"wp","href":"https:\/\/api.w.org\/{rel}","templated":true}]}}