{"id":14101,"date":"2024-07-03T11:34:52","date_gmt":"2024-07-03T11:34:52","guid":{"rendered":"https:\/\/anivet.lt\/elparduotuve\/?post_type=product&#038;p=14101"},"modified":"2026-01-08T20:59:37","modified_gmt":"2026-01-08T20:59:37","slug":"iams-sausas-pasaras-suaugusioms-katems-su-eriena-2kg","status":"publish","type":"product","link":"https:\/\/anivet.lt\/elparduotuve\/produktas\/iams-sausas-pasaras-suaugusioms-katems-su-eriena-2kg\/","title":{"rendered":"IAMS sausas pa\u0161aras suaugusioms kat\u0117ms su \u0117riena 2kg"},"content":{"rendered":"<ul>\n<li style=\"font-weight: 400;\" aria-level=\"1\"><span style=\"font-weight: 400;\">Auk\u0161tas gyvulini\u0173 baltym\u0173 kiekis: 87% baltym\u0173 yra gyvulin\u0117s kilm\u0117s, u\u017etikrinan\u010di\u0173 stiprius raumenis ir energij\u0105.<\/span><\/li>\n<li style=\"font-weight: 400;\" aria-level=\"1\"><span style=\"font-weight: 400;\">Sveikas kailis ir oda: Sud\u0117tyje esantys \u017euv\u0173 taukai ir kiti aliejai palaiko blizg\u0173 kail\u012f ir sveik\u0105 od\u0105.<\/span><\/li>\n<li style=\"font-weight: 400;\" aria-level=\"1\"><span style=\"font-weight: 400;\">Palaiko bendr\u0105 sveikat\u0105: Visavert\u0117 formul\u0117 padeda palaikyti 7 sveiko gyvybingumo po\u017eymius, \u012fskaitant imunitet\u0105, vir\u0161kinim\u0105 ir \u0161irdies veikl\u0105.<\/span><\/li>\n<li style=\"font-weight: 400;\" aria-level=\"1\"><span style=\"font-weight: 400;\">Nat\u016bral\u016bs ingredientai: Be dirbtini\u0173 da\u017eikli\u0173 ir konservant\u0173, tod\u0117l tinka jautrioms kat\u0117ms.<\/span><\/li>\n<li style=\"font-weight: 400;\" aria-level=\"1\"><span style=\"font-weight: 400;\">Puikus vir\u0161kinamumas: D\u017eiovintas runkeli\u0173 mink\u0161timas padeda palaikyti sveik\u0105 vir\u0161kinim\u0105.<\/span><\/li>\n<\/ul>\n<p><span style=\"font-weight: 400;\">\u201eIAMS\u201d su \u0117riena yra auk\u0161tos kokyb\u0117s pa\u0161aras, praturtintas b\u016btinais vitaminais ir mineralais, kad u\u017etikrint\u0173 j\u016bs\u0173 kat\u0117s optimali\u0105 sveikat\u0105 ir gyvybingum\u0105. \u0160velni Naujosios Zelandijos \u0117riena ir subalansuota sud\u0117tis garantuoja puik\u0173 skon\u012f ir maistin\u0119 vert\u0119, o nat\u016brali formul\u0117 be dirbtini\u0173 pried\u0173 suteikia ramyb\u0119 d\u0117l j\u016bs\u0173 augintinio sveikatos.<\/span><\/p>\n","protected":false},"excerpt":{"rendered":"<p><span style=\"font-weight: 400;\">\u0160is sausas pa\u0161aras yra skirtas suaugusioms kat\u0117ms nuo 1 iki 7 met\u0173. Pagrindin\u0117 sudedamoji dalis \u2013 \u0161velni Naujosios Zelandijos \u0117riena, praturtinta gyvuliniais baltymais ir subalansuota taip, kad palaikyt\u0173 j\u016bs\u0173 kat\u0117s sveikat\u0105 ir gyvybingum\u0105.<\/span><\/p>\n","protected":false},"featured_media":14104,"template":"","meta":[],"product_brand":[],"product_cat":[114,115,102,442],"product_tag":[],"class_list":{"0":"post-14101","1":"product","2":"type-product","3":"status-publish","4":"has-post-thumbnail","6":"product_cat-kaciu-maistas","7":"product_cat-sausas-maistas-ir-skanestai-katems","8":"product_cat-katems","9":"product_cat-iams-kaciu-maistas","10":"pa_prekinis-zenklas-iams","12":"first","13":"outofstock","14":"taxable","15":"shipping-taxable","16":"purchasable","17":"product-type-simple"},"yoast_head":"<!-- This site is optimized with the Yoast SEO Premium plugin v27.1 (Yoast SEO v27.5) - https:\/\/yoast.com\/product\/yoast-seo-premium-wordpress\/ -->\n<title>IAMS sausas pa\u0161aras suaugusioms kat\u0117ms su \u0117riena 2kg - anivet.lt<\/title>\n<meta name=\"description\" content=\"\u0160is sausas pa\u0161aras yra skirtas suaugusioms kat\u0117ms nuo 1 iki 7 met\u0173. Pagrindin\u0117 sudedamoji dalis \u2013 \u0161velni Naujosios Zelandijos \u0117riena, praturtinta gyvuliniais baltymais ir subalansuota taip, kad palaikyt\u0173 j\u016bs\u0173 kat\u0117s sveikat\u0105 ir gyvybingum\u0105.\" \/>\n<meta name=\"robots\" content=\"index, follow, max-snippet:-1, max-image-preview:large, max-video-preview:-1\" \/>\n<link rel=\"canonical\" href=\"https:\/\/anivet.lt\/elparduotuve\/produktas\/iams-sausas-pasaras-suaugusioms-katems-su-eriena-2kg\/\" \/>\n<meta property=\"og:locale\" content=\"lt_LT\" \/>\n<meta property=\"og:type\" content=\"article\" \/>\n<meta property=\"og:title\" content=\"IAMS sausas pa\u0161aras suaugusioms kat\u0117ms su \u0117riena 2kg\" \/>\n<meta property=\"og:description\" content=\"\u0160is sausas pa\u0161aras yra skirtas suaugusioms kat\u0117ms nuo 1 iki 7 met\u0173. Pagrindin\u0117 sudedamoji dalis \u2013 \u0161velni Naujosios Zelandijos \u0117riena, praturtinta gyvuliniais baltymais ir subalansuota taip, kad palaikyt\u0173 j\u016bs\u0173 kat\u0117s sveikat\u0105 ir gyvybingum\u0105.\" \/>\n<meta property=\"og:url\" content=\"https:\/\/anivet.lt\/elparduotuve\/produktas\/iams-sausas-pasaras-suaugusioms-katems-su-eriena-2kg\/\" \/>\n<meta property=\"og:site_name\" content=\"anivet.lt\" \/>\n<meta property=\"article:modified_time\" content=\"2026-01-08T20:59:37+00:00\" \/>\n<meta property=\"og:image\" content=\"https:\/\/anivet.lt\/elparduotuve\/wp-content\/uploads\/2024\/07\/IAMS-Cat-Lamb-2kg.jpg\" \/>\n\t<meta property=\"og:image:width\" content=\"650\" \/>\n\t<meta property=\"og:image:height\" content=\"1211\" \/>\n\t<meta property=\"og:image:type\" content=\"image\/jpeg\" \/>\n<meta name=\"twitter:card\" content=\"summary_large_image\" \/>\n<meta name=\"twitter:label1\" content=\"Est. reading time\" \/>\n\t<meta name=\"twitter:data1\" content=\"1 minut\u0117\" \/>\n<script type=\"application\/ld+json\" class=\"yoast-schema-graph\">{\"@context\":\"https:\\\/\\\/schema.org\",\"@graph\":[{\"@type\":\"WebPage\",\"@id\":\"https:\\\/\\\/anivet.lt\\\/elparduotuve\\\/produktas\\\/iams-sausas-pasaras-suaugusioms-katems-su-eriena-2kg\\\/\",\"url\":\"https:\\\/\\\/anivet.lt\\\/elparduotuve\\\/produktas\\\/iams-sausas-pasaras-suaugusioms-katems-su-eriena-2kg\\\/\",\"name\":\"IAMS sausas pa\u0161aras suaugusioms kat\u0117ms su \u0117riena 2kg - anivet.lt\",\"isPartOf\":{\"@id\":\"https:\\\/\\\/anivet.lt\\\/elparduotuve\\\/#website\"},\"primaryImageOfPage\":{\"@id\":\"https:\\\/\\\/anivet.lt\\\/elparduotuve\\\/produktas\\\/iams-sausas-pasaras-suaugusioms-katems-su-eriena-2kg\\\/#primaryimage\"},\"image\":{\"@id\":\"https:\\\/\\\/anivet.lt\\\/elparduotuve\\\/produktas\\\/iams-sausas-pasaras-suaugusioms-katems-su-eriena-2kg\\\/#primaryimage\"},\"thumbnailUrl\":\"https:\\\/\\\/anivet.lt\\\/elparduotuve\\\/wp-content\\\/uploads\\\/2024\\\/07\\\/IAMS-Cat-Lamb-2kg.jpg\",\"datePublished\":\"2024-07-03T11:34:52+00:00\",\"dateModified\":\"2026-01-08T20:59:37+00:00\",\"description\":\"\u0160is sausas pa\u0161aras yra skirtas suaugusioms kat\u0117ms nuo 1 iki 7 met\u0173. Pagrindin\u0117 sudedamoji dalis \u2013 \u0161velni Naujosios Zelandijos \u0117riena, praturtinta gyvuliniais baltymais ir subalansuota taip, kad palaikyt\u0173 j\u016bs\u0173 kat\u0117s sveikat\u0105 ir gyvybingum\u0105.\",\"breadcrumb\":{\"@id\":\"https:\\\/\\\/anivet.lt\\\/elparduotuve\\\/produktas\\\/iams-sausas-pasaras-suaugusioms-katems-su-eriena-2kg\\\/#breadcrumb\"},\"inLanguage\":\"lt-LT\",\"potentialAction\":[{\"@type\":\"ReadAction\",\"target\":[\"https:\\\/\\\/anivet.lt\\\/elparduotuve\\\/produktas\\\/iams-sausas-pasaras-suaugusioms-katems-su-eriena-2kg\\\/\"]}]},{\"@type\":\"ImageObject\",\"inLanguage\":\"lt-LT\",\"@id\":\"https:\\\/\\\/anivet.lt\\\/elparduotuve\\\/produktas\\\/iams-sausas-pasaras-suaugusioms-katems-su-eriena-2kg\\\/#primaryimage\",\"url\":\"https:\\\/\\\/anivet.lt\\\/elparduotuve\\\/wp-content\\\/uploads\\\/2024\\\/07\\\/IAMS-Cat-Lamb-2kg.jpg\",\"contentUrl\":\"https:\\\/\\\/anivet.lt\\\/elparduotuve\\\/wp-content\\\/uploads\\\/2024\\\/07\\\/IAMS-Cat-Lamb-2kg.jpg\",\"width\":650,\"height\":1211,\"caption\":\"IAMS sausas pa\u0161aras suaugusioms kat\u0117ms su \u0117riena 2kg\"},{\"@type\":\"BreadcrumbList\",\"@id\":\"https:\\\/\\\/anivet.lt\\\/elparduotuve\\\/produktas\\\/iams-sausas-pasaras-suaugusioms-katems-su-eriena-2kg\\\/#breadcrumb\",\"itemListElement\":[{\"@type\":\"ListItem\",\"position\":1,\"name\":\"Home\",\"item\":\"https:\\\/\\\/anivet.lt\\\/elparduotuve\\\/\"},{\"@type\":\"ListItem\",\"position\":2,\"name\":\"Produktai\",\"item\":\"https:\\\/\\\/anivet.lt\\\/elparduotuve\\\/produktai\\\/\"},{\"@type\":\"ListItem\",\"position\":3,\"name\":\"IAMS sausas pa\u0161aras suaugusioms kat\u0117ms su \u0117riena 2kg\"}]},{\"@type\":\"WebSite\",\"@id\":\"https:\\\/\\\/anivet.lt\\\/elparduotuve\\\/#website\",\"url\":\"https:\\\/\\\/anivet.lt\\\/elparduotuve\\\/\",\"name\":\"anivet.lt\",\"description\":\"Viskas J\u016bs\u0173 \u0161uns, kat\u0117s prie\u017ei\u016brai\",\"publisher\":{\"@id\":\"https:\\\/\\\/anivet.lt\\\/elparduotuve\\\/#organization\"},\"alternateName\":\"Viskas J\u016bs\u0173 \u0161uns, kat\u0117s prie\u017ei\u016brai\",\"potentialAction\":[{\"@type\":\"SearchAction\",\"target\":{\"@type\":\"EntryPoint\",\"urlTemplate\":\"https:\\\/\\\/anivet.lt\\\/elparduotuve\\\/?s={search_term_string}\"},\"query-input\":{\"@type\":\"PropertyValueSpecification\",\"valueRequired\":true,\"valueName\":\"search_term_string\"}}],\"inLanguage\":\"lt-LT\"},{\"@type\":\"Organization\",\"@id\":\"https:\\\/\\\/anivet.lt\\\/elparduotuve\\\/#organization\",\"name\":\"Viskas J\u016bs\u0173 \u0161uns, kat\u0117s prie\u017ei\u016brai\",\"url\":\"https:\\\/\\\/anivet.lt\\\/elparduotuve\\\/\",\"logo\":{\"@type\":\"ImageObject\",\"inLanguage\":\"lt-LT\",\"@id\":\"https:\\\/\\\/anivet.lt\\\/elparduotuve\\\/#\\\/schema\\\/logo\\\/image\\\/\",\"url\":\"https:\\\/\\\/anivet.lt\\\/elparduotuve\\\/wp-content\\\/uploads\\\/2023\\\/06\\\/logo2.jpg\",\"contentUrl\":\"https:\\\/\\\/anivet.lt\\\/elparduotuve\\\/wp-content\\\/uploads\\\/2023\\\/06\\\/logo2.jpg\",\"width\":655,\"height\":194,\"caption\":\"Viskas J\u016bs\u0173 \u0161uns, kat\u0117s prie\u017ei\u016brai\"},\"image\":{\"@id\":\"https:\\\/\\\/anivet.lt\\\/elparduotuve\\\/#\\\/schema\\\/logo\\\/image\\\/\"}}]}<\/script>\n<!-- \/ Yoast SEO Premium plugin. -->","yoast_head_json":{"title":"IAMS sausas pa\u0161aras suaugusioms kat\u0117ms su \u0117riena 2kg - anivet.lt","description":"\u0160is sausas pa\u0161aras yra skirtas suaugusioms kat\u0117ms nuo 1 iki 7 met\u0173. Pagrindin\u0117 sudedamoji dalis \u2013 \u0161velni Naujosios Zelandijos \u0117riena, praturtinta gyvuliniais baltymais ir subalansuota taip, kad palaikyt\u0173 j\u016bs\u0173 kat\u0117s sveikat\u0105 ir gyvybingum\u0105.","robots":{"index":"index","follow":"follow","max-snippet":"max-snippet:-1","max-image-preview":"max-image-preview:large","max-video-preview":"max-video-preview:-1"},"canonical":"https:\/\/anivet.lt\/elparduotuve\/produktas\/iams-sausas-pasaras-suaugusioms-katems-su-eriena-2kg\/","og_locale":"lt_LT","og_type":"article","og_title":"IAMS sausas pa\u0161aras suaugusioms kat\u0117ms su \u0117riena 2kg","og_description":"\u0160is sausas pa\u0161aras yra skirtas suaugusioms kat\u0117ms nuo 1 iki 7 met\u0173. Pagrindin\u0117 sudedamoji dalis \u2013 \u0161velni Naujosios Zelandijos \u0117riena, praturtinta gyvuliniais baltymais ir subalansuota taip, kad palaikyt\u0173 j\u016bs\u0173 kat\u0117s sveikat\u0105 ir gyvybingum\u0105.","og_url":"https:\/\/anivet.lt\/elparduotuve\/produktas\/iams-sausas-pasaras-suaugusioms-katems-su-eriena-2kg\/","og_site_name":"anivet.lt","article_modified_time":"2026-01-08T20:59:37+00:00","og_image":[{"width":650,"height":1211,"url":"https:\/\/anivet.lt\/elparduotuve\/wp-content\/uploads\/2024\/07\/IAMS-Cat-Lamb-2kg.jpg","type":"image\/jpeg"}],"twitter_card":"summary_large_image","twitter_misc":{"Est. reading time":"1 minut\u0117"},"schema":{"@context":"https:\/\/schema.org","@graph":[{"@type":"WebPage","@id":"https:\/\/anivet.lt\/elparduotuve\/produktas\/iams-sausas-pasaras-suaugusioms-katems-su-eriena-2kg\/","url":"https:\/\/anivet.lt\/elparduotuve\/produktas\/iams-sausas-pasaras-suaugusioms-katems-su-eriena-2kg\/","name":"IAMS sausas pa\u0161aras suaugusioms kat\u0117ms su \u0117riena 2kg - anivet.lt","isPartOf":{"@id":"https:\/\/anivet.lt\/elparduotuve\/#website"},"primaryImageOfPage":{"@id":"https:\/\/anivet.lt\/elparduotuve\/produktas\/iams-sausas-pasaras-suaugusioms-katems-su-eriena-2kg\/#primaryimage"},"image":{"@id":"https:\/\/anivet.lt\/elparduotuve\/produktas\/iams-sausas-pasaras-suaugusioms-katems-su-eriena-2kg\/#primaryimage"},"thumbnailUrl":"https:\/\/anivet.lt\/elparduotuve\/wp-content\/uploads\/2024\/07\/IAMS-Cat-Lamb-2kg.jpg","datePublished":"2024-07-03T11:34:52+00:00","dateModified":"2026-01-08T20:59:37+00:00","description":"\u0160is sausas pa\u0161aras yra skirtas suaugusioms kat\u0117ms nuo 1 iki 7 met\u0173. Pagrindin\u0117 sudedamoji dalis \u2013 \u0161velni Naujosios Zelandijos \u0117riena, praturtinta gyvuliniais baltymais ir subalansuota taip, kad palaikyt\u0173 j\u016bs\u0173 kat\u0117s sveikat\u0105 ir gyvybingum\u0105.","breadcrumb":{"@id":"https:\/\/anivet.lt\/elparduotuve\/produktas\/iams-sausas-pasaras-suaugusioms-katems-su-eriena-2kg\/#breadcrumb"},"inLanguage":"lt-LT","potentialAction":[{"@type":"ReadAction","target":["https:\/\/anivet.lt\/elparduotuve\/produktas\/iams-sausas-pasaras-suaugusioms-katems-su-eriena-2kg\/"]}]},{"@type":"ImageObject","inLanguage":"lt-LT","@id":"https:\/\/anivet.lt\/elparduotuve\/produktas\/iams-sausas-pasaras-suaugusioms-katems-su-eriena-2kg\/#primaryimage","url":"https:\/\/anivet.lt\/elparduotuve\/wp-content\/uploads\/2024\/07\/IAMS-Cat-Lamb-2kg.jpg","contentUrl":"https:\/\/anivet.lt\/elparduotuve\/wp-content\/uploads\/2024\/07\/IAMS-Cat-Lamb-2kg.jpg","width":650,"height":1211,"caption":"IAMS sausas pa\u0161aras suaugusioms kat\u0117ms su \u0117riena 2kg"},{"@type":"BreadcrumbList","@id":"https:\/\/anivet.lt\/elparduotuve\/produktas\/iams-sausas-pasaras-suaugusioms-katems-su-eriena-2kg\/#breadcrumb","itemListElement":[{"@type":"ListItem","position":1,"name":"Home","item":"https:\/\/anivet.lt\/elparduotuve\/"},{"@type":"ListItem","position":2,"name":"Produktai","item":"https:\/\/anivet.lt\/elparduotuve\/produktai\/"},{"@type":"ListItem","position":3,"name":"IAMS sausas pa\u0161aras suaugusioms kat\u0117ms su \u0117riena 2kg"}]},{"@type":"WebSite","@id":"https:\/\/anivet.lt\/elparduotuve\/#website","url":"https:\/\/anivet.lt\/elparduotuve\/","name":"anivet.lt","description":"Viskas J\u016bs\u0173 \u0161uns, kat\u0117s prie\u017ei\u016brai","publisher":{"@id":"https:\/\/anivet.lt\/elparduotuve\/#organization"},"alternateName":"Viskas J\u016bs\u0173 \u0161uns, kat\u0117s prie\u017ei\u016brai","potentialAction":[{"@type":"SearchAction","target":{"@type":"EntryPoint","urlTemplate":"https:\/\/anivet.lt\/elparduotuve\/?s={search_term_string}"},"query-input":{"@type":"PropertyValueSpecification","valueRequired":true,"valueName":"search_term_string"}}],"inLanguage":"lt-LT"},{"@type":"Organization","@id":"https:\/\/anivet.lt\/elparduotuve\/#organization","name":"Viskas J\u016bs\u0173 \u0161uns, kat\u0117s prie\u017ei\u016brai","url":"https:\/\/anivet.lt\/elparduotuve\/","logo":{"@type":"ImageObject","inLanguage":"lt-LT","@id":"https:\/\/anivet.lt\/elparduotuve\/#\/schema\/logo\/image\/","url":"https:\/\/anivet.lt\/elparduotuve\/wp-content\/uploads\/2023\/06\/logo2.jpg","contentUrl":"https:\/\/anivet.lt\/elparduotuve\/wp-content\/uploads\/2023\/06\/logo2.jpg","width":655,"height":194,"caption":"Viskas J\u016bs\u0173 \u0161uns, kat\u0117s prie\u017ei\u016brai"},"image":{"@id":"https:\/\/anivet.lt\/elparduotuve\/#\/schema\/logo\/image\/"}}]}},"_links":{"self":[{"href":"https:\/\/anivet.lt\/elparduotuve\/wp-json\/wp\/v2\/product\/14101","targetHints":{"allow":["GET"]}}],"collection":[{"href":"https:\/\/anivet.lt\/elparduotuve\/wp-json\/wp\/v2\/product"}],"about":[{"href":"https:\/\/anivet.lt\/elparduotuve\/wp-json\/wp\/v2\/types\/product"}],"wp:featuredmedia":[{"embeddable":true,"href":"https:\/\/anivet.lt\/elparduotuve\/wp-json\/wp\/v2\/media\/14104"}],"wp:attachment":[{"href":"https:\/\/anivet.lt\/elparduotuve\/wp-json\/wp\/v2\/media?parent=14101"}],"wp:term":[{"taxonomy":"product_brand","embeddable":true,"href":"https:\/\/anivet.lt\/elparduotuve\/wp-json\/wp\/v2\/product_brand?post=14101"},{"taxonomy":"product_cat","embeddable":true,"href":"https:\/\/anivet.lt\/elparduotuve\/wp-json\/wp\/v2\/product_cat?post=14101"},{"taxonomy":"product_tag","embeddable":true,"href":"https:\/\/anivet.lt\/elparduotuve\/wp-json\/wp\/v2\/product_tag?post=14101"}],"curies":[{"name":"wp","href":"https:\/\/api.w.org\/{rel}","templated":true}]}}