{"id":14105,"date":"2024-07-03T11:39:49","date_gmt":"2024-07-03T11:39:49","guid":{"rendered":"https:\/\/anivet.lt\/elparduotuve\/?post_type=product&#038;p=14105"},"modified":"2025-06-02T13:49:55","modified_gmt":"2025-06-02T13:49:55","slug":"iams-sausas-pasaras-suaugusioms-katems-su-eriena-10kg","status":"publish","type":"product","link":"https:\/\/anivet.lt\/elparduotuve\/produktas\/iams-sausas-pasaras-suaugusioms-katems-su-eriena-10kg\/","title":{"rendered":"IAMS sausas pa\u0161aras suaugusioms kat\u0117ms su \u0117riena 10kg"},"content":{"rendered":"<ul>\n<li style=\"font-weight: 400;\" aria-level=\"1\"><span style=\"font-weight: 400;\">Auk\u0161tos kokyb\u0117s baltymai: Sud\u0117tyje yra 87% gyvulini\u0173 baltym\u0173 (i\u0161 bendro baltym\u0173), kurie palaiko raumen\u0173 mas\u0119 ir sveikat\u0105.<\/span><\/li>\n<li style=\"font-weight: 400;\" aria-level=\"1\"><span style=\"font-weight: 400;\">Sveikas kailis ir oda: Papildytas \u017euv\u0173 taukais ir vitaminais, kurie u\u017etikrina \u017evilgant\u012f kail\u012f ir sveik\u0105 od\u0105.<\/span><\/li>\n<li style=\"font-weight: 400;\" aria-level=\"1\"><span style=\"font-weight: 400;\">Visapusi\u0161ka mityba: Pa\u0161aras palaiko 7 pagrindinius kat\u0117s gyvybingumo po\u017eymius, tokius kaip stipri imunin\u0117 sistema ir energija.<\/span><\/li>\n<li style=\"font-weight: 400;\" aria-level=\"1\"><span style=\"font-weight: 400;\">Lengvai vir\u0161kinamas: D\u017eiovintas runkeli\u0173 mink\u0161timas palaiko sveik\u0105 vir\u0161kinimo sistem\u0105.<\/span><\/li>\n<\/ul>\n<ul>\n<li style=\"font-weight: 400;\" aria-level=\"1\"><span style=\"font-weight: 400;\">Be dirbtini\u0173 pried\u0173: Sud\u0117tyje n\u0117ra dirbtini\u0173 da\u017eikli\u0173 ir konservant\u0173, u\u017etikrinant nat\u016bral\u0173 maisto kokyb\u0117s standart\u0105.<\/span><\/li>\n<\/ul>\n<p><span style=\"font-weight: 400;\">\u0160is sausas pa\u0161aras su \u0117riena yra puikus pasirinkimas suaugusioms kat\u0117ms, kurioms reikalinga subalansuota ir auk\u0161tos kokyb\u0117s mityba. \u0160io pa\u0161aro sud\u0117tis u\u017etikrina sveik\u0105 kail\u012f, stipri\u0105 imunin\u0119 sistem\u0105 ir ilgalaik\u012f energijos lyg\u012f, kad J\u016bs\u0173 kat\u0117 b\u016bt\u0173 sveika ir laiminga.<\/span><\/p>\n","protected":false},"excerpt":{"rendered":"<p><span style=\"font-weight: 400;\">Specialiai sukurtas sausas pa\u0161aras suaugusioms kat\u0117ms nuo 1 iki 7 met\u0173 am\u017eiaus. Jame derinami auk\u0161tos kokyb\u0117s ingredientai ir skanus receptas su Naujosios Zelandijos \u0117riena, u\u017etikrinant subalansuot\u0105 mityb\u0105 ir kasdien\u012f d\u017eiaugsm\u0105 J\u016bs\u0173 katei.<\/span><\/p>\n","protected":false},"featured_media":14106,"template":"","meta":[],"product_brand":[],"product_cat":[114,115,102,442],"product_tag":[],"class_list":{"0":"post-14105","1":"product","2":"type-product","3":"status-publish","4":"has-post-thumbnail","6":"product_cat-kaciu-maistas","7":"product_cat-sausas-maistas-ir-skanestai-katems","8":"product_cat-katems","9":"product_cat-iams-kaciu-maistas","10":"pa_prekinis-zenklas-iams","12":"first","13":"instock","14":"taxable","15":"shipping-taxable","16":"purchasable","17":"product-type-simple"},"yoast_head":"<!-- This site is optimized with the Yoast SEO Premium plugin v27.1 (Yoast SEO v27.5) - https:\/\/yoast.com\/product\/yoast-seo-premium-wordpress\/ -->\n<title>IAMS sausas pa\u0161aras suaugusioms kat\u0117ms su \u0117riena 10kg - anivet.lt<\/title>\n<meta name=\"description\" content=\"Specialiai sukurtas sausas pa\u0161aras suaugusioms kat\u0117ms nuo 1 iki 7 met\u0173 am\u017eiaus. Jame derinami auk\u0161tos kokyb\u0117s ingredientai ir skanus receptas su Naujosios Zelandijos \u0117riena, u\u017etikrinant subalansuot\u0105 mityb\u0105 ir kasdien\u012f d\u017eiaugsm\u0105 J\u016bs\u0173 katei.\" \/>\n<meta name=\"robots\" content=\"index, follow, max-snippet:-1, max-image-preview:large, max-video-preview:-1\" \/>\n<link rel=\"canonical\" href=\"https:\/\/anivet.lt\/elparduotuve\/produktas\/iams-sausas-pasaras-suaugusioms-katems-su-eriena-10kg\/\" \/>\n<meta property=\"og:locale\" content=\"lt_LT\" \/>\n<meta property=\"og:type\" content=\"article\" \/>\n<meta property=\"og:title\" content=\"IAMS sausas pa\u0161aras suaugusioms kat\u0117ms su \u0117riena 10kg\" \/>\n<meta property=\"og:description\" content=\"Specialiai sukurtas sausas pa\u0161aras suaugusioms kat\u0117ms nuo 1 iki 7 met\u0173 am\u017eiaus. Jame derinami auk\u0161tos kokyb\u0117s ingredientai ir skanus receptas su Naujosios Zelandijos \u0117riena, u\u017etikrinant subalansuot\u0105 mityb\u0105 ir kasdien\u012f d\u017eiaugsm\u0105 J\u016bs\u0173 katei.\" \/>\n<meta property=\"og:url\" content=\"https:\/\/anivet.lt\/elparduotuve\/produktas\/iams-sausas-pasaras-suaugusioms-katems-su-eriena-10kg\/\" \/>\n<meta property=\"og:site_name\" content=\"anivet.lt\" \/>\n<meta property=\"article:modified_time\" content=\"2025-06-02T13:49:55+00:00\" \/>\n<meta property=\"og:image\" content=\"https:\/\/anivet.lt\/elparduotuve\/wp-content\/uploads\/2024\/07\/IAMS-Cat-Lamb-10kg.jpg\" \/>\n\t<meta property=\"og:image:width\" content=\"650\" \/>\n\t<meta property=\"og:image:height\" content=\"998\" \/>\n\t<meta property=\"og:image:type\" content=\"image\/jpeg\" \/>\n<meta name=\"twitter:card\" content=\"summary_large_image\" \/>\n<meta name=\"twitter:label1\" content=\"Est. reading time\" \/>\n\t<meta name=\"twitter:data1\" content=\"1 minut\u0117\" \/>\n<script type=\"application\/ld+json\" class=\"yoast-schema-graph\">{\"@context\":\"https:\\\/\\\/schema.org\",\"@graph\":[{\"@type\":\"WebPage\",\"@id\":\"https:\\\/\\\/anivet.lt\\\/elparduotuve\\\/produktas\\\/iams-sausas-pasaras-suaugusioms-katems-su-eriena-10kg\\\/\",\"url\":\"https:\\\/\\\/anivet.lt\\\/elparduotuve\\\/produktas\\\/iams-sausas-pasaras-suaugusioms-katems-su-eriena-10kg\\\/\",\"name\":\"IAMS sausas pa\u0161aras suaugusioms kat\u0117ms su \u0117riena 10kg - anivet.lt\",\"isPartOf\":{\"@id\":\"https:\\\/\\\/anivet.lt\\\/elparduotuve\\\/#website\"},\"primaryImageOfPage\":{\"@id\":\"https:\\\/\\\/anivet.lt\\\/elparduotuve\\\/produktas\\\/iams-sausas-pasaras-suaugusioms-katems-su-eriena-10kg\\\/#primaryimage\"},\"image\":{\"@id\":\"https:\\\/\\\/anivet.lt\\\/elparduotuve\\\/produktas\\\/iams-sausas-pasaras-suaugusioms-katems-su-eriena-10kg\\\/#primaryimage\"},\"thumbnailUrl\":\"https:\\\/\\\/anivet.lt\\\/elparduotuve\\\/wp-content\\\/uploads\\\/2024\\\/07\\\/IAMS-Cat-Lamb-10kg.jpg\",\"datePublished\":\"2024-07-03T11:39:49+00:00\",\"dateModified\":\"2025-06-02T13:49:55+00:00\",\"description\":\"Specialiai sukurtas sausas pa\u0161aras suaugusioms kat\u0117ms nuo 1 iki 7 met\u0173 am\u017eiaus. Jame derinami auk\u0161tos kokyb\u0117s ingredientai ir skanus receptas su Naujosios Zelandijos \u0117riena, u\u017etikrinant subalansuot\u0105 mityb\u0105 ir kasdien\u012f d\u017eiaugsm\u0105 J\u016bs\u0173 katei.\",\"breadcrumb\":{\"@id\":\"https:\\\/\\\/anivet.lt\\\/elparduotuve\\\/produktas\\\/iams-sausas-pasaras-suaugusioms-katems-su-eriena-10kg\\\/#breadcrumb\"},\"inLanguage\":\"lt-LT\",\"potentialAction\":[{\"@type\":\"ReadAction\",\"target\":[\"https:\\\/\\\/anivet.lt\\\/elparduotuve\\\/produktas\\\/iams-sausas-pasaras-suaugusioms-katems-su-eriena-10kg\\\/\"]}]},{\"@type\":\"ImageObject\",\"inLanguage\":\"lt-LT\",\"@id\":\"https:\\\/\\\/anivet.lt\\\/elparduotuve\\\/produktas\\\/iams-sausas-pasaras-suaugusioms-katems-su-eriena-10kg\\\/#primaryimage\",\"url\":\"https:\\\/\\\/anivet.lt\\\/elparduotuve\\\/wp-content\\\/uploads\\\/2024\\\/07\\\/IAMS-Cat-Lamb-10kg.jpg\",\"contentUrl\":\"https:\\\/\\\/anivet.lt\\\/elparduotuve\\\/wp-content\\\/uploads\\\/2024\\\/07\\\/IAMS-Cat-Lamb-10kg.jpg\",\"width\":650,\"height\":998,\"caption\":\"IAMS sausas pa\u0161aras suaugusioms kat\u0117ms su \u0117riena 10kg\"},{\"@type\":\"BreadcrumbList\",\"@id\":\"https:\\\/\\\/anivet.lt\\\/elparduotuve\\\/produktas\\\/iams-sausas-pasaras-suaugusioms-katems-su-eriena-10kg\\\/#breadcrumb\",\"itemListElement\":[{\"@type\":\"ListItem\",\"position\":1,\"name\":\"Home\",\"item\":\"https:\\\/\\\/anivet.lt\\\/elparduotuve\\\/\"},{\"@type\":\"ListItem\",\"position\":2,\"name\":\"Produktai\",\"item\":\"https:\\\/\\\/anivet.lt\\\/elparduotuve\\\/produktai\\\/\"},{\"@type\":\"ListItem\",\"position\":3,\"name\":\"IAMS sausas pa\u0161aras suaugusioms kat\u0117ms su \u0117riena 10kg\"}]},{\"@type\":\"WebSite\",\"@id\":\"https:\\\/\\\/anivet.lt\\\/elparduotuve\\\/#website\",\"url\":\"https:\\\/\\\/anivet.lt\\\/elparduotuve\\\/\",\"name\":\"anivet.lt\",\"description\":\"Viskas J\u016bs\u0173 \u0161uns, kat\u0117s prie\u017ei\u016brai\",\"publisher\":{\"@id\":\"https:\\\/\\\/anivet.lt\\\/elparduotuve\\\/#organization\"},\"alternateName\":\"Viskas J\u016bs\u0173 \u0161uns, kat\u0117s prie\u017ei\u016brai\",\"potentialAction\":[{\"@type\":\"SearchAction\",\"target\":{\"@type\":\"EntryPoint\",\"urlTemplate\":\"https:\\\/\\\/anivet.lt\\\/elparduotuve\\\/?s={search_term_string}\"},\"query-input\":{\"@type\":\"PropertyValueSpecification\",\"valueRequired\":true,\"valueName\":\"search_term_string\"}}],\"inLanguage\":\"lt-LT\"},{\"@type\":\"Organization\",\"@id\":\"https:\\\/\\\/anivet.lt\\\/elparduotuve\\\/#organization\",\"name\":\"Viskas J\u016bs\u0173 \u0161uns, kat\u0117s prie\u017ei\u016brai\",\"url\":\"https:\\\/\\\/anivet.lt\\\/elparduotuve\\\/\",\"logo\":{\"@type\":\"ImageObject\",\"inLanguage\":\"lt-LT\",\"@id\":\"https:\\\/\\\/anivet.lt\\\/elparduotuve\\\/#\\\/schema\\\/logo\\\/image\\\/\",\"url\":\"https:\\\/\\\/anivet.lt\\\/elparduotuve\\\/wp-content\\\/uploads\\\/2023\\\/06\\\/logo2.jpg\",\"contentUrl\":\"https:\\\/\\\/anivet.lt\\\/elparduotuve\\\/wp-content\\\/uploads\\\/2023\\\/06\\\/logo2.jpg\",\"width\":655,\"height\":194,\"caption\":\"Viskas J\u016bs\u0173 \u0161uns, kat\u0117s prie\u017ei\u016brai\"},\"image\":{\"@id\":\"https:\\\/\\\/anivet.lt\\\/elparduotuve\\\/#\\\/schema\\\/logo\\\/image\\\/\"}}]}<\/script>\n<!-- \/ Yoast SEO Premium plugin. -->","yoast_head_json":{"title":"IAMS sausas pa\u0161aras suaugusioms kat\u0117ms su \u0117riena 10kg - anivet.lt","description":"Specialiai sukurtas sausas pa\u0161aras suaugusioms kat\u0117ms nuo 1 iki 7 met\u0173 am\u017eiaus. Jame derinami auk\u0161tos kokyb\u0117s ingredientai ir skanus receptas su Naujosios Zelandijos \u0117riena, u\u017etikrinant subalansuot\u0105 mityb\u0105 ir kasdien\u012f d\u017eiaugsm\u0105 J\u016bs\u0173 katei.","robots":{"index":"index","follow":"follow","max-snippet":"max-snippet:-1","max-image-preview":"max-image-preview:large","max-video-preview":"max-video-preview:-1"},"canonical":"https:\/\/anivet.lt\/elparduotuve\/produktas\/iams-sausas-pasaras-suaugusioms-katems-su-eriena-10kg\/","og_locale":"lt_LT","og_type":"article","og_title":"IAMS sausas pa\u0161aras suaugusioms kat\u0117ms su \u0117riena 10kg","og_description":"Specialiai sukurtas sausas pa\u0161aras suaugusioms kat\u0117ms nuo 1 iki 7 met\u0173 am\u017eiaus. Jame derinami auk\u0161tos kokyb\u0117s ingredientai ir skanus receptas su Naujosios Zelandijos \u0117riena, u\u017etikrinant subalansuot\u0105 mityb\u0105 ir kasdien\u012f d\u017eiaugsm\u0105 J\u016bs\u0173 katei.","og_url":"https:\/\/anivet.lt\/elparduotuve\/produktas\/iams-sausas-pasaras-suaugusioms-katems-su-eriena-10kg\/","og_site_name":"anivet.lt","article_modified_time":"2025-06-02T13:49:55+00:00","og_image":[{"width":650,"height":998,"url":"https:\/\/anivet.lt\/elparduotuve\/wp-content\/uploads\/2024\/07\/IAMS-Cat-Lamb-10kg.jpg","type":"image\/jpeg"}],"twitter_card":"summary_large_image","twitter_misc":{"Est. reading time":"1 minut\u0117"},"schema":{"@context":"https:\/\/schema.org","@graph":[{"@type":"WebPage","@id":"https:\/\/anivet.lt\/elparduotuve\/produktas\/iams-sausas-pasaras-suaugusioms-katems-su-eriena-10kg\/","url":"https:\/\/anivet.lt\/elparduotuve\/produktas\/iams-sausas-pasaras-suaugusioms-katems-su-eriena-10kg\/","name":"IAMS sausas pa\u0161aras suaugusioms kat\u0117ms su \u0117riena 10kg - anivet.lt","isPartOf":{"@id":"https:\/\/anivet.lt\/elparduotuve\/#website"},"primaryImageOfPage":{"@id":"https:\/\/anivet.lt\/elparduotuve\/produktas\/iams-sausas-pasaras-suaugusioms-katems-su-eriena-10kg\/#primaryimage"},"image":{"@id":"https:\/\/anivet.lt\/elparduotuve\/produktas\/iams-sausas-pasaras-suaugusioms-katems-su-eriena-10kg\/#primaryimage"},"thumbnailUrl":"https:\/\/anivet.lt\/elparduotuve\/wp-content\/uploads\/2024\/07\/IAMS-Cat-Lamb-10kg.jpg","datePublished":"2024-07-03T11:39:49+00:00","dateModified":"2025-06-02T13:49:55+00:00","description":"Specialiai sukurtas sausas pa\u0161aras suaugusioms kat\u0117ms nuo 1 iki 7 met\u0173 am\u017eiaus. Jame derinami auk\u0161tos kokyb\u0117s ingredientai ir skanus receptas su Naujosios Zelandijos \u0117riena, u\u017etikrinant subalansuot\u0105 mityb\u0105 ir kasdien\u012f d\u017eiaugsm\u0105 J\u016bs\u0173 katei.","breadcrumb":{"@id":"https:\/\/anivet.lt\/elparduotuve\/produktas\/iams-sausas-pasaras-suaugusioms-katems-su-eriena-10kg\/#breadcrumb"},"inLanguage":"lt-LT","potentialAction":[{"@type":"ReadAction","target":["https:\/\/anivet.lt\/elparduotuve\/produktas\/iams-sausas-pasaras-suaugusioms-katems-su-eriena-10kg\/"]}]},{"@type":"ImageObject","inLanguage":"lt-LT","@id":"https:\/\/anivet.lt\/elparduotuve\/produktas\/iams-sausas-pasaras-suaugusioms-katems-su-eriena-10kg\/#primaryimage","url":"https:\/\/anivet.lt\/elparduotuve\/wp-content\/uploads\/2024\/07\/IAMS-Cat-Lamb-10kg.jpg","contentUrl":"https:\/\/anivet.lt\/elparduotuve\/wp-content\/uploads\/2024\/07\/IAMS-Cat-Lamb-10kg.jpg","width":650,"height":998,"caption":"IAMS sausas pa\u0161aras suaugusioms kat\u0117ms su \u0117riena 10kg"},{"@type":"BreadcrumbList","@id":"https:\/\/anivet.lt\/elparduotuve\/produktas\/iams-sausas-pasaras-suaugusioms-katems-su-eriena-10kg\/#breadcrumb","itemListElement":[{"@type":"ListItem","position":1,"name":"Home","item":"https:\/\/anivet.lt\/elparduotuve\/"},{"@type":"ListItem","position":2,"name":"Produktai","item":"https:\/\/anivet.lt\/elparduotuve\/produktai\/"},{"@type":"ListItem","position":3,"name":"IAMS sausas pa\u0161aras suaugusioms kat\u0117ms su \u0117riena 10kg"}]},{"@type":"WebSite","@id":"https:\/\/anivet.lt\/elparduotuve\/#website","url":"https:\/\/anivet.lt\/elparduotuve\/","name":"anivet.lt","description":"Viskas J\u016bs\u0173 \u0161uns, kat\u0117s prie\u017ei\u016brai","publisher":{"@id":"https:\/\/anivet.lt\/elparduotuve\/#organization"},"alternateName":"Viskas J\u016bs\u0173 \u0161uns, kat\u0117s prie\u017ei\u016brai","potentialAction":[{"@type":"SearchAction","target":{"@type":"EntryPoint","urlTemplate":"https:\/\/anivet.lt\/elparduotuve\/?s={search_term_string}"},"query-input":{"@type":"PropertyValueSpecification","valueRequired":true,"valueName":"search_term_string"}}],"inLanguage":"lt-LT"},{"@type":"Organization","@id":"https:\/\/anivet.lt\/elparduotuve\/#organization","name":"Viskas J\u016bs\u0173 \u0161uns, kat\u0117s prie\u017ei\u016brai","url":"https:\/\/anivet.lt\/elparduotuve\/","logo":{"@type":"ImageObject","inLanguage":"lt-LT","@id":"https:\/\/anivet.lt\/elparduotuve\/#\/schema\/logo\/image\/","url":"https:\/\/anivet.lt\/elparduotuve\/wp-content\/uploads\/2023\/06\/logo2.jpg","contentUrl":"https:\/\/anivet.lt\/elparduotuve\/wp-content\/uploads\/2023\/06\/logo2.jpg","width":655,"height":194,"caption":"Viskas J\u016bs\u0173 \u0161uns, kat\u0117s prie\u017ei\u016brai"},"image":{"@id":"https:\/\/anivet.lt\/elparduotuve\/#\/schema\/logo\/image\/"}}]}},"_links":{"self":[{"href":"https:\/\/anivet.lt\/elparduotuve\/wp-json\/wp\/v2\/product\/14105","targetHints":{"allow":["GET"]}}],"collection":[{"href":"https:\/\/anivet.lt\/elparduotuve\/wp-json\/wp\/v2\/product"}],"about":[{"href":"https:\/\/anivet.lt\/elparduotuve\/wp-json\/wp\/v2\/types\/product"}],"wp:featuredmedia":[{"embeddable":true,"href":"https:\/\/anivet.lt\/elparduotuve\/wp-json\/wp\/v2\/media\/14106"}],"wp:attachment":[{"href":"https:\/\/anivet.lt\/elparduotuve\/wp-json\/wp\/v2\/media?parent=14105"}],"wp:term":[{"taxonomy":"product_brand","embeddable":true,"href":"https:\/\/anivet.lt\/elparduotuve\/wp-json\/wp\/v2\/product_brand?post=14105"},{"taxonomy":"product_cat","embeddable":true,"href":"https:\/\/anivet.lt\/elparduotuve\/wp-json\/wp\/v2\/product_cat?post=14105"},{"taxonomy":"product_tag","embeddable":true,"href":"https:\/\/anivet.lt\/elparduotuve\/wp-json\/wp\/v2\/product_tag?post=14105"}],"curies":[{"name":"wp","href":"https:\/\/api.w.org\/{rel}","templated":true}]}}