{"id":14122,"date":"2024-07-03T14:30:29","date_gmt":"2024-07-03T14:30:29","guid":{"rendered":"https:\/\/anivet.lt\/elparduotuve\/?post_type=product&#038;p=14122"},"modified":"2025-05-27T13:27:30","modified_gmt":"2025-05-27T13:27:30","slug":"iams-naturally-suaugusioms-katems-su-vistiena-ir-eriena-12x85g","status":"publish","type":"product","link":"https:\/\/anivet.lt\/elparduotuve\/produktas\/iams-naturally-suaugusioms-katems-su-vistiena-ir-eriena-12x85g\/","title":{"rendered":"IAMS Naturally suaugusioms kat\u0117ms su vi\u0161tiena ir \u0117riena 12x85g"},"content":{"rendered":"<ul>\n<li style=\"font-weight: 400;\" aria-level=\"1\"><span style=\"font-weight: 400;\">Auk\u0161tos kokyb\u0117s baltymai: Sud\u0117tyje 34% vi\u0161tienos ir 4% Naujosios Zelandijos \u0117rienos, kurie padeda palaikyti raumen\u0173 mas\u0119.<\/span><\/li>\n<li style=\"font-weight: 400;\" aria-level=\"1\"><span style=\"font-weight: 400;\">Sveikai vir\u0161kinimo sistemai: \u012ed\u0117tas runkeli\u0173 mink\u0161timas padeda palaikyti ger\u0105 \u017earnyno veikl\u0105.<\/span><\/li>\n<li style=\"font-weight: 400;\" aria-level=\"1\"><span style=\"font-weight: 400;\">Odos ir kailio sveikatai: Omega-6 riebal\u0173 r\u016bg\u0161tys ir \u017euv\u0173 taukai prisideda prie sveikos odos ir blizgaus kailio.<\/span><\/li>\n<li style=\"font-weight: 400;\" aria-level=\"1\"><span style=\"font-weight: 400;\">Visavert\u0117 mityba: Papildytas vitaminais D ir E, kurie stiprina imunin\u0119 sistem\u0105 ir bendr\u0105 sveikat\u0105.<\/span><\/li>\n<li style=\"font-weight: 400;\" aria-level=\"1\"><span style=\"font-weight: 400;\">Subalansuotas skonis: Gardus pada\u017eas u\u017etikrina, kad kat\u0117 m\u0117gaut\u0173si kiekvienu k\u0105sniu.<\/span><\/li>\n<\/ul>\n<p><span style=\"font-weight: 400;\">\u201eIAMS Naturally\u201d konservai su vi\u0161tiena ir Naujosios Zelandijos \u0117riena yra idealus pasirinkimas, u\u017etikrinantis puiki\u0105 skonio ir maistini\u0173 med\u017eiag\u0173 pusiausvyr\u0105. \u0160is \u0117dalas ne tik patenkina kat\u0117s skonio poreikius, bet ir r\u016bpinasi jos bendra sveikata bei gerove.<\/span><\/p>\n","protected":false},"excerpt":{"rendered":"<p><span style=\"font-weight: 400;\">\u0160is auk\u0161\u010diausios kokyb\u0117s konservuotas maistas sukurtas specialiai suaugusioms kat\u0117ms. Sud\u0117tyje esan\u010dios vi\u0161tiena ir Naujosios Zelandijos \u0117riena u\u017etikrina puik\u0173 skon\u012f ir subalansuot\u0105 mityb\u0105, praturtint\u0105 maistin\u0117mis med\u017eiagomis.<\/span><\/p>\n","protected":false},"featured_media":14124,"template":"","meta":[],"product_brand":[],"product_cat":[114,102,116,442],"product_tag":[],"class_list":{"0":"post-14122","1":"product","2":"type-product","3":"status-publish","4":"has-post-thumbnail","6":"product_cat-kaciu-maistas","7":"product_cat-katems","8":"product_cat-konservai-katems","9":"product_cat-iams-kaciu-maistas","10":"pa_prekinis-zenklas-iams","12":"first","13":"instock","14":"taxable","15":"shipping-taxable","16":"purchasable","17":"product-type-simple"},"yoast_head":"<!-- This site is optimized with the Yoast SEO Premium plugin v27.1 (Yoast SEO v27.5) - https:\/\/yoast.com\/product\/yoast-seo-premium-wordpress\/ -->\n<title>IAMS Naturally suaugusioms kat\u0117ms su vi\u0161tiena ir \u0117riena 12x85g - anivet.lt<\/title>\n<meta name=\"description\" content=\"\u0160is auk\u0161\u010diausios kokyb\u0117s konservuotas maistas sukurtas specialiai suaugusioms kat\u0117ms. Sud\u0117tyje esan\u010dios vi\u0161tiena ir Naujosios Zelandijos \u0117riena u\u017etikrina puik\u0173 skon\u012f ir subalansuot\u0105 mityb\u0105, praturtint\u0105 maistin\u0117mis med\u017eiagomis.\" \/>\n<meta name=\"robots\" content=\"index, follow, max-snippet:-1, max-image-preview:large, max-video-preview:-1\" \/>\n<link rel=\"canonical\" href=\"https:\/\/anivet.lt\/elparduotuve\/produktas\/iams-naturally-suaugusioms-katems-su-vistiena-ir-eriena-12x85g\/\" \/>\n<meta property=\"og:locale\" content=\"lt_LT\" \/>\n<meta property=\"og:type\" content=\"article\" \/>\n<meta property=\"og:title\" content=\"IAMS Naturally suaugusioms kat\u0117ms su vi\u0161tiena ir \u0117riena 12x85g\" \/>\n<meta property=\"og:description\" content=\"\u0160is auk\u0161\u010diausios kokyb\u0117s konservuotas maistas sukurtas specialiai suaugusioms kat\u0117ms. Sud\u0117tyje esan\u010dios vi\u0161tiena ir Naujosios Zelandijos \u0117riena u\u017etikrina puik\u0173 skon\u012f ir subalansuot\u0105 mityb\u0105, praturtint\u0105 maistin\u0117mis med\u017eiagomis.\" \/>\n<meta property=\"og:url\" content=\"https:\/\/anivet.lt\/elparduotuve\/produktas\/iams-naturally-suaugusioms-katems-su-vistiena-ir-eriena-12x85g\/\" \/>\n<meta property=\"og:site_name\" content=\"anivet.lt\" \/>\n<meta property=\"article:modified_time\" content=\"2025-05-27T13:27:30+00:00\" \/>\n<meta property=\"og:image\" content=\"https:\/\/anivet.lt\/elparduotuve\/wp-content\/uploads\/2024\/07\/0002058_iams-naturally-adult-konservuotas-pasaras-katems-su-vistiena-ir-eriena-padaze-85g.png\" \/>\n\t<meta property=\"og:image:width\" content=\"1280\" \/>\n\t<meta property=\"og:image:height\" content=\"1280\" \/>\n\t<meta property=\"og:image:type\" content=\"image\/png\" \/>\n<meta name=\"twitter:card\" content=\"summary_large_image\" \/>\n<meta name=\"twitter:label1\" content=\"Est. reading time\" \/>\n\t<meta name=\"twitter:data1\" content=\"1 minut\u0117\" \/>\n<script type=\"application\/ld+json\" class=\"yoast-schema-graph\">{\"@context\":\"https:\\\/\\\/schema.org\",\"@graph\":[{\"@type\":\"WebPage\",\"@id\":\"https:\\\/\\\/anivet.lt\\\/elparduotuve\\\/produktas\\\/iams-naturally-suaugusioms-katems-su-vistiena-ir-eriena-12x85g\\\/\",\"url\":\"https:\\\/\\\/anivet.lt\\\/elparduotuve\\\/produktas\\\/iams-naturally-suaugusioms-katems-su-vistiena-ir-eriena-12x85g\\\/\",\"name\":\"IAMS Naturally suaugusioms kat\u0117ms su vi\u0161tiena ir \u0117riena 12x85g - anivet.lt\",\"isPartOf\":{\"@id\":\"https:\\\/\\\/anivet.lt\\\/elparduotuve\\\/#website\"},\"primaryImageOfPage\":{\"@id\":\"https:\\\/\\\/anivet.lt\\\/elparduotuve\\\/produktas\\\/iams-naturally-suaugusioms-katems-su-vistiena-ir-eriena-12x85g\\\/#primaryimage\"},\"image\":{\"@id\":\"https:\\\/\\\/anivet.lt\\\/elparduotuve\\\/produktas\\\/iams-naturally-suaugusioms-katems-su-vistiena-ir-eriena-12x85g\\\/#primaryimage\"},\"thumbnailUrl\":\"https:\\\/\\\/anivet.lt\\\/elparduotuve\\\/wp-content\\\/uploads\\\/2024\\\/07\\\/0002058_iams-naturally-adult-konservuotas-pasaras-katems-su-vistiena-ir-eriena-padaze-85g.png\",\"datePublished\":\"2024-07-03T14:30:29+00:00\",\"dateModified\":\"2025-05-27T13:27:30+00:00\",\"description\":\"\u0160is auk\u0161\u010diausios kokyb\u0117s konservuotas maistas sukurtas specialiai suaugusioms kat\u0117ms. Sud\u0117tyje esan\u010dios vi\u0161tiena ir Naujosios Zelandijos \u0117riena u\u017etikrina puik\u0173 skon\u012f ir subalansuot\u0105 mityb\u0105, praturtint\u0105 maistin\u0117mis med\u017eiagomis.\",\"breadcrumb\":{\"@id\":\"https:\\\/\\\/anivet.lt\\\/elparduotuve\\\/produktas\\\/iams-naturally-suaugusioms-katems-su-vistiena-ir-eriena-12x85g\\\/#breadcrumb\"},\"inLanguage\":\"lt-LT\",\"potentialAction\":[{\"@type\":\"ReadAction\",\"target\":[\"https:\\\/\\\/anivet.lt\\\/elparduotuve\\\/produktas\\\/iams-naturally-suaugusioms-katems-su-vistiena-ir-eriena-12x85g\\\/\"]}]},{\"@type\":\"ImageObject\",\"inLanguage\":\"lt-LT\",\"@id\":\"https:\\\/\\\/anivet.lt\\\/elparduotuve\\\/produktas\\\/iams-naturally-suaugusioms-katems-su-vistiena-ir-eriena-12x85g\\\/#primaryimage\",\"url\":\"https:\\\/\\\/anivet.lt\\\/elparduotuve\\\/wp-content\\\/uploads\\\/2024\\\/07\\\/0002058_iams-naturally-adult-konservuotas-pasaras-katems-su-vistiena-ir-eriena-padaze-85g.png\",\"contentUrl\":\"https:\\\/\\\/anivet.lt\\\/elparduotuve\\\/wp-content\\\/uploads\\\/2024\\\/07\\\/0002058_iams-naturally-adult-konservuotas-pasaras-katems-su-vistiena-ir-eriena-padaze-85g.png\",\"width\":1280,\"height\":1280,\"caption\":\"IAMS Naturally suaugusioms kat\u0117ms su vi\u0161tiena ir \u0117riena 12x85g\"},{\"@type\":\"BreadcrumbList\",\"@id\":\"https:\\\/\\\/anivet.lt\\\/elparduotuve\\\/produktas\\\/iams-naturally-suaugusioms-katems-su-vistiena-ir-eriena-12x85g\\\/#breadcrumb\",\"itemListElement\":[{\"@type\":\"ListItem\",\"position\":1,\"name\":\"Home\",\"item\":\"https:\\\/\\\/anivet.lt\\\/elparduotuve\\\/\"},{\"@type\":\"ListItem\",\"position\":2,\"name\":\"Produktai\",\"item\":\"https:\\\/\\\/anivet.lt\\\/elparduotuve\\\/produktai\\\/\"},{\"@type\":\"ListItem\",\"position\":3,\"name\":\"IAMS Naturally suaugusioms kat\u0117ms su vi\u0161tiena ir \u0117riena 12x85g\"}]},{\"@type\":\"WebSite\",\"@id\":\"https:\\\/\\\/anivet.lt\\\/elparduotuve\\\/#website\",\"url\":\"https:\\\/\\\/anivet.lt\\\/elparduotuve\\\/\",\"name\":\"anivet.lt\",\"description\":\"Viskas J\u016bs\u0173 \u0161uns, kat\u0117s prie\u017ei\u016brai\",\"publisher\":{\"@id\":\"https:\\\/\\\/anivet.lt\\\/elparduotuve\\\/#organization\"},\"alternateName\":\"Viskas J\u016bs\u0173 \u0161uns, kat\u0117s prie\u017ei\u016brai\",\"potentialAction\":[{\"@type\":\"SearchAction\",\"target\":{\"@type\":\"EntryPoint\",\"urlTemplate\":\"https:\\\/\\\/anivet.lt\\\/elparduotuve\\\/?s={search_term_string}\"},\"query-input\":{\"@type\":\"PropertyValueSpecification\",\"valueRequired\":true,\"valueName\":\"search_term_string\"}}],\"inLanguage\":\"lt-LT\"},{\"@type\":\"Organization\",\"@id\":\"https:\\\/\\\/anivet.lt\\\/elparduotuve\\\/#organization\",\"name\":\"Viskas J\u016bs\u0173 \u0161uns, kat\u0117s prie\u017ei\u016brai\",\"url\":\"https:\\\/\\\/anivet.lt\\\/elparduotuve\\\/\",\"logo\":{\"@type\":\"ImageObject\",\"inLanguage\":\"lt-LT\",\"@id\":\"https:\\\/\\\/anivet.lt\\\/elparduotuve\\\/#\\\/schema\\\/logo\\\/image\\\/\",\"url\":\"https:\\\/\\\/anivet.lt\\\/elparduotuve\\\/wp-content\\\/uploads\\\/2023\\\/06\\\/logo2.jpg\",\"contentUrl\":\"https:\\\/\\\/anivet.lt\\\/elparduotuve\\\/wp-content\\\/uploads\\\/2023\\\/06\\\/logo2.jpg\",\"width\":655,\"height\":194,\"caption\":\"Viskas J\u016bs\u0173 \u0161uns, kat\u0117s prie\u017ei\u016brai\"},\"image\":{\"@id\":\"https:\\\/\\\/anivet.lt\\\/elparduotuve\\\/#\\\/schema\\\/logo\\\/image\\\/\"}}]}<\/script>\n<!-- \/ Yoast SEO Premium plugin. -->","yoast_head_json":{"title":"IAMS Naturally suaugusioms kat\u0117ms su vi\u0161tiena ir \u0117riena 12x85g - anivet.lt","description":"\u0160is auk\u0161\u010diausios kokyb\u0117s konservuotas maistas sukurtas specialiai suaugusioms kat\u0117ms. Sud\u0117tyje esan\u010dios vi\u0161tiena ir Naujosios Zelandijos \u0117riena u\u017etikrina puik\u0173 skon\u012f ir subalansuot\u0105 mityb\u0105, praturtint\u0105 maistin\u0117mis med\u017eiagomis.","robots":{"index":"index","follow":"follow","max-snippet":"max-snippet:-1","max-image-preview":"max-image-preview:large","max-video-preview":"max-video-preview:-1"},"canonical":"https:\/\/anivet.lt\/elparduotuve\/produktas\/iams-naturally-suaugusioms-katems-su-vistiena-ir-eriena-12x85g\/","og_locale":"lt_LT","og_type":"article","og_title":"IAMS Naturally suaugusioms kat\u0117ms su vi\u0161tiena ir \u0117riena 12x85g","og_description":"\u0160is auk\u0161\u010diausios kokyb\u0117s konservuotas maistas sukurtas specialiai suaugusioms kat\u0117ms. Sud\u0117tyje esan\u010dios vi\u0161tiena ir Naujosios Zelandijos \u0117riena u\u017etikrina puik\u0173 skon\u012f ir subalansuot\u0105 mityb\u0105, praturtint\u0105 maistin\u0117mis med\u017eiagomis.","og_url":"https:\/\/anivet.lt\/elparduotuve\/produktas\/iams-naturally-suaugusioms-katems-su-vistiena-ir-eriena-12x85g\/","og_site_name":"anivet.lt","article_modified_time":"2025-05-27T13:27:30+00:00","og_image":[{"width":1280,"height":1280,"url":"https:\/\/anivet.lt\/elparduotuve\/wp-content\/uploads\/2024\/07\/0002058_iams-naturally-adult-konservuotas-pasaras-katems-su-vistiena-ir-eriena-padaze-85g.png","type":"image\/png"}],"twitter_card":"summary_large_image","twitter_misc":{"Est. reading time":"1 minut\u0117"},"schema":{"@context":"https:\/\/schema.org","@graph":[{"@type":"WebPage","@id":"https:\/\/anivet.lt\/elparduotuve\/produktas\/iams-naturally-suaugusioms-katems-su-vistiena-ir-eriena-12x85g\/","url":"https:\/\/anivet.lt\/elparduotuve\/produktas\/iams-naturally-suaugusioms-katems-su-vistiena-ir-eriena-12x85g\/","name":"IAMS Naturally suaugusioms kat\u0117ms su vi\u0161tiena ir \u0117riena 12x85g - anivet.lt","isPartOf":{"@id":"https:\/\/anivet.lt\/elparduotuve\/#website"},"primaryImageOfPage":{"@id":"https:\/\/anivet.lt\/elparduotuve\/produktas\/iams-naturally-suaugusioms-katems-su-vistiena-ir-eriena-12x85g\/#primaryimage"},"image":{"@id":"https:\/\/anivet.lt\/elparduotuve\/produktas\/iams-naturally-suaugusioms-katems-su-vistiena-ir-eriena-12x85g\/#primaryimage"},"thumbnailUrl":"https:\/\/anivet.lt\/elparduotuve\/wp-content\/uploads\/2024\/07\/0002058_iams-naturally-adult-konservuotas-pasaras-katems-su-vistiena-ir-eriena-padaze-85g.png","datePublished":"2024-07-03T14:30:29+00:00","dateModified":"2025-05-27T13:27:30+00:00","description":"\u0160is auk\u0161\u010diausios kokyb\u0117s konservuotas maistas sukurtas specialiai suaugusioms kat\u0117ms. Sud\u0117tyje esan\u010dios vi\u0161tiena ir Naujosios Zelandijos \u0117riena u\u017etikrina puik\u0173 skon\u012f ir subalansuot\u0105 mityb\u0105, praturtint\u0105 maistin\u0117mis med\u017eiagomis.","breadcrumb":{"@id":"https:\/\/anivet.lt\/elparduotuve\/produktas\/iams-naturally-suaugusioms-katems-su-vistiena-ir-eriena-12x85g\/#breadcrumb"},"inLanguage":"lt-LT","potentialAction":[{"@type":"ReadAction","target":["https:\/\/anivet.lt\/elparduotuve\/produktas\/iams-naturally-suaugusioms-katems-su-vistiena-ir-eriena-12x85g\/"]}]},{"@type":"ImageObject","inLanguage":"lt-LT","@id":"https:\/\/anivet.lt\/elparduotuve\/produktas\/iams-naturally-suaugusioms-katems-su-vistiena-ir-eriena-12x85g\/#primaryimage","url":"https:\/\/anivet.lt\/elparduotuve\/wp-content\/uploads\/2024\/07\/0002058_iams-naturally-adult-konservuotas-pasaras-katems-su-vistiena-ir-eriena-padaze-85g.png","contentUrl":"https:\/\/anivet.lt\/elparduotuve\/wp-content\/uploads\/2024\/07\/0002058_iams-naturally-adult-konservuotas-pasaras-katems-su-vistiena-ir-eriena-padaze-85g.png","width":1280,"height":1280,"caption":"IAMS Naturally suaugusioms kat\u0117ms su vi\u0161tiena ir \u0117riena 12x85g"},{"@type":"BreadcrumbList","@id":"https:\/\/anivet.lt\/elparduotuve\/produktas\/iams-naturally-suaugusioms-katems-su-vistiena-ir-eriena-12x85g\/#breadcrumb","itemListElement":[{"@type":"ListItem","position":1,"name":"Home","item":"https:\/\/anivet.lt\/elparduotuve\/"},{"@type":"ListItem","position":2,"name":"Produktai","item":"https:\/\/anivet.lt\/elparduotuve\/produktai\/"},{"@type":"ListItem","position":3,"name":"IAMS Naturally suaugusioms kat\u0117ms su vi\u0161tiena ir \u0117riena 12x85g"}]},{"@type":"WebSite","@id":"https:\/\/anivet.lt\/elparduotuve\/#website","url":"https:\/\/anivet.lt\/elparduotuve\/","name":"anivet.lt","description":"Viskas J\u016bs\u0173 \u0161uns, kat\u0117s prie\u017ei\u016brai","publisher":{"@id":"https:\/\/anivet.lt\/elparduotuve\/#organization"},"alternateName":"Viskas J\u016bs\u0173 \u0161uns, kat\u0117s prie\u017ei\u016brai","potentialAction":[{"@type":"SearchAction","target":{"@type":"EntryPoint","urlTemplate":"https:\/\/anivet.lt\/elparduotuve\/?s={search_term_string}"},"query-input":{"@type":"PropertyValueSpecification","valueRequired":true,"valueName":"search_term_string"}}],"inLanguage":"lt-LT"},{"@type":"Organization","@id":"https:\/\/anivet.lt\/elparduotuve\/#organization","name":"Viskas J\u016bs\u0173 \u0161uns, kat\u0117s prie\u017ei\u016brai","url":"https:\/\/anivet.lt\/elparduotuve\/","logo":{"@type":"ImageObject","inLanguage":"lt-LT","@id":"https:\/\/anivet.lt\/elparduotuve\/#\/schema\/logo\/image\/","url":"https:\/\/anivet.lt\/elparduotuve\/wp-content\/uploads\/2023\/06\/logo2.jpg","contentUrl":"https:\/\/anivet.lt\/elparduotuve\/wp-content\/uploads\/2023\/06\/logo2.jpg","width":655,"height":194,"caption":"Viskas J\u016bs\u0173 \u0161uns, kat\u0117s prie\u017ei\u016brai"},"image":{"@id":"https:\/\/anivet.lt\/elparduotuve\/#\/schema\/logo\/image\/"}}]}},"_links":{"self":[{"href":"https:\/\/anivet.lt\/elparduotuve\/wp-json\/wp\/v2\/product\/14122","targetHints":{"allow":["GET"]}}],"collection":[{"href":"https:\/\/anivet.lt\/elparduotuve\/wp-json\/wp\/v2\/product"}],"about":[{"href":"https:\/\/anivet.lt\/elparduotuve\/wp-json\/wp\/v2\/types\/product"}],"wp:featuredmedia":[{"embeddable":true,"href":"https:\/\/anivet.lt\/elparduotuve\/wp-json\/wp\/v2\/media\/14124"}],"wp:attachment":[{"href":"https:\/\/anivet.lt\/elparduotuve\/wp-json\/wp\/v2\/media?parent=14122"}],"wp:term":[{"taxonomy":"product_brand","embeddable":true,"href":"https:\/\/anivet.lt\/elparduotuve\/wp-json\/wp\/v2\/product_brand?post=14122"},{"taxonomy":"product_cat","embeddable":true,"href":"https:\/\/anivet.lt\/elparduotuve\/wp-json\/wp\/v2\/product_cat?post=14122"},{"taxonomy":"product_tag","embeddable":true,"href":"https:\/\/anivet.lt\/elparduotuve\/wp-json\/wp\/v2\/product_tag?post=14122"}],"curies":[{"name":"wp","href":"https:\/\/api.w.org\/{rel}","templated":true}]}}