{"id":14271,"date":"2024-07-18T19:50:58","date_gmt":"2024-07-18T19:50:58","guid":{"rendered":"https:\/\/anivet.lt\/elparduotuve\/?post_type=product&#038;p=14271"},"modified":"2026-05-06T08:13:13","modified_gmt":"2026-05-06T08:13:13","slug":"barking-heads-tummy-lovin-care-fish-sunims-su-zuvimi-2kg","status":"publish","type":"product","link":"https:\/\/anivet.lt\/elparduotuve\/produktas\/barking-heads-tummy-lovin-care-fish-sunims-su-zuvimi-2kg\/","title":{"rendered":"BARKING HEADS Tummy Lovin Care Fish \u0160unims Su \u017duvimi 2kg"},"content":{"rendered":"<ul>\n<li style=\"font-weight: 400;\"><span style=\"font-weight: 400;\">Auk\u0161tas \u017euvies kiekis (50%): Nat\u016bralus Omega-3 ir Omega-6 riebal\u0173 r\u016bg\u0161\u010di\u0173 \u0161altinis, padedantis palaikyti sveik\u0105 od\u0105, kail\u012f ir s\u0105narius.<\/span><\/li>\n<li style=\"font-weight: 400;\"><span style=\"font-weight: 400;\">Lengvai vir\u0161kinamas: Tinkamas \u0161unims, turintiems jautri\u0105 vir\u0161kinimo sistem\u0105 ar maisto netoleravim\u0105.<\/span><\/li>\n<li style=\"font-weight: 400;\"><span style=\"font-weight: 400;\">Batatai ir bulv\u0117s: Energijos \u0161altinis be gr\u016bd\u0173, tinka \u0161unims su glitimo netoleravimu.<\/span><\/li>\n<li style=\"font-weight: 400;\"><span style=\"font-weight: 400;\">Prebiotikai ir probiotikai: Cikorijos \u0161aknys ir beta gliukanas padeda palaikyti sveik\u0105 \u017earnyno mikroflor\u0105 ir stiprina imunin\u0119 sistem\u0105.<\/span><\/li>\n<li style=\"font-weight: 400;\"><span style=\"font-weight: 400;\">Nat\u016bral\u016bs ingredientai: Sud\u0117tyje yra j\u016brini\u0173 dumbli\u0173, prieskoni\u0173 ir mineral\u0173, praturtinan\u010di\u0173 pa\u0161ar\u0105 vitaminais ir antioksidantais.<\/span><\/li>\n<li style=\"font-weight: 400;\"><span style=\"font-weight: 400;\">Skanus ir kvapnus: Nat\u016bralus \u017euvies ir prieskoni\u0173 derinys u\u017etikrina puik\u0173 skon\u012f, kuris patiks net i\u0161rankiausiems \u0161unims.<\/span><\/li>\n<\/ul>\n<p><span style=\"font-weight: 400;\">\u201eBarking Heads Tummy Lovin\u2019\u201c yra puikus pasirinkimas \u0161unims, kuri\u0173 vir\u0161kinimas jautrus. Subalansuota sud\u0117tis ne tik palaiko sveik\u0105 vir\u0161kinimo sistem\u0105, bet ir u\u017etikrina optimali\u0105 mityb\u0105 bei nat\u016bral\u0173 imuniteto palaikym\u0105.<\/span><\/p>\n","protected":false},"excerpt":{"rendered":"<p><span style=\"font-weight: 400;\">Visavertis pa\u0161aras ma\u017e\u0173 ir vidutini\u0173 veisli\u0173 suaugusiems \u0161unims, sukurtas atsi\u017evelgiant \u012f jautri\u0105 vir\u0161kinimo sistem\u0105. \u0160is receptas su balta \u017euvimi yra lengvai vir\u0161kinamas ir praturtintas nat\u016braliais ingredientais, u\u017etikrinan\u010diais sveik\u0105 mityb\u0105 bei ger\u0105 savijaut\u0105.<\/span><\/p>\n","protected":false},"featured_media":14272,"template":"","meta":[],"product_brand":[],"product_cat":[101,103,104,439],"product_tag":[],"class_list":{"0":"post-14271","1":"product","2":"type-product","3":"status-publish","4":"has-post-thumbnail","6":"product_cat-sunims","7":"product_cat-sunu-maistas","8":"product_cat-sausas-maistas","9":"product_cat-barking-heads-sunu-maistas","10":"pa_prekinis-zenklas-barking-heads","12":"first","13":"instock","14":"sale","15":"taxable","16":"shipping-taxable","17":"purchasable","18":"product-type-simple"},"yoast_head":"<!-- This site is optimized with the Yoast SEO Premium plugin v27.1 (Yoast SEO v27.5) - https:\/\/yoast.com\/product\/yoast-seo-premium-wordpress\/ -->\n<title>BARKING HEADS Tummy Lovin Care Fish \u0160unims Su \u017duvimi 2kg - anivet.lt<\/title>\n<meta name=\"description\" content=\"Visavertis pa\u0161aras ma\u017e\u0173 ir vidutini\u0173 veisli\u0173 suaugusiems \u0161unims, sukurtas atsi\u017evelgiant \u012f jautri\u0105 vir\u0161kinimo sistem\u0105. \u0160is receptas su balta \u017euvimi yra lengvai vir\u0161kinamas ir praturtintas nat\u016braliais ingredientais, u\u017etikrinan\u010diais sveik\u0105 mityb\u0105 bei ger\u0105 savijaut\u0105.\" \/>\n<meta name=\"robots\" content=\"index, follow, max-snippet:-1, max-image-preview:large, max-video-preview:-1\" \/>\n<link rel=\"canonical\" href=\"https:\/\/anivet.lt\/elparduotuve\/produktas\/barking-heads-tummy-lovin-care-fish-sunims-su-zuvimi-2kg\/\" \/>\n<meta property=\"og:locale\" content=\"lt_LT\" \/>\n<meta property=\"og:type\" content=\"article\" \/>\n<meta property=\"og:title\" content=\"BARKING HEADS Tummy Lovin Care Fish \u0160unims Su \u017duvimi 2kg\" \/>\n<meta property=\"og:description\" content=\"Visavertis pa\u0161aras ma\u017e\u0173 ir vidutini\u0173 veisli\u0173 suaugusiems \u0161unims, sukurtas atsi\u017evelgiant \u012f jautri\u0105 vir\u0161kinimo sistem\u0105. \u0160is receptas su balta \u017euvimi yra lengvai vir\u0161kinamas ir praturtintas nat\u016braliais ingredientais, u\u017etikrinan\u010diais sveik\u0105 mityb\u0105 bei ger\u0105 savijaut\u0105.\" \/>\n<meta property=\"og:url\" content=\"https:\/\/anivet.lt\/elparduotuve\/produktas\/barking-heads-tummy-lovin-care-fish-sunims-su-zuvimi-2kg\/\" \/>\n<meta property=\"og:site_name\" content=\"anivet.lt\" \/>\n<meta property=\"article:modified_time\" content=\"2026-05-06T08:13:13+00:00\" \/>\n<meta property=\"og:image\" content=\"https:\/\/anivet.lt\/elparduotuve\/wp-content\/uploads\/2024\/07\/BARKING-HEADS-Tummy-Lovin-Care-Fish-2kg.jpg\" \/>\n\t<meta property=\"og:image:width\" content=\"800\" \/>\n\t<meta property=\"og:image:height\" content=\"800\" \/>\n\t<meta property=\"og:image:type\" content=\"image\/jpeg\" \/>\n<meta name=\"twitter:card\" content=\"summary_large_image\" \/>\n<meta name=\"twitter:label1\" content=\"Est. reading time\" \/>\n\t<meta name=\"twitter:data1\" content=\"1 minut\u0117\" \/>\n<script type=\"application\/ld+json\" class=\"yoast-schema-graph\">{\"@context\":\"https:\\\/\\\/schema.org\",\"@graph\":[{\"@type\":\"WebPage\",\"@id\":\"https:\\\/\\\/anivet.lt\\\/elparduotuve\\\/produktas\\\/barking-heads-tummy-lovin-care-fish-sunims-su-zuvimi-2kg\\\/\",\"url\":\"https:\\\/\\\/anivet.lt\\\/elparduotuve\\\/produktas\\\/barking-heads-tummy-lovin-care-fish-sunims-su-zuvimi-2kg\\\/\",\"name\":\"BARKING HEADS Tummy Lovin Care Fish \u0160unims Su \u017duvimi 2kg - anivet.lt\",\"isPartOf\":{\"@id\":\"https:\\\/\\\/anivet.lt\\\/elparduotuve\\\/#website\"},\"primaryImageOfPage\":{\"@id\":\"https:\\\/\\\/anivet.lt\\\/elparduotuve\\\/produktas\\\/barking-heads-tummy-lovin-care-fish-sunims-su-zuvimi-2kg\\\/#primaryimage\"},\"image\":{\"@id\":\"https:\\\/\\\/anivet.lt\\\/elparduotuve\\\/produktas\\\/barking-heads-tummy-lovin-care-fish-sunims-su-zuvimi-2kg\\\/#primaryimage\"},\"thumbnailUrl\":\"https:\\\/\\\/anivet.lt\\\/elparduotuve\\\/wp-content\\\/uploads\\\/2024\\\/07\\\/BARKING-HEADS-Tummy-Lovin-Care-Fish-2kg.jpg\",\"datePublished\":\"2024-07-18T19:50:58+00:00\",\"dateModified\":\"2026-05-06T08:13:13+00:00\",\"description\":\"Visavertis pa\u0161aras ma\u017e\u0173 ir vidutini\u0173 veisli\u0173 suaugusiems \u0161unims, sukurtas atsi\u017evelgiant \u012f jautri\u0105 vir\u0161kinimo sistem\u0105. \u0160is receptas su balta \u017euvimi yra lengvai vir\u0161kinamas ir praturtintas nat\u016braliais ingredientais, u\u017etikrinan\u010diais sveik\u0105 mityb\u0105 bei ger\u0105 savijaut\u0105.\",\"breadcrumb\":{\"@id\":\"https:\\\/\\\/anivet.lt\\\/elparduotuve\\\/produktas\\\/barking-heads-tummy-lovin-care-fish-sunims-su-zuvimi-2kg\\\/#breadcrumb\"},\"inLanguage\":\"lt-LT\",\"potentialAction\":[{\"@type\":\"ReadAction\",\"target\":[\"https:\\\/\\\/anivet.lt\\\/elparduotuve\\\/produktas\\\/barking-heads-tummy-lovin-care-fish-sunims-su-zuvimi-2kg\\\/\"]}]},{\"@type\":\"ImageObject\",\"inLanguage\":\"lt-LT\",\"@id\":\"https:\\\/\\\/anivet.lt\\\/elparduotuve\\\/produktas\\\/barking-heads-tummy-lovin-care-fish-sunims-su-zuvimi-2kg\\\/#primaryimage\",\"url\":\"https:\\\/\\\/anivet.lt\\\/elparduotuve\\\/wp-content\\\/uploads\\\/2024\\\/07\\\/BARKING-HEADS-Tummy-Lovin-Care-Fish-2kg.jpg\",\"contentUrl\":\"https:\\\/\\\/anivet.lt\\\/elparduotuve\\\/wp-content\\\/uploads\\\/2024\\\/07\\\/BARKING-HEADS-Tummy-Lovin-Care-Fish-2kg.jpg\",\"width\":800,\"height\":800,\"caption\":\"BARKING HEADS Tummy Lovin Care Fish \u0160unims Su \u017duvimi 2kg\"},{\"@type\":\"BreadcrumbList\",\"@id\":\"https:\\\/\\\/anivet.lt\\\/elparduotuve\\\/produktas\\\/barking-heads-tummy-lovin-care-fish-sunims-su-zuvimi-2kg\\\/#breadcrumb\",\"itemListElement\":[{\"@type\":\"ListItem\",\"position\":1,\"name\":\"Home\",\"item\":\"https:\\\/\\\/anivet.lt\\\/elparduotuve\\\/\"},{\"@type\":\"ListItem\",\"position\":2,\"name\":\"Produktai\",\"item\":\"https:\\\/\\\/anivet.lt\\\/elparduotuve\\\/produktai\\\/\"},{\"@type\":\"ListItem\",\"position\":3,\"name\":\"BARKING HEADS Tummy Lovin Care Fish \u0160unims Su \u017duvimi 2kg\"}]},{\"@type\":\"WebSite\",\"@id\":\"https:\\\/\\\/anivet.lt\\\/elparduotuve\\\/#website\",\"url\":\"https:\\\/\\\/anivet.lt\\\/elparduotuve\\\/\",\"name\":\"anivet.lt\",\"description\":\"Viskas J\u016bs\u0173 \u0161uns, kat\u0117s prie\u017ei\u016brai\",\"publisher\":{\"@id\":\"https:\\\/\\\/anivet.lt\\\/elparduotuve\\\/#organization\"},\"alternateName\":\"Viskas J\u016bs\u0173 \u0161uns, kat\u0117s prie\u017ei\u016brai\",\"potentialAction\":[{\"@type\":\"SearchAction\",\"target\":{\"@type\":\"EntryPoint\",\"urlTemplate\":\"https:\\\/\\\/anivet.lt\\\/elparduotuve\\\/?s={search_term_string}\"},\"query-input\":{\"@type\":\"PropertyValueSpecification\",\"valueRequired\":true,\"valueName\":\"search_term_string\"}}],\"inLanguage\":\"lt-LT\"},{\"@type\":\"Organization\",\"@id\":\"https:\\\/\\\/anivet.lt\\\/elparduotuve\\\/#organization\",\"name\":\"Viskas J\u016bs\u0173 \u0161uns, kat\u0117s prie\u017ei\u016brai\",\"url\":\"https:\\\/\\\/anivet.lt\\\/elparduotuve\\\/\",\"logo\":{\"@type\":\"ImageObject\",\"inLanguage\":\"lt-LT\",\"@id\":\"https:\\\/\\\/anivet.lt\\\/elparduotuve\\\/#\\\/schema\\\/logo\\\/image\\\/\",\"url\":\"https:\\\/\\\/anivet.lt\\\/elparduotuve\\\/wp-content\\\/uploads\\\/2023\\\/06\\\/logo2.jpg\",\"contentUrl\":\"https:\\\/\\\/anivet.lt\\\/elparduotuve\\\/wp-content\\\/uploads\\\/2023\\\/06\\\/logo2.jpg\",\"width\":655,\"height\":194,\"caption\":\"Viskas J\u016bs\u0173 \u0161uns, kat\u0117s prie\u017ei\u016brai\"},\"image\":{\"@id\":\"https:\\\/\\\/anivet.lt\\\/elparduotuve\\\/#\\\/schema\\\/logo\\\/image\\\/\"}}]}<\/script>\n<!-- \/ Yoast SEO Premium plugin. -->","yoast_head_json":{"title":"BARKING HEADS Tummy Lovin Care Fish \u0160unims Su \u017duvimi 2kg - anivet.lt","description":"Visavertis pa\u0161aras ma\u017e\u0173 ir vidutini\u0173 veisli\u0173 suaugusiems \u0161unims, sukurtas atsi\u017evelgiant \u012f jautri\u0105 vir\u0161kinimo sistem\u0105. \u0160is receptas su balta \u017euvimi yra lengvai vir\u0161kinamas ir praturtintas nat\u016braliais ingredientais, u\u017etikrinan\u010diais sveik\u0105 mityb\u0105 bei ger\u0105 savijaut\u0105.","robots":{"index":"index","follow":"follow","max-snippet":"max-snippet:-1","max-image-preview":"max-image-preview:large","max-video-preview":"max-video-preview:-1"},"canonical":"https:\/\/anivet.lt\/elparduotuve\/produktas\/barking-heads-tummy-lovin-care-fish-sunims-su-zuvimi-2kg\/","og_locale":"lt_LT","og_type":"article","og_title":"BARKING HEADS Tummy Lovin Care Fish \u0160unims Su \u017duvimi 2kg","og_description":"Visavertis pa\u0161aras ma\u017e\u0173 ir vidutini\u0173 veisli\u0173 suaugusiems \u0161unims, sukurtas atsi\u017evelgiant \u012f jautri\u0105 vir\u0161kinimo sistem\u0105. \u0160is receptas su balta \u017euvimi yra lengvai vir\u0161kinamas ir praturtintas nat\u016braliais ingredientais, u\u017etikrinan\u010diais sveik\u0105 mityb\u0105 bei ger\u0105 savijaut\u0105.","og_url":"https:\/\/anivet.lt\/elparduotuve\/produktas\/barking-heads-tummy-lovin-care-fish-sunims-su-zuvimi-2kg\/","og_site_name":"anivet.lt","article_modified_time":"2026-05-06T08:13:13+00:00","og_image":[{"width":800,"height":800,"url":"https:\/\/anivet.lt\/elparduotuve\/wp-content\/uploads\/2024\/07\/BARKING-HEADS-Tummy-Lovin-Care-Fish-2kg.jpg","type":"image\/jpeg"}],"twitter_card":"summary_large_image","twitter_misc":{"Est. reading time":"1 minut\u0117"},"schema":{"@context":"https:\/\/schema.org","@graph":[{"@type":"WebPage","@id":"https:\/\/anivet.lt\/elparduotuve\/produktas\/barking-heads-tummy-lovin-care-fish-sunims-su-zuvimi-2kg\/","url":"https:\/\/anivet.lt\/elparduotuve\/produktas\/barking-heads-tummy-lovin-care-fish-sunims-su-zuvimi-2kg\/","name":"BARKING HEADS Tummy Lovin Care Fish \u0160unims Su \u017duvimi 2kg - anivet.lt","isPartOf":{"@id":"https:\/\/anivet.lt\/elparduotuve\/#website"},"primaryImageOfPage":{"@id":"https:\/\/anivet.lt\/elparduotuve\/produktas\/barking-heads-tummy-lovin-care-fish-sunims-su-zuvimi-2kg\/#primaryimage"},"image":{"@id":"https:\/\/anivet.lt\/elparduotuve\/produktas\/barking-heads-tummy-lovin-care-fish-sunims-su-zuvimi-2kg\/#primaryimage"},"thumbnailUrl":"https:\/\/anivet.lt\/elparduotuve\/wp-content\/uploads\/2024\/07\/BARKING-HEADS-Tummy-Lovin-Care-Fish-2kg.jpg","datePublished":"2024-07-18T19:50:58+00:00","dateModified":"2026-05-06T08:13:13+00:00","description":"Visavertis pa\u0161aras ma\u017e\u0173 ir vidutini\u0173 veisli\u0173 suaugusiems \u0161unims, sukurtas atsi\u017evelgiant \u012f jautri\u0105 vir\u0161kinimo sistem\u0105. \u0160is receptas su balta \u017euvimi yra lengvai vir\u0161kinamas ir praturtintas nat\u016braliais ingredientais, u\u017etikrinan\u010diais sveik\u0105 mityb\u0105 bei ger\u0105 savijaut\u0105.","breadcrumb":{"@id":"https:\/\/anivet.lt\/elparduotuve\/produktas\/barking-heads-tummy-lovin-care-fish-sunims-su-zuvimi-2kg\/#breadcrumb"},"inLanguage":"lt-LT","potentialAction":[{"@type":"ReadAction","target":["https:\/\/anivet.lt\/elparduotuve\/produktas\/barking-heads-tummy-lovin-care-fish-sunims-su-zuvimi-2kg\/"]}]},{"@type":"ImageObject","inLanguage":"lt-LT","@id":"https:\/\/anivet.lt\/elparduotuve\/produktas\/barking-heads-tummy-lovin-care-fish-sunims-su-zuvimi-2kg\/#primaryimage","url":"https:\/\/anivet.lt\/elparduotuve\/wp-content\/uploads\/2024\/07\/BARKING-HEADS-Tummy-Lovin-Care-Fish-2kg.jpg","contentUrl":"https:\/\/anivet.lt\/elparduotuve\/wp-content\/uploads\/2024\/07\/BARKING-HEADS-Tummy-Lovin-Care-Fish-2kg.jpg","width":800,"height":800,"caption":"BARKING HEADS Tummy Lovin Care Fish \u0160unims Su \u017duvimi 2kg"},{"@type":"BreadcrumbList","@id":"https:\/\/anivet.lt\/elparduotuve\/produktas\/barking-heads-tummy-lovin-care-fish-sunims-su-zuvimi-2kg\/#breadcrumb","itemListElement":[{"@type":"ListItem","position":1,"name":"Home","item":"https:\/\/anivet.lt\/elparduotuve\/"},{"@type":"ListItem","position":2,"name":"Produktai","item":"https:\/\/anivet.lt\/elparduotuve\/produktai\/"},{"@type":"ListItem","position":3,"name":"BARKING HEADS Tummy Lovin Care Fish \u0160unims Su \u017duvimi 2kg"}]},{"@type":"WebSite","@id":"https:\/\/anivet.lt\/elparduotuve\/#website","url":"https:\/\/anivet.lt\/elparduotuve\/","name":"anivet.lt","description":"Viskas J\u016bs\u0173 \u0161uns, kat\u0117s prie\u017ei\u016brai","publisher":{"@id":"https:\/\/anivet.lt\/elparduotuve\/#organization"},"alternateName":"Viskas J\u016bs\u0173 \u0161uns, kat\u0117s prie\u017ei\u016brai","potentialAction":[{"@type":"SearchAction","target":{"@type":"EntryPoint","urlTemplate":"https:\/\/anivet.lt\/elparduotuve\/?s={search_term_string}"},"query-input":{"@type":"PropertyValueSpecification","valueRequired":true,"valueName":"search_term_string"}}],"inLanguage":"lt-LT"},{"@type":"Organization","@id":"https:\/\/anivet.lt\/elparduotuve\/#organization","name":"Viskas J\u016bs\u0173 \u0161uns, kat\u0117s prie\u017ei\u016brai","url":"https:\/\/anivet.lt\/elparduotuve\/","logo":{"@type":"ImageObject","inLanguage":"lt-LT","@id":"https:\/\/anivet.lt\/elparduotuve\/#\/schema\/logo\/image\/","url":"https:\/\/anivet.lt\/elparduotuve\/wp-content\/uploads\/2023\/06\/logo2.jpg","contentUrl":"https:\/\/anivet.lt\/elparduotuve\/wp-content\/uploads\/2023\/06\/logo2.jpg","width":655,"height":194,"caption":"Viskas J\u016bs\u0173 \u0161uns, kat\u0117s prie\u017ei\u016brai"},"image":{"@id":"https:\/\/anivet.lt\/elparduotuve\/#\/schema\/logo\/image\/"}}]}},"_links":{"self":[{"href":"https:\/\/anivet.lt\/elparduotuve\/wp-json\/wp\/v2\/product\/14271","targetHints":{"allow":["GET"]}}],"collection":[{"href":"https:\/\/anivet.lt\/elparduotuve\/wp-json\/wp\/v2\/product"}],"about":[{"href":"https:\/\/anivet.lt\/elparduotuve\/wp-json\/wp\/v2\/types\/product"}],"wp:featuredmedia":[{"embeddable":true,"href":"https:\/\/anivet.lt\/elparduotuve\/wp-json\/wp\/v2\/media\/14272"}],"wp:attachment":[{"href":"https:\/\/anivet.lt\/elparduotuve\/wp-json\/wp\/v2\/media?parent=14271"}],"wp:term":[{"taxonomy":"product_brand","embeddable":true,"href":"https:\/\/anivet.lt\/elparduotuve\/wp-json\/wp\/v2\/product_brand?post=14271"},{"taxonomy":"product_cat","embeddable":true,"href":"https:\/\/anivet.lt\/elparduotuve\/wp-json\/wp\/v2\/product_cat?post=14271"},{"taxonomy":"product_tag","embeddable":true,"href":"https:\/\/anivet.lt\/elparduotuve\/wp-json\/wp\/v2\/product_tag?post=14271"}],"curies":[{"name":"wp","href":"https:\/\/api.w.org\/{rel}","templated":true}]}}