{"id":14428,"date":"2024-08-27T08:27:05","date_gmt":"2024-08-27T08:27:05","guid":{"rendered":"https:\/\/anivet.lt\/elparduotuve\/?post_type=product&#038;p=14428"},"modified":"2025-12-09T20:57:55","modified_gmt":"2025-12-09T20:57:55","slug":"reavet-omega-3-lasisu-aliejus-katems-100ml","status":"publish","type":"product","link":"https:\/\/anivet.lt\/elparduotuve\/produktas\/reavet-omega-3-lasisu-aliejus-katems-100ml\/","title":{"rendered":"Reavet omega-3 la\u0161i\u0161\u0173 aliejus kat\u0117ms 100ml"},"content":{"rendered":"<ul>\n<li style=\"font-weight: 400\"><span style=\"font-weight: 400\">Palaiko sveikas s\u0105nari\u0173 funkcijas: Padeda i\u0161laikyti ka\u010di\u0173 judrum\u0105.<\/span><\/li>\n<li style=\"font-weight: 400\"><span style=\"font-weight: 400\">\u0160irdies ir kraujagysli\u0173 sistemos sveikatai: Stiprina \u0161irdies veikl\u0105 ir gerina kraujotak\u0105.<\/span><\/li>\n<li style=\"font-weight: 400\"><span style=\"font-weight: 400\">Sveikai odai ir kailiui: Suteikia kailiui blizgesio ir gerina odos b\u016bkl\u0119.<\/span><\/li>\n<li style=\"font-weight: 400\"><span style=\"font-weight: 400\">Nat\u016bralumas ir saugumas: Be chemini\u0173 pried\u0173, GMO, sunki\u0173j\u0173 metal\u0173 ir pesticid\u0173.<\/span><\/li>\n<li style=\"font-weight: 400\"><span style=\"font-weight: 400\">Auk\u0161tos kokyb\u0117s apdorojimas: \u017demas oksidacijos TOTOX balas (3\u20135) garantuoja \u0161vie\u017eum\u0105 ir veiksmingum\u0105.<\/span><\/li>\n<\/ul>\n<p><span style=\"font-weight: 400\">Nat\u016bralus ir veiksmingas sprendimas j\u016bs\u0173 kat\u0117s sveikatai gerinti. Jis palaiko s\u0105nari\u0173 funkcijas, \u0161irdies ir kraujotakos sistem\u0105 bei padeda i\u0161laikyti sveik\u0105 od\u0105 ir kail\u012f. Puikus kasdien\u0117s mitybos papildas, kuris u\u017etikrina gyv\u016bno gerov\u0119.<\/span><\/p>\n","protected":false},"excerpt":{"rendered":"<p><span style=\"font-weight: 400\">Auk\u0161\u010diausios kokyb\u0117s la\u0161i\u0161\u0173 aliejus \u2013 tai nat\u016bralus papildas, skirtas palaikyti ka\u010di\u0173 s\u0105nari\u0173, \u0161irdies, kraujagysli\u0173, odos ir kailio sveikat\u0105. Jis turi \u0161veln\u0173 skon\u012f ir kvap\u0105, tod\u0117l yra priimtinas net ir i\u0161rankioms kat\u0117ms.<\/span><\/p>\n","protected":false},"featured_media":14429,"template":"","meta":[],"product_brand":[],"product_cat":[102,124],"product_tag":[],"class_list":{"0":"post-14428","1":"product","2":"type-product","3":"status-publish","4":"has-post-thumbnail","6":"product_cat-katems","7":"product_cat-vitaminai-ir-papildai-katems","8":"pa_prekinis-zenklas-reavet","10":"first","11":"instock","12":"taxable","13":"shipping-taxable","14":"purchasable","15":"product-type-simple"},"yoast_head":"<!-- This site is optimized with the Yoast SEO Premium plugin v27.1 (Yoast SEO v27.5) - https:\/\/yoast.com\/product\/yoast-seo-premium-wordpress\/ -->\n<title>Reavet omega-3 la\u0161i\u0161\u0173 aliejus kat\u0117ms 100ml - anivet.lt<\/title>\n<meta name=\"description\" content=\"Auk\u0161\u010diausios kokyb\u0117s la\u0161i\u0161\u0173 aliejus \u2013 tai nat\u016bralus papildas, skirtas palaikyti ka\u010di\u0173 s\u0105nari\u0173, \u0161irdies, kraujagysli\u0173, odos ir kailio sveikat\u0105. Jis turi \u0161veln\u0173 skon\u012f ir kvap\u0105, tod\u0117l yra priimtinas net ir i\u0161rankioms kat\u0117ms.\" \/>\n<meta name=\"robots\" content=\"index, follow, max-snippet:-1, max-image-preview:large, max-video-preview:-1\" \/>\n<link rel=\"canonical\" href=\"https:\/\/anivet.lt\/elparduotuve\/produktas\/reavet-omega-3-lasisu-aliejus-katems-100ml\/\" \/>\n<meta property=\"og:locale\" content=\"lt_LT\" \/>\n<meta property=\"og:type\" content=\"article\" \/>\n<meta property=\"og:title\" content=\"Reavet omega-3 la\u0161i\u0161\u0173 aliejus kat\u0117ms 100ml\" \/>\n<meta property=\"og:description\" content=\"Auk\u0161\u010diausios kokyb\u0117s la\u0161i\u0161\u0173 aliejus \u2013 tai nat\u016bralus papildas, skirtas palaikyti ka\u010di\u0173 s\u0105nari\u0173, \u0161irdies, kraujagysli\u0173, odos ir kailio sveikat\u0105. Jis turi \u0161veln\u0173 skon\u012f ir kvap\u0105, tod\u0117l yra priimtinas net ir i\u0161rankioms kat\u0117ms.\" \/>\n<meta property=\"og:url\" content=\"https:\/\/anivet.lt\/elparduotuve\/produktas\/reavet-omega-3-lasisu-aliejus-katems-100ml\/\" \/>\n<meta property=\"og:site_name\" content=\"anivet.lt\" \/>\n<meta property=\"article:modified_time\" content=\"2025-12-09T20:57:55+00:00\" \/>\n<meta property=\"og:image\" content=\"https:\/\/anivet.lt\/elparduotuve\/wp-content\/uploads\/2024\/08\/lasisu-katems.jpg\" \/>\n\t<meta property=\"og:image:width\" content=\"1200\" \/>\n\t<meta property=\"og:image:height\" content=\"1200\" \/>\n\t<meta property=\"og:image:type\" content=\"image\/jpeg\" \/>\n<meta name=\"twitter:card\" content=\"summary_large_image\" \/>\n<meta name=\"twitter:label1\" content=\"Est. reading time\" \/>\n\t<meta name=\"twitter:data1\" content=\"1 minut\u0117\" \/>\n<script type=\"application\/ld+json\" class=\"yoast-schema-graph\">{\"@context\":\"https:\\\/\\\/schema.org\",\"@graph\":[{\"@type\":\"WebPage\",\"@id\":\"https:\\\/\\\/anivet.lt\\\/elparduotuve\\\/produktas\\\/reavet-omega-3-lasisu-aliejus-katems-100ml\\\/\",\"url\":\"https:\\\/\\\/anivet.lt\\\/elparduotuve\\\/produktas\\\/reavet-omega-3-lasisu-aliejus-katems-100ml\\\/\",\"name\":\"Reavet omega-3 la\u0161i\u0161\u0173 aliejus kat\u0117ms 100ml - anivet.lt\",\"isPartOf\":{\"@id\":\"https:\\\/\\\/anivet.lt\\\/elparduotuve\\\/#website\"},\"primaryImageOfPage\":{\"@id\":\"https:\\\/\\\/anivet.lt\\\/elparduotuve\\\/produktas\\\/reavet-omega-3-lasisu-aliejus-katems-100ml\\\/#primaryimage\"},\"image\":{\"@id\":\"https:\\\/\\\/anivet.lt\\\/elparduotuve\\\/produktas\\\/reavet-omega-3-lasisu-aliejus-katems-100ml\\\/#primaryimage\"},\"thumbnailUrl\":\"https:\\\/\\\/anivet.lt\\\/elparduotuve\\\/wp-content\\\/uploads\\\/2024\\\/08\\\/lasisu-katems.jpg\",\"datePublished\":\"2024-08-27T08:27:05+00:00\",\"dateModified\":\"2025-12-09T20:57:55+00:00\",\"description\":\"Auk\u0161\u010diausios kokyb\u0117s la\u0161i\u0161\u0173 aliejus \u2013 tai nat\u016bralus papildas, skirtas palaikyti ka\u010di\u0173 s\u0105nari\u0173, \u0161irdies, kraujagysli\u0173, odos ir kailio sveikat\u0105. Jis turi \u0161veln\u0173 skon\u012f ir kvap\u0105, tod\u0117l yra priimtinas net ir i\u0161rankioms kat\u0117ms.\",\"breadcrumb\":{\"@id\":\"https:\\\/\\\/anivet.lt\\\/elparduotuve\\\/produktas\\\/reavet-omega-3-lasisu-aliejus-katems-100ml\\\/#breadcrumb\"},\"inLanguage\":\"lt-LT\",\"potentialAction\":[{\"@type\":\"ReadAction\",\"target\":[\"https:\\\/\\\/anivet.lt\\\/elparduotuve\\\/produktas\\\/reavet-omega-3-lasisu-aliejus-katems-100ml\\\/\"]}]},{\"@type\":\"ImageObject\",\"inLanguage\":\"lt-LT\",\"@id\":\"https:\\\/\\\/anivet.lt\\\/elparduotuve\\\/produktas\\\/reavet-omega-3-lasisu-aliejus-katems-100ml\\\/#primaryimage\",\"url\":\"https:\\\/\\\/anivet.lt\\\/elparduotuve\\\/wp-content\\\/uploads\\\/2024\\\/08\\\/lasisu-katems.jpg\",\"contentUrl\":\"https:\\\/\\\/anivet.lt\\\/elparduotuve\\\/wp-content\\\/uploads\\\/2024\\\/08\\\/lasisu-katems.jpg\",\"width\":1200,\"height\":1200,\"caption\":\"Reavet omega-3 la\u0161i\u0161\u0173 aliejus kat\u0117ms 100ml\"},{\"@type\":\"BreadcrumbList\",\"@id\":\"https:\\\/\\\/anivet.lt\\\/elparduotuve\\\/produktas\\\/reavet-omega-3-lasisu-aliejus-katems-100ml\\\/#breadcrumb\",\"itemListElement\":[{\"@type\":\"ListItem\",\"position\":1,\"name\":\"Home\",\"item\":\"https:\\\/\\\/anivet.lt\\\/elparduotuve\\\/\"},{\"@type\":\"ListItem\",\"position\":2,\"name\":\"Produktai\",\"item\":\"https:\\\/\\\/anivet.lt\\\/elparduotuve\\\/produktai\\\/\"},{\"@type\":\"ListItem\",\"position\":3,\"name\":\"Reavet omega-3 la\u0161i\u0161\u0173 aliejus kat\u0117ms 100ml\"}]},{\"@type\":\"WebSite\",\"@id\":\"https:\\\/\\\/anivet.lt\\\/elparduotuve\\\/#website\",\"url\":\"https:\\\/\\\/anivet.lt\\\/elparduotuve\\\/\",\"name\":\"anivet.lt\",\"description\":\"Viskas J\u016bs\u0173 \u0161uns, kat\u0117s prie\u017ei\u016brai\",\"publisher\":{\"@id\":\"https:\\\/\\\/anivet.lt\\\/elparduotuve\\\/#organization\"},\"alternateName\":\"Viskas J\u016bs\u0173 \u0161uns, kat\u0117s prie\u017ei\u016brai\",\"potentialAction\":[{\"@type\":\"SearchAction\",\"target\":{\"@type\":\"EntryPoint\",\"urlTemplate\":\"https:\\\/\\\/anivet.lt\\\/elparduotuve\\\/?s={search_term_string}\"},\"query-input\":{\"@type\":\"PropertyValueSpecification\",\"valueRequired\":true,\"valueName\":\"search_term_string\"}}],\"inLanguage\":\"lt-LT\"},{\"@type\":\"Organization\",\"@id\":\"https:\\\/\\\/anivet.lt\\\/elparduotuve\\\/#organization\",\"name\":\"Viskas J\u016bs\u0173 \u0161uns, kat\u0117s prie\u017ei\u016brai\",\"url\":\"https:\\\/\\\/anivet.lt\\\/elparduotuve\\\/\",\"logo\":{\"@type\":\"ImageObject\",\"inLanguage\":\"lt-LT\",\"@id\":\"https:\\\/\\\/anivet.lt\\\/elparduotuve\\\/#\\\/schema\\\/logo\\\/image\\\/\",\"url\":\"https:\\\/\\\/anivet.lt\\\/elparduotuve\\\/wp-content\\\/uploads\\\/2023\\\/06\\\/logo2.jpg\",\"contentUrl\":\"https:\\\/\\\/anivet.lt\\\/elparduotuve\\\/wp-content\\\/uploads\\\/2023\\\/06\\\/logo2.jpg\",\"width\":655,\"height\":194,\"caption\":\"Viskas J\u016bs\u0173 \u0161uns, kat\u0117s prie\u017ei\u016brai\"},\"image\":{\"@id\":\"https:\\\/\\\/anivet.lt\\\/elparduotuve\\\/#\\\/schema\\\/logo\\\/image\\\/\"}}]}<\/script>\n<!-- \/ Yoast SEO Premium plugin. -->","yoast_head_json":{"title":"Reavet omega-3 la\u0161i\u0161\u0173 aliejus kat\u0117ms 100ml - anivet.lt","description":"Auk\u0161\u010diausios kokyb\u0117s la\u0161i\u0161\u0173 aliejus \u2013 tai nat\u016bralus papildas, skirtas palaikyti ka\u010di\u0173 s\u0105nari\u0173, \u0161irdies, kraujagysli\u0173, odos ir kailio sveikat\u0105. Jis turi \u0161veln\u0173 skon\u012f ir kvap\u0105, tod\u0117l yra priimtinas net ir i\u0161rankioms kat\u0117ms.","robots":{"index":"index","follow":"follow","max-snippet":"max-snippet:-1","max-image-preview":"max-image-preview:large","max-video-preview":"max-video-preview:-1"},"canonical":"https:\/\/anivet.lt\/elparduotuve\/produktas\/reavet-omega-3-lasisu-aliejus-katems-100ml\/","og_locale":"lt_LT","og_type":"article","og_title":"Reavet omega-3 la\u0161i\u0161\u0173 aliejus kat\u0117ms 100ml","og_description":"Auk\u0161\u010diausios kokyb\u0117s la\u0161i\u0161\u0173 aliejus \u2013 tai nat\u016bralus papildas, skirtas palaikyti ka\u010di\u0173 s\u0105nari\u0173, \u0161irdies, kraujagysli\u0173, odos ir kailio sveikat\u0105. Jis turi \u0161veln\u0173 skon\u012f ir kvap\u0105, tod\u0117l yra priimtinas net ir i\u0161rankioms kat\u0117ms.","og_url":"https:\/\/anivet.lt\/elparduotuve\/produktas\/reavet-omega-3-lasisu-aliejus-katems-100ml\/","og_site_name":"anivet.lt","article_modified_time":"2025-12-09T20:57:55+00:00","og_image":[{"width":1200,"height":1200,"url":"https:\/\/anivet.lt\/elparduotuve\/wp-content\/uploads\/2024\/08\/lasisu-katems.jpg","type":"image\/jpeg"}],"twitter_card":"summary_large_image","twitter_misc":{"Est. reading time":"1 minut\u0117"},"schema":{"@context":"https:\/\/schema.org","@graph":[{"@type":"WebPage","@id":"https:\/\/anivet.lt\/elparduotuve\/produktas\/reavet-omega-3-lasisu-aliejus-katems-100ml\/","url":"https:\/\/anivet.lt\/elparduotuve\/produktas\/reavet-omega-3-lasisu-aliejus-katems-100ml\/","name":"Reavet omega-3 la\u0161i\u0161\u0173 aliejus kat\u0117ms 100ml - anivet.lt","isPartOf":{"@id":"https:\/\/anivet.lt\/elparduotuve\/#website"},"primaryImageOfPage":{"@id":"https:\/\/anivet.lt\/elparduotuve\/produktas\/reavet-omega-3-lasisu-aliejus-katems-100ml\/#primaryimage"},"image":{"@id":"https:\/\/anivet.lt\/elparduotuve\/produktas\/reavet-omega-3-lasisu-aliejus-katems-100ml\/#primaryimage"},"thumbnailUrl":"https:\/\/anivet.lt\/elparduotuve\/wp-content\/uploads\/2024\/08\/lasisu-katems.jpg","datePublished":"2024-08-27T08:27:05+00:00","dateModified":"2025-12-09T20:57:55+00:00","description":"Auk\u0161\u010diausios kokyb\u0117s la\u0161i\u0161\u0173 aliejus \u2013 tai nat\u016bralus papildas, skirtas palaikyti ka\u010di\u0173 s\u0105nari\u0173, \u0161irdies, kraujagysli\u0173, odos ir kailio sveikat\u0105. Jis turi \u0161veln\u0173 skon\u012f ir kvap\u0105, tod\u0117l yra priimtinas net ir i\u0161rankioms kat\u0117ms.","breadcrumb":{"@id":"https:\/\/anivet.lt\/elparduotuve\/produktas\/reavet-omega-3-lasisu-aliejus-katems-100ml\/#breadcrumb"},"inLanguage":"lt-LT","potentialAction":[{"@type":"ReadAction","target":["https:\/\/anivet.lt\/elparduotuve\/produktas\/reavet-omega-3-lasisu-aliejus-katems-100ml\/"]}]},{"@type":"ImageObject","inLanguage":"lt-LT","@id":"https:\/\/anivet.lt\/elparduotuve\/produktas\/reavet-omega-3-lasisu-aliejus-katems-100ml\/#primaryimage","url":"https:\/\/anivet.lt\/elparduotuve\/wp-content\/uploads\/2024\/08\/lasisu-katems.jpg","contentUrl":"https:\/\/anivet.lt\/elparduotuve\/wp-content\/uploads\/2024\/08\/lasisu-katems.jpg","width":1200,"height":1200,"caption":"Reavet omega-3 la\u0161i\u0161\u0173 aliejus kat\u0117ms 100ml"},{"@type":"BreadcrumbList","@id":"https:\/\/anivet.lt\/elparduotuve\/produktas\/reavet-omega-3-lasisu-aliejus-katems-100ml\/#breadcrumb","itemListElement":[{"@type":"ListItem","position":1,"name":"Home","item":"https:\/\/anivet.lt\/elparduotuve\/"},{"@type":"ListItem","position":2,"name":"Produktai","item":"https:\/\/anivet.lt\/elparduotuve\/produktai\/"},{"@type":"ListItem","position":3,"name":"Reavet omega-3 la\u0161i\u0161\u0173 aliejus kat\u0117ms 100ml"}]},{"@type":"WebSite","@id":"https:\/\/anivet.lt\/elparduotuve\/#website","url":"https:\/\/anivet.lt\/elparduotuve\/","name":"anivet.lt","description":"Viskas J\u016bs\u0173 \u0161uns, kat\u0117s prie\u017ei\u016brai","publisher":{"@id":"https:\/\/anivet.lt\/elparduotuve\/#organization"},"alternateName":"Viskas J\u016bs\u0173 \u0161uns, kat\u0117s prie\u017ei\u016brai","potentialAction":[{"@type":"SearchAction","target":{"@type":"EntryPoint","urlTemplate":"https:\/\/anivet.lt\/elparduotuve\/?s={search_term_string}"},"query-input":{"@type":"PropertyValueSpecification","valueRequired":true,"valueName":"search_term_string"}}],"inLanguage":"lt-LT"},{"@type":"Organization","@id":"https:\/\/anivet.lt\/elparduotuve\/#organization","name":"Viskas J\u016bs\u0173 \u0161uns, kat\u0117s prie\u017ei\u016brai","url":"https:\/\/anivet.lt\/elparduotuve\/","logo":{"@type":"ImageObject","inLanguage":"lt-LT","@id":"https:\/\/anivet.lt\/elparduotuve\/#\/schema\/logo\/image\/","url":"https:\/\/anivet.lt\/elparduotuve\/wp-content\/uploads\/2023\/06\/logo2.jpg","contentUrl":"https:\/\/anivet.lt\/elparduotuve\/wp-content\/uploads\/2023\/06\/logo2.jpg","width":655,"height":194,"caption":"Viskas J\u016bs\u0173 \u0161uns, kat\u0117s prie\u017ei\u016brai"},"image":{"@id":"https:\/\/anivet.lt\/elparduotuve\/#\/schema\/logo\/image\/"}}]}},"_links":{"self":[{"href":"https:\/\/anivet.lt\/elparduotuve\/wp-json\/wp\/v2\/product\/14428","targetHints":{"allow":["GET"]}}],"collection":[{"href":"https:\/\/anivet.lt\/elparduotuve\/wp-json\/wp\/v2\/product"}],"about":[{"href":"https:\/\/anivet.lt\/elparduotuve\/wp-json\/wp\/v2\/types\/product"}],"wp:featuredmedia":[{"embeddable":true,"href":"https:\/\/anivet.lt\/elparduotuve\/wp-json\/wp\/v2\/media\/14429"}],"wp:attachment":[{"href":"https:\/\/anivet.lt\/elparduotuve\/wp-json\/wp\/v2\/media?parent=14428"}],"wp:term":[{"taxonomy":"product_brand","embeddable":true,"href":"https:\/\/anivet.lt\/elparduotuve\/wp-json\/wp\/v2\/product_brand?post=14428"},{"taxonomy":"product_cat","embeddable":true,"href":"https:\/\/anivet.lt\/elparduotuve\/wp-json\/wp\/v2\/product_cat?post=14428"},{"taxonomy":"product_tag","embeddable":true,"href":"https:\/\/anivet.lt\/elparduotuve\/wp-json\/wp\/v2\/product_tag?post=14428"}],"curies":[{"name":"wp","href":"https:\/\/api.w.org\/{rel}","templated":true}]}}