{"id":14627,"date":"2024-10-10T11:36:53","date_gmt":"2024-10-10T11:36:53","guid":{"rendered":"https:\/\/anivet.lt\/elparduotuve\/?post_type=product&#038;p=14627"},"modified":"2025-06-27T00:00:42","modified_gmt":"2025-06-27T00:00:42","slug":"gimcat-relax-pasta-katems-50g","status":"publish","type":"product","link":"https:\/\/anivet.lt\/elparduotuve\/produktas\/gimcat-relax-pasta-katems-50g\/","title":{"rendered":"GIMCAT RELAX pasta kat\u0117ms 50g"},"content":{"rendered":"<ul>\n<li style=\"font-weight: 400;\" aria-level=\"1\"><span style=\"font-weight: 400;\">Raminanti sud\u0117tis: Kalifornijos aguon\u0173 \u017eol\u0117 ir jona\u017eol\u0117 turi nat\u016brali\u0173 savybi\u0173, ma\u017einan\u010di\u0173 stres\u0105 ir nerim\u0105.<\/span><\/li>\n<li style=\"font-weight: 400;\" aria-level=\"1\"><span style=\"font-weight: 400;\">L-triptofanas: \u0160i aminor\u016bg\u0161tis virsta seratoninu, kuris padeda palaikyti ger\u0105 nuotaik\u0105 ir emocin\u0119 pusiausvyr\u0105.<\/span><\/li>\n<li style=\"font-weight: 400;\" aria-level=\"1\"><span style=\"font-weight: 400;\">Palaiko nerv\u0173 sistem\u0105: Vitaminas B padeda i\u0161laikyti sveik\u0105 nerv\u0173 sistem\u0105 ir tinkam\u0105 med\u017eiag\u0173 apykait\u0105.<\/span><\/li>\n<li style=\"font-weight: 400;\" aria-level=\"1\"><span style=\"font-weight: 400;\">Be kenksming\u0173 pried\u0173: N\u0117ra prid\u0117tinio cukraus, da\u017eikli\u0173, skonio stiprikli\u0173 ar konservant\u0173.<\/span><\/li>\n<li style=\"font-weight: 400;\" aria-level=\"1\"><span style=\"font-weight: 400;\">Be laktoz\u0117s: Tinka kat\u0117ms, netoleruojan\u010dioms laktoz\u0117s.<\/span><\/li>\n<\/ul>\n<p><span style=\"font-weight: 400;\">\u0160i pasta padeda kat\u0117ms suvaldyti stres\u0105 ir nerim\u0105, ypa\u010d tokiomis situacijomis kaip kelion\u0117s, vizitai pas veterinar\u0105 ar aplinkos poky\u010diai. Antistresin\u0117 formul\u0117 padeda kat\u0117ms i\u0161likti ramesn\u0117ms ir gerai jaustis.<\/span><\/p>\n","protected":false},"excerpt":{"rendered":"<p><span style=\"font-weight: 400;\">GimCat Relax pasta yra puikus sprendimas kat\u0117ms, kurioms reikia pagalbos stresin\u0117se situacijose. Nat\u016bral\u016bs ingredientai ir be kenksming\u0173 pried\u0173 formul\u0117 suteikia J\u016bs\u0173 katei ramyb\u0119 ir ger\u0105 savijaut\u0105, nesvarbu, kokios aplinkyb\u0117s j\u0105 aplankyt\u0173.<\/span><\/p>\n","protected":false},"featured_media":14628,"template":"","meta":[],"product_brand":[],"product_cat":[102,124],"product_tag":[],"class_list":{"0":"post-14627","1":"product","2":"type-product","3":"status-publish","4":"has-post-thumbnail","6":"product_cat-katems","7":"product_cat-vitaminai-ir-papildai-katems","8":"pa_prekinis-zenklas-gimcat","10":"first","11":"instock","12":"taxable","13":"shipping-taxable","14":"purchasable","15":"product-type-simple"},"yoast_head":"<!-- This site is optimized with the Yoast SEO Premium plugin v27.1 (Yoast SEO v27.5) - https:\/\/yoast.com\/product\/yoast-seo-premium-wordpress\/ -->\n<title>GIMCAT RELAX pasta kat\u0117ms 50g - anivet.lt<\/title>\n<meta name=\"description\" content=\"GimCat Relax pasta yra puikus sprendimas kat\u0117ms, kurioms reikia pagalbos stresin\u0117se situacijose. Nat\u016bral\u016bs ingredientai ir be kenksming\u0173 pried\u0173 formul\u0117 suteikia J\u016bs\u0173 katei ramyb\u0119 ir ger\u0105 savijaut\u0105, nesvarbu, kokios aplinkyb\u0117s j\u0105 aplankyt\u0173.\" \/>\n<meta name=\"robots\" content=\"index, follow, max-snippet:-1, max-image-preview:large, max-video-preview:-1\" \/>\n<link rel=\"canonical\" href=\"https:\/\/anivet.lt\/elparduotuve\/produktas\/gimcat-relax-pasta-katems-50g\/\" \/>\n<meta property=\"og:locale\" content=\"lt_LT\" \/>\n<meta property=\"og:type\" content=\"article\" \/>\n<meta property=\"og:title\" content=\"GIMCAT RELAX pasta kat\u0117ms 50g\" \/>\n<meta property=\"og:description\" content=\"GimCat Relax pasta yra puikus sprendimas kat\u0117ms, kurioms reikia pagalbos stresin\u0117se situacijose. Nat\u016bral\u016bs ingredientai ir be kenksming\u0173 pried\u0173 formul\u0117 suteikia J\u016bs\u0173 katei ramyb\u0119 ir ger\u0105 savijaut\u0105, nesvarbu, kokios aplinkyb\u0117s j\u0105 aplankyt\u0173.\" \/>\n<meta property=\"og:url\" content=\"https:\/\/anivet.lt\/elparduotuve\/produktas\/gimcat-relax-pasta-katems-50g\/\" \/>\n<meta property=\"og:site_name\" content=\"anivet.lt\" \/>\n<meta property=\"article:modified_time\" content=\"2025-06-27T00:00:42+00:00\" \/>\n<meta property=\"og:image\" content=\"https:\/\/anivet.lt\/elparduotuve\/wp-content\/uploads\/2024\/10\/0003751_02421704-gimcat-relax-paste-50-g-nauja.png\" \/>\n\t<meta property=\"og:image:width\" content=\"400\" \/>\n\t<meta property=\"og:image:height\" content=\"572\" \/>\n\t<meta property=\"og:image:type\" content=\"image\/png\" \/>\n<meta name=\"twitter:card\" content=\"summary_large_image\" \/>\n<meta name=\"twitter:label1\" content=\"Est. reading time\" \/>\n\t<meta name=\"twitter:data1\" content=\"1 minut\u0117\" \/>\n<script type=\"application\/ld+json\" class=\"yoast-schema-graph\">{\"@context\":\"https:\\\/\\\/schema.org\",\"@graph\":[{\"@type\":\"WebPage\",\"@id\":\"https:\\\/\\\/anivet.lt\\\/elparduotuve\\\/produktas\\\/gimcat-relax-pasta-katems-50g\\\/\",\"url\":\"https:\\\/\\\/anivet.lt\\\/elparduotuve\\\/produktas\\\/gimcat-relax-pasta-katems-50g\\\/\",\"name\":\"GIMCAT RELAX pasta kat\u0117ms 50g - anivet.lt\",\"isPartOf\":{\"@id\":\"https:\\\/\\\/anivet.lt\\\/elparduotuve\\\/#website\"},\"primaryImageOfPage\":{\"@id\":\"https:\\\/\\\/anivet.lt\\\/elparduotuve\\\/produktas\\\/gimcat-relax-pasta-katems-50g\\\/#primaryimage\"},\"image\":{\"@id\":\"https:\\\/\\\/anivet.lt\\\/elparduotuve\\\/produktas\\\/gimcat-relax-pasta-katems-50g\\\/#primaryimage\"},\"thumbnailUrl\":\"https:\\\/\\\/anivet.lt\\\/elparduotuve\\\/wp-content\\\/uploads\\\/2024\\\/10\\\/0003751_02421704-gimcat-relax-paste-50-g-nauja.png\",\"datePublished\":\"2024-10-10T11:36:53+00:00\",\"dateModified\":\"2025-06-27T00:00:42+00:00\",\"description\":\"GimCat Relax pasta yra puikus sprendimas kat\u0117ms, kurioms reikia pagalbos stresin\u0117se situacijose. Nat\u016bral\u016bs ingredientai ir be kenksming\u0173 pried\u0173 formul\u0117 suteikia J\u016bs\u0173 katei ramyb\u0119 ir ger\u0105 savijaut\u0105, nesvarbu, kokios aplinkyb\u0117s j\u0105 aplankyt\u0173.\",\"breadcrumb\":{\"@id\":\"https:\\\/\\\/anivet.lt\\\/elparduotuve\\\/produktas\\\/gimcat-relax-pasta-katems-50g\\\/#breadcrumb\"},\"inLanguage\":\"lt-LT\",\"potentialAction\":[{\"@type\":\"ReadAction\",\"target\":[\"https:\\\/\\\/anivet.lt\\\/elparduotuve\\\/produktas\\\/gimcat-relax-pasta-katems-50g\\\/\"]}]},{\"@type\":\"ImageObject\",\"inLanguage\":\"lt-LT\",\"@id\":\"https:\\\/\\\/anivet.lt\\\/elparduotuve\\\/produktas\\\/gimcat-relax-pasta-katems-50g\\\/#primaryimage\",\"url\":\"https:\\\/\\\/anivet.lt\\\/elparduotuve\\\/wp-content\\\/uploads\\\/2024\\\/10\\\/0003751_02421704-gimcat-relax-paste-50-g-nauja.png\",\"contentUrl\":\"https:\\\/\\\/anivet.lt\\\/elparduotuve\\\/wp-content\\\/uploads\\\/2024\\\/10\\\/0003751_02421704-gimcat-relax-paste-50-g-nauja.png\",\"width\":400,\"height\":572,\"caption\":\"GIMCAT RELAX pasta kat\u0117ms 50g\"},{\"@type\":\"BreadcrumbList\",\"@id\":\"https:\\\/\\\/anivet.lt\\\/elparduotuve\\\/produktas\\\/gimcat-relax-pasta-katems-50g\\\/#breadcrumb\",\"itemListElement\":[{\"@type\":\"ListItem\",\"position\":1,\"name\":\"Home\",\"item\":\"https:\\\/\\\/anivet.lt\\\/elparduotuve\\\/\"},{\"@type\":\"ListItem\",\"position\":2,\"name\":\"Produktai\",\"item\":\"https:\\\/\\\/anivet.lt\\\/elparduotuve\\\/produktai\\\/\"},{\"@type\":\"ListItem\",\"position\":3,\"name\":\"GIMCAT RELAX pasta kat\u0117ms 50g\"}]},{\"@type\":\"WebSite\",\"@id\":\"https:\\\/\\\/anivet.lt\\\/elparduotuve\\\/#website\",\"url\":\"https:\\\/\\\/anivet.lt\\\/elparduotuve\\\/\",\"name\":\"anivet.lt\",\"description\":\"Viskas J\u016bs\u0173 \u0161uns, kat\u0117s prie\u017ei\u016brai\",\"publisher\":{\"@id\":\"https:\\\/\\\/anivet.lt\\\/elparduotuve\\\/#organization\"},\"alternateName\":\"Viskas J\u016bs\u0173 \u0161uns, kat\u0117s prie\u017ei\u016brai\",\"potentialAction\":[{\"@type\":\"SearchAction\",\"target\":{\"@type\":\"EntryPoint\",\"urlTemplate\":\"https:\\\/\\\/anivet.lt\\\/elparduotuve\\\/?s={search_term_string}\"},\"query-input\":{\"@type\":\"PropertyValueSpecification\",\"valueRequired\":true,\"valueName\":\"search_term_string\"}}],\"inLanguage\":\"lt-LT\"},{\"@type\":\"Organization\",\"@id\":\"https:\\\/\\\/anivet.lt\\\/elparduotuve\\\/#organization\",\"name\":\"Viskas J\u016bs\u0173 \u0161uns, kat\u0117s prie\u017ei\u016brai\",\"url\":\"https:\\\/\\\/anivet.lt\\\/elparduotuve\\\/\",\"logo\":{\"@type\":\"ImageObject\",\"inLanguage\":\"lt-LT\",\"@id\":\"https:\\\/\\\/anivet.lt\\\/elparduotuve\\\/#\\\/schema\\\/logo\\\/image\\\/\",\"url\":\"https:\\\/\\\/anivet.lt\\\/elparduotuve\\\/wp-content\\\/uploads\\\/2023\\\/06\\\/logo2.jpg\",\"contentUrl\":\"https:\\\/\\\/anivet.lt\\\/elparduotuve\\\/wp-content\\\/uploads\\\/2023\\\/06\\\/logo2.jpg\",\"width\":655,\"height\":194,\"caption\":\"Viskas J\u016bs\u0173 \u0161uns, kat\u0117s prie\u017ei\u016brai\"},\"image\":{\"@id\":\"https:\\\/\\\/anivet.lt\\\/elparduotuve\\\/#\\\/schema\\\/logo\\\/image\\\/\"}}]}<\/script>\n<!-- \/ Yoast SEO Premium plugin. -->","yoast_head_json":{"title":"GIMCAT RELAX pasta kat\u0117ms 50g - anivet.lt","description":"GimCat Relax pasta yra puikus sprendimas kat\u0117ms, kurioms reikia pagalbos stresin\u0117se situacijose. Nat\u016bral\u016bs ingredientai ir be kenksming\u0173 pried\u0173 formul\u0117 suteikia J\u016bs\u0173 katei ramyb\u0119 ir ger\u0105 savijaut\u0105, nesvarbu, kokios aplinkyb\u0117s j\u0105 aplankyt\u0173.","robots":{"index":"index","follow":"follow","max-snippet":"max-snippet:-1","max-image-preview":"max-image-preview:large","max-video-preview":"max-video-preview:-1"},"canonical":"https:\/\/anivet.lt\/elparduotuve\/produktas\/gimcat-relax-pasta-katems-50g\/","og_locale":"lt_LT","og_type":"article","og_title":"GIMCAT RELAX pasta kat\u0117ms 50g","og_description":"GimCat Relax pasta yra puikus sprendimas kat\u0117ms, kurioms reikia pagalbos stresin\u0117se situacijose. Nat\u016bral\u016bs ingredientai ir be kenksming\u0173 pried\u0173 formul\u0117 suteikia J\u016bs\u0173 katei ramyb\u0119 ir ger\u0105 savijaut\u0105, nesvarbu, kokios aplinkyb\u0117s j\u0105 aplankyt\u0173.","og_url":"https:\/\/anivet.lt\/elparduotuve\/produktas\/gimcat-relax-pasta-katems-50g\/","og_site_name":"anivet.lt","article_modified_time":"2025-06-27T00:00:42+00:00","og_image":[{"width":400,"height":572,"url":"https:\/\/anivet.lt\/elparduotuve\/wp-content\/uploads\/2024\/10\/0003751_02421704-gimcat-relax-paste-50-g-nauja.png","type":"image\/png"}],"twitter_card":"summary_large_image","twitter_misc":{"Est. reading time":"1 minut\u0117"},"schema":{"@context":"https:\/\/schema.org","@graph":[{"@type":"WebPage","@id":"https:\/\/anivet.lt\/elparduotuve\/produktas\/gimcat-relax-pasta-katems-50g\/","url":"https:\/\/anivet.lt\/elparduotuve\/produktas\/gimcat-relax-pasta-katems-50g\/","name":"GIMCAT RELAX pasta kat\u0117ms 50g - anivet.lt","isPartOf":{"@id":"https:\/\/anivet.lt\/elparduotuve\/#website"},"primaryImageOfPage":{"@id":"https:\/\/anivet.lt\/elparduotuve\/produktas\/gimcat-relax-pasta-katems-50g\/#primaryimage"},"image":{"@id":"https:\/\/anivet.lt\/elparduotuve\/produktas\/gimcat-relax-pasta-katems-50g\/#primaryimage"},"thumbnailUrl":"https:\/\/anivet.lt\/elparduotuve\/wp-content\/uploads\/2024\/10\/0003751_02421704-gimcat-relax-paste-50-g-nauja.png","datePublished":"2024-10-10T11:36:53+00:00","dateModified":"2025-06-27T00:00:42+00:00","description":"GimCat Relax pasta yra puikus sprendimas kat\u0117ms, kurioms reikia pagalbos stresin\u0117se situacijose. Nat\u016bral\u016bs ingredientai ir be kenksming\u0173 pried\u0173 formul\u0117 suteikia J\u016bs\u0173 katei ramyb\u0119 ir ger\u0105 savijaut\u0105, nesvarbu, kokios aplinkyb\u0117s j\u0105 aplankyt\u0173.","breadcrumb":{"@id":"https:\/\/anivet.lt\/elparduotuve\/produktas\/gimcat-relax-pasta-katems-50g\/#breadcrumb"},"inLanguage":"lt-LT","potentialAction":[{"@type":"ReadAction","target":["https:\/\/anivet.lt\/elparduotuve\/produktas\/gimcat-relax-pasta-katems-50g\/"]}]},{"@type":"ImageObject","inLanguage":"lt-LT","@id":"https:\/\/anivet.lt\/elparduotuve\/produktas\/gimcat-relax-pasta-katems-50g\/#primaryimage","url":"https:\/\/anivet.lt\/elparduotuve\/wp-content\/uploads\/2024\/10\/0003751_02421704-gimcat-relax-paste-50-g-nauja.png","contentUrl":"https:\/\/anivet.lt\/elparduotuve\/wp-content\/uploads\/2024\/10\/0003751_02421704-gimcat-relax-paste-50-g-nauja.png","width":400,"height":572,"caption":"GIMCAT RELAX pasta kat\u0117ms 50g"},{"@type":"BreadcrumbList","@id":"https:\/\/anivet.lt\/elparduotuve\/produktas\/gimcat-relax-pasta-katems-50g\/#breadcrumb","itemListElement":[{"@type":"ListItem","position":1,"name":"Home","item":"https:\/\/anivet.lt\/elparduotuve\/"},{"@type":"ListItem","position":2,"name":"Produktai","item":"https:\/\/anivet.lt\/elparduotuve\/produktai\/"},{"@type":"ListItem","position":3,"name":"GIMCAT RELAX pasta kat\u0117ms 50g"}]},{"@type":"WebSite","@id":"https:\/\/anivet.lt\/elparduotuve\/#website","url":"https:\/\/anivet.lt\/elparduotuve\/","name":"anivet.lt","description":"Viskas J\u016bs\u0173 \u0161uns, kat\u0117s prie\u017ei\u016brai","publisher":{"@id":"https:\/\/anivet.lt\/elparduotuve\/#organization"},"alternateName":"Viskas J\u016bs\u0173 \u0161uns, kat\u0117s prie\u017ei\u016brai","potentialAction":[{"@type":"SearchAction","target":{"@type":"EntryPoint","urlTemplate":"https:\/\/anivet.lt\/elparduotuve\/?s={search_term_string}"},"query-input":{"@type":"PropertyValueSpecification","valueRequired":true,"valueName":"search_term_string"}}],"inLanguage":"lt-LT"},{"@type":"Organization","@id":"https:\/\/anivet.lt\/elparduotuve\/#organization","name":"Viskas J\u016bs\u0173 \u0161uns, kat\u0117s prie\u017ei\u016brai","url":"https:\/\/anivet.lt\/elparduotuve\/","logo":{"@type":"ImageObject","inLanguage":"lt-LT","@id":"https:\/\/anivet.lt\/elparduotuve\/#\/schema\/logo\/image\/","url":"https:\/\/anivet.lt\/elparduotuve\/wp-content\/uploads\/2023\/06\/logo2.jpg","contentUrl":"https:\/\/anivet.lt\/elparduotuve\/wp-content\/uploads\/2023\/06\/logo2.jpg","width":655,"height":194,"caption":"Viskas J\u016bs\u0173 \u0161uns, kat\u0117s prie\u017ei\u016brai"},"image":{"@id":"https:\/\/anivet.lt\/elparduotuve\/#\/schema\/logo\/image\/"}}]}},"_links":{"self":[{"href":"https:\/\/anivet.lt\/elparduotuve\/wp-json\/wp\/v2\/product\/14627","targetHints":{"allow":["GET"]}}],"collection":[{"href":"https:\/\/anivet.lt\/elparduotuve\/wp-json\/wp\/v2\/product"}],"about":[{"href":"https:\/\/anivet.lt\/elparduotuve\/wp-json\/wp\/v2\/types\/product"}],"wp:featuredmedia":[{"embeddable":true,"href":"https:\/\/anivet.lt\/elparduotuve\/wp-json\/wp\/v2\/media\/14628"}],"wp:attachment":[{"href":"https:\/\/anivet.lt\/elparduotuve\/wp-json\/wp\/v2\/media?parent=14627"}],"wp:term":[{"taxonomy":"product_brand","embeddable":true,"href":"https:\/\/anivet.lt\/elparduotuve\/wp-json\/wp\/v2\/product_brand?post=14627"},{"taxonomy":"product_cat","embeddable":true,"href":"https:\/\/anivet.lt\/elparduotuve\/wp-json\/wp\/v2\/product_cat?post=14627"},{"taxonomy":"product_tag","embeddable":true,"href":"https:\/\/anivet.lt\/elparduotuve\/wp-json\/wp\/v2\/product_tag?post=14627"}],"curies":[{"name":"wp","href":"https:\/\/api.w.org\/{rel}","templated":true}]}}