{"id":14751,"date":"2024-10-16T19:49:01","date_gmt":"2024-10-16T19:49:01","guid":{"rendered":"https:\/\/anivet.lt\/elparduotuve\/?post_type=product&#038;p=14751"},"modified":"2025-12-22T18:01:42","modified_gmt":"2025-12-22T18:01:42","slug":"completed-mini-liofilizuotas-maistas-mazu-veisliu-sunims-120g-kalakutiena","status":"publish","type":"product","link":"https:\/\/anivet.lt\/elparduotuve\/produktas\/completed-mini-liofilizuotas-maistas-mazu-veisliu-sunims-120g-kalakutiena\/","title":{"rendered":"Nature&#8217;s Variety Completed Mini liofilizuotas maistas ma\u017e\u0173 veisli\u0173 \u0161unims 120g (kalakutiena)"},"content":{"rendered":"<ul>\n<li style=\"font-weight: 400;\" aria-level=\"1\"><span style=\"font-weight: 400;\">Vienas baltym\u0173 \u0161altinis: Sud\u0117tyje tik kalakutiena, tod\u0117l pa\u0161aras puikiai tinka jautriems \u0161unims ar turintiems alergij\u0173.<\/span><\/li>\n<li style=\"font-weight: 400;\" aria-level=\"1\"><span style=\"font-weight: 400;\">Liofilizavimo technologija: Maistas i\u0161saugo \u017ealios m\u0117sos maistines savybes ir skon\u012f, i\u0161vengiant konservant\u0173 ar chemini\u0173 pried\u0173.<\/span><\/li>\n<li style=\"font-weight: 400;\" aria-level=\"1\"><span style=\"font-weight: 400;\">Nat\u016bral\u016bs ingredientai: Pa\u0161are n\u0117ra da\u017eikli\u0173, konservant\u0173 ar skonio stiprikli\u0173 \u2013 tik nat\u016bral\u016bs ir sveiki komponentai.<\/span><\/li>\n<li style=\"font-weight: 400;\" aria-level=\"1\"><span style=\"font-weight: 400;\">Subalansuota sud\u0117tis: Kalakutiena praturtinta dar\u017eov\u0117mis, vaisiais, mineralais ir \u017eolel\u0117mis, u\u017etikrinan\u010diomis visapusi\u0161k\u0105 mityb\u0105.<\/span><\/li>\n<li style=\"font-weight: 400;\" aria-level=\"1\"><span style=\"font-weight: 400;\">Lengvas vir\u0161kinamumas: Papildytas skaidulomis i\u0161 \u017eirni\u0173 pluo\u0161to, cikorijos \u0161akn\u0173 ir kit\u0173 nat\u016brali\u0173 \u0161altini\u0173, padedan\u010di\u0173 palaikyti sveik\u0105 vir\u0161kinim\u0105.<\/span><\/li>\n<\/ul>\n<p><span style=\"font-weight: 400;\">\u0160is pa\u0161aras yra puikus pasirinkimas ma\u017e\u0173 veisli\u0173 \u0161unims, nes u\u017etikrina subalansuot\u0105 ir nat\u016bral\u0173 maist\u0105, pritaikyt\u0105 j\u0173 mitybos poreikiams. Liofilizavimo procesas garantuoja, kad j\u016bs\u0173 \u0161uo gaus visas reikalingas maistines med\u017eiagas i\u0161 kokybi\u0161k\u0173 ingredient\u0173, o skonis ir tekst\u016bra patiks net i\u0161rankiausiems valgytojams.<\/span><\/p>\n","protected":false},"excerpt":{"rendered":"<p><span style=\"font-weight: 400;\">Visavertis, nat\u016brali\u0173 ingredient\u0173 pagrindu sukurtas maistas, skirtas ma\u017e\u0173 veisli\u0173 (1\u201310 kg) \u0161unims. Liofilizavimo procesas i\u0161saugo visas maistines savybes, skon\u012f ir nat\u016bral\u0173 maisto aromat\u0105.<\/span><\/p>\n","protected":false},"featured_media":14752,"template":"","meta":[],"product_brand":[],"product_cat":[101,103,104,335],"product_tag":[],"class_list":{"0":"post-14751","1":"product","2":"type-product","3":"status-publish","4":"has-post-thumbnail","6":"product_cat-sunims","7":"product_cat-sunu-maistas","8":"product_cat-sausas-maistas","9":"product_cat-natures-variety-sunu-maistas","10":"pa_prekinis-zenklas-natures-variety","12":"first","13":"instock","14":"sale","15":"taxable","16":"shipping-taxable","17":"purchasable","18":"product-type-simple"},"yoast_head":"<!-- This site is optimized with the Yoast SEO Premium plugin v27.1 (Yoast SEO v27.5) - https:\/\/yoast.com\/product\/yoast-seo-premium-wordpress\/ -->\n<title>Nature&#039;s Variety Completed Mini liofilizuotas maistas ma\u017e\u0173 veisli\u0173 \u0161unims 120g (kalakutiena) - anivet.lt<\/title>\n<meta name=\"description\" content=\"Visavertis, nat\u016brali\u0173 ingredient\u0173 pagrindu sukurtas maistas, skirtas ma\u017e\u0173 veisli\u0173 (1\u201310 kg) \u0161unims. Liofilizavimo procesas i\u0161saugo visas maistines savybes, skon\u012f ir nat\u016bral\u0173 maisto aromat\u0105.\" \/>\n<meta name=\"robots\" content=\"index, follow, max-snippet:-1, max-image-preview:large, max-video-preview:-1\" \/>\n<link rel=\"canonical\" href=\"https:\/\/anivet.lt\/elparduotuve\/produktas\/completed-mini-liofilizuotas-maistas-mazu-veisliu-sunims-120g-kalakutiena\/\" \/>\n<meta property=\"og:locale\" content=\"lt_LT\" \/>\n<meta property=\"og:type\" content=\"article\" \/>\n<meta property=\"og:title\" content=\"Nature&#039;s Variety Completed Mini liofilizuotas maistas ma\u017e\u0173 veisli\u0173 \u0161unims 120g (kalakutiena)\" \/>\n<meta property=\"og:description\" content=\"Visavertis, nat\u016brali\u0173 ingredient\u0173 pagrindu sukurtas maistas, skirtas ma\u017e\u0173 veisli\u0173 (1\u201310 kg) \u0161unims. Liofilizavimo procesas i\u0161saugo visas maistines savybes, skon\u012f ir nat\u016bral\u0173 maisto aromat\u0105.\" \/>\n<meta property=\"og:url\" content=\"https:\/\/anivet.lt\/elparduotuve\/produktas\/completed-mini-liofilizuotas-maistas-mazu-veisliu-sunims-120g-kalakutiena\/\" \/>\n<meta property=\"og:site_name\" content=\"anivet.lt\" \/>\n<meta property=\"article:modified_time\" content=\"2025-12-22T18:01:42+00:00\" \/>\n<meta property=\"og:image\" content=\"https:\/\/anivet.lt\/elparduotuve\/wp-content\/uploads\/2024\/10\/Completed-Mini-kalakutiena-120-g.png\" \/>\n\t<meta property=\"og:image:width\" content=\"650\" \/>\n\t<meta property=\"og:image:height\" content=\"614\" \/>\n\t<meta property=\"og:image:type\" content=\"image\/png\" \/>\n<meta name=\"twitter:card\" content=\"summary_large_image\" \/>\n<meta name=\"twitter:label1\" content=\"Est. reading time\" \/>\n\t<meta name=\"twitter:data1\" content=\"1 minut\u0117\" \/>\n<script type=\"application\/ld+json\" class=\"yoast-schema-graph\">{\"@context\":\"https:\\\/\\\/schema.org\",\"@graph\":[{\"@type\":\"WebPage\",\"@id\":\"https:\\\/\\\/anivet.lt\\\/elparduotuve\\\/produktas\\\/completed-mini-liofilizuotas-maistas-mazu-veisliu-sunims-120g-kalakutiena\\\/\",\"url\":\"https:\\\/\\\/anivet.lt\\\/elparduotuve\\\/produktas\\\/completed-mini-liofilizuotas-maistas-mazu-veisliu-sunims-120g-kalakutiena\\\/\",\"name\":\"Nature's Variety Completed Mini liofilizuotas maistas ma\u017e\u0173 veisli\u0173 \u0161unims 120g (kalakutiena) - anivet.lt\",\"isPartOf\":{\"@id\":\"https:\\\/\\\/anivet.lt\\\/elparduotuve\\\/#website\"},\"primaryImageOfPage\":{\"@id\":\"https:\\\/\\\/anivet.lt\\\/elparduotuve\\\/produktas\\\/completed-mini-liofilizuotas-maistas-mazu-veisliu-sunims-120g-kalakutiena\\\/#primaryimage\"},\"image\":{\"@id\":\"https:\\\/\\\/anivet.lt\\\/elparduotuve\\\/produktas\\\/completed-mini-liofilizuotas-maistas-mazu-veisliu-sunims-120g-kalakutiena\\\/#primaryimage\"},\"thumbnailUrl\":\"https:\\\/\\\/anivet.lt\\\/elparduotuve\\\/wp-content\\\/uploads\\\/2024\\\/10\\\/Completed-Mini-kalakutiena-120-g.png\",\"datePublished\":\"2024-10-16T19:49:01+00:00\",\"dateModified\":\"2025-12-22T18:01:42+00:00\",\"description\":\"Visavertis, nat\u016brali\u0173 ingredient\u0173 pagrindu sukurtas maistas, skirtas ma\u017e\u0173 veisli\u0173 (1\u201310 kg) \u0161unims. Liofilizavimo procesas i\u0161saugo visas maistines savybes, skon\u012f ir nat\u016bral\u0173 maisto aromat\u0105.\",\"breadcrumb\":{\"@id\":\"https:\\\/\\\/anivet.lt\\\/elparduotuve\\\/produktas\\\/completed-mini-liofilizuotas-maistas-mazu-veisliu-sunims-120g-kalakutiena\\\/#breadcrumb\"},\"inLanguage\":\"lt-LT\",\"potentialAction\":[{\"@type\":\"ReadAction\",\"target\":[\"https:\\\/\\\/anivet.lt\\\/elparduotuve\\\/produktas\\\/completed-mini-liofilizuotas-maistas-mazu-veisliu-sunims-120g-kalakutiena\\\/\"]}]},{\"@type\":\"ImageObject\",\"inLanguage\":\"lt-LT\",\"@id\":\"https:\\\/\\\/anivet.lt\\\/elparduotuve\\\/produktas\\\/completed-mini-liofilizuotas-maistas-mazu-veisliu-sunims-120g-kalakutiena\\\/#primaryimage\",\"url\":\"https:\\\/\\\/anivet.lt\\\/elparduotuve\\\/wp-content\\\/uploads\\\/2024\\\/10\\\/Completed-Mini-kalakutiena-120-g.png\",\"contentUrl\":\"https:\\\/\\\/anivet.lt\\\/elparduotuve\\\/wp-content\\\/uploads\\\/2024\\\/10\\\/Completed-Mini-kalakutiena-120-g.png\",\"width\":650,\"height\":614,\"caption\":\"Nature's Variety Completed Mini liofilizuotas maistas ma\u017e\u0173 veisli\u0173 \u0161unims 120g (kalakutiena)\"},{\"@type\":\"BreadcrumbList\",\"@id\":\"https:\\\/\\\/anivet.lt\\\/elparduotuve\\\/produktas\\\/completed-mini-liofilizuotas-maistas-mazu-veisliu-sunims-120g-kalakutiena\\\/#breadcrumb\",\"itemListElement\":[{\"@type\":\"ListItem\",\"position\":1,\"name\":\"Home\",\"item\":\"https:\\\/\\\/anivet.lt\\\/elparduotuve\\\/\"},{\"@type\":\"ListItem\",\"position\":2,\"name\":\"Produktai\",\"item\":\"https:\\\/\\\/anivet.lt\\\/elparduotuve\\\/produktai\\\/\"},{\"@type\":\"ListItem\",\"position\":3,\"name\":\"Nature&#8217;s Variety Completed Mini liofilizuotas maistas ma\u017e\u0173 veisli\u0173 \u0161unims 120g (kalakutiena)\"}]},{\"@type\":\"WebSite\",\"@id\":\"https:\\\/\\\/anivet.lt\\\/elparduotuve\\\/#website\",\"url\":\"https:\\\/\\\/anivet.lt\\\/elparduotuve\\\/\",\"name\":\"anivet.lt\",\"description\":\"Viskas J\u016bs\u0173 \u0161uns, kat\u0117s prie\u017ei\u016brai\",\"publisher\":{\"@id\":\"https:\\\/\\\/anivet.lt\\\/elparduotuve\\\/#organization\"},\"alternateName\":\"Viskas J\u016bs\u0173 \u0161uns, kat\u0117s prie\u017ei\u016brai\",\"potentialAction\":[{\"@type\":\"SearchAction\",\"target\":{\"@type\":\"EntryPoint\",\"urlTemplate\":\"https:\\\/\\\/anivet.lt\\\/elparduotuve\\\/?s={search_term_string}\"},\"query-input\":{\"@type\":\"PropertyValueSpecification\",\"valueRequired\":true,\"valueName\":\"search_term_string\"}}],\"inLanguage\":\"lt-LT\"},{\"@type\":\"Organization\",\"@id\":\"https:\\\/\\\/anivet.lt\\\/elparduotuve\\\/#organization\",\"name\":\"Viskas J\u016bs\u0173 \u0161uns, kat\u0117s prie\u017ei\u016brai\",\"url\":\"https:\\\/\\\/anivet.lt\\\/elparduotuve\\\/\",\"logo\":{\"@type\":\"ImageObject\",\"inLanguage\":\"lt-LT\",\"@id\":\"https:\\\/\\\/anivet.lt\\\/elparduotuve\\\/#\\\/schema\\\/logo\\\/image\\\/\",\"url\":\"https:\\\/\\\/anivet.lt\\\/elparduotuve\\\/wp-content\\\/uploads\\\/2023\\\/06\\\/logo2.jpg\",\"contentUrl\":\"https:\\\/\\\/anivet.lt\\\/elparduotuve\\\/wp-content\\\/uploads\\\/2023\\\/06\\\/logo2.jpg\",\"width\":655,\"height\":194,\"caption\":\"Viskas J\u016bs\u0173 \u0161uns, kat\u0117s prie\u017ei\u016brai\"},\"image\":{\"@id\":\"https:\\\/\\\/anivet.lt\\\/elparduotuve\\\/#\\\/schema\\\/logo\\\/image\\\/\"}}]}<\/script>\n<!-- \/ Yoast SEO Premium plugin. -->","yoast_head_json":{"title":"Nature's Variety Completed Mini liofilizuotas maistas ma\u017e\u0173 veisli\u0173 \u0161unims 120g (kalakutiena) - anivet.lt","description":"Visavertis, nat\u016brali\u0173 ingredient\u0173 pagrindu sukurtas maistas, skirtas ma\u017e\u0173 veisli\u0173 (1\u201310 kg) \u0161unims. Liofilizavimo procesas i\u0161saugo visas maistines savybes, skon\u012f ir nat\u016bral\u0173 maisto aromat\u0105.","robots":{"index":"index","follow":"follow","max-snippet":"max-snippet:-1","max-image-preview":"max-image-preview:large","max-video-preview":"max-video-preview:-1"},"canonical":"https:\/\/anivet.lt\/elparduotuve\/produktas\/completed-mini-liofilizuotas-maistas-mazu-veisliu-sunims-120g-kalakutiena\/","og_locale":"lt_LT","og_type":"article","og_title":"Nature's Variety Completed Mini liofilizuotas maistas ma\u017e\u0173 veisli\u0173 \u0161unims 120g (kalakutiena)","og_description":"Visavertis, nat\u016brali\u0173 ingredient\u0173 pagrindu sukurtas maistas, skirtas ma\u017e\u0173 veisli\u0173 (1\u201310 kg) \u0161unims. Liofilizavimo procesas i\u0161saugo visas maistines savybes, skon\u012f ir nat\u016bral\u0173 maisto aromat\u0105.","og_url":"https:\/\/anivet.lt\/elparduotuve\/produktas\/completed-mini-liofilizuotas-maistas-mazu-veisliu-sunims-120g-kalakutiena\/","og_site_name":"anivet.lt","article_modified_time":"2025-12-22T18:01:42+00:00","og_image":[{"width":650,"height":614,"url":"https:\/\/anivet.lt\/elparduotuve\/wp-content\/uploads\/2024\/10\/Completed-Mini-kalakutiena-120-g.png","type":"image\/png"}],"twitter_card":"summary_large_image","twitter_misc":{"Est. reading time":"1 minut\u0117"},"schema":{"@context":"https:\/\/schema.org","@graph":[{"@type":"WebPage","@id":"https:\/\/anivet.lt\/elparduotuve\/produktas\/completed-mini-liofilizuotas-maistas-mazu-veisliu-sunims-120g-kalakutiena\/","url":"https:\/\/anivet.lt\/elparduotuve\/produktas\/completed-mini-liofilizuotas-maistas-mazu-veisliu-sunims-120g-kalakutiena\/","name":"Nature's Variety Completed Mini liofilizuotas maistas ma\u017e\u0173 veisli\u0173 \u0161unims 120g (kalakutiena) - anivet.lt","isPartOf":{"@id":"https:\/\/anivet.lt\/elparduotuve\/#website"},"primaryImageOfPage":{"@id":"https:\/\/anivet.lt\/elparduotuve\/produktas\/completed-mini-liofilizuotas-maistas-mazu-veisliu-sunims-120g-kalakutiena\/#primaryimage"},"image":{"@id":"https:\/\/anivet.lt\/elparduotuve\/produktas\/completed-mini-liofilizuotas-maistas-mazu-veisliu-sunims-120g-kalakutiena\/#primaryimage"},"thumbnailUrl":"https:\/\/anivet.lt\/elparduotuve\/wp-content\/uploads\/2024\/10\/Completed-Mini-kalakutiena-120-g.png","datePublished":"2024-10-16T19:49:01+00:00","dateModified":"2025-12-22T18:01:42+00:00","description":"Visavertis, nat\u016brali\u0173 ingredient\u0173 pagrindu sukurtas maistas, skirtas ma\u017e\u0173 veisli\u0173 (1\u201310 kg) \u0161unims. Liofilizavimo procesas i\u0161saugo visas maistines savybes, skon\u012f ir nat\u016bral\u0173 maisto aromat\u0105.","breadcrumb":{"@id":"https:\/\/anivet.lt\/elparduotuve\/produktas\/completed-mini-liofilizuotas-maistas-mazu-veisliu-sunims-120g-kalakutiena\/#breadcrumb"},"inLanguage":"lt-LT","potentialAction":[{"@type":"ReadAction","target":["https:\/\/anivet.lt\/elparduotuve\/produktas\/completed-mini-liofilizuotas-maistas-mazu-veisliu-sunims-120g-kalakutiena\/"]}]},{"@type":"ImageObject","inLanguage":"lt-LT","@id":"https:\/\/anivet.lt\/elparduotuve\/produktas\/completed-mini-liofilizuotas-maistas-mazu-veisliu-sunims-120g-kalakutiena\/#primaryimage","url":"https:\/\/anivet.lt\/elparduotuve\/wp-content\/uploads\/2024\/10\/Completed-Mini-kalakutiena-120-g.png","contentUrl":"https:\/\/anivet.lt\/elparduotuve\/wp-content\/uploads\/2024\/10\/Completed-Mini-kalakutiena-120-g.png","width":650,"height":614,"caption":"Nature's Variety Completed Mini liofilizuotas maistas ma\u017e\u0173 veisli\u0173 \u0161unims 120g (kalakutiena)"},{"@type":"BreadcrumbList","@id":"https:\/\/anivet.lt\/elparduotuve\/produktas\/completed-mini-liofilizuotas-maistas-mazu-veisliu-sunims-120g-kalakutiena\/#breadcrumb","itemListElement":[{"@type":"ListItem","position":1,"name":"Home","item":"https:\/\/anivet.lt\/elparduotuve\/"},{"@type":"ListItem","position":2,"name":"Produktai","item":"https:\/\/anivet.lt\/elparduotuve\/produktai\/"},{"@type":"ListItem","position":3,"name":"Nature&#8217;s Variety Completed Mini liofilizuotas maistas ma\u017e\u0173 veisli\u0173 \u0161unims 120g (kalakutiena)"}]},{"@type":"WebSite","@id":"https:\/\/anivet.lt\/elparduotuve\/#website","url":"https:\/\/anivet.lt\/elparduotuve\/","name":"anivet.lt","description":"Viskas J\u016bs\u0173 \u0161uns, kat\u0117s prie\u017ei\u016brai","publisher":{"@id":"https:\/\/anivet.lt\/elparduotuve\/#organization"},"alternateName":"Viskas J\u016bs\u0173 \u0161uns, kat\u0117s prie\u017ei\u016brai","potentialAction":[{"@type":"SearchAction","target":{"@type":"EntryPoint","urlTemplate":"https:\/\/anivet.lt\/elparduotuve\/?s={search_term_string}"},"query-input":{"@type":"PropertyValueSpecification","valueRequired":true,"valueName":"search_term_string"}}],"inLanguage":"lt-LT"},{"@type":"Organization","@id":"https:\/\/anivet.lt\/elparduotuve\/#organization","name":"Viskas J\u016bs\u0173 \u0161uns, kat\u0117s prie\u017ei\u016brai","url":"https:\/\/anivet.lt\/elparduotuve\/","logo":{"@type":"ImageObject","inLanguage":"lt-LT","@id":"https:\/\/anivet.lt\/elparduotuve\/#\/schema\/logo\/image\/","url":"https:\/\/anivet.lt\/elparduotuve\/wp-content\/uploads\/2023\/06\/logo2.jpg","contentUrl":"https:\/\/anivet.lt\/elparduotuve\/wp-content\/uploads\/2023\/06\/logo2.jpg","width":655,"height":194,"caption":"Viskas J\u016bs\u0173 \u0161uns, kat\u0117s prie\u017ei\u016brai"},"image":{"@id":"https:\/\/anivet.lt\/elparduotuve\/#\/schema\/logo\/image\/"}}]}},"_links":{"self":[{"href":"https:\/\/anivet.lt\/elparduotuve\/wp-json\/wp\/v2\/product\/14751","targetHints":{"allow":["GET"]}}],"collection":[{"href":"https:\/\/anivet.lt\/elparduotuve\/wp-json\/wp\/v2\/product"}],"about":[{"href":"https:\/\/anivet.lt\/elparduotuve\/wp-json\/wp\/v2\/types\/product"}],"wp:featuredmedia":[{"embeddable":true,"href":"https:\/\/anivet.lt\/elparduotuve\/wp-json\/wp\/v2\/media\/14752"}],"wp:attachment":[{"href":"https:\/\/anivet.lt\/elparduotuve\/wp-json\/wp\/v2\/media?parent=14751"}],"wp:term":[{"taxonomy":"product_brand","embeddable":true,"href":"https:\/\/anivet.lt\/elparduotuve\/wp-json\/wp\/v2\/product_brand?post=14751"},{"taxonomy":"product_cat","embeddable":true,"href":"https:\/\/anivet.lt\/elparduotuve\/wp-json\/wp\/v2\/product_cat?post=14751"},{"taxonomy":"product_tag","embeddable":true,"href":"https:\/\/anivet.lt\/elparduotuve\/wp-json\/wp\/v2\/product_tag?post=14751"}],"curies":[{"name":"wp","href":"https:\/\/api.w.org\/{rel}","templated":true}]}}