{"id":14765,"date":"2024-10-16T21:16:02","date_gmt":"2024-10-16T21:16:02","guid":{"rendered":"https:\/\/anivet.lt\/elparduotuve\/?post_type=product&#038;p=14765"},"modified":"2026-05-04T12:16:37","modified_gmt":"2026-05-04T12:16:37","slug":"meat-bites-liofilizuoti-skanestai-sunims-20g-vistiena","status":"publish","type":"product","link":"https:\/\/anivet.lt\/elparduotuve\/produktas\/meat-bites-liofilizuoti-skanestai-sunims-20g-vistiena\/","title":{"rendered":"Nature&#8217;s Variety Meat Bites liofilizuoti skan\u0117stai \u0161unims 20g (vi\u0161tiena)"},"content":{"rendered":"<ul>\n<li style=\"font-weight: 400;\" aria-level=\"1\"><span style=\"font-weight: 400;\">Nat\u016bral\u016bs ingredientai: Sud\u0117tyje tik 100% vi\u0161tiena, be joki\u0173 pried\u0173, da\u017eikli\u0173 ar konservant\u0173.<\/span><\/li>\n<li style=\"font-weight: 400;\" aria-level=\"1\"><span style=\"font-weight: 400;\">Vieno baltymo \u0161altinis: Tinka \u0161unims, turintiems jautrum\u0105 \u012fvairiems baltymams.<\/span><\/li>\n<li style=\"font-weight: 400;\" aria-level=\"1\"><span style=\"font-weight: 400;\">Minimalus apdorojimas: D\u017eiovinimas \u0161altyje i\u0161saugo \u017ealios m\u0117sos maistines savybes, skon\u012f ir tekst\u016br\u0105.<\/span><\/li>\n<li style=\"font-weight: 400;\" aria-level=\"1\"><span style=\"font-weight: 400;\">Auk\u0161tos kokyb\u0117s m\u0117sa: Pagaminti i\u0161 kruop\u0161\u010diai atrinktos vi\u0161tienos.<\/span><\/li>\n<li style=\"font-weight: 400;\" aria-level=\"1\"><span style=\"font-weight: 400;\">Universalus naudojimas: Tinka vis\u0173 veisli\u0173 ir dyd\u017ei\u0173 \u0161unims kaip u\u017ekandis ar atlygis.<\/span><\/li>\n<\/ul>\n<p><span style=\"font-weight: 400;\">\u201eNature\u2019s Variety Meat Bites\u201d vi\u0161tienos skan\u0117stai yra sveikas ir nat\u016bralus pasirinkimas, suteikiantis j\u016bs\u0173 \u0161uniui malonum\u0105 ir maistines med\u017eiagas. Lengvas apdorojimo procesas garantuoja, kad skan\u0117stai i\u0161laiko \u017ealios m\u0117sos vert\u0119 ir skon\u012f, tod\u0117l j\u016bs\u0173 augintinis juos pam\u0117gs.<\/span><\/p>\n","protected":false},"excerpt":{"rendered":"<p lang=\"lt-LT\"><span style=\"font-weight: 400;\">\u0160ie liofilizuoti vi\u0161tienos skan\u0117stai yra 100% nat\u016bral\u016bs ir pagaminti naudojant minimal\u0173 apdorojim\u0105, kad b\u016bt\u0173 i\u0161saugotos visos maistin\u0117s savyb\u0117s. Puikus pasirinkimas kaip u\u017ekandis ar atlygis j\u016bs\u0173 \u0161uniui.<\/span><\/p>\n","protected":false},"featured_media":14766,"template":"","meta":[],"product_brand":[],"product_cat":[101,103,106,335],"product_tag":[],"class_list":{"0":"post-14765","1":"product","2":"type-product","3":"status-publish","4":"has-post-thumbnail","6":"product_cat-sunims","7":"product_cat-sunu-maistas","8":"product_cat-skanestai","9":"product_cat-natures-variety-sunu-maistas","10":"pa_prekinis-zenklas-natures-variety","12":"first","13":"outofstock","14":"taxable","15":"shipping-taxable","16":"purchasable","17":"product-type-simple"},"yoast_head":"<!-- This site is optimized with the Yoast SEO Premium plugin v27.1 (Yoast SEO v27.5) - https:\/\/yoast.com\/product\/yoast-seo-premium-wordpress\/ -->\n<title>Nature&#039;s Variety Meat Bites liofilizuoti skan\u0117stai \u0161unims 20g (vi\u0161tiena) - anivet.lt<\/title>\n<meta name=\"description\" content=\"\u0160ie liofilizuoti vi\u0161tienos skan\u0117stai yra 100% nat\u016bral\u016bs ir pagaminti naudojant minimal\u0173 apdorojim\u0105, kad b\u016bt\u0173 i\u0161saugotos visos maistin\u0117s savyb\u0117s. Puikus pasirinkimas kaip u\u017ekandis ar atlygis j\u016bs\u0173 \u0161uniui.\" \/>\n<meta name=\"robots\" content=\"index, follow, max-snippet:-1, max-image-preview:large, max-video-preview:-1\" \/>\n<link rel=\"canonical\" href=\"https:\/\/anivet.lt\/elparduotuve\/produktas\/meat-bites-liofilizuoti-skanestai-sunims-20g-vistiena\/\" \/>\n<meta property=\"og:locale\" content=\"lt_LT\" \/>\n<meta property=\"og:type\" content=\"article\" \/>\n<meta property=\"og:title\" content=\"Nature&#039;s Variety Meat Bites liofilizuoti skan\u0117stai \u0161unims 20g (vi\u0161tiena)\" \/>\n<meta property=\"og:description\" content=\"\u0160ie liofilizuoti vi\u0161tienos skan\u0117stai yra 100% nat\u016bral\u016bs ir pagaminti naudojant minimal\u0173 apdorojim\u0105, kad b\u016bt\u0173 i\u0161saugotos visos maistin\u0117s savyb\u0117s. Puikus pasirinkimas kaip u\u017ekandis ar atlygis j\u016bs\u0173 \u0161uniui.\" \/>\n<meta property=\"og:url\" content=\"https:\/\/anivet.lt\/elparduotuve\/produktas\/meat-bites-liofilizuoti-skanestai-sunims-20g-vistiena\/\" \/>\n<meta property=\"og:site_name\" content=\"anivet.lt\" \/>\n<meta property=\"article:modified_time\" content=\"2026-05-04T12:16:37+00:00\" \/>\n<meta property=\"og:image\" content=\"https:\/\/anivet.lt\/elparduotuve\/wp-content\/uploads\/2024\/10\/Meat-Bites-vistiena-20-g.png\" \/>\n\t<meta property=\"og:image:width\" content=\"650\" \/>\n\t<meta property=\"og:image:height\" content=\"650\" \/>\n\t<meta property=\"og:image:type\" content=\"image\/png\" \/>\n<meta name=\"twitter:card\" content=\"summary_large_image\" \/>\n<meta name=\"twitter:label1\" content=\"Est. reading time\" \/>\n\t<meta name=\"twitter:data1\" content=\"1 minut\u0117\" \/>\n<script type=\"application\/ld+json\" class=\"yoast-schema-graph\">{\"@context\":\"https:\\\/\\\/schema.org\",\"@graph\":[{\"@type\":\"WebPage\",\"@id\":\"https:\\\/\\\/anivet.lt\\\/elparduotuve\\\/produktas\\\/meat-bites-liofilizuoti-skanestai-sunims-20g-vistiena\\\/\",\"url\":\"https:\\\/\\\/anivet.lt\\\/elparduotuve\\\/produktas\\\/meat-bites-liofilizuoti-skanestai-sunims-20g-vistiena\\\/\",\"name\":\"Nature's Variety Meat Bites liofilizuoti skan\u0117stai \u0161unims 20g (vi\u0161tiena) - anivet.lt\",\"isPartOf\":{\"@id\":\"https:\\\/\\\/anivet.lt\\\/elparduotuve\\\/#website\"},\"primaryImageOfPage\":{\"@id\":\"https:\\\/\\\/anivet.lt\\\/elparduotuve\\\/produktas\\\/meat-bites-liofilizuoti-skanestai-sunims-20g-vistiena\\\/#primaryimage\"},\"image\":{\"@id\":\"https:\\\/\\\/anivet.lt\\\/elparduotuve\\\/produktas\\\/meat-bites-liofilizuoti-skanestai-sunims-20g-vistiena\\\/#primaryimage\"},\"thumbnailUrl\":\"https:\\\/\\\/anivet.lt\\\/elparduotuve\\\/wp-content\\\/uploads\\\/2024\\\/10\\\/Meat-Bites-vistiena-20-g.png\",\"datePublished\":\"2024-10-16T21:16:02+00:00\",\"dateModified\":\"2026-05-04T12:16:37+00:00\",\"description\":\"\u0160ie liofilizuoti vi\u0161tienos skan\u0117stai yra 100% nat\u016bral\u016bs ir pagaminti naudojant minimal\u0173 apdorojim\u0105, kad b\u016bt\u0173 i\u0161saugotos visos maistin\u0117s savyb\u0117s. Puikus pasirinkimas kaip u\u017ekandis ar atlygis j\u016bs\u0173 \u0161uniui.\",\"breadcrumb\":{\"@id\":\"https:\\\/\\\/anivet.lt\\\/elparduotuve\\\/produktas\\\/meat-bites-liofilizuoti-skanestai-sunims-20g-vistiena\\\/#breadcrumb\"},\"inLanguage\":\"lt-LT\",\"potentialAction\":[{\"@type\":\"ReadAction\",\"target\":[\"https:\\\/\\\/anivet.lt\\\/elparduotuve\\\/produktas\\\/meat-bites-liofilizuoti-skanestai-sunims-20g-vistiena\\\/\"]}]},{\"@type\":\"ImageObject\",\"inLanguage\":\"lt-LT\",\"@id\":\"https:\\\/\\\/anivet.lt\\\/elparduotuve\\\/produktas\\\/meat-bites-liofilizuoti-skanestai-sunims-20g-vistiena\\\/#primaryimage\",\"url\":\"https:\\\/\\\/anivet.lt\\\/elparduotuve\\\/wp-content\\\/uploads\\\/2024\\\/10\\\/Meat-Bites-vistiena-20-g.png\",\"contentUrl\":\"https:\\\/\\\/anivet.lt\\\/elparduotuve\\\/wp-content\\\/uploads\\\/2024\\\/10\\\/Meat-Bites-vistiena-20-g.png\",\"width\":650,\"height\":650,\"caption\":\"Nature's Variety Meat Bites liofilizuoti skan\u0117stai \u0161unims 20g (vi\u0161tiena)\"},{\"@type\":\"BreadcrumbList\",\"@id\":\"https:\\\/\\\/anivet.lt\\\/elparduotuve\\\/produktas\\\/meat-bites-liofilizuoti-skanestai-sunims-20g-vistiena\\\/#breadcrumb\",\"itemListElement\":[{\"@type\":\"ListItem\",\"position\":1,\"name\":\"Home\",\"item\":\"https:\\\/\\\/anivet.lt\\\/elparduotuve\\\/\"},{\"@type\":\"ListItem\",\"position\":2,\"name\":\"Produktai\",\"item\":\"https:\\\/\\\/anivet.lt\\\/elparduotuve\\\/produktai\\\/\"},{\"@type\":\"ListItem\",\"position\":3,\"name\":\"Nature&#8217;s Variety Meat Bites liofilizuoti skan\u0117stai \u0161unims 20g (vi\u0161tiena)\"}]},{\"@type\":\"WebSite\",\"@id\":\"https:\\\/\\\/anivet.lt\\\/elparduotuve\\\/#website\",\"url\":\"https:\\\/\\\/anivet.lt\\\/elparduotuve\\\/\",\"name\":\"anivet.lt\",\"description\":\"Viskas J\u016bs\u0173 \u0161uns, kat\u0117s prie\u017ei\u016brai\",\"publisher\":{\"@id\":\"https:\\\/\\\/anivet.lt\\\/elparduotuve\\\/#organization\"},\"alternateName\":\"Viskas J\u016bs\u0173 \u0161uns, kat\u0117s prie\u017ei\u016brai\",\"potentialAction\":[{\"@type\":\"SearchAction\",\"target\":{\"@type\":\"EntryPoint\",\"urlTemplate\":\"https:\\\/\\\/anivet.lt\\\/elparduotuve\\\/?s={search_term_string}\"},\"query-input\":{\"@type\":\"PropertyValueSpecification\",\"valueRequired\":true,\"valueName\":\"search_term_string\"}}],\"inLanguage\":\"lt-LT\"},{\"@type\":\"Organization\",\"@id\":\"https:\\\/\\\/anivet.lt\\\/elparduotuve\\\/#organization\",\"name\":\"Viskas J\u016bs\u0173 \u0161uns, kat\u0117s prie\u017ei\u016brai\",\"url\":\"https:\\\/\\\/anivet.lt\\\/elparduotuve\\\/\",\"logo\":{\"@type\":\"ImageObject\",\"inLanguage\":\"lt-LT\",\"@id\":\"https:\\\/\\\/anivet.lt\\\/elparduotuve\\\/#\\\/schema\\\/logo\\\/image\\\/\",\"url\":\"https:\\\/\\\/anivet.lt\\\/elparduotuve\\\/wp-content\\\/uploads\\\/2023\\\/06\\\/logo2.jpg\",\"contentUrl\":\"https:\\\/\\\/anivet.lt\\\/elparduotuve\\\/wp-content\\\/uploads\\\/2023\\\/06\\\/logo2.jpg\",\"width\":655,\"height\":194,\"caption\":\"Viskas J\u016bs\u0173 \u0161uns, kat\u0117s prie\u017ei\u016brai\"},\"image\":{\"@id\":\"https:\\\/\\\/anivet.lt\\\/elparduotuve\\\/#\\\/schema\\\/logo\\\/image\\\/\"}}]}<\/script>\n<!-- \/ Yoast SEO Premium plugin. -->","yoast_head_json":{"title":"Nature's Variety Meat Bites liofilizuoti skan\u0117stai \u0161unims 20g (vi\u0161tiena) - anivet.lt","description":"\u0160ie liofilizuoti vi\u0161tienos skan\u0117stai yra 100% nat\u016bral\u016bs ir pagaminti naudojant minimal\u0173 apdorojim\u0105, kad b\u016bt\u0173 i\u0161saugotos visos maistin\u0117s savyb\u0117s. Puikus pasirinkimas kaip u\u017ekandis ar atlygis j\u016bs\u0173 \u0161uniui.","robots":{"index":"index","follow":"follow","max-snippet":"max-snippet:-1","max-image-preview":"max-image-preview:large","max-video-preview":"max-video-preview:-1"},"canonical":"https:\/\/anivet.lt\/elparduotuve\/produktas\/meat-bites-liofilizuoti-skanestai-sunims-20g-vistiena\/","og_locale":"lt_LT","og_type":"article","og_title":"Nature's Variety Meat Bites liofilizuoti skan\u0117stai \u0161unims 20g (vi\u0161tiena)","og_description":"\u0160ie liofilizuoti vi\u0161tienos skan\u0117stai yra 100% nat\u016bral\u016bs ir pagaminti naudojant minimal\u0173 apdorojim\u0105, kad b\u016bt\u0173 i\u0161saugotos visos maistin\u0117s savyb\u0117s. Puikus pasirinkimas kaip u\u017ekandis ar atlygis j\u016bs\u0173 \u0161uniui.","og_url":"https:\/\/anivet.lt\/elparduotuve\/produktas\/meat-bites-liofilizuoti-skanestai-sunims-20g-vistiena\/","og_site_name":"anivet.lt","article_modified_time":"2026-05-04T12:16:37+00:00","og_image":[{"width":650,"height":650,"url":"https:\/\/anivet.lt\/elparduotuve\/wp-content\/uploads\/2024\/10\/Meat-Bites-vistiena-20-g.png","type":"image\/png"}],"twitter_card":"summary_large_image","twitter_misc":{"Est. reading time":"1 minut\u0117"},"schema":{"@context":"https:\/\/schema.org","@graph":[{"@type":"WebPage","@id":"https:\/\/anivet.lt\/elparduotuve\/produktas\/meat-bites-liofilizuoti-skanestai-sunims-20g-vistiena\/","url":"https:\/\/anivet.lt\/elparduotuve\/produktas\/meat-bites-liofilizuoti-skanestai-sunims-20g-vistiena\/","name":"Nature's Variety Meat Bites liofilizuoti skan\u0117stai \u0161unims 20g (vi\u0161tiena) - anivet.lt","isPartOf":{"@id":"https:\/\/anivet.lt\/elparduotuve\/#website"},"primaryImageOfPage":{"@id":"https:\/\/anivet.lt\/elparduotuve\/produktas\/meat-bites-liofilizuoti-skanestai-sunims-20g-vistiena\/#primaryimage"},"image":{"@id":"https:\/\/anivet.lt\/elparduotuve\/produktas\/meat-bites-liofilizuoti-skanestai-sunims-20g-vistiena\/#primaryimage"},"thumbnailUrl":"https:\/\/anivet.lt\/elparduotuve\/wp-content\/uploads\/2024\/10\/Meat-Bites-vistiena-20-g.png","datePublished":"2024-10-16T21:16:02+00:00","dateModified":"2026-05-04T12:16:37+00:00","description":"\u0160ie liofilizuoti vi\u0161tienos skan\u0117stai yra 100% nat\u016bral\u016bs ir pagaminti naudojant minimal\u0173 apdorojim\u0105, kad b\u016bt\u0173 i\u0161saugotos visos maistin\u0117s savyb\u0117s. Puikus pasirinkimas kaip u\u017ekandis ar atlygis j\u016bs\u0173 \u0161uniui.","breadcrumb":{"@id":"https:\/\/anivet.lt\/elparduotuve\/produktas\/meat-bites-liofilizuoti-skanestai-sunims-20g-vistiena\/#breadcrumb"},"inLanguage":"lt-LT","potentialAction":[{"@type":"ReadAction","target":["https:\/\/anivet.lt\/elparduotuve\/produktas\/meat-bites-liofilizuoti-skanestai-sunims-20g-vistiena\/"]}]},{"@type":"ImageObject","inLanguage":"lt-LT","@id":"https:\/\/anivet.lt\/elparduotuve\/produktas\/meat-bites-liofilizuoti-skanestai-sunims-20g-vistiena\/#primaryimage","url":"https:\/\/anivet.lt\/elparduotuve\/wp-content\/uploads\/2024\/10\/Meat-Bites-vistiena-20-g.png","contentUrl":"https:\/\/anivet.lt\/elparduotuve\/wp-content\/uploads\/2024\/10\/Meat-Bites-vistiena-20-g.png","width":650,"height":650,"caption":"Nature's Variety Meat Bites liofilizuoti skan\u0117stai \u0161unims 20g (vi\u0161tiena)"},{"@type":"BreadcrumbList","@id":"https:\/\/anivet.lt\/elparduotuve\/produktas\/meat-bites-liofilizuoti-skanestai-sunims-20g-vistiena\/#breadcrumb","itemListElement":[{"@type":"ListItem","position":1,"name":"Home","item":"https:\/\/anivet.lt\/elparduotuve\/"},{"@type":"ListItem","position":2,"name":"Produktai","item":"https:\/\/anivet.lt\/elparduotuve\/produktai\/"},{"@type":"ListItem","position":3,"name":"Nature&#8217;s Variety Meat Bites liofilizuoti skan\u0117stai \u0161unims 20g (vi\u0161tiena)"}]},{"@type":"WebSite","@id":"https:\/\/anivet.lt\/elparduotuve\/#website","url":"https:\/\/anivet.lt\/elparduotuve\/","name":"anivet.lt","description":"Viskas J\u016bs\u0173 \u0161uns, kat\u0117s prie\u017ei\u016brai","publisher":{"@id":"https:\/\/anivet.lt\/elparduotuve\/#organization"},"alternateName":"Viskas J\u016bs\u0173 \u0161uns, kat\u0117s prie\u017ei\u016brai","potentialAction":[{"@type":"SearchAction","target":{"@type":"EntryPoint","urlTemplate":"https:\/\/anivet.lt\/elparduotuve\/?s={search_term_string}"},"query-input":{"@type":"PropertyValueSpecification","valueRequired":true,"valueName":"search_term_string"}}],"inLanguage":"lt-LT"},{"@type":"Organization","@id":"https:\/\/anivet.lt\/elparduotuve\/#organization","name":"Viskas J\u016bs\u0173 \u0161uns, kat\u0117s prie\u017ei\u016brai","url":"https:\/\/anivet.lt\/elparduotuve\/","logo":{"@type":"ImageObject","inLanguage":"lt-LT","@id":"https:\/\/anivet.lt\/elparduotuve\/#\/schema\/logo\/image\/","url":"https:\/\/anivet.lt\/elparduotuve\/wp-content\/uploads\/2023\/06\/logo2.jpg","contentUrl":"https:\/\/anivet.lt\/elparduotuve\/wp-content\/uploads\/2023\/06\/logo2.jpg","width":655,"height":194,"caption":"Viskas J\u016bs\u0173 \u0161uns, kat\u0117s prie\u017ei\u016brai"},"image":{"@id":"https:\/\/anivet.lt\/elparduotuve\/#\/schema\/logo\/image\/"}}]}},"_links":{"self":[{"href":"https:\/\/anivet.lt\/elparduotuve\/wp-json\/wp\/v2\/product\/14765","targetHints":{"allow":["GET"]}}],"collection":[{"href":"https:\/\/anivet.lt\/elparduotuve\/wp-json\/wp\/v2\/product"}],"about":[{"href":"https:\/\/anivet.lt\/elparduotuve\/wp-json\/wp\/v2\/types\/product"}],"wp:featuredmedia":[{"embeddable":true,"href":"https:\/\/anivet.lt\/elparduotuve\/wp-json\/wp\/v2\/media\/14766"}],"wp:attachment":[{"href":"https:\/\/anivet.lt\/elparduotuve\/wp-json\/wp\/v2\/media?parent=14765"}],"wp:term":[{"taxonomy":"product_brand","embeddable":true,"href":"https:\/\/anivet.lt\/elparduotuve\/wp-json\/wp\/v2\/product_brand?post=14765"},{"taxonomy":"product_cat","embeddable":true,"href":"https:\/\/anivet.lt\/elparduotuve\/wp-json\/wp\/v2\/product_cat?post=14765"},{"taxonomy":"product_tag","embeddable":true,"href":"https:\/\/anivet.lt\/elparduotuve\/wp-json\/wp\/v2\/product_tag?post=14765"}],"curies":[{"name":"wp","href":"https:\/\/api.w.org\/{rel}","templated":true}]}}