{"id":14868,"date":"2024-10-29T13:37:48","date_gmt":"2024-10-29T13:37:48","guid":{"rendered":"https:\/\/anivet.lt\/elparduotuve\/?post_type=product&#038;p=14868"},"modified":"2026-02-25T18:25:18","modified_gmt":"2026-02-25T18:25:18","slug":"mr-bandit-creamy-mousse-skanestai-katems-su-lasisa-60g","status":"publish","type":"product","link":"https:\/\/anivet.lt\/elparduotuve\/produktas\/mr-bandit-creamy-mousse-skanestai-katems-su-lasisa-60g\/","title":{"rendered":"Mr.Bandit Creamy Mousse skan\u0117stai kat\u0117ms su la\u0161i\u0161a 60g"},"content":{"rendered":"<ul>\n<li style=\"font-weight: 400;\" aria-level=\"1\"><span style=\"font-weight: 400;\">Auk\u0161tas la\u0161i\u0161os kiekis: 88 % la\u0161i\u0161os, praturtintos hidrolizuota la\u0161i\u0161a, u\u017etikrina nat\u016bral\u0173 skon\u012f ir lengv\u0105 vir\u0161kinim\u0105.<\/span><\/li>\n<li style=\"font-weight: 400;\" aria-level=\"1\"><span style=\"font-weight: 400;\">Kremin\u0117 tekst\u016bra: Tobulai tinka kaip u\u017ekandis arba papildas prie pagrindinio pa\u0161aro.<\/span><\/li>\n<li style=\"font-weight: 400;\" aria-level=\"1\"><span style=\"font-weight: 400;\">Nat\u016brali sud\u0117tis: Sud\u0117tyje n\u0117ra dirbtini\u0173 pried\u0173, tik auk\u0161tos kokyb\u0117s ingredientai.<\/span><\/li>\n<li style=\"font-weight: 400;\" aria-level=\"1\"><span style=\"font-weight: 400;\">Papildytas mineralais: Palaiko kat\u0117s sveikat\u0105 ir ger\u0105 savijaut\u0105.<\/span><\/li>\n<li style=\"font-weight: 400;\" aria-level=\"1\"><span style=\"font-weight: 400;\">Ma\u017eai riebal\u0173: Tik 1,5 % riebal\u0173, tod\u0117l skan\u0117stas tinka ir ma\u017eiau aktyvioms kat\u0117ms.<\/span><\/li>\n<\/ul>\n<p><span style=\"font-weight: 400;\">\u0160is skan\u0117stas ne tik lepina j\u016bs\u0173 kat\u0119 puikiu skoniu, bet ir suteikia svarbi\u0173 maistini\u0173 med\u017eiag\u0173. D\u0117l nat\u016bralios sud\u0117ties ir \u0161velnios tekst\u016bros tai idealus u\u017ekandis, kuris u\u017etikrina j\u016bs\u0173 augintinio d\u017eiaugsm\u0105 ir sveik\u0105 mityb\u0105.<\/span><\/p>\n","protected":false},"excerpt":{"rendered":"<p><span style=\"font-weight: 400;\">Subtilus ir gardus skan\u0117stas j\u016bs\u0173 katei. \u0160is put\u0117siai su la\u0161i\u0161a yra ypatingai kremin\u0117s tekst\u016bros ir intensyvaus m\u0117singo skonio, kuris u\u017eburia net i\u0161rankiausius augintinius. Puikus pasirinkimas norint palepinti kat\u0119 ar sustiprinti j\u016bs\u0173 ry\u0161\u012f su ja.<\/span><\/p>\n","protected":false},"featured_media":14869,"template":"","meta":[],"product_brand":[],"product_cat":[114,102,117],"product_tag":[],"class_list":{"0":"post-14868","1":"product","2":"type-product","3":"status-publish","4":"has-post-thumbnail","6":"product_cat-kaciu-maistas","7":"product_cat-katems","8":"product_cat-skanestai-katems","9":"pa_prekinis-zenklas-mr-bandit","11":"first","12":"instock","13":"taxable","14":"shipping-taxable","15":"purchasable","16":"product-type-simple"},"yoast_head":"<!-- This site is optimized with the Yoast SEO Premium plugin v27.1 (Yoast SEO v27.5) - https:\/\/yoast.com\/product\/yoast-seo-premium-wordpress\/ -->\n<title>Mr.Bandit Creamy Mousse skan\u0117stai kat\u0117ms su la\u0161i\u0161a 60g - anivet.lt<\/title>\n<meta name=\"description\" content=\"Subtilus ir gardus skan\u0117stas j\u016bs\u0173 katei. \u0160is put\u0117siai su la\u0161i\u0161a yra ypatingai kremin\u0117s tekst\u016bros ir intensyvaus m\u0117singo skonio, kuris u\u017eburia net i\u0161rankiausius augintinius. Puikus pasirinkimas norint palepinti kat\u0119 ar sustiprinti j\u016bs\u0173 ry\u0161\u012f su ja.\" \/>\n<meta name=\"robots\" content=\"index, follow, max-snippet:-1, max-image-preview:large, max-video-preview:-1\" \/>\n<link rel=\"canonical\" href=\"https:\/\/anivet.lt\/elparduotuve\/produktas\/mr-bandit-creamy-mousse-skanestai-katems-su-lasisa-60g\/\" \/>\n<meta property=\"og:locale\" content=\"lt_LT\" \/>\n<meta property=\"og:type\" content=\"article\" \/>\n<meta property=\"og:title\" content=\"Mr.Bandit Creamy Mousse skan\u0117stai kat\u0117ms su la\u0161i\u0161a 60g\" \/>\n<meta property=\"og:description\" content=\"Subtilus ir gardus skan\u0117stas j\u016bs\u0173 katei. \u0160is put\u0117siai su la\u0161i\u0161a yra ypatingai kremin\u0117s tekst\u016bros ir intensyvaus m\u0117singo skonio, kuris u\u017eburia net i\u0161rankiausius augintinius. Puikus pasirinkimas norint palepinti kat\u0119 ar sustiprinti j\u016bs\u0173 ry\u0161\u012f su ja.\" \/>\n<meta property=\"og:url\" content=\"https:\/\/anivet.lt\/elparduotuve\/produktas\/mr-bandit-creamy-mousse-skanestai-katems-su-lasisa-60g\/\" \/>\n<meta property=\"og:site_name\" content=\"anivet.lt\" \/>\n<meta property=\"article:modified_time\" content=\"2026-02-25T18:25:18+00:00\" \/>\n<meta property=\"og:image\" content=\"https:\/\/anivet.lt\/elparduotuve\/wp-content\/uploads\/2024\/10\/Mr-Bandit-Creamy-Mousse-naujas.png\" \/>\n\t<meta property=\"og:image:width\" content=\"400\" \/>\n\t<meta property=\"og:image:height\" content=\"400\" \/>\n\t<meta property=\"og:image:type\" content=\"image\/png\" \/>\n<meta name=\"twitter:card\" content=\"summary_large_image\" \/>\n<meta name=\"twitter:label1\" content=\"Est. reading time\" \/>\n\t<meta name=\"twitter:data1\" content=\"1 minut\u0117\" \/>\n<script type=\"application\/ld+json\" class=\"yoast-schema-graph\">{\"@context\":\"https:\\\/\\\/schema.org\",\"@graph\":[{\"@type\":\"WebPage\",\"@id\":\"https:\\\/\\\/anivet.lt\\\/elparduotuve\\\/produktas\\\/mr-bandit-creamy-mousse-skanestai-katems-su-lasisa-60g\\\/\",\"url\":\"https:\\\/\\\/anivet.lt\\\/elparduotuve\\\/produktas\\\/mr-bandit-creamy-mousse-skanestai-katems-su-lasisa-60g\\\/\",\"name\":\"Mr.Bandit Creamy Mousse skan\u0117stai kat\u0117ms su la\u0161i\u0161a 60g - anivet.lt\",\"isPartOf\":{\"@id\":\"https:\\\/\\\/anivet.lt\\\/elparduotuve\\\/#website\"},\"primaryImageOfPage\":{\"@id\":\"https:\\\/\\\/anivet.lt\\\/elparduotuve\\\/produktas\\\/mr-bandit-creamy-mousse-skanestai-katems-su-lasisa-60g\\\/#primaryimage\"},\"image\":{\"@id\":\"https:\\\/\\\/anivet.lt\\\/elparduotuve\\\/produktas\\\/mr-bandit-creamy-mousse-skanestai-katems-su-lasisa-60g\\\/#primaryimage\"},\"thumbnailUrl\":\"https:\\\/\\\/anivet.lt\\\/elparduotuve\\\/wp-content\\\/uploads\\\/2024\\\/10\\\/Mr-Bandit-Creamy-Mousse-naujas.png\",\"datePublished\":\"2024-10-29T13:37:48+00:00\",\"dateModified\":\"2026-02-25T18:25:18+00:00\",\"description\":\"Subtilus ir gardus skan\u0117stas j\u016bs\u0173 katei. \u0160is put\u0117siai su la\u0161i\u0161a yra ypatingai kremin\u0117s tekst\u016bros ir intensyvaus m\u0117singo skonio, kuris u\u017eburia net i\u0161rankiausius augintinius. Puikus pasirinkimas norint palepinti kat\u0119 ar sustiprinti j\u016bs\u0173 ry\u0161\u012f su ja.\",\"breadcrumb\":{\"@id\":\"https:\\\/\\\/anivet.lt\\\/elparduotuve\\\/produktas\\\/mr-bandit-creamy-mousse-skanestai-katems-su-lasisa-60g\\\/#breadcrumb\"},\"inLanguage\":\"lt-LT\",\"potentialAction\":[{\"@type\":\"ReadAction\",\"target\":[\"https:\\\/\\\/anivet.lt\\\/elparduotuve\\\/produktas\\\/mr-bandit-creamy-mousse-skanestai-katems-su-lasisa-60g\\\/\"]}]},{\"@type\":\"ImageObject\",\"inLanguage\":\"lt-LT\",\"@id\":\"https:\\\/\\\/anivet.lt\\\/elparduotuve\\\/produktas\\\/mr-bandit-creamy-mousse-skanestai-katems-su-lasisa-60g\\\/#primaryimage\",\"url\":\"https:\\\/\\\/anivet.lt\\\/elparduotuve\\\/wp-content\\\/uploads\\\/2024\\\/10\\\/Mr-Bandit-Creamy-Mousse-naujas.png\",\"contentUrl\":\"https:\\\/\\\/anivet.lt\\\/elparduotuve\\\/wp-content\\\/uploads\\\/2024\\\/10\\\/Mr-Bandit-Creamy-Mousse-naujas.png\",\"width\":400,\"height\":400,\"caption\":\"Mr.Bandit Creamy Mousse skan\u0117stai kat\u0117ms su la\u0161i\u0161a 60g\"},{\"@type\":\"BreadcrumbList\",\"@id\":\"https:\\\/\\\/anivet.lt\\\/elparduotuve\\\/produktas\\\/mr-bandit-creamy-mousse-skanestai-katems-su-lasisa-60g\\\/#breadcrumb\",\"itemListElement\":[{\"@type\":\"ListItem\",\"position\":1,\"name\":\"Home\",\"item\":\"https:\\\/\\\/anivet.lt\\\/elparduotuve\\\/\"},{\"@type\":\"ListItem\",\"position\":2,\"name\":\"Produktai\",\"item\":\"https:\\\/\\\/anivet.lt\\\/elparduotuve\\\/produktai\\\/\"},{\"@type\":\"ListItem\",\"position\":3,\"name\":\"Mr.Bandit Creamy Mousse skan\u0117stai kat\u0117ms su la\u0161i\u0161a 60g\"}]},{\"@type\":\"WebSite\",\"@id\":\"https:\\\/\\\/anivet.lt\\\/elparduotuve\\\/#website\",\"url\":\"https:\\\/\\\/anivet.lt\\\/elparduotuve\\\/\",\"name\":\"anivet.lt\",\"description\":\"Viskas J\u016bs\u0173 \u0161uns, kat\u0117s prie\u017ei\u016brai\",\"publisher\":{\"@id\":\"https:\\\/\\\/anivet.lt\\\/elparduotuve\\\/#organization\"},\"alternateName\":\"Viskas J\u016bs\u0173 \u0161uns, kat\u0117s prie\u017ei\u016brai\",\"potentialAction\":[{\"@type\":\"SearchAction\",\"target\":{\"@type\":\"EntryPoint\",\"urlTemplate\":\"https:\\\/\\\/anivet.lt\\\/elparduotuve\\\/?s={search_term_string}\"},\"query-input\":{\"@type\":\"PropertyValueSpecification\",\"valueRequired\":true,\"valueName\":\"search_term_string\"}}],\"inLanguage\":\"lt-LT\"},{\"@type\":\"Organization\",\"@id\":\"https:\\\/\\\/anivet.lt\\\/elparduotuve\\\/#organization\",\"name\":\"Viskas J\u016bs\u0173 \u0161uns, kat\u0117s prie\u017ei\u016brai\",\"url\":\"https:\\\/\\\/anivet.lt\\\/elparduotuve\\\/\",\"logo\":{\"@type\":\"ImageObject\",\"inLanguage\":\"lt-LT\",\"@id\":\"https:\\\/\\\/anivet.lt\\\/elparduotuve\\\/#\\\/schema\\\/logo\\\/image\\\/\",\"url\":\"https:\\\/\\\/anivet.lt\\\/elparduotuve\\\/wp-content\\\/uploads\\\/2023\\\/06\\\/logo2.jpg\",\"contentUrl\":\"https:\\\/\\\/anivet.lt\\\/elparduotuve\\\/wp-content\\\/uploads\\\/2023\\\/06\\\/logo2.jpg\",\"width\":655,\"height\":194,\"caption\":\"Viskas J\u016bs\u0173 \u0161uns, kat\u0117s prie\u017ei\u016brai\"},\"image\":{\"@id\":\"https:\\\/\\\/anivet.lt\\\/elparduotuve\\\/#\\\/schema\\\/logo\\\/image\\\/\"}}]}<\/script>\n<!-- \/ Yoast SEO Premium plugin. -->","yoast_head_json":{"title":"Mr.Bandit Creamy Mousse skan\u0117stai kat\u0117ms su la\u0161i\u0161a 60g - anivet.lt","description":"Subtilus ir gardus skan\u0117stas j\u016bs\u0173 katei. \u0160is put\u0117siai su la\u0161i\u0161a yra ypatingai kremin\u0117s tekst\u016bros ir intensyvaus m\u0117singo skonio, kuris u\u017eburia net i\u0161rankiausius augintinius. Puikus pasirinkimas norint palepinti kat\u0119 ar sustiprinti j\u016bs\u0173 ry\u0161\u012f su ja.","robots":{"index":"index","follow":"follow","max-snippet":"max-snippet:-1","max-image-preview":"max-image-preview:large","max-video-preview":"max-video-preview:-1"},"canonical":"https:\/\/anivet.lt\/elparduotuve\/produktas\/mr-bandit-creamy-mousse-skanestai-katems-su-lasisa-60g\/","og_locale":"lt_LT","og_type":"article","og_title":"Mr.Bandit Creamy Mousse skan\u0117stai kat\u0117ms su la\u0161i\u0161a 60g","og_description":"Subtilus ir gardus skan\u0117stas j\u016bs\u0173 katei. \u0160is put\u0117siai su la\u0161i\u0161a yra ypatingai kremin\u0117s tekst\u016bros ir intensyvaus m\u0117singo skonio, kuris u\u017eburia net i\u0161rankiausius augintinius. Puikus pasirinkimas norint palepinti kat\u0119 ar sustiprinti j\u016bs\u0173 ry\u0161\u012f su ja.","og_url":"https:\/\/anivet.lt\/elparduotuve\/produktas\/mr-bandit-creamy-mousse-skanestai-katems-su-lasisa-60g\/","og_site_name":"anivet.lt","article_modified_time":"2026-02-25T18:25:18+00:00","og_image":[{"width":400,"height":400,"url":"https:\/\/anivet.lt\/elparduotuve\/wp-content\/uploads\/2024\/10\/Mr-Bandit-Creamy-Mousse-naujas.png","type":"image\/png"}],"twitter_card":"summary_large_image","twitter_misc":{"Est. reading time":"1 minut\u0117"},"schema":{"@context":"https:\/\/schema.org","@graph":[{"@type":"WebPage","@id":"https:\/\/anivet.lt\/elparduotuve\/produktas\/mr-bandit-creamy-mousse-skanestai-katems-su-lasisa-60g\/","url":"https:\/\/anivet.lt\/elparduotuve\/produktas\/mr-bandit-creamy-mousse-skanestai-katems-su-lasisa-60g\/","name":"Mr.Bandit Creamy Mousse skan\u0117stai kat\u0117ms su la\u0161i\u0161a 60g - anivet.lt","isPartOf":{"@id":"https:\/\/anivet.lt\/elparduotuve\/#website"},"primaryImageOfPage":{"@id":"https:\/\/anivet.lt\/elparduotuve\/produktas\/mr-bandit-creamy-mousse-skanestai-katems-su-lasisa-60g\/#primaryimage"},"image":{"@id":"https:\/\/anivet.lt\/elparduotuve\/produktas\/mr-bandit-creamy-mousse-skanestai-katems-su-lasisa-60g\/#primaryimage"},"thumbnailUrl":"https:\/\/anivet.lt\/elparduotuve\/wp-content\/uploads\/2024\/10\/Mr-Bandit-Creamy-Mousse-naujas.png","datePublished":"2024-10-29T13:37:48+00:00","dateModified":"2026-02-25T18:25:18+00:00","description":"Subtilus ir gardus skan\u0117stas j\u016bs\u0173 katei. \u0160is put\u0117siai su la\u0161i\u0161a yra ypatingai kremin\u0117s tekst\u016bros ir intensyvaus m\u0117singo skonio, kuris u\u017eburia net i\u0161rankiausius augintinius. Puikus pasirinkimas norint palepinti kat\u0119 ar sustiprinti j\u016bs\u0173 ry\u0161\u012f su ja.","breadcrumb":{"@id":"https:\/\/anivet.lt\/elparduotuve\/produktas\/mr-bandit-creamy-mousse-skanestai-katems-su-lasisa-60g\/#breadcrumb"},"inLanguage":"lt-LT","potentialAction":[{"@type":"ReadAction","target":["https:\/\/anivet.lt\/elparduotuve\/produktas\/mr-bandit-creamy-mousse-skanestai-katems-su-lasisa-60g\/"]}]},{"@type":"ImageObject","inLanguage":"lt-LT","@id":"https:\/\/anivet.lt\/elparduotuve\/produktas\/mr-bandit-creamy-mousse-skanestai-katems-su-lasisa-60g\/#primaryimage","url":"https:\/\/anivet.lt\/elparduotuve\/wp-content\/uploads\/2024\/10\/Mr-Bandit-Creamy-Mousse-naujas.png","contentUrl":"https:\/\/anivet.lt\/elparduotuve\/wp-content\/uploads\/2024\/10\/Mr-Bandit-Creamy-Mousse-naujas.png","width":400,"height":400,"caption":"Mr.Bandit Creamy Mousse skan\u0117stai kat\u0117ms su la\u0161i\u0161a 60g"},{"@type":"BreadcrumbList","@id":"https:\/\/anivet.lt\/elparduotuve\/produktas\/mr-bandit-creamy-mousse-skanestai-katems-su-lasisa-60g\/#breadcrumb","itemListElement":[{"@type":"ListItem","position":1,"name":"Home","item":"https:\/\/anivet.lt\/elparduotuve\/"},{"@type":"ListItem","position":2,"name":"Produktai","item":"https:\/\/anivet.lt\/elparduotuve\/produktai\/"},{"@type":"ListItem","position":3,"name":"Mr.Bandit Creamy Mousse skan\u0117stai kat\u0117ms su la\u0161i\u0161a 60g"}]},{"@type":"WebSite","@id":"https:\/\/anivet.lt\/elparduotuve\/#website","url":"https:\/\/anivet.lt\/elparduotuve\/","name":"anivet.lt","description":"Viskas J\u016bs\u0173 \u0161uns, kat\u0117s prie\u017ei\u016brai","publisher":{"@id":"https:\/\/anivet.lt\/elparduotuve\/#organization"},"alternateName":"Viskas J\u016bs\u0173 \u0161uns, kat\u0117s prie\u017ei\u016brai","potentialAction":[{"@type":"SearchAction","target":{"@type":"EntryPoint","urlTemplate":"https:\/\/anivet.lt\/elparduotuve\/?s={search_term_string}"},"query-input":{"@type":"PropertyValueSpecification","valueRequired":true,"valueName":"search_term_string"}}],"inLanguage":"lt-LT"},{"@type":"Organization","@id":"https:\/\/anivet.lt\/elparduotuve\/#organization","name":"Viskas J\u016bs\u0173 \u0161uns, kat\u0117s prie\u017ei\u016brai","url":"https:\/\/anivet.lt\/elparduotuve\/","logo":{"@type":"ImageObject","inLanguage":"lt-LT","@id":"https:\/\/anivet.lt\/elparduotuve\/#\/schema\/logo\/image\/","url":"https:\/\/anivet.lt\/elparduotuve\/wp-content\/uploads\/2023\/06\/logo2.jpg","contentUrl":"https:\/\/anivet.lt\/elparduotuve\/wp-content\/uploads\/2023\/06\/logo2.jpg","width":655,"height":194,"caption":"Viskas J\u016bs\u0173 \u0161uns, kat\u0117s prie\u017ei\u016brai"},"image":{"@id":"https:\/\/anivet.lt\/elparduotuve\/#\/schema\/logo\/image\/"}}]}},"_links":{"self":[{"href":"https:\/\/anivet.lt\/elparduotuve\/wp-json\/wp\/v2\/product\/14868","targetHints":{"allow":["GET"]}}],"collection":[{"href":"https:\/\/anivet.lt\/elparduotuve\/wp-json\/wp\/v2\/product"}],"about":[{"href":"https:\/\/anivet.lt\/elparduotuve\/wp-json\/wp\/v2\/types\/product"}],"wp:featuredmedia":[{"embeddable":true,"href":"https:\/\/anivet.lt\/elparduotuve\/wp-json\/wp\/v2\/media\/14869"}],"wp:attachment":[{"href":"https:\/\/anivet.lt\/elparduotuve\/wp-json\/wp\/v2\/media?parent=14868"}],"wp:term":[{"taxonomy":"product_brand","embeddable":true,"href":"https:\/\/anivet.lt\/elparduotuve\/wp-json\/wp\/v2\/product_brand?post=14868"},{"taxonomy":"product_cat","embeddable":true,"href":"https:\/\/anivet.lt\/elparduotuve\/wp-json\/wp\/v2\/product_cat?post=14868"},{"taxonomy":"product_tag","embeddable":true,"href":"https:\/\/anivet.lt\/elparduotuve\/wp-json\/wp\/v2\/product_tag?post=14868"}],"curies":[{"name":"wp","href":"https:\/\/api.w.org\/{rel}","templated":true}]}}