{"id":14870,"date":"2024-10-29T13:52:54","date_gmt":"2024-10-29T13:52:54","guid":{"rendered":"https:\/\/anivet.lt\/elparduotuve\/?post_type=product&#038;p=14870"},"modified":"2026-01-29T16:04:48","modified_gmt":"2026-01-29T16:04:48","slug":"mr-bandit-creamy-mousse-skanestai-katems-su-tunu-60g","status":"publish","type":"product","link":"https:\/\/anivet.lt\/elparduotuve\/produktas\/mr-bandit-creamy-mousse-skanestai-katems-su-tunu-60g\/","title":{"rendered":"Mr Bandit Creamy Mousse skan\u0117stai kat\u0117ms su tunu 60g"},"content":{"rendered":"<ul>\n<li style=\"font-weight: 400;\" aria-level=\"1\"><span style=\"font-weight: 400;\">Didelis \u017euvies kiekis: 88% sud\u0117ties sudaro tunas, u\u017etikrinantis auk\u0161tos kokyb\u0117s baltymus ir skon\u012f.<\/span><\/li>\n<li style=\"font-weight: 400;\" aria-level=\"1\"><span style=\"font-weight: 400;\">Lengva ir kremin\u0117 tekst\u016bra: Puikiai tinka net i\u0161rankioms kat\u0117ms ar toms, kurios turi kramtymo sunkum\u0173.<\/span><\/li>\n<li style=\"font-weight: 400;\" aria-level=\"1\"><span style=\"font-weight: 400;\">Nat\u016bral\u016bs ingredientai: Be dirbtini\u0173 da\u017eikli\u0173 ar konservant\u0173, naudojami tik nat\u016bral\u016bs produktai.<\/span><\/li>\n<li style=\"font-weight: 400;\" aria-level=\"1\"><span style=\"font-weight: 400;\">Dr\u0117kinimas ir energija: Didel\u0117 dr\u0117gm\u0117s dalis (82%) padeda u\u017etikrinti pakankam\u0105 skys\u010di\u0173 suvartojim\u0105.<\/span><\/li>\n<li style=\"font-weight: 400;\" aria-level=\"1\"><span style=\"font-weight: 400;\">Subalansuota sud\u0117tis: Tinka kaip sveikas ir lengvai vir\u0161kinamas u\u017ekandis.<\/span><\/li>\n<\/ul>\n<p><span style=\"font-weight: 400;\">\u201eMr. Bandit Creamy Mousse\u201c su tunu \u2013 puikus pasirinkimas norint palepinti savo kat\u0119. \u0160ie skan\u0117stai ne tik d\u017eiugins skonio receptorius, bet ir praturtins j\u016bs\u0173 augintinio mityb\u0105 vertingais baltymais.<\/span><\/p>\n","protected":false},"excerpt":{"rendered":"<p><span style=\"font-weight: 400;\">\u0160ie kremin\u0117s tekst\u016bros skan\u0117stai yra tikras malonumas j\u016bs\u0173 katei, praturtinti auk\u0161tos kokyb\u0117s tunu. Sud\u0117tyje esantys 88% \u017euvies u\u017etikrina nat\u016bral\u0173 skon\u012f ir puiki\u0105 maistin\u0119 vert\u0119.<\/span><\/p>\n","protected":false},"featured_media":14871,"template":"","meta":[],"product_brand":[],"product_cat":[114,102,117],"product_tag":[],"class_list":{"0":"post-14870","1":"product","2":"type-product","3":"status-publish","4":"has-post-thumbnail","6":"product_cat-kaciu-maistas","7":"product_cat-katems","8":"product_cat-skanestai-katems","9":"pa_prekinis-zenklas-mr-bandit","11":"first","12":"instock","13":"taxable","14":"shipping-taxable","15":"purchasable","16":"product-type-simple"},"yoast_head":"<!-- This site is optimized with the Yoast SEO Premium plugin v27.1 (Yoast SEO v27.5) - https:\/\/yoast.com\/product\/yoast-seo-premium-wordpress\/ -->\n<title>Mr Bandit Creamy Mousse skan\u0117stai kat\u0117ms su tunu 60g - anivet.lt<\/title>\n<meta name=\"description\" content=\"\u0160ie kremin\u0117s tekst\u016bros skan\u0117stai yra tikras malonumas j\u016bs\u0173 katei, praturtinti auk\u0161tos kokyb\u0117s tunu. Sud\u0117tyje esantys 88% \u017euvies u\u017etikrina nat\u016bral\u0173 skon\u012f ir puiki\u0105 maistin\u0119 vert\u0119.\" \/>\n<meta name=\"robots\" content=\"index, follow, max-snippet:-1, max-image-preview:large, max-video-preview:-1\" \/>\n<link rel=\"canonical\" href=\"https:\/\/anivet.lt\/elparduotuve\/produktas\/mr-bandit-creamy-mousse-skanestai-katems-su-tunu-60g\/\" \/>\n<meta property=\"og:locale\" content=\"lt_LT\" \/>\n<meta property=\"og:type\" content=\"article\" \/>\n<meta property=\"og:title\" content=\"Mr Bandit Creamy Mousse skan\u0117stai kat\u0117ms su tunu 60g\" \/>\n<meta property=\"og:description\" content=\"\u0160ie kremin\u0117s tekst\u016bros skan\u0117stai yra tikras malonumas j\u016bs\u0173 katei, praturtinti auk\u0161tos kokyb\u0117s tunu. Sud\u0117tyje esantys 88% \u017euvies u\u017etikrina nat\u016bral\u0173 skon\u012f ir puiki\u0105 maistin\u0119 vert\u0119.\" \/>\n<meta property=\"og:url\" content=\"https:\/\/anivet.lt\/elparduotuve\/produktas\/mr-bandit-creamy-mousse-skanestai-katems-su-tunu-60g\/\" \/>\n<meta property=\"og:site_name\" content=\"anivet.lt\" \/>\n<meta property=\"article:modified_time\" content=\"2026-01-29T16:04:48+00:00\" \/>\n<meta property=\"og:image\" content=\"https:\/\/anivet.lt\/elparduotuve\/wp-content\/uploads\/2024\/10\/Mr-Bandit-naujas.png\" \/>\n\t<meta property=\"og:image:width\" content=\"400\" \/>\n\t<meta property=\"og:image:height\" content=\"423\" \/>\n\t<meta property=\"og:image:type\" content=\"image\/png\" \/>\n<meta name=\"twitter:card\" content=\"summary_large_image\" \/>\n<meta name=\"twitter:label1\" content=\"Est. reading time\" \/>\n\t<meta name=\"twitter:data1\" content=\"1 minut\u0117\" \/>\n<script type=\"application\/ld+json\" class=\"yoast-schema-graph\">{\"@context\":\"https:\\\/\\\/schema.org\",\"@graph\":[{\"@type\":\"WebPage\",\"@id\":\"https:\\\/\\\/anivet.lt\\\/elparduotuve\\\/produktas\\\/mr-bandit-creamy-mousse-skanestai-katems-su-tunu-60g\\\/\",\"url\":\"https:\\\/\\\/anivet.lt\\\/elparduotuve\\\/produktas\\\/mr-bandit-creamy-mousse-skanestai-katems-su-tunu-60g\\\/\",\"name\":\"Mr Bandit Creamy Mousse skan\u0117stai kat\u0117ms su tunu 60g - anivet.lt\",\"isPartOf\":{\"@id\":\"https:\\\/\\\/anivet.lt\\\/elparduotuve\\\/#website\"},\"primaryImageOfPage\":{\"@id\":\"https:\\\/\\\/anivet.lt\\\/elparduotuve\\\/produktas\\\/mr-bandit-creamy-mousse-skanestai-katems-su-tunu-60g\\\/#primaryimage\"},\"image\":{\"@id\":\"https:\\\/\\\/anivet.lt\\\/elparduotuve\\\/produktas\\\/mr-bandit-creamy-mousse-skanestai-katems-su-tunu-60g\\\/#primaryimage\"},\"thumbnailUrl\":\"https:\\\/\\\/anivet.lt\\\/elparduotuve\\\/wp-content\\\/uploads\\\/2024\\\/10\\\/Mr-Bandit-naujas.png\",\"datePublished\":\"2024-10-29T13:52:54+00:00\",\"dateModified\":\"2026-01-29T16:04:48+00:00\",\"description\":\"\u0160ie kremin\u0117s tekst\u016bros skan\u0117stai yra tikras malonumas j\u016bs\u0173 katei, praturtinti auk\u0161tos kokyb\u0117s tunu. Sud\u0117tyje esantys 88% \u017euvies u\u017etikrina nat\u016bral\u0173 skon\u012f ir puiki\u0105 maistin\u0119 vert\u0119.\",\"breadcrumb\":{\"@id\":\"https:\\\/\\\/anivet.lt\\\/elparduotuve\\\/produktas\\\/mr-bandit-creamy-mousse-skanestai-katems-su-tunu-60g\\\/#breadcrumb\"},\"inLanguage\":\"lt-LT\",\"potentialAction\":[{\"@type\":\"ReadAction\",\"target\":[\"https:\\\/\\\/anivet.lt\\\/elparduotuve\\\/produktas\\\/mr-bandit-creamy-mousse-skanestai-katems-su-tunu-60g\\\/\"]}]},{\"@type\":\"ImageObject\",\"inLanguage\":\"lt-LT\",\"@id\":\"https:\\\/\\\/anivet.lt\\\/elparduotuve\\\/produktas\\\/mr-bandit-creamy-mousse-skanestai-katems-su-tunu-60g\\\/#primaryimage\",\"url\":\"https:\\\/\\\/anivet.lt\\\/elparduotuve\\\/wp-content\\\/uploads\\\/2024\\\/10\\\/Mr-Bandit-naujas.png\",\"contentUrl\":\"https:\\\/\\\/anivet.lt\\\/elparduotuve\\\/wp-content\\\/uploads\\\/2024\\\/10\\\/Mr-Bandit-naujas.png\",\"width\":400,\"height\":423,\"caption\":\"Mr Bandit Creamy Mousse skan\u0117stai kat\u0117ms su tunu 60g\"},{\"@type\":\"BreadcrumbList\",\"@id\":\"https:\\\/\\\/anivet.lt\\\/elparduotuve\\\/produktas\\\/mr-bandit-creamy-mousse-skanestai-katems-su-tunu-60g\\\/#breadcrumb\",\"itemListElement\":[{\"@type\":\"ListItem\",\"position\":1,\"name\":\"Home\",\"item\":\"https:\\\/\\\/anivet.lt\\\/elparduotuve\\\/\"},{\"@type\":\"ListItem\",\"position\":2,\"name\":\"Produktai\",\"item\":\"https:\\\/\\\/anivet.lt\\\/elparduotuve\\\/produktai\\\/\"},{\"@type\":\"ListItem\",\"position\":3,\"name\":\"Mr Bandit Creamy Mousse skan\u0117stai kat\u0117ms su tunu 60g\"}]},{\"@type\":\"WebSite\",\"@id\":\"https:\\\/\\\/anivet.lt\\\/elparduotuve\\\/#website\",\"url\":\"https:\\\/\\\/anivet.lt\\\/elparduotuve\\\/\",\"name\":\"anivet.lt\",\"description\":\"Viskas J\u016bs\u0173 \u0161uns, kat\u0117s prie\u017ei\u016brai\",\"publisher\":{\"@id\":\"https:\\\/\\\/anivet.lt\\\/elparduotuve\\\/#organization\"},\"alternateName\":\"Viskas J\u016bs\u0173 \u0161uns, kat\u0117s prie\u017ei\u016brai\",\"potentialAction\":[{\"@type\":\"SearchAction\",\"target\":{\"@type\":\"EntryPoint\",\"urlTemplate\":\"https:\\\/\\\/anivet.lt\\\/elparduotuve\\\/?s={search_term_string}\"},\"query-input\":{\"@type\":\"PropertyValueSpecification\",\"valueRequired\":true,\"valueName\":\"search_term_string\"}}],\"inLanguage\":\"lt-LT\"},{\"@type\":\"Organization\",\"@id\":\"https:\\\/\\\/anivet.lt\\\/elparduotuve\\\/#organization\",\"name\":\"Viskas J\u016bs\u0173 \u0161uns, kat\u0117s prie\u017ei\u016brai\",\"url\":\"https:\\\/\\\/anivet.lt\\\/elparduotuve\\\/\",\"logo\":{\"@type\":\"ImageObject\",\"inLanguage\":\"lt-LT\",\"@id\":\"https:\\\/\\\/anivet.lt\\\/elparduotuve\\\/#\\\/schema\\\/logo\\\/image\\\/\",\"url\":\"https:\\\/\\\/anivet.lt\\\/elparduotuve\\\/wp-content\\\/uploads\\\/2023\\\/06\\\/logo2.jpg\",\"contentUrl\":\"https:\\\/\\\/anivet.lt\\\/elparduotuve\\\/wp-content\\\/uploads\\\/2023\\\/06\\\/logo2.jpg\",\"width\":655,\"height\":194,\"caption\":\"Viskas J\u016bs\u0173 \u0161uns, kat\u0117s prie\u017ei\u016brai\"},\"image\":{\"@id\":\"https:\\\/\\\/anivet.lt\\\/elparduotuve\\\/#\\\/schema\\\/logo\\\/image\\\/\"}}]}<\/script>\n<!-- \/ Yoast SEO Premium plugin. -->","yoast_head_json":{"title":"Mr Bandit Creamy Mousse skan\u0117stai kat\u0117ms su tunu 60g - anivet.lt","description":"\u0160ie kremin\u0117s tekst\u016bros skan\u0117stai yra tikras malonumas j\u016bs\u0173 katei, praturtinti auk\u0161tos kokyb\u0117s tunu. Sud\u0117tyje esantys 88% \u017euvies u\u017etikrina nat\u016bral\u0173 skon\u012f ir puiki\u0105 maistin\u0119 vert\u0119.","robots":{"index":"index","follow":"follow","max-snippet":"max-snippet:-1","max-image-preview":"max-image-preview:large","max-video-preview":"max-video-preview:-1"},"canonical":"https:\/\/anivet.lt\/elparduotuve\/produktas\/mr-bandit-creamy-mousse-skanestai-katems-su-tunu-60g\/","og_locale":"lt_LT","og_type":"article","og_title":"Mr Bandit Creamy Mousse skan\u0117stai kat\u0117ms su tunu 60g","og_description":"\u0160ie kremin\u0117s tekst\u016bros skan\u0117stai yra tikras malonumas j\u016bs\u0173 katei, praturtinti auk\u0161tos kokyb\u0117s tunu. Sud\u0117tyje esantys 88% \u017euvies u\u017etikrina nat\u016bral\u0173 skon\u012f ir puiki\u0105 maistin\u0119 vert\u0119.","og_url":"https:\/\/anivet.lt\/elparduotuve\/produktas\/mr-bandit-creamy-mousse-skanestai-katems-su-tunu-60g\/","og_site_name":"anivet.lt","article_modified_time":"2026-01-29T16:04:48+00:00","og_image":[{"width":400,"height":423,"url":"https:\/\/anivet.lt\/elparduotuve\/wp-content\/uploads\/2024\/10\/Mr-Bandit-naujas.png","type":"image\/png"}],"twitter_card":"summary_large_image","twitter_misc":{"Est. reading time":"1 minut\u0117"},"schema":{"@context":"https:\/\/schema.org","@graph":[{"@type":"WebPage","@id":"https:\/\/anivet.lt\/elparduotuve\/produktas\/mr-bandit-creamy-mousse-skanestai-katems-su-tunu-60g\/","url":"https:\/\/anivet.lt\/elparduotuve\/produktas\/mr-bandit-creamy-mousse-skanestai-katems-su-tunu-60g\/","name":"Mr Bandit Creamy Mousse skan\u0117stai kat\u0117ms su tunu 60g - anivet.lt","isPartOf":{"@id":"https:\/\/anivet.lt\/elparduotuve\/#website"},"primaryImageOfPage":{"@id":"https:\/\/anivet.lt\/elparduotuve\/produktas\/mr-bandit-creamy-mousse-skanestai-katems-su-tunu-60g\/#primaryimage"},"image":{"@id":"https:\/\/anivet.lt\/elparduotuve\/produktas\/mr-bandit-creamy-mousse-skanestai-katems-su-tunu-60g\/#primaryimage"},"thumbnailUrl":"https:\/\/anivet.lt\/elparduotuve\/wp-content\/uploads\/2024\/10\/Mr-Bandit-naujas.png","datePublished":"2024-10-29T13:52:54+00:00","dateModified":"2026-01-29T16:04:48+00:00","description":"\u0160ie kremin\u0117s tekst\u016bros skan\u0117stai yra tikras malonumas j\u016bs\u0173 katei, praturtinti auk\u0161tos kokyb\u0117s tunu. Sud\u0117tyje esantys 88% \u017euvies u\u017etikrina nat\u016bral\u0173 skon\u012f ir puiki\u0105 maistin\u0119 vert\u0119.","breadcrumb":{"@id":"https:\/\/anivet.lt\/elparduotuve\/produktas\/mr-bandit-creamy-mousse-skanestai-katems-su-tunu-60g\/#breadcrumb"},"inLanguage":"lt-LT","potentialAction":[{"@type":"ReadAction","target":["https:\/\/anivet.lt\/elparduotuve\/produktas\/mr-bandit-creamy-mousse-skanestai-katems-su-tunu-60g\/"]}]},{"@type":"ImageObject","inLanguage":"lt-LT","@id":"https:\/\/anivet.lt\/elparduotuve\/produktas\/mr-bandit-creamy-mousse-skanestai-katems-su-tunu-60g\/#primaryimage","url":"https:\/\/anivet.lt\/elparduotuve\/wp-content\/uploads\/2024\/10\/Mr-Bandit-naujas.png","contentUrl":"https:\/\/anivet.lt\/elparduotuve\/wp-content\/uploads\/2024\/10\/Mr-Bandit-naujas.png","width":400,"height":423,"caption":"Mr Bandit Creamy Mousse skan\u0117stai kat\u0117ms su tunu 60g"},{"@type":"BreadcrumbList","@id":"https:\/\/anivet.lt\/elparduotuve\/produktas\/mr-bandit-creamy-mousse-skanestai-katems-su-tunu-60g\/#breadcrumb","itemListElement":[{"@type":"ListItem","position":1,"name":"Home","item":"https:\/\/anivet.lt\/elparduotuve\/"},{"@type":"ListItem","position":2,"name":"Produktai","item":"https:\/\/anivet.lt\/elparduotuve\/produktai\/"},{"@type":"ListItem","position":3,"name":"Mr Bandit Creamy Mousse skan\u0117stai kat\u0117ms su tunu 60g"}]},{"@type":"WebSite","@id":"https:\/\/anivet.lt\/elparduotuve\/#website","url":"https:\/\/anivet.lt\/elparduotuve\/","name":"anivet.lt","description":"Viskas J\u016bs\u0173 \u0161uns, kat\u0117s prie\u017ei\u016brai","publisher":{"@id":"https:\/\/anivet.lt\/elparduotuve\/#organization"},"alternateName":"Viskas J\u016bs\u0173 \u0161uns, kat\u0117s prie\u017ei\u016brai","potentialAction":[{"@type":"SearchAction","target":{"@type":"EntryPoint","urlTemplate":"https:\/\/anivet.lt\/elparduotuve\/?s={search_term_string}"},"query-input":{"@type":"PropertyValueSpecification","valueRequired":true,"valueName":"search_term_string"}}],"inLanguage":"lt-LT"},{"@type":"Organization","@id":"https:\/\/anivet.lt\/elparduotuve\/#organization","name":"Viskas J\u016bs\u0173 \u0161uns, kat\u0117s prie\u017ei\u016brai","url":"https:\/\/anivet.lt\/elparduotuve\/","logo":{"@type":"ImageObject","inLanguage":"lt-LT","@id":"https:\/\/anivet.lt\/elparduotuve\/#\/schema\/logo\/image\/","url":"https:\/\/anivet.lt\/elparduotuve\/wp-content\/uploads\/2023\/06\/logo2.jpg","contentUrl":"https:\/\/anivet.lt\/elparduotuve\/wp-content\/uploads\/2023\/06\/logo2.jpg","width":655,"height":194,"caption":"Viskas J\u016bs\u0173 \u0161uns, kat\u0117s prie\u017ei\u016brai"},"image":{"@id":"https:\/\/anivet.lt\/elparduotuve\/#\/schema\/logo\/image\/"}}]}},"_links":{"self":[{"href":"https:\/\/anivet.lt\/elparduotuve\/wp-json\/wp\/v2\/product\/14870","targetHints":{"allow":["GET"]}}],"collection":[{"href":"https:\/\/anivet.lt\/elparduotuve\/wp-json\/wp\/v2\/product"}],"about":[{"href":"https:\/\/anivet.lt\/elparduotuve\/wp-json\/wp\/v2\/types\/product"}],"wp:featuredmedia":[{"embeddable":true,"href":"https:\/\/anivet.lt\/elparduotuve\/wp-json\/wp\/v2\/media\/14871"}],"wp:attachment":[{"href":"https:\/\/anivet.lt\/elparduotuve\/wp-json\/wp\/v2\/media?parent=14870"}],"wp:term":[{"taxonomy":"product_brand","embeddable":true,"href":"https:\/\/anivet.lt\/elparduotuve\/wp-json\/wp\/v2\/product_brand?post=14870"},{"taxonomy":"product_cat","embeddable":true,"href":"https:\/\/anivet.lt\/elparduotuve\/wp-json\/wp\/v2\/product_cat?post=14870"},{"taxonomy":"product_tag","embeddable":true,"href":"https:\/\/anivet.lt\/elparduotuve\/wp-json\/wp\/v2\/product_tag?post=14870"}],"curies":[{"name":"wp","href":"https:\/\/api.w.org\/{rel}","templated":true}]}}