{"id":14983,"date":"2024-11-05T10:13:01","date_gmt":"2024-11-05T10:13:01","guid":{"rendered":"https:\/\/anivet.lt\/elparduotuve\/?post_type=product&#038;p=14983"},"modified":"2026-03-09T16:19:29","modified_gmt":"2026-03-09T16:19:29","slug":"mr-bandit-dental-sticks-skanestai-sunims-su-antiena-110-g","status":"publish","type":"product","link":"https:\/\/anivet.lt\/elparduotuve\/produktas\/mr-bandit-dental-sticks-skanestai-sunims-su-antiena-110-g\/","title":{"rendered":"Mr. Bandit Dental Sticks skan\u0117stai \u0161unims su antiena 110g"},"content":{"rendered":"<ul>\n<li style=\"font-weight: 400;\" aria-level=\"1\"><span style=\"font-weight: 400;\">Padeda palaikyti sveikus dantis: Skatina dant\u0173 apna\u0161\u0173 \u0161alinim\u0105 ir danten\u0173 stiprinim\u0105.<\/span><\/li>\n<li style=\"font-weight: 400;\" aria-level=\"1\"><span style=\"font-weight: 400;\">Gaivus kvapas: Sud\u0117tyje esan\u010dios d\u017eiovintos m\u0117tos padeda palaikyti gaiv\u0173 burnos kvap\u0105.<\/span><\/li>\n<li style=\"font-weight: 400;\" aria-level=\"1\"><span style=\"font-weight: 400;\">Praturtinti j\u016br\u017eol\u0117mis: Laminaria japonica sud\u0117tyje turi mineral\u0173, nauding\u0173 j\u016bs\u0173 augintinio sveikatai.<\/span><\/li>\n<li style=\"font-weight: 400;\" aria-level=\"1\"><span style=\"font-weight: 400;\">Lengvai vir\u0161kinami: Pagaminti i\u0161 auk\u0161tos kokyb\u0117s augalini\u0173 ir gyv\u016bnin\u0117s kilm\u0117s ingredient\u0173, tod\u0117l tinka jautresniems \u0161unims.<\/span><\/li>\n<li style=\"font-weight: 400;\" aria-level=\"1\"><span style=\"font-weight: 400;\">Skonis, kur\u012f \u0161unys dievina: Antiena ir vi\u0161tienos kepen\u0117l\u0117s suteikia skan\u0117stams i\u0161skirtin\u012f skon\u012f.<\/span><\/li>\n<\/ul>\n<p><span style=\"font-weight: 400;\">\u201eMr. Bandit Dental Stars\u201d ne tik r\u016bpinasi j\u016bs\u0173 augintinio dant\u0173 sveikata, bet ir suteikia malon\u0173 kramtymo proces\u0105. Tai puikus b\u016bdas u\u017etikrinti ger\u0105 burnos higien\u0105 ir nud\u017eiuginti savo keturkoj\u012f draug\u0105 skaniu ir sveiku skan\u0117stu.<\/span><\/p>\n","protected":false},"excerpt":{"rendered":"<p><span style=\"font-weight: 400;\">\u0160ie skan\u0117stai \u2013 puikus pasirinkimas, r\u016bpinantis j\u016bs\u0173 \u0161uns dant\u0173 ir burnos higiena. D\u0117l d\u017eiovint\u0173 j\u016br\u017eoli\u0173 ir m\u0117t\u0173 praturtintos sud\u0117ties, \u0161ie skan\u0117stai padeda palaikyti \u0161var\u0105 burnos ertm\u0117je bei suteikia gaiv\u0173 kvap\u0105. J\u016bs\u0173 augintinis m\u0117gausis ne tik skoniu, bet ir d\u017eiaugsmu kramtydamas \u0161iuos lankstaus formato skan\u0117stus.<\/span><\/p>\n","protected":false},"featured_media":14984,"template":"","meta":[],"product_brand":[],"product_cat":[101,103,106],"product_tag":[],"class_list":{"0":"post-14983","1":"product","2":"type-product","3":"status-publish","4":"has-post-thumbnail","6":"product_cat-sunims","7":"product_cat-sunu-maistas","8":"product_cat-skanestai","9":"pa_prekinis-zenklas-mr-bandit","11":"first","12":"instock","13":"taxable","14":"shipping-taxable","15":"purchasable","16":"product-type-simple"},"yoast_head":"<!-- This site is optimized with the Yoast SEO Premium plugin v27.1 (Yoast SEO v27.3) - https:\/\/yoast.com\/product\/yoast-seo-premium-wordpress\/ -->\n<title>Mr. Bandit Dental Sticks skan\u0117stai \u0161unims su antiena 110g - anivet.lt<\/title>\n<meta name=\"description\" content=\"\u0160ie skan\u0117stai \u2013 puikus pasirinkimas, r\u016bpinantis j\u016bs\u0173 \u0161uns dant\u0173 ir burnos higiena. D\u0117l d\u017eiovint\u0173 j\u016br\u017eoli\u0173 ir m\u0117t\u0173 praturtintos sud\u0117ties, \u0161ie skan\u0117stai padeda palaikyti \u0161var\u0105 burnos ertm\u0117je bei suteikia gaiv\u0173 kvap\u0105. J\u016bs\u0173 augintinis m\u0117gausis ne tik skoniu, bet ir d\u017eiaugsmu kramtydamas \u0161iuos lankstaus formato skan\u0117stus.\" \/>\n<meta name=\"robots\" content=\"index, follow, max-snippet:-1, max-image-preview:large, max-video-preview:-1\" \/>\n<link rel=\"canonical\" href=\"https:\/\/anivet.lt\/elparduotuve\/produktas\/mr-bandit-dental-sticks-skanestai-sunims-su-antiena-110-g\/\" \/>\n<meta property=\"og:locale\" content=\"lt_LT\" \/>\n<meta property=\"og:type\" content=\"article\" \/>\n<meta property=\"og:title\" content=\"Mr. Bandit Dental Sticks skan\u0117stai \u0161unims su antiena 110g\" \/>\n<meta property=\"og:description\" content=\"\u0160ie skan\u0117stai \u2013 puikus pasirinkimas, r\u016bpinantis j\u016bs\u0173 \u0161uns dant\u0173 ir burnos higiena. D\u0117l d\u017eiovint\u0173 j\u016br\u017eoli\u0173 ir m\u0117t\u0173 praturtintos sud\u0117ties, \u0161ie skan\u0117stai padeda palaikyti \u0161var\u0105 burnos ertm\u0117je bei suteikia gaiv\u0173 kvap\u0105. J\u016bs\u0173 augintinis m\u0117gausis ne tik skoniu, bet ir d\u017eiaugsmu kramtydamas \u0161iuos lankstaus formato skan\u0117stus.\" \/>\n<meta property=\"og:url\" content=\"https:\/\/anivet.lt\/elparduotuve\/produktas\/mr-bandit-dental-sticks-skanestai-sunims-su-antiena-110-g\/\" \/>\n<meta property=\"og:site_name\" content=\"anivet.lt\" \/>\n<meta property=\"article:modified_time\" content=\"2026-03-09T16:19:29+00:00\" \/>\n<meta property=\"og:image\" content=\"https:\/\/anivet.lt\/elparduotuve\/wp-content\/uploads\/2024\/11\/mr-bandit-dental-naujas.jpg\" \/>\n\t<meta property=\"og:image:width\" content=\"400\" \/>\n\t<meta property=\"og:image:height\" content=\"400\" \/>\n\t<meta property=\"og:image:type\" content=\"image\/jpeg\" \/>\n<meta name=\"twitter:card\" content=\"summary_large_image\" \/>\n<meta name=\"twitter:label1\" content=\"Est. reading time\" \/>\n\t<meta name=\"twitter:data1\" content=\"1 minut\u0117\" \/>\n<script type=\"application\/ld+json\" class=\"yoast-schema-graph\">{\"@context\":\"https:\\\/\\\/schema.org\",\"@graph\":[{\"@type\":\"WebPage\",\"@id\":\"https:\\\/\\\/anivet.lt\\\/elparduotuve\\\/produktas\\\/mr-bandit-dental-sticks-skanestai-sunims-su-antiena-110-g\\\/\",\"url\":\"https:\\\/\\\/anivet.lt\\\/elparduotuve\\\/produktas\\\/mr-bandit-dental-sticks-skanestai-sunims-su-antiena-110-g\\\/\",\"name\":\"Mr. Bandit Dental Sticks skan\u0117stai \u0161unims su antiena 110g - anivet.lt\",\"isPartOf\":{\"@id\":\"https:\\\/\\\/anivet.lt\\\/elparduotuve\\\/#website\"},\"primaryImageOfPage\":{\"@id\":\"https:\\\/\\\/anivet.lt\\\/elparduotuve\\\/produktas\\\/mr-bandit-dental-sticks-skanestai-sunims-su-antiena-110-g\\\/#primaryimage\"},\"image\":{\"@id\":\"https:\\\/\\\/anivet.lt\\\/elparduotuve\\\/produktas\\\/mr-bandit-dental-sticks-skanestai-sunims-su-antiena-110-g\\\/#primaryimage\"},\"thumbnailUrl\":\"https:\\\/\\\/anivet.lt\\\/elparduotuve\\\/wp-content\\\/uploads\\\/2024\\\/11\\\/mr-bandit-dental-naujas.jpg\",\"datePublished\":\"2024-11-05T10:13:01+00:00\",\"dateModified\":\"2026-03-09T16:19:29+00:00\",\"description\":\"\u0160ie skan\u0117stai \u2013 puikus pasirinkimas, r\u016bpinantis j\u016bs\u0173 \u0161uns dant\u0173 ir burnos higiena. D\u0117l d\u017eiovint\u0173 j\u016br\u017eoli\u0173 ir m\u0117t\u0173 praturtintos sud\u0117ties, \u0161ie skan\u0117stai padeda palaikyti \u0161var\u0105 burnos ertm\u0117je bei suteikia gaiv\u0173 kvap\u0105. J\u016bs\u0173 augintinis m\u0117gausis ne tik skoniu, bet ir d\u017eiaugsmu kramtydamas \u0161iuos lankstaus formato skan\u0117stus.\",\"breadcrumb\":{\"@id\":\"https:\\\/\\\/anivet.lt\\\/elparduotuve\\\/produktas\\\/mr-bandit-dental-sticks-skanestai-sunims-su-antiena-110-g\\\/#breadcrumb\"},\"inLanguage\":\"lt-LT\",\"potentialAction\":[{\"@type\":\"ReadAction\",\"target\":[\"https:\\\/\\\/anivet.lt\\\/elparduotuve\\\/produktas\\\/mr-bandit-dental-sticks-skanestai-sunims-su-antiena-110-g\\\/\"]}]},{\"@type\":\"ImageObject\",\"inLanguage\":\"lt-LT\",\"@id\":\"https:\\\/\\\/anivet.lt\\\/elparduotuve\\\/produktas\\\/mr-bandit-dental-sticks-skanestai-sunims-su-antiena-110-g\\\/#primaryimage\",\"url\":\"https:\\\/\\\/anivet.lt\\\/elparduotuve\\\/wp-content\\\/uploads\\\/2024\\\/11\\\/mr-bandit-dental-naujas.jpg\",\"contentUrl\":\"https:\\\/\\\/anivet.lt\\\/elparduotuve\\\/wp-content\\\/uploads\\\/2024\\\/11\\\/mr-bandit-dental-naujas.jpg\",\"width\":400,\"height\":400,\"caption\":\"Mr. Bandit Dental Sticks skan\u0117stai \u0161unims su antiena 110g\"},{\"@type\":\"BreadcrumbList\",\"@id\":\"https:\\\/\\\/anivet.lt\\\/elparduotuve\\\/produktas\\\/mr-bandit-dental-sticks-skanestai-sunims-su-antiena-110-g\\\/#breadcrumb\",\"itemListElement\":[{\"@type\":\"ListItem\",\"position\":1,\"name\":\"Home\",\"item\":\"https:\\\/\\\/anivet.lt\\\/elparduotuve\\\/\"},{\"@type\":\"ListItem\",\"position\":2,\"name\":\"Produktai\",\"item\":\"https:\\\/\\\/anivet.lt\\\/elparduotuve\\\/produktai\\\/\"},{\"@type\":\"ListItem\",\"position\":3,\"name\":\"Mr. Bandit Dental Sticks skan\u0117stai \u0161unims su antiena 110g\"}]},{\"@type\":\"WebSite\",\"@id\":\"https:\\\/\\\/anivet.lt\\\/elparduotuve\\\/#website\",\"url\":\"https:\\\/\\\/anivet.lt\\\/elparduotuve\\\/\",\"name\":\"anivet.lt\",\"description\":\"Viskas J\u016bs\u0173 \u0161uns, kat\u0117s prie\u017ei\u016brai\",\"publisher\":{\"@id\":\"https:\\\/\\\/anivet.lt\\\/elparduotuve\\\/#organization\"},\"alternateName\":\"Viskas J\u016bs\u0173 \u0161uns, kat\u0117s prie\u017ei\u016brai\",\"potentialAction\":[{\"@type\":\"SearchAction\",\"target\":{\"@type\":\"EntryPoint\",\"urlTemplate\":\"https:\\\/\\\/anivet.lt\\\/elparduotuve\\\/?s={search_term_string}\"},\"query-input\":{\"@type\":\"PropertyValueSpecification\",\"valueRequired\":true,\"valueName\":\"search_term_string\"}}],\"inLanguage\":\"lt-LT\"},{\"@type\":\"Organization\",\"@id\":\"https:\\\/\\\/anivet.lt\\\/elparduotuve\\\/#organization\",\"name\":\"Viskas J\u016bs\u0173 \u0161uns, kat\u0117s prie\u017ei\u016brai\",\"url\":\"https:\\\/\\\/anivet.lt\\\/elparduotuve\\\/\",\"logo\":{\"@type\":\"ImageObject\",\"inLanguage\":\"lt-LT\",\"@id\":\"https:\\\/\\\/anivet.lt\\\/elparduotuve\\\/#\\\/schema\\\/logo\\\/image\\\/\",\"url\":\"https:\\\/\\\/anivet.lt\\\/elparduotuve\\\/wp-content\\\/uploads\\\/2023\\\/06\\\/logo2.jpg\",\"contentUrl\":\"https:\\\/\\\/anivet.lt\\\/elparduotuve\\\/wp-content\\\/uploads\\\/2023\\\/06\\\/logo2.jpg\",\"width\":655,\"height\":194,\"caption\":\"Viskas J\u016bs\u0173 \u0161uns, kat\u0117s prie\u017ei\u016brai\"},\"image\":{\"@id\":\"https:\\\/\\\/anivet.lt\\\/elparduotuve\\\/#\\\/schema\\\/logo\\\/image\\\/\"}}]}<\/script>\n<!-- \/ Yoast SEO Premium plugin. -->","yoast_head_json":{"title":"Mr. Bandit Dental Sticks skan\u0117stai \u0161unims su antiena 110g - anivet.lt","description":"\u0160ie skan\u0117stai \u2013 puikus pasirinkimas, r\u016bpinantis j\u016bs\u0173 \u0161uns dant\u0173 ir burnos higiena. D\u0117l d\u017eiovint\u0173 j\u016br\u017eoli\u0173 ir m\u0117t\u0173 praturtintos sud\u0117ties, \u0161ie skan\u0117stai padeda palaikyti \u0161var\u0105 burnos ertm\u0117je bei suteikia gaiv\u0173 kvap\u0105. J\u016bs\u0173 augintinis m\u0117gausis ne tik skoniu, bet ir d\u017eiaugsmu kramtydamas \u0161iuos lankstaus formato skan\u0117stus.","robots":{"index":"index","follow":"follow","max-snippet":"max-snippet:-1","max-image-preview":"max-image-preview:large","max-video-preview":"max-video-preview:-1"},"canonical":"https:\/\/anivet.lt\/elparduotuve\/produktas\/mr-bandit-dental-sticks-skanestai-sunims-su-antiena-110-g\/","og_locale":"lt_LT","og_type":"article","og_title":"Mr. Bandit Dental Sticks skan\u0117stai \u0161unims su antiena 110g","og_description":"\u0160ie skan\u0117stai \u2013 puikus pasirinkimas, r\u016bpinantis j\u016bs\u0173 \u0161uns dant\u0173 ir burnos higiena. D\u0117l d\u017eiovint\u0173 j\u016br\u017eoli\u0173 ir m\u0117t\u0173 praturtintos sud\u0117ties, \u0161ie skan\u0117stai padeda palaikyti \u0161var\u0105 burnos ertm\u0117je bei suteikia gaiv\u0173 kvap\u0105. J\u016bs\u0173 augintinis m\u0117gausis ne tik skoniu, bet ir d\u017eiaugsmu kramtydamas \u0161iuos lankstaus formato skan\u0117stus.","og_url":"https:\/\/anivet.lt\/elparduotuve\/produktas\/mr-bandit-dental-sticks-skanestai-sunims-su-antiena-110-g\/","og_site_name":"anivet.lt","article_modified_time":"2026-03-09T16:19:29+00:00","og_image":[{"width":400,"height":400,"url":"https:\/\/anivet.lt\/elparduotuve\/wp-content\/uploads\/2024\/11\/mr-bandit-dental-naujas.jpg","type":"image\/jpeg"}],"twitter_card":"summary_large_image","twitter_misc":{"Est. reading time":"1 minut\u0117"},"schema":{"@context":"https:\/\/schema.org","@graph":[{"@type":"WebPage","@id":"https:\/\/anivet.lt\/elparduotuve\/produktas\/mr-bandit-dental-sticks-skanestai-sunims-su-antiena-110-g\/","url":"https:\/\/anivet.lt\/elparduotuve\/produktas\/mr-bandit-dental-sticks-skanestai-sunims-su-antiena-110-g\/","name":"Mr. Bandit Dental Sticks skan\u0117stai \u0161unims su antiena 110g - anivet.lt","isPartOf":{"@id":"https:\/\/anivet.lt\/elparduotuve\/#website"},"primaryImageOfPage":{"@id":"https:\/\/anivet.lt\/elparduotuve\/produktas\/mr-bandit-dental-sticks-skanestai-sunims-su-antiena-110-g\/#primaryimage"},"image":{"@id":"https:\/\/anivet.lt\/elparduotuve\/produktas\/mr-bandit-dental-sticks-skanestai-sunims-su-antiena-110-g\/#primaryimage"},"thumbnailUrl":"https:\/\/anivet.lt\/elparduotuve\/wp-content\/uploads\/2024\/11\/mr-bandit-dental-naujas.jpg","datePublished":"2024-11-05T10:13:01+00:00","dateModified":"2026-03-09T16:19:29+00:00","description":"\u0160ie skan\u0117stai \u2013 puikus pasirinkimas, r\u016bpinantis j\u016bs\u0173 \u0161uns dant\u0173 ir burnos higiena. D\u0117l d\u017eiovint\u0173 j\u016br\u017eoli\u0173 ir m\u0117t\u0173 praturtintos sud\u0117ties, \u0161ie skan\u0117stai padeda palaikyti \u0161var\u0105 burnos ertm\u0117je bei suteikia gaiv\u0173 kvap\u0105. J\u016bs\u0173 augintinis m\u0117gausis ne tik skoniu, bet ir d\u017eiaugsmu kramtydamas \u0161iuos lankstaus formato skan\u0117stus.","breadcrumb":{"@id":"https:\/\/anivet.lt\/elparduotuve\/produktas\/mr-bandit-dental-sticks-skanestai-sunims-su-antiena-110-g\/#breadcrumb"},"inLanguage":"lt-LT","potentialAction":[{"@type":"ReadAction","target":["https:\/\/anivet.lt\/elparduotuve\/produktas\/mr-bandit-dental-sticks-skanestai-sunims-su-antiena-110-g\/"]}]},{"@type":"ImageObject","inLanguage":"lt-LT","@id":"https:\/\/anivet.lt\/elparduotuve\/produktas\/mr-bandit-dental-sticks-skanestai-sunims-su-antiena-110-g\/#primaryimage","url":"https:\/\/anivet.lt\/elparduotuve\/wp-content\/uploads\/2024\/11\/mr-bandit-dental-naujas.jpg","contentUrl":"https:\/\/anivet.lt\/elparduotuve\/wp-content\/uploads\/2024\/11\/mr-bandit-dental-naujas.jpg","width":400,"height":400,"caption":"Mr. Bandit Dental Sticks skan\u0117stai \u0161unims su antiena 110g"},{"@type":"BreadcrumbList","@id":"https:\/\/anivet.lt\/elparduotuve\/produktas\/mr-bandit-dental-sticks-skanestai-sunims-su-antiena-110-g\/#breadcrumb","itemListElement":[{"@type":"ListItem","position":1,"name":"Home","item":"https:\/\/anivet.lt\/elparduotuve\/"},{"@type":"ListItem","position":2,"name":"Produktai","item":"https:\/\/anivet.lt\/elparduotuve\/produktai\/"},{"@type":"ListItem","position":3,"name":"Mr. Bandit Dental Sticks skan\u0117stai \u0161unims su antiena 110g"}]},{"@type":"WebSite","@id":"https:\/\/anivet.lt\/elparduotuve\/#website","url":"https:\/\/anivet.lt\/elparduotuve\/","name":"anivet.lt","description":"Viskas J\u016bs\u0173 \u0161uns, kat\u0117s prie\u017ei\u016brai","publisher":{"@id":"https:\/\/anivet.lt\/elparduotuve\/#organization"},"alternateName":"Viskas J\u016bs\u0173 \u0161uns, kat\u0117s prie\u017ei\u016brai","potentialAction":[{"@type":"SearchAction","target":{"@type":"EntryPoint","urlTemplate":"https:\/\/anivet.lt\/elparduotuve\/?s={search_term_string}"},"query-input":{"@type":"PropertyValueSpecification","valueRequired":true,"valueName":"search_term_string"}}],"inLanguage":"lt-LT"},{"@type":"Organization","@id":"https:\/\/anivet.lt\/elparduotuve\/#organization","name":"Viskas J\u016bs\u0173 \u0161uns, kat\u0117s prie\u017ei\u016brai","url":"https:\/\/anivet.lt\/elparduotuve\/","logo":{"@type":"ImageObject","inLanguage":"lt-LT","@id":"https:\/\/anivet.lt\/elparduotuve\/#\/schema\/logo\/image\/","url":"https:\/\/anivet.lt\/elparduotuve\/wp-content\/uploads\/2023\/06\/logo2.jpg","contentUrl":"https:\/\/anivet.lt\/elparduotuve\/wp-content\/uploads\/2023\/06\/logo2.jpg","width":655,"height":194,"caption":"Viskas J\u016bs\u0173 \u0161uns, kat\u0117s prie\u017ei\u016brai"},"image":{"@id":"https:\/\/anivet.lt\/elparduotuve\/#\/schema\/logo\/image\/"}}]}},"_links":{"self":[{"href":"https:\/\/anivet.lt\/elparduotuve\/wp-json\/wp\/v2\/product\/14983","targetHints":{"allow":["GET"]}}],"collection":[{"href":"https:\/\/anivet.lt\/elparduotuve\/wp-json\/wp\/v2\/product"}],"about":[{"href":"https:\/\/anivet.lt\/elparduotuve\/wp-json\/wp\/v2\/types\/product"}],"wp:featuredmedia":[{"embeddable":true,"href":"https:\/\/anivet.lt\/elparduotuve\/wp-json\/wp\/v2\/media\/14984"}],"wp:attachment":[{"href":"https:\/\/anivet.lt\/elparduotuve\/wp-json\/wp\/v2\/media?parent=14983"}],"wp:term":[{"taxonomy":"product_brand","embeddable":true,"href":"https:\/\/anivet.lt\/elparduotuve\/wp-json\/wp\/v2\/product_brand?post=14983"},{"taxonomy":"product_cat","embeddable":true,"href":"https:\/\/anivet.lt\/elparduotuve\/wp-json\/wp\/v2\/product_cat?post=14983"},{"taxonomy":"product_tag","embeddable":true,"href":"https:\/\/anivet.lt\/elparduotuve\/wp-json\/wp\/v2\/product_tag?post=14983"}],"curies":[{"name":"wp","href":"https:\/\/api.w.org\/{rel}","templated":true}]}}