{"id":14985,"date":"2024-11-05T10:34:02","date_gmt":"2024-11-05T10:34:02","guid":{"rendered":"https:\/\/anivet.lt\/elparduotuve\/?post_type=product&#038;p=14985"},"modified":"2025-11-08T09:54:54","modified_gmt":"2025-11-08T09:54:54","slug":"mr-bandit-dental-sticks-skanestai-sunims-su-jautiena-110-g","status":"publish","type":"product","link":"https:\/\/anivet.lt\/elparduotuve\/produktas\/mr-bandit-dental-sticks-skanestai-sunims-su-jautiena-110-g\/","title":{"rendered":"Mr. Bandit Dental Sticks skan\u0117stai \u0161unims su jautiena 110g"},"content":{"rendered":"<ul>\n<li style=\"font-weight: 400;\" aria-level=\"1\"><span style=\"font-weight: 400;\">Dant\u0173 prie\u017ei\u016bra: D\u017eiovintos j\u016br\u017eol\u0117s (Laminaria japonica) padeda i\u0161laikyti dant\u0173 \u0161var\u0105 ir palaiko sveik\u0105 burnos aplink\u0105.<\/span><\/li>\n<li style=\"font-weight: 400;\" aria-level=\"1\"><span style=\"font-weight: 400;\">Auk\u0161tos kokyb\u0117s ingredientai: 13% jautienos suteikia gard\u0173 skon\u012f ir maistin\u0119 vert\u0119.<\/span><\/li>\n<li style=\"font-weight: 400;\" aria-level=\"1\"><span style=\"font-weight: 400;\">Lanksti tekst\u016bra: Suteikia ilgalaik\u012f kramtymo malonum\u0105, padedant\u012f valyti dantis.<\/span><\/li>\n<li style=\"font-weight: 400;\" aria-level=\"1\"><span style=\"font-weight: 400;\">Praturtinta m\u0117tomis: D\u017eiovintos m\u0117tos u\u017etikrina gaiv\u0173 burnos kvap\u0105.<\/span><\/li>\n<li style=\"font-weight: 400;\" aria-level=\"1\"><span style=\"font-weight: 400;\">Nat\u016bral\u016bs baltymai ir maistin\u0117s med\u017eiagos: Augaliniai baltym\u0173 ekstraktai ir nat\u016bral\u016bs priedai puosel\u0117ja augintinio sveikat\u0105.<\/span><\/li>\n<\/ul>\n<p><span style=\"font-weight: 400;\">\u201eMr. Bandit Dental Sticks\u201c \u2013 idealus pasirinkimas kasdieniam \u0161uns palepinimui, kartu u\u017etikrinant burnos higien\u0105 ir sveikus dantis. Gardus skonis ir efektyvus poveikis d\u017eiugins ir j\u016bs\u0173 augintin\u012f, ir jus.<\/span><\/p>\n","protected":false},"excerpt":{"rendered":"<p><span style=\"font-weight: 400;\">Sveikas ir gardus b\u016bdas r\u016bpintis j\u016bs\u0173 \u0161uns burnos higiena. \u0160ie skan\u0117stai, praturtinti d\u017eiovintomis j\u016br\u017eol\u0117mis ir mineralais, padeda stiprinti dantis, o lanksti j\u0173 strukt\u016bra teikia papildomo malonumo kramtant.<\/span><\/p>\n","protected":false},"featured_media":15021,"template":"","meta":[],"product_brand":[],"product_cat":[101,103,106],"product_tag":[],"class_list":{"0":"post-14985","1":"product","2":"type-product","3":"status-publish","4":"has-post-thumbnail","6":"product_cat-sunims","7":"product_cat-sunu-maistas","8":"product_cat-skanestai","9":"pa_prekinis-zenklas-mr-bandit","11":"first","12":"outofstock","13":"taxable","14":"shipping-taxable","15":"purchasable","16":"product-type-simple"},"yoast_head":"<!-- This site is optimized with the Yoast SEO Premium plugin v27.1 (Yoast SEO v27.3) - https:\/\/yoast.com\/product\/yoast-seo-premium-wordpress\/ -->\n<title>Mr. Bandit Dental Sticks skan\u0117stai \u0161unims su jautiena 110g - anivet.lt<\/title>\n<meta name=\"description\" content=\"Sveikas ir gardus b\u016bdas r\u016bpintis j\u016bs\u0173 \u0161uns burnos higiena. \u0160ie skan\u0117stai, praturtinti d\u017eiovintomis j\u016br\u017eol\u0117mis ir mineralais, padeda stiprinti dantis, o lanksti j\u0173 strukt\u016bra teikia papildomo malonumo kramtant.\" \/>\n<meta name=\"robots\" content=\"index, follow, max-snippet:-1, max-image-preview:large, max-video-preview:-1\" \/>\n<link rel=\"canonical\" href=\"https:\/\/anivet.lt\/elparduotuve\/produktas\/mr-bandit-dental-sticks-skanestai-sunims-su-jautiena-110-g\/\" \/>\n<meta property=\"og:locale\" content=\"lt_LT\" \/>\n<meta property=\"og:type\" content=\"article\" \/>\n<meta property=\"og:title\" content=\"Mr. Bandit Dental Sticks skan\u0117stai \u0161unims su jautiena 110g\" \/>\n<meta property=\"og:description\" content=\"Sveikas ir gardus b\u016bdas r\u016bpintis j\u016bs\u0173 \u0161uns burnos higiena. \u0160ie skan\u0117stai, praturtinti d\u017eiovintomis j\u016br\u017eol\u0117mis ir mineralais, padeda stiprinti dantis, o lanksti j\u0173 strukt\u016bra teikia papildomo malonumo kramtant.\" \/>\n<meta property=\"og:url\" content=\"https:\/\/anivet.lt\/elparduotuve\/produktas\/mr-bandit-dental-sticks-skanestai-sunims-su-jautiena-110-g\/\" \/>\n<meta property=\"og:site_name\" content=\"anivet.lt\" \/>\n<meta property=\"article:modified_time\" content=\"2025-11-08T09:54:54+00:00\" \/>\n<meta property=\"og:image\" content=\"https:\/\/anivet.lt\/elparduotuve\/wp-content\/uploads\/2024\/11\/mr-bandit-dental-sticks-treats-for-dogs-with-beef-110-g.jpg\" \/>\n\t<meta property=\"og:image:width\" content=\"700\" \/>\n\t<meta property=\"og:image:height\" content=\"700\" \/>\n\t<meta property=\"og:image:type\" content=\"image\/jpeg\" \/>\n<meta name=\"twitter:card\" content=\"summary_large_image\" \/>\n<meta name=\"twitter:label1\" content=\"Est. reading time\" \/>\n\t<meta name=\"twitter:data1\" content=\"1 minut\u0117\" \/>\n<script type=\"application\/ld+json\" class=\"yoast-schema-graph\">{\"@context\":\"https:\\\/\\\/schema.org\",\"@graph\":[{\"@type\":\"WebPage\",\"@id\":\"https:\\\/\\\/anivet.lt\\\/elparduotuve\\\/produktas\\\/mr-bandit-dental-sticks-skanestai-sunims-su-jautiena-110-g\\\/\",\"url\":\"https:\\\/\\\/anivet.lt\\\/elparduotuve\\\/produktas\\\/mr-bandit-dental-sticks-skanestai-sunims-su-jautiena-110-g\\\/\",\"name\":\"Mr. Bandit Dental Sticks skan\u0117stai \u0161unims su jautiena 110g - anivet.lt\",\"isPartOf\":{\"@id\":\"https:\\\/\\\/anivet.lt\\\/elparduotuve\\\/#website\"},\"primaryImageOfPage\":{\"@id\":\"https:\\\/\\\/anivet.lt\\\/elparduotuve\\\/produktas\\\/mr-bandit-dental-sticks-skanestai-sunims-su-jautiena-110-g\\\/#primaryimage\"},\"image\":{\"@id\":\"https:\\\/\\\/anivet.lt\\\/elparduotuve\\\/produktas\\\/mr-bandit-dental-sticks-skanestai-sunims-su-jautiena-110-g\\\/#primaryimage\"},\"thumbnailUrl\":\"https:\\\/\\\/anivet.lt\\\/elparduotuve\\\/wp-content\\\/uploads\\\/2024\\\/11\\\/mr-bandit-dental-sticks-treats-for-dogs-with-beef-110-g.jpg\",\"datePublished\":\"2024-11-05T10:34:02+00:00\",\"dateModified\":\"2025-11-08T09:54:54+00:00\",\"description\":\"Sveikas ir gardus b\u016bdas r\u016bpintis j\u016bs\u0173 \u0161uns burnos higiena. \u0160ie skan\u0117stai, praturtinti d\u017eiovintomis j\u016br\u017eol\u0117mis ir mineralais, padeda stiprinti dantis, o lanksti j\u0173 strukt\u016bra teikia papildomo malonumo kramtant.\",\"breadcrumb\":{\"@id\":\"https:\\\/\\\/anivet.lt\\\/elparduotuve\\\/produktas\\\/mr-bandit-dental-sticks-skanestai-sunims-su-jautiena-110-g\\\/#breadcrumb\"},\"inLanguage\":\"lt-LT\",\"potentialAction\":[{\"@type\":\"ReadAction\",\"target\":[\"https:\\\/\\\/anivet.lt\\\/elparduotuve\\\/produktas\\\/mr-bandit-dental-sticks-skanestai-sunims-su-jautiena-110-g\\\/\"]}]},{\"@type\":\"ImageObject\",\"inLanguage\":\"lt-LT\",\"@id\":\"https:\\\/\\\/anivet.lt\\\/elparduotuve\\\/produktas\\\/mr-bandit-dental-sticks-skanestai-sunims-su-jautiena-110-g\\\/#primaryimage\",\"url\":\"https:\\\/\\\/anivet.lt\\\/elparduotuve\\\/wp-content\\\/uploads\\\/2024\\\/11\\\/mr-bandit-dental-sticks-treats-for-dogs-with-beef-110-g.jpg\",\"contentUrl\":\"https:\\\/\\\/anivet.lt\\\/elparduotuve\\\/wp-content\\\/uploads\\\/2024\\\/11\\\/mr-bandit-dental-sticks-treats-for-dogs-with-beef-110-g.jpg\",\"width\":700,\"height\":700,\"caption\":\"Mr. Bandit Dental Sticks skan\u0117stai \u0161unims su jautiena 110g\"},{\"@type\":\"BreadcrumbList\",\"@id\":\"https:\\\/\\\/anivet.lt\\\/elparduotuve\\\/produktas\\\/mr-bandit-dental-sticks-skanestai-sunims-su-jautiena-110-g\\\/#breadcrumb\",\"itemListElement\":[{\"@type\":\"ListItem\",\"position\":1,\"name\":\"Home\",\"item\":\"https:\\\/\\\/anivet.lt\\\/elparduotuve\\\/\"},{\"@type\":\"ListItem\",\"position\":2,\"name\":\"Produktai\",\"item\":\"https:\\\/\\\/anivet.lt\\\/elparduotuve\\\/produktai\\\/\"},{\"@type\":\"ListItem\",\"position\":3,\"name\":\"Mr. Bandit Dental Sticks skan\u0117stai \u0161unims su jautiena 110g\"}]},{\"@type\":\"WebSite\",\"@id\":\"https:\\\/\\\/anivet.lt\\\/elparduotuve\\\/#website\",\"url\":\"https:\\\/\\\/anivet.lt\\\/elparduotuve\\\/\",\"name\":\"anivet.lt\",\"description\":\"Viskas J\u016bs\u0173 \u0161uns, kat\u0117s prie\u017ei\u016brai\",\"publisher\":{\"@id\":\"https:\\\/\\\/anivet.lt\\\/elparduotuve\\\/#organization\"},\"alternateName\":\"Viskas J\u016bs\u0173 \u0161uns, kat\u0117s prie\u017ei\u016brai\",\"potentialAction\":[{\"@type\":\"SearchAction\",\"target\":{\"@type\":\"EntryPoint\",\"urlTemplate\":\"https:\\\/\\\/anivet.lt\\\/elparduotuve\\\/?s={search_term_string}\"},\"query-input\":{\"@type\":\"PropertyValueSpecification\",\"valueRequired\":true,\"valueName\":\"search_term_string\"}}],\"inLanguage\":\"lt-LT\"},{\"@type\":\"Organization\",\"@id\":\"https:\\\/\\\/anivet.lt\\\/elparduotuve\\\/#organization\",\"name\":\"Viskas J\u016bs\u0173 \u0161uns, kat\u0117s prie\u017ei\u016brai\",\"url\":\"https:\\\/\\\/anivet.lt\\\/elparduotuve\\\/\",\"logo\":{\"@type\":\"ImageObject\",\"inLanguage\":\"lt-LT\",\"@id\":\"https:\\\/\\\/anivet.lt\\\/elparduotuve\\\/#\\\/schema\\\/logo\\\/image\\\/\",\"url\":\"https:\\\/\\\/anivet.lt\\\/elparduotuve\\\/wp-content\\\/uploads\\\/2023\\\/06\\\/logo2.jpg\",\"contentUrl\":\"https:\\\/\\\/anivet.lt\\\/elparduotuve\\\/wp-content\\\/uploads\\\/2023\\\/06\\\/logo2.jpg\",\"width\":655,\"height\":194,\"caption\":\"Viskas J\u016bs\u0173 \u0161uns, kat\u0117s prie\u017ei\u016brai\"},\"image\":{\"@id\":\"https:\\\/\\\/anivet.lt\\\/elparduotuve\\\/#\\\/schema\\\/logo\\\/image\\\/\"}}]}<\/script>\n<!-- \/ Yoast SEO Premium plugin. -->","yoast_head_json":{"title":"Mr. Bandit Dental Sticks skan\u0117stai \u0161unims su jautiena 110g - anivet.lt","description":"Sveikas ir gardus b\u016bdas r\u016bpintis j\u016bs\u0173 \u0161uns burnos higiena. \u0160ie skan\u0117stai, praturtinti d\u017eiovintomis j\u016br\u017eol\u0117mis ir mineralais, padeda stiprinti dantis, o lanksti j\u0173 strukt\u016bra teikia papildomo malonumo kramtant.","robots":{"index":"index","follow":"follow","max-snippet":"max-snippet:-1","max-image-preview":"max-image-preview:large","max-video-preview":"max-video-preview:-1"},"canonical":"https:\/\/anivet.lt\/elparduotuve\/produktas\/mr-bandit-dental-sticks-skanestai-sunims-su-jautiena-110-g\/","og_locale":"lt_LT","og_type":"article","og_title":"Mr. Bandit Dental Sticks skan\u0117stai \u0161unims su jautiena 110g","og_description":"Sveikas ir gardus b\u016bdas r\u016bpintis j\u016bs\u0173 \u0161uns burnos higiena. \u0160ie skan\u0117stai, praturtinti d\u017eiovintomis j\u016br\u017eol\u0117mis ir mineralais, padeda stiprinti dantis, o lanksti j\u0173 strukt\u016bra teikia papildomo malonumo kramtant.","og_url":"https:\/\/anivet.lt\/elparduotuve\/produktas\/mr-bandit-dental-sticks-skanestai-sunims-su-jautiena-110-g\/","og_site_name":"anivet.lt","article_modified_time":"2025-11-08T09:54:54+00:00","og_image":[{"width":700,"height":700,"url":"https:\/\/anivet.lt\/elparduotuve\/wp-content\/uploads\/2024\/11\/mr-bandit-dental-sticks-treats-for-dogs-with-beef-110-g.jpg","type":"image\/jpeg"}],"twitter_card":"summary_large_image","twitter_misc":{"Est. reading time":"1 minut\u0117"},"schema":{"@context":"https:\/\/schema.org","@graph":[{"@type":"WebPage","@id":"https:\/\/anivet.lt\/elparduotuve\/produktas\/mr-bandit-dental-sticks-skanestai-sunims-su-jautiena-110-g\/","url":"https:\/\/anivet.lt\/elparduotuve\/produktas\/mr-bandit-dental-sticks-skanestai-sunims-su-jautiena-110-g\/","name":"Mr. Bandit Dental Sticks skan\u0117stai \u0161unims su jautiena 110g - anivet.lt","isPartOf":{"@id":"https:\/\/anivet.lt\/elparduotuve\/#website"},"primaryImageOfPage":{"@id":"https:\/\/anivet.lt\/elparduotuve\/produktas\/mr-bandit-dental-sticks-skanestai-sunims-su-jautiena-110-g\/#primaryimage"},"image":{"@id":"https:\/\/anivet.lt\/elparduotuve\/produktas\/mr-bandit-dental-sticks-skanestai-sunims-su-jautiena-110-g\/#primaryimage"},"thumbnailUrl":"https:\/\/anivet.lt\/elparduotuve\/wp-content\/uploads\/2024\/11\/mr-bandit-dental-sticks-treats-for-dogs-with-beef-110-g.jpg","datePublished":"2024-11-05T10:34:02+00:00","dateModified":"2025-11-08T09:54:54+00:00","description":"Sveikas ir gardus b\u016bdas r\u016bpintis j\u016bs\u0173 \u0161uns burnos higiena. \u0160ie skan\u0117stai, praturtinti d\u017eiovintomis j\u016br\u017eol\u0117mis ir mineralais, padeda stiprinti dantis, o lanksti j\u0173 strukt\u016bra teikia papildomo malonumo kramtant.","breadcrumb":{"@id":"https:\/\/anivet.lt\/elparduotuve\/produktas\/mr-bandit-dental-sticks-skanestai-sunims-su-jautiena-110-g\/#breadcrumb"},"inLanguage":"lt-LT","potentialAction":[{"@type":"ReadAction","target":["https:\/\/anivet.lt\/elparduotuve\/produktas\/mr-bandit-dental-sticks-skanestai-sunims-su-jautiena-110-g\/"]}]},{"@type":"ImageObject","inLanguage":"lt-LT","@id":"https:\/\/anivet.lt\/elparduotuve\/produktas\/mr-bandit-dental-sticks-skanestai-sunims-su-jautiena-110-g\/#primaryimage","url":"https:\/\/anivet.lt\/elparduotuve\/wp-content\/uploads\/2024\/11\/mr-bandit-dental-sticks-treats-for-dogs-with-beef-110-g.jpg","contentUrl":"https:\/\/anivet.lt\/elparduotuve\/wp-content\/uploads\/2024\/11\/mr-bandit-dental-sticks-treats-for-dogs-with-beef-110-g.jpg","width":700,"height":700,"caption":"Mr. Bandit Dental Sticks skan\u0117stai \u0161unims su jautiena 110g"},{"@type":"BreadcrumbList","@id":"https:\/\/anivet.lt\/elparduotuve\/produktas\/mr-bandit-dental-sticks-skanestai-sunims-su-jautiena-110-g\/#breadcrumb","itemListElement":[{"@type":"ListItem","position":1,"name":"Home","item":"https:\/\/anivet.lt\/elparduotuve\/"},{"@type":"ListItem","position":2,"name":"Produktai","item":"https:\/\/anivet.lt\/elparduotuve\/produktai\/"},{"@type":"ListItem","position":3,"name":"Mr. Bandit Dental Sticks skan\u0117stai \u0161unims su jautiena 110g"}]},{"@type":"WebSite","@id":"https:\/\/anivet.lt\/elparduotuve\/#website","url":"https:\/\/anivet.lt\/elparduotuve\/","name":"anivet.lt","description":"Viskas J\u016bs\u0173 \u0161uns, kat\u0117s prie\u017ei\u016brai","publisher":{"@id":"https:\/\/anivet.lt\/elparduotuve\/#organization"},"alternateName":"Viskas J\u016bs\u0173 \u0161uns, kat\u0117s prie\u017ei\u016brai","potentialAction":[{"@type":"SearchAction","target":{"@type":"EntryPoint","urlTemplate":"https:\/\/anivet.lt\/elparduotuve\/?s={search_term_string}"},"query-input":{"@type":"PropertyValueSpecification","valueRequired":true,"valueName":"search_term_string"}}],"inLanguage":"lt-LT"},{"@type":"Organization","@id":"https:\/\/anivet.lt\/elparduotuve\/#organization","name":"Viskas J\u016bs\u0173 \u0161uns, kat\u0117s prie\u017ei\u016brai","url":"https:\/\/anivet.lt\/elparduotuve\/","logo":{"@type":"ImageObject","inLanguage":"lt-LT","@id":"https:\/\/anivet.lt\/elparduotuve\/#\/schema\/logo\/image\/","url":"https:\/\/anivet.lt\/elparduotuve\/wp-content\/uploads\/2023\/06\/logo2.jpg","contentUrl":"https:\/\/anivet.lt\/elparduotuve\/wp-content\/uploads\/2023\/06\/logo2.jpg","width":655,"height":194,"caption":"Viskas J\u016bs\u0173 \u0161uns, kat\u0117s prie\u017ei\u016brai"},"image":{"@id":"https:\/\/anivet.lt\/elparduotuve\/#\/schema\/logo\/image\/"}}]}},"_links":{"self":[{"href":"https:\/\/anivet.lt\/elparduotuve\/wp-json\/wp\/v2\/product\/14985","targetHints":{"allow":["GET"]}}],"collection":[{"href":"https:\/\/anivet.lt\/elparduotuve\/wp-json\/wp\/v2\/product"}],"about":[{"href":"https:\/\/anivet.lt\/elparduotuve\/wp-json\/wp\/v2\/types\/product"}],"wp:featuredmedia":[{"embeddable":true,"href":"https:\/\/anivet.lt\/elparduotuve\/wp-json\/wp\/v2\/media\/15021"}],"wp:attachment":[{"href":"https:\/\/anivet.lt\/elparduotuve\/wp-json\/wp\/v2\/media?parent=14985"}],"wp:term":[{"taxonomy":"product_brand","embeddable":true,"href":"https:\/\/anivet.lt\/elparduotuve\/wp-json\/wp\/v2\/product_brand?post=14985"},{"taxonomy":"product_cat","embeddable":true,"href":"https:\/\/anivet.lt\/elparduotuve\/wp-json\/wp\/v2\/product_cat?post=14985"},{"taxonomy":"product_tag","embeddable":true,"href":"https:\/\/anivet.lt\/elparduotuve\/wp-json\/wp\/v2\/product_tag?post=14985"}],"curies":[{"name":"wp","href":"https:\/\/api.w.org\/{rel}","templated":true}]}}