{"id":15003,"date":"2024-11-05T13:20:18","date_gmt":"2024-11-05T13:20:18","guid":{"rendered":"https:\/\/anivet.lt\/elparduotuve\/?post_type=product&#038;p=15003"},"modified":"2026-01-07T17:58:49","modified_gmt":"2026-01-07T17:58:49","slug":"mr-bandit-sport-extra-skanestai-sunims-su-antiena-150g","status":"publish","type":"product","link":"https:\/\/anivet.lt\/elparduotuve\/produktas\/mr-bandit-sport-extra-skanestai-sunims-su-antiena-150g\/","title":{"rendered":"Mr. Bandit SPORT EXTRA skan\u0117stai \u0161unims su antiena 150g"},"content":{"rendered":"<ul>\n<li style=\"font-weight: 400;\" aria-level=\"1\"><span style=\"font-weight: 400;\">Didelis m\u0117sos kiekis: 85% m\u0117sos, \u012fskaitant 9,5% avienos milt\u0173 \u2013 puikus baltym\u0173 \u0161altinis j\u016bs\u0173 augintiniui.<\/span><\/li>\n<li style=\"font-weight: 400;\" aria-level=\"1\"><span style=\"font-weight: 400;\">Idealus dydis: Patogus skan\u0117st\u0173 dydis leid\u017eia lengvai naudoti juos treniruo\u010di\u0173 metu.<\/span><\/li>\n<li style=\"font-weight: 400;\" aria-level=\"1\"><span style=\"font-weight: 400;\">Subalansuota sud\u0117tis: \u017dali baltymai 48,8%, \u017eali riebalai 9,6% \u2013 optimalus energijos ir maistini\u0173 med\u017eiag\u0173 balansas.<\/span><\/li>\n<li style=\"font-weight: 400;\" aria-level=\"1\"><span style=\"font-weight: 400;\">Skirtas d\u017eiaugsmui: Viliojantis aromatas ir puikus skonis \u2013 \u0161uo negal\u0117s atsispirti!<\/span><\/li>\n<li style=\"font-weight: 400;\" aria-level=\"1\"><span style=\"font-weight: 400;\">Universalus naudojimas: Tinka tiek treniruot\u0117ms, tiek kasdieniam palepinimui.<\/span><\/li>\n<\/ul>\n<p><span style=\"font-weight: 400;\">\u201eMr. Bandit SPORT EXTRA\u201c skan\u0117stai su antiena yra ne tik gardus, bet ir maistingas pasirinkimas, kuris pad\u0117s palaikyti j\u016bs\u0173 \u0161uns energij\u0105 ir motyvacij\u0105. Tai neatsiejamas pagalbininkas treniruot\u0117se, u\u017etikrinantis puiki\u0105 augintinio savijaut\u0105 ir d\u017eiaugsm\u0105.<\/span><\/p>\n","protected":false},"excerpt":{"rendered":"<p><span style=\"font-weight: 400;\">\u0160ie skan\u0117stai yra idealus pasirinkimas treniruot\u0117ms arba kaip skanus atlygis u\u017e ger\u0105 elges\u012f. Su didele m\u0117sos dalimi (85%), \u201eMr. Bandit SPORT EXTRA\u201c skan\u0117stai vilioja \u0161unis ne tik savo aromatu, bet ir nepakartojamu skoniu.<\/span><\/p>\n","protected":false},"featured_media":15004,"template":"","meta":[],"product_brand":[],"product_cat":[101,103,106],"product_tag":[],"class_list":{"0":"post-15003","1":"product","2":"type-product","3":"status-publish","4":"has-post-thumbnail","6":"product_cat-sunims","7":"product_cat-sunu-maistas","8":"product_cat-skanestai","9":"pa_prekinis-zenklas-mr-bandit","11":"first","12":"instock","13":"taxable","14":"shipping-taxable","15":"purchasable","16":"product-type-simple"},"yoast_head":"<!-- This site is optimized with the Yoast SEO Premium plugin v27.1 (Yoast SEO v27.5) - https:\/\/yoast.com\/product\/yoast-seo-premium-wordpress\/ -->\n<title>Mr. Bandit SPORT EXTRA skan\u0117stai \u0161unims su antiena 150g - anivet.lt<\/title>\n<meta name=\"description\" content=\"\u0160ie skan\u0117stai yra idealus pasirinkimas treniruot\u0117ms arba kaip skanus atlygis u\u017e ger\u0105 elges\u012f. Su didele m\u0117sos dalimi (85%), \u201eMr. Bandit SPORT EXTRA\u201c skan\u0117stai vilioja \u0161unis ne tik savo aromatu, bet ir nepakartojamu skoniu.\" \/>\n<meta name=\"robots\" content=\"index, follow, max-snippet:-1, max-image-preview:large, max-video-preview:-1\" \/>\n<link rel=\"canonical\" href=\"https:\/\/anivet.lt\/elparduotuve\/produktas\/mr-bandit-sport-extra-skanestai-sunims-su-antiena-150g\/\" \/>\n<meta property=\"og:locale\" content=\"lt_LT\" \/>\n<meta property=\"og:type\" content=\"article\" \/>\n<meta property=\"og:title\" content=\"Mr. Bandit SPORT EXTRA skan\u0117stai \u0161unims su antiena 150g\" \/>\n<meta property=\"og:description\" content=\"\u0160ie skan\u0117stai yra idealus pasirinkimas treniruot\u0117ms arba kaip skanus atlygis u\u017e ger\u0105 elges\u012f. Su didele m\u0117sos dalimi (85%), \u201eMr. Bandit SPORT EXTRA\u201c skan\u0117stai vilioja \u0161unis ne tik savo aromatu, bet ir nepakartojamu skoniu.\" \/>\n<meta property=\"og:url\" content=\"https:\/\/anivet.lt\/elparduotuve\/produktas\/mr-bandit-sport-extra-skanestai-sunims-su-antiena-150g\/\" \/>\n<meta property=\"og:site_name\" content=\"anivet.lt\" \/>\n<meta property=\"article:modified_time\" content=\"2026-01-07T17:58:49+00:00\" \/>\n<meta property=\"og:image\" content=\"https:\/\/anivet.lt\/elparduotuve\/wp-content\/uploads\/2024\/11\/Mr.-Bandit-Sport-Extra-nauja.png\" \/>\n\t<meta property=\"og:image:width\" content=\"400\" \/>\n\t<meta property=\"og:image:height\" content=\"400\" \/>\n\t<meta property=\"og:image:type\" content=\"image\/png\" \/>\n<meta name=\"twitter:card\" content=\"summary_large_image\" \/>\n<meta name=\"twitter:label1\" content=\"Est. reading time\" \/>\n\t<meta name=\"twitter:data1\" content=\"1 minut\u0117\" \/>\n<script type=\"application\/ld+json\" class=\"yoast-schema-graph\">{\"@context\":\"https:\\\/\\\/schema.org\",\"@graph\":[{\"@type\":\"WebPage\",\"@id\":\"https:\\\/\\\/anivet.lt\\\/elparduotuve\\\/produktas\\\/mr-bandit-sport-extra-skanestai-sunims-su-antiena-150g\\\/\",\"url\":\"https:\\\/\\\/anivet.lt\\\/elparduotuve\\\/produktas\\\/mr-bandit-sport-extra-skanestai-sunims-su-antiena-150g\\\/\",\"name\":\"Mr. Bandit SPORT EXTRA skan\u0117stai \u0161unims su antiena 150g - anivet.lt\",\"isPartOf\":{\"@id\":\"https:\\\/\\\/anivet.lt\\\/elparduotuve\\\/#website\"},\"primaryImageOfPage\":{\"@id\":\"https:\\\/\\\/anivet.lt\\\/elparduotuve\\\/produktas\\\/mr-bandit-sport-extra-skanestai-sunims-su-antiena-150g\\\/#primaryimage\"},\"image\":{\"@id\":\"https:\\\/\\\/anivet.lt\\\/elparduotuve\\\/produktas\\\/mr-bandit-sport-extra-skanestai-sunims-su-antiena-150g\\\/#primaryimage\"},\"thumbnailUrl\":\"https:\\\/\\\/anivet.lt\\\/elparduotuve\\\/wp-content\\\/uploads\\\/2024\\\/11\\\/Mr.-Bandit-Sport-Extra-nauja.png\",\"datePublished\":\"2024-11-05T13:20:18+00:00\",\"dateModified\":\"2026-01-07T17:58:49+00:00\",\"description\":\"\u0160ie skan\u0117stai yra idealus pasirinkimas treniruot\u0117ms arba kaip skanus atlygis u\u017e ger\u0105 elges\u012f. Su didele m\u0117sos dalimi (85%), \u201eMr. Bandit SPORT EXTRA\u201c skan\u0117stai vilioja \u0161unis ne tik savo aromatu, bet ir nepakartojamu skoniu.\",\"breadcrumb\":{\"@id\":\"https:\\\/\\\/anivet.lt\\\/elparduotuve\\\/produktas\\\/mr-bandit-sport-extra-skanestai-sunims-su-antiena-150g\\\/#breadcrumb\"},\"inLanguage\":\"lt-LT\",\"potentialAction\":[{\"@type\":\"ReadAction\",\"target\":[\"https:\\\/\\\/anivet.lt\\\/elparduotuve\\\/produktas\\\/mr-bandit-sport-extra-skanestai-sunims-su-antiena-150g\\\/\"]}]},{\"@type\":\"ImageObject\",\"inLanguage\":\"lt-LT\",\"@id\":\"https:\\\/\\\/anivet.lt\\\/elparduotuve\\\/produktas\\\/mr-bandit-sport-extra-skanestai-sunims-su-antiena-150g\\\/#primaryimage\",\"url\":\"https:\\\/\\\/anivet.lt\\\/elparduotuve\\\/wp-content\\\/uploads\\\/2024\\\/11\\\/Mr.-Bandit-Sport-Extra-nauja.png\",\"contentUrl\":\"https:\\\/\\\/anivet.lt\\\/elparduotuve\\\/wp-content\\\/uploads\\\/2024\\\/11\\\/Mr.-Bandit-Sport-Extra-nauja.png\",\"width\":400,\"height\":400,\"caption\":\"Mr. Bandit SPORT EXTRA skan\u0117stai \u0161unims su antiena 150g\"},{\"@type\":\"BreadcrumbList\",\"@id\":\"https:\\\/\\\/anivet.lt\\\/elparduotuve\\\/produktas\\\/mr-bandit-sport-extra-skanestai-sunims-su-antiena-150g\\\/#breadcrumb\",\"itemListElement\":[{\"@type\":\"ListItem\",\"position\":1,\"name\":\"Home\",\"item\":\"https:\\\/\\\/anivet.lt\\\/elparduotuve\\\/\"},{\"@type\":\"ListItem\",\"position\":2,\"name\":\"Produktai\",\"item\":\"https:\\\/\\\/anivet.lt\\\/elparduotuve\\\/produktai\\\/\"},{\"@type\":\"ListItem\",\"position\":3,\"name\":\"Mr. Bandit SPORT EXTRA skan\u0117stai \u0161unims su antiena 150g\"}]},{\"@type\":\"WebSite\",\"@id\":\"https:\\\/\\\/anivet.lt\\\/elparduotuve\\\/#website\",\"url\":\"https:\\\/\\\/anivet.lt\\\/elparduotuve\\\/\",\"name\":\"anivet.lt\",\"description\":\"Viskas J\u016bs\u0173 \u0161uns, kat\u0117s prie\u017ei\u016brai\",\"publisher\":{\"@id\":\"https:\\\/\\\/anivet.lt\\\/elparduotuve\\\/#organization\"},\"alternateName\":\"Viskas J\u016bs\u0173 \u0161uns, kat\u0117s prie\u017ei\u016brai\",\"potentialAction\":[{\"@type\":\"SearchAction\",\"target\":{\"@type\":\"EntryPoint\",\"urlTemplate\":\"https:\\\/\\\/anivet.lt\\\/elparduotuve\\\/?s={search_term_string}\"},\"query-input\":{\"@type\":\"PropertyValueSpecification\",\"valueRequired\":true,\"valueName\":\"search_term_string\"}}],\"inLanguage\":\"lt-LT\"},{\"@type\":\"Organization\",\"@id\":\"https:\\\/\\\/anivet.lt\\\/elparduotuve\\\/#organization\",\"name\":\"Viskas J\u016bs\u0173 \u0161uns, kat\u0117s prie\u017ei\u016brai\",\"url\":\"https:\\\/\\\/anivet.lt\\\/elparduotuve\\\/\",\"logo\":{\"@type\":\"ImageObject\",\"inLanguage\":\"lt-LT\",\"@id\":\"https:\\\/\\\/anivet.lt\\\/elparduotuve\\\/#\\\/schema\\\/logo\\\/image\\\/\",\"url\":\"https:\\\/\\\/anivet.lt\\\/elparduotuve\\\/wp-content\\\/uploads\\\/2023\\\/06\\\/logo2.jpg\",\"contentUrl\":\"https:\\\/\\\/anivet.lt\\\/elparduotuve\\\/wp-content\\\/uploads\\\/2023\\\/06\\\/logo2.jpg\",\"width\":655,\"height\":194,\"caption\":\"Viskas J\u016bs\u0173 \u0161uns, kat\u0117s prie\u017ei\u016brai\"},\"image\":{\"@id\":\"https:\\\/\\\/anivet.lt\\\/elparduotuve\\\/#\\\/schema\\\/logo\\\/image\\\/\"}}]}<\/script>\n<!-- \/ Yoast SEO Premium plugin. -->","yoast_head_json":{"title":"Mr. Bandit SPORT EXTRA skan\u0117stai \u0161unims su antiena 150g - anivet.lt","description":"\u0160ie skan\u0117stai yra idealus pasirinkimas treniruot\u0117ms arba kaip skanus atlygis u\u017e ger\u0105 elges\u012f. Su didele m\u0117sos dalimi (85%), \u201eMr. Bandit SPORT EXTRA\u201c skan\u0117stai vilioja \u0161unis ne tik savo aromatu, bet ir nepakartojamu skoniu.","robots":{"index":"index","follow":"follow","max-snippet":"max-snippet:-1","max-image-preview":"max-image-preview:large","max-video-preview":"max-video-preview:-1"},"canonical":"https:\/\/anivet.lt\/elparduotuve\/produktas\/mr-bandit-sport-extra-skanestai-sunims-su-antiena-150g\/","og_locale":"lt_LT","og_type":"article","og_title":"Mr. Bandit SPORT EXTRA skan\u0117stai \u0161unims su antiena 150g","og_description":"\u0160ie skan\u0117stai yra idealus pasirinkimas treniruot\u0117ms arba kaip skanus atlygis u\u017e ger\u0105 elges\u012f. Su didele m\u0117sos dalimi (85%), \u201eMr. Bandit SPORT EXTRA\u201c skan\u0117stai vilioja \u0161unis ne tik savo aromatu, bet ir nepakartojamu skoniu.","og_url":"https:\/\/anivet.lt\/elparduotuve\/produktas\/mr-bandit-sport-extra-skanestai-sunims-su-antiena-150g\/","og_site_name":"anivet.lt","article_modified_time":"2026-01-07T17:58:49+00:00","og_image":[{"width":400,"height":400,"url":"https:\/\/anivet.lt\/elparduotuve\/wp-content\/uploads\/2024\/11\/Mr.-Bandit-Sport-Extra-nauja.png","type":"image\/png"}],"twitter_card":"summary_large_image","twitter_misc":{"Est. reading time":"1 minut\u0117"},"schema":{"@context":"https:\/\/schema.org","@graph":[{"@type":"WebPage","@id":"https:\/\/anivet.lt\/elparduotuve\/produktas\/mr-bandit-sport-extra-skanestai-sunims-su-antiena-150g\/","url":"https:\/\/anivet.lt\/elparduotuve\/produktas\/mr-bandit-sport-extra-skanestai-sunims-su-antiena-150g\/","name":"Mr. Bandit SPORT EXTRA skan\u0117stai \u0161unims su antiena 150g - anivet.lt","isPartOf":{"@id":"https:\/\/anivet.lt\/elparduotuve\/#website"},"primaryImageOfPage":{"@id":"https:\/\/anivet.lt\/elparduotuve\/produktas\/mr-bandit-sport-extra-skanestai-sunims-su-antiena-150g\/#primaryimage"},"image":{"@id":"https:\/\/anivet.lt\/elparduotuve\/produktas\/mr-bandit-sport-extra-skanestai-sunims-su-antiena-150g\/#primaryimage"},"thumbnailUrl":"https:\/\/anivet.lt\/elparduotuve\/wp-content\/uploads\/2024\/11\/Mr.-Bandit-Sport-Extra-nauja.png","datePublished":"2024-11-05T13:20:18+00:00","dateModified":"2026-01-07T17:58:49+00:00","description":"\u0160ie skan\u0117stai yra idealus pasirinkimas treniruot\u0117ms arba kaip skanus atlygis u\u017e ger\u0105 elges\u012f. Su didele m\u0117sos dalimi (85%), \u201eMr. Bandit SPORT EXTRA\u201c skan\u0117stai vilioja \u0161unis ne tik savo aromatu, bet ir nepakartojamu skoniu.","breadcrumb":{"@id":"https:\/\/anivet.lt\/elparduotuve\/produktas\/mr-bandit-sport-extra-skanestai-sunims-su-antiena-150g\/#breadcrumb"},"inLanguage":"lt-LT","potentialAction":[{"@type":"ReadAction","target":["https:\/\/anivet.lt\/elparduotuve\/produktas\/mr-bandit-sport-extra-skanestai-sunims-su-antiena-150g\/"]}]},{"@type":"ImageObject","inLanguage":"lt-LT","@id":"https:\/\/anivet.lt\/elparduotuve\/produktas\/mr-bandit-sport-extra-skanestai-sunims-su-antiena-150g\/#primaryimage","url":"https:\/\/anivet.lt\/elparduotuve\/wp-content\/uploads\/2024\/11\/Mr.-Bandit-Sport-Extra-nauja.png","contentUrl":"https:\/\/anivet.lt\/elparduotuve\/wp-content\/uploads\/2024\/11\/Mr.-Bandit-Sport-Extra-nauja.png","width":400,"height":400,"caption":"Mr. Bandit SPORT EXTRA skan\u0117stai \u0161unims su antiena 150g"},{"@type":"BreadcrumbList","@id":"https:\/\/anivet.lt\/elparduotuve\/produktas\/mr-bandit-sport-extra-skanestai-sunims-su-antiena-150g\/#breadcrumb","itemListElement":[{"@type":"ListItem","position":1,"name":"Home","item":"https:\/\/anivet.lt\/elparduotuve\/"},{"@type":"ListItem","position":2,"name":"Produktai","item":"https:\/\/anivet.lt\/elparduotuve\/produktai\/"},{"@type":"ListItem","position":3,"name":"Mr. Bandit SPORT EXTRA skan\u0117stai \u0161unims su antiena 150g"}]},{"@type":"WebSite","@id":"https:\/\/anivet.lt\/elparduotuve\/#website","url":"https:\/\/anivet.lt\/elparduotuve\/","name":"anivet.lt","description":"Viskas J\u016bs\u0173 \u0161uns, kat\u0117s prie\u017ei\u016brai","publisher":{"@id":"https:\/\/anivet.lt\/elparduotuve\/#organization"},"alternateName":"Viskas J\u016bs\u0173 \u0161uns, kat\u0117s prie\u017ei\u016brai","potentialAction":[{"@type":"SearchAction","target":{"@type":"EntryPoint","urlTemplate":"https:\/\/anivet.lt\/elparduotuve\/?s={search_term_string}"},"query-input":{"@type":"PropertyValueSpecification","valueRequired":true,"valueName":"search_term_string"}}],"inLanguage":"lt-LT"},{"@type":"Organization","@id":"https:\/\/anivet.lt\/elparduotuve\/#organization","name":"Viskas J\u016bs\u0173 \u0161uns, kat\u0117s prie\u017ei\u016brai","url":"https:\/\/anivet.lt\/elparduotuve\/","logo":{"@type":"ImageObject","inLanguage":"lt-LT","@id":"https:\/\/anivet.lt\/elparduotuve\/#\/schema\/logo\/image\/","url":"https:\/\/anivet.lt\/elparduotuve\/wp-content\/uploads\/2023\/06\/logo2.jpg","contentUrl":"https:\/\/anivet.lt\/elparduotuve\/wp-content\/uploads\/2023\/06\/logo2.jpg","width":655,"height":194,"caption":"Viskas J\u016bs\u0173 \u0161uns, kat\u0117s prie\u017ei\u016brai"},"image":{"@id":"https:\/\/anivet.lt\/elparduotuve\/#\/schema\/logo\/image\/"}}]}},"_links":{"self":[{"href":"https:\/\/anivet.lt\/elparduotuve\/wp-json\/wp\/v2\/product\/15003","targetHints":{"allow":["GET"]}}],"collection":[{"href":"https:\/\/anivet.lt\/elparduotuve\/wp-json\/wp\/v2\/product"}],"about":[{"href":"https:\/\/anivet.lt\/elparduotuve\/wp-json\/wp\/v2\/types\/product"}],"wp:featuredmedia":[{"embeddable":true,"href":"https:\/\/anivet.lt\/elparduotuve\/wp-json\/wp\/v2\/media\/15004"}],"wp:attachment":[{"href":"https:\/\/anivet.lt\/elparduotuve\/wp-json\/wp\/v2\/media?parent=15003"}],"wp:term":[{"taxonomy":"product_brand","embeddable":true,"href":"https:\/\/anivet.lt\/elparduotuve\/wp-json\/wp\/v2\/product_brand?post=15003"},{"taxonomy":"product_cat","embeddable":true,"href":"https:\/\/anivet.lt\/elparduotuve\/wp-json\/wp\/v2\/product_cat?post=15003"},{"taxonomy":"product_tag","embeddable":true,"href":"https:\/\/anivet.lt\/elparduotuve\/wp-json\/wp\/v2\/product_tag?post=15003"}],"curies":[{"name":"wp","href":"https:\/\/api.w.org\/{rel}","templated":true}]}}