{"id":15013,"date":"2024-11-05T14:21:21","date_gmt":"2024-11-05T14:21:21","guid":{"rendered":"https:\/\/anivet.lt\/elparduotuve\/?post_type=product&#038;p=15013"},"modified":"2025-12-18T18:28:14","modified_gmt":"2025-12-18T18:28:14","slug":"15013","status":"publish","type":"product","link":"https:\/\/anivet.lt\/elparduotuve\/produktas\/15013\/","title":{"rendered":"Mr. Bandit Steaks skan\u0117stai \u0161unims su jautiena ir antiena 500g"},"content":{"rendered":"<ul>\n<li style=\"font-weight: 400;\" aria-level=\"1\"><span style=\"font-weight: 400;\">Auk\u0161tos kokyb\u0117s baltymai: Jautiena (40%) ir anties kr\u016btin\u0117l\u0117 (30%) u\u017etikrina visavert\u012f baltym\u0173 \u0161altin\u012f.<\/span><\/li>\n<li style=\"font-weight: 400;\" aria-level=\"1\"><span style=\"font-weight: 400;\">Subalansuotas skonis: Menk\u0117 (16,9%) suteikia skan\u0117stams unikal\u0173 aromat\u0105 ir skonio gyl\u012f.<\/span><\/li>\n<li style=\"font-weight: 400;\" aria-level=\"1\"><span style=\"font-weight: 400;\">Pusiau mink\u0161ta tekst\u016bra: Lengvai kramtomi, tinkami \u012fvairaus dyd\u017eio ir am\u017eiaus \u0161unims.<\/span><\/li>\n<li style=\"font-weight: 400;\" aria-level=\"1\"><span style=\"font-weight: 400;\">Nat\u016bral\u016bs ingredientai: Papildyti glicerinu ir kukur\u016bz\u0173 krakmolu, kurie padeda i\u0161laikyti \u0161vie\u017eum\u0105 ir tinkam\u0105 konsistencij\u0105.<\/span><\/li>\n<li style=\"font-weight: 400;\" aria-level=\"1\"><span style=\"font-weight: 400;\">Analitin\u0117 sud\u0117tis: Sud\u0117tyje 35% \u017eali\u0173 baltym\u0173, u\u017etikrinan\u010di\u0173 raumen\u0173 stiprum\u0105, ir 20% dr\u0117gm\u0117s, padedan\u010dios palaikyti maloni\u0105 tekst\u016br\u0105.<\/span><\/li>\n<\/ul>\n<p><span style=\"font-weight: 400;\">\u0160ie skan\u0117stai \u2013 tai ne tik gardus u\u017ekandis, bet ir auk\u0161tos kokyb\u0117s baltym\u0173 \u0161altinis. Idealiai tinkantys kaip paskatinimas treniruo\u010di\u0173 metu ar tiesiog kasdieniam palepinimui. Mr. Bandit Steaks skan\u0117stai pad\u0117s stiprinti ry\u0161\u012f tarp j\u016bs\u0173 ir j\u016bs\u0173 augintinio.<\/span><\/p>\n","protected":false},"excerpt":{"rendered":"<p><span style=\"font-weight: 400;\">Gard\u016bs ir pusiau mink\u0161ti skan\u0117stai \u0161unims, primenantys steiko tekst\u016br\u0105 ir skon\u012f. \u0160ie k\u0105sneliai, derinantys jautien\u0105, antien\u0105 ir aromating\u0105 menk\u0119, puikiai tiks net patiems i\u0161rankiausiems keturkojams. Puikus pasirinkimas norint palepinti savo augintin\u012f kokybi\u0161ku u\u017ekand\u017eiu.<\/span><\/p>\n","protected":false},"featured_media":15014,"template":"","meta":[],"product_brand":[],"product_cat":[101,103,106],"product_tag":[],"class_list":{"0":"post-15013","1":"product","2":"type-product","3":"status-publish","4":"has-post-thumbnail","6":"product_cat-sunims","7":"product_cat-sunu-maistas","8":"product_cat-skanestai","9":"pa_prekinis-zenklas-mr-bandit","11":"first","12":"outofstock","13":"taxable","14":"shipping-taxable","15":"purchasable","16":"product-type-simple"},"yoast_head":"<!-- This site is optimized with the Yoast SEO Premium plugin v27.1 (Yoast SEO v27.5) - https:\/\/yoast.com\/product\/yoast-seo-premium-wordpress\/ -->\n<title>Mr. Bandit Steaks skan\u0117stai \u0161unims su jautiena ir antiena 500g - anivet.lt<\/title>\n<meta name=\"description\" content=\"Gard\u016bs ir pusiau mink\u0161ti skan\u0117stai \u0161unims, primenantys steiko tekst\u016br\u0105 ir skon\u012f. \u0160ie k\u0105sneliai, derinantys jautien\u0105, antien\u0105 ir aromating\u0105 menk\u0119, puikiai tiks net patiems i\u0161rankiausiems keturkojams. Puikus pasirinkimas norint palepinti savo augintin\u012f kokybi\u0161ku u\u017ekand\u017eiu.\" \/>\n<meta name=\"robots\" content=\"index, follow, max-snippet:-1, max-image-preview:large, max-video-preview:-1\" \/>\n<link rel=\"canonical\" href=\"https:\/\/anivet.lt\/elparduotuve\/produktas\/15013\/\" \/>\n<meta property=\"og:locale\" content=\"lt_LT\" \/>\n<meta property=\"og:type\" content=\"article\" \/>\n<meta property=\"og:title\" content=\"Mr. Bandit Steaks skan\u0117stai \u0161unims su jautiena ir antiena 500g\" \/>\n<meta property=\"og:description\" content=\"Gard\u016bs ir pusiau mink\u0161ti skan\u0117stai \u0161unims, primenantys steiko tekst\u016br\u0105 ir skon\u012f. \u0160ie k\u0105sneliai, derinantys jautien\u0105, antien\u0105 ir aromating\u0105 menk\u0119, puikiai tiks net patiems i\u0161rankiausiems keturkojams. Puikus pasirinkimas norint palepinti savo augintin\u012f kokybi\u0161ku u\u017ekand\u017eiu.\" \/>\n<meta property=\"og:url\" content=\"https:\/\/anivet.lt\/elparduotuve\/produktas\/15013\/\" \/>\n<meta property=\"og:site_name\" content=\"anivet.lt\" \/>\n<meta property=\"article:modified_time\" content=\"2025-12-18T18:28:14+00:00\" \/>\n<meta property=\"og:image\" content=\"https:\/\/anivet.lt\/elparduotuve\/wp-content\/uploads\/2024\/11\/2663-nauja.jpg\" \/>\n\t<meta property=\"og:image:width\" content=\"400\" \/>\n\t<meta property=\"og:image:height\" content=\"400\" \/>\n\t<meta property=\"og:image:type\" content=\"image\/jpeg\" \/>\n<meta name=\"twitter:card\" content=\"summary_large_image\" \/>\n<meta name=\"twitter:label1\" content=\"Est. reading time\" \/>\n\t<meta name=\"twitter:data1\" content=\"1 minut\u0117\" \/>\n<script type=\"application\/ld+json\" class=\"yoast-schema-graph\">{\"@context\":\"https:\\\/\\\/schema.org\",\"@graph\":[{\"@type\":\"WebPage\",\"@id\":\"https:\\\/\\\/anivet.lt\\\/elparduotuve\\\/produktas\\\/15013\\\/\",\"url\":\"https:\\\/\\\/anivet.lt\\\/elparduotuve\\\/produktas\\\/15013\\\/\",\"name\":\"Mr. Bandit Steaks skan\u0117stai \u0161unims su jautiena ir antiena 500g - anivet.lt\",\"isPartOf\":{\"@id\":\"https:\\\/\\\/anivet.lt\\\/elparduotuve\\\/#website\"},\"primaryImageOfPage\":{\"@id\":\"https:\\\/\\\/anivet.lt\\\/elparduotuve\\\/produktas\\\/15013\\\/#primaryimage\"},\"image\":{\"@id\":\"https:\\\/\\\/anivet.lt\\\/elparduotuve\\\/produktas\\\/15013\\\/#primaryimage\"},\"thumbnailUrl\":\"https:\\\/\\\/anivet.lt\\\/elparduotuve\\\/wp-content\\\/uploads\\\/2024\\\/11\\\/2663-nauja.jpg\",\"datePublished\":\"2024-11-05T14:21:21+00:00\",\"dateModified\":\"2025-12-18T18:28:14+00:00\",\"description\":\"Gard\u016bs ir pusiau mink\u0161ti skan\u0117stai \u0161unims, primenantys steiko tekst\u016br\u0105 ir skon\u012f. \u0160ie k\u0105sneliai, derinantys jautien\u0105, antien\u0105 ir aromating\u0105 menk\u0119, puikiai tiks net patiems i\u0161rankiausiems keturkojams. Puikus pasirinkimas norint palepinti savo augintin\u012f kokybi\u0161ku u\u017ekand\u017eiu.\",\"breadcrumb\":{\"@id\":\"https:\\\/\\\/anivet.lt\\\/elparduotuve\\\/produktas\\\/15013\\\/#breadcrumb\"},\"inLanguage\":\"lt-LT\",\"potentialAction\":[{\"@type\":\"ReadAction\",\"target\":[\"https:\\\/\\\/anivet.lt\\\/elparduotuve\\\/produktas\\\/15013\\\/\"]}]},{\"@type\":\"ImageObject\",\"inLanguage\":\"lt-LT\",\"@id\":\"https:\\\/\\\/anivet.lt\\\/elparduotuve\\\/produktas\\\/15013\\\/#primaryimage\",\"url\":\"https:\\\/\\\/anivet.lt\\\/elparduotuve\\\/wp-content\\\/uploads\\\/2024\\\/11\\\/2663-nauja.jpg\",\"contentUrl\":\"https:\\\/\\\/anivet.lt\\\/elparduotuve\\\/wp-content\\\/uploads\\\/2024\\\/11\\\/2663-nauja.jpg\",\"width\":400,\"height\":400,\"caption\":\"Mr. Bandit Steaks skan\u0117stai \u0161unims su jautiena ir antiena 500g\"},{\"@type\":\"BreadcrumbList\",\"@id\":\"https:\\\/\\\/anivet.lt\\\/elparduotuve\\\/produktas\\\/15013\\\/#breadcrumb\",\"itemListElement\":[{\"@type\":\"ListItem\",\"position\":1,\"name\":\"Home\",\"item\":\"https:\\\/\\\/anivet.lt\\\/elparduotuve\\\/\"},{\"@type\":\"ListItem\",\"position\":2,\"name\":\"Produktai\",\"item\":\"https:\\\/\\\/anivet.lt\\\/elparduotuve\\\/produktai\\\/\"},{\"@type\":\"ListItem\",\"position\":3,\"name\":\"Mr. Bandit Steaks skan\u0117stai \u0161unims su jautiena ir antiena 500g\"}]},{\"@type\":\"WebSite\",\"@id\":\"https:\\\/\\\/anivet.lt\\\/elparduotuve\\\/#website\",\"url\":\"https:\\\/\\\/anivet.lt\\\/elparduotuve\\\/\",\"name\":\"anivet.lt\",\"description\":\"Viskas J\u016bs\u0173 \u0161uns, kat\u0117s prie\u017ei\u016brai\",\"publisher\":{\"@id\":\"https:\\\/\\\/anivet.lt\\\/elparduotuve\\\/#organization\"},\"alternateName\":\"Viskas J\u016bs\u0173 \u0161uns, kat\u0117s prie\u017ei\u016brai\",\"potentialAction\":[{\"@type\":\"SearchAction\",\"target\":{\"@type\":\"EntryPoint\",\"urlTemplate\":\"https:\\\/\\\/anivet.lt\\\/elparduotuve\\\/?s={search_term_string}\"},\"query-input\":{\"@type\":\"PropertyValueSpecification\",\"valueRequired\":true,\"valueName\":\"search_term_string\"}}],\"inLanguage\":\"lt-LT\"},{\"@type\":\"Organization\",\"@id\":\"https:\\\/\\\/anivet.lt\\\/elparduotuve\\\/#organization\",\"name\":\"Viskas J\u016bs\u0173 \u0161uns, kat\u0117s prie\u017ei\u016brai\",\"url\":\"https:\\\/\\\/anivet.lt\\\/elparduotuve\\\/\",\"logo\":{\"@type\":\"ImageObject\",\"inLanguage\":\"lt-LT\",\"@id\":\"https:\\\/\\\/anivet.lt\\\/elparduotuve\\\/#\\\/schema\\\/logo\\\/image\\\/\",\"url\":\"https:\\\/\\\/anivet.lt\\\/elparduotuve\\\/wp-content\\\/uploads\\\/2023\\\/06\\\/logo2.jpg\",\"contentUrl\":\"https:\\\/\\\/anivet.lt\\\/elparduotuve\\\/wp-content\\\/uploads\\\/2023\\\/06\\\/logo2.jpg\",\"width\":655,\"height\":194,\"caption\":\"Viskas J\u016bs\u0173 \u0161uns, kat\u0117s prie\u017ei\u016brai\"},\"image\":{\"@id\":\"https:\\\/\\\/anivet.lt\\\/elparduotuve\\\/#\\\/schema\\\/logo\\\/image\\\/\"}}]}<\/script>\n<!-- \/ Yoast SEO Premium plugin. -->","yoast_head_json":{"title":"Mr. Bandit Steaks skan\u0117stai \u0161unims su jautiena ir antiena 500g - anivet.lt","description":"Gard\u016bs ir pusiau mink\u0161ti skan\u0117stai \u0161unims, primenantys steiko tekst\u016br\u0105 ir skon\u012f. \u0160ie k\u0105sneliai, derinantys jautien\u0105, antien\u0105 ir aromating\u0105 menk\u0119, puikiai tiks net patiems i\u0161rankiausiems keturkojams. Puikus pasirinkimas norint palepinti savo augintin\u012f kokybi\u0161ku u\u017ekand\u017eiu.","robots":{"index":"index","follow":"follow","max-snippet":"max-snippet:-1","max-image-preview":"max-image-preview:large","max-video-preview":"max-video-preview:-1"},"canonical":"https:\/\/anivet.lt\/elparduotuve\/produktas\/15013\/","og_locale":"lt_LT","og_type":"article","og_title":"Mr. Bandit Steaks skan\u0117stai \u0161unims su jautiena ir antiena 500g","og_description":"Gard\u016bs ir pusiau mink\u0161ti skan\u0117stai \u0161unims, primenantys steiko tekst\u016br\u0105 ir skon\u012f. \u0160ie k\u0105sneliai, derinantys jautien\u0105, antien\u0105 ir aromating\u0105 menk\u0119, puikiai tiks net patiems i\u0161rankiausiems keturkojams. Puikus pasirinkimas norint palepinti savo augintin\u012f kokybi\u0161ku u\u017ekand\u017eiu.","og_url":"https:\/\/anivet.lt\/elparduotuve\/produktas\/15013\/","og_site_name":"anivet.lt","article_modified_time":"2025-12-18T18:28:14+00:00","og_image":[{"width":400,"height":400,"url":"https:\/\/anivet.lt\/elparduotuve\/wp-content\/uploads\/2024\/11\/2663-nauja.jpg","type":"image\/jpeg"}],"twitter_card":"summary_large_image","twitter_misc":{"Est. reading time":"1 minut\u0117"},"schema":{"@context":"https:\/\/schema.org","@graph":[{"@type":"WebPage","@id":"https:\/\/anivet.lt\/elparduotuve\/produktas\/15013\/","url":"https:\/\/anivet.lt\/elparduotuve\/produktas\/15013\/","name":"Mr. Bandit Steaks skan\u0117stai \u0161unims su jautiena ir antiena 500g - anivet.lt","isPartOf":{"@id":"https:\/\/anivet.lt\/elparduotuve\/#website"},"primaryImageOfPage":{"@id":"https:\/\/anivet.lt\/elparduotuve\/produktas\/15013\/#primaryimage"},"image":{"@id":"https:\/\/anivet.lt\/elparduotuve\/produktas\/15013\/#primaryimage"},"thumbnailUrl":"https:\/\/anivet.lt\/elparduotuve\/wp-content\/uploads\/2024\/11\/2663-nauja.jpg","datePublished":"2024-11-05T14:21:21+00:00","dateModified":"2025-12-18T18:28:14+00:00","description":"Gard\u016bs ir pusiau mink\u0161ti skan\u0117stai \u0161unims, primenantys steiko tekst\u016br\u0105 ir skon\u012f. \u0160ie k\u0105sneliai, derinantys jautien\u0105, antien\u0105 ir aromating\u0105 menk\u0119, puikiai tiks net patiems i\u0161rankiausiems keturkojams. Puikus pasirinkimas norint palepinti savo augintin\u012f kokybi\u0161ku u\u017ekand\u017eiu.","breadcrumb":{"@id":"https:\/\/anivet.lt\/elparduotuve\/produktas\/15013\/#breadcrumb"},"inLanguage":"lt-LT","potentialAction":[{"@type":"ReadAction","target":["https:\/\/anivet.lt\/elparduotuve\/produktas\/15013\/"]}]},{"@type":"ImageObject","inLanguage":"lt-LT","@id":"https:\/\/anivet.lt\/elparduotuve\/produktas\/15013\/#primaryimage","url":"https:\/\/anivet.lt\/elparduotuve\/wp-content\/uploads\/2024\/11\/2663-nauja.jpg","contentUrl":"https:\/\/anivet.lt\/elparduotuve\/wp-content\/uploads\/2024\/11\/2663-nauja.jpg","width":400,"height":400,"caption":"Mr. Bandit Steaks skan\u0117stai \u0161unims su jautiena ir antiena 500g"},{"@type":"BreadcrumbList","@id":"https:\/\/anivet.lt\/elparduotuve\/produktas\/15013\/#breadcrumb","itemListElement":[{"@type":"ListItem","position":1,"name":"Home","item":"https:\/\/anivet.lt\/elparduotuve\/"},{"@type":"ListItem","position":2,"name":"Produktai","item":"https:\/\/anivet.lt\/elparduotuve\/produktai\/"},{"@type":"ListItem","position":3,"name":"Mr. Bandit Steaks skan\u0117stai \u0161unims su jautiena ir antiena 500g"}]},{"@type":"WebSite","@id":"https:\/\/anivet.lt\/elparduotuve\/#website","url":"https:\/\/anivet.lt\/elparduotuve\/","name":"anivet.lt","description":"Viskas J\u016bs\u0173 \u0161uns, kat\u0117s prie\u017ei\u016brai","publisher":{"@id":"https:\/\/anivet.lt\/elparduotuve\/#organization"},"alternateName":"Viskas J\u016bs\u0173 \u0161uns, kat\u0117s prie\u017ei\u016brai","potentialAction":[{"@type":"SearchAction","target":{"@type":"EntryPoint","urlTemplate":"https:\/\/anivet.lt\/elparduotuve\/?s={search_term_string}"},"query-input":{"@type":"PropertyValueSpecification","valueRequired":true,"valueName":"search_term_string"}}],"inLanguage":"lt-LT"},{"@type":"Organization","@id":"https:\/\/anivet.lt\/elparduotuve\/#organization","name":"Viskas J\u016bs\u0173 \u0161uns, kat\u0117s prie\u017ei\u016brai","url":"https:\/\/anivet.lt\/elparduotuve\/","logo":{"@type":"ImageObject","inLanguage":"lt-LT","@id":"https:\/\/anivet.lt\/elparduotuve\/#\/schema\/logo\/image\/","url":"https:\/\/anivet.lt\/elparduotuve\/wp-content\/uploads\/2023\/06\/logo2.jpg","contentUrl":"https:\/\/anivet.lt\/elparduotuve\/wp-content\/uploads\/2023\/06\/logo2.jpg","width":655,"height":194,"caption":"Viskas J\u016bs\u0173 \u0161uns, kat\u0117s prie\u017ei\u016brai"},"image":{"@id":"https:\/\/anivet.lt\/elparduotuve\/#\/schema\/logo\/image\/"}}]}},"_links":{"self":[{"href":"https:\/\/anivet.lt\/elparduotuve\/wp-json\/wp\/v2\/product\/15013","targetHints":{"allow":["GET"]}}],"collection":[{"href":"https:\/\/anivet.lt\/elparduotuve\/wp-json\/wp\/v2\/product"}],"about":[{"href":"https:\/\/anivet.lt\/elparduotuve\/wp-json\/wp\/v2\/types\/product"}],"wp:featuredmedia":[{"embeddable":true,"href":"https:\/\/anivet.lt\/elparduotuve\/wp-json\/wp\/v2\/media\/15014"}],"wp:attachment":[{"href":"https:\/\/anivet.lt\/elparduotuve\/wp-json\/wp\/v2\/media?parent=15013"}],"wp:term":[{"taxonomy":"product_brand","embeddable":true,"href":"https:\/\/anivet.lt\/elparduotuve\/wp-json\/wp\/v2\/product_brand?post=15013"},{"taxonomy":"product_cat","embeddable":true,"href":"https:\/\/anivet.lt\/elparduotuve\/wp-json\/wp\/v2\/product_cat?post=15013"},{"taxonomy":"product_tag","embeddable":true,"href":"https:\/\/anivet.lt\/elparduotuve\/wp-json\/wp\/v2\/product_tag?post=15013"}],"curies":[{"name":"wp","href":"https:\/\/api.w.org\/{rel}","templated":true}]}}