{"id":15160,"date":"2024-11-17T21:40:25","date_gmt":"2024-11-17T21:40:25","guid":{"rendered":"https:\/\/anivet.lt\/elparduotuve\/?post_type=product&#038;p=15160"},"modified":"2025-06-02T20:56:46","modified_gmt":"2025-06-02T20:56:46","slug":"quattro-maxi-lamb-sausas-dideliu-veisliu-sunu-pasaras-su-eriena-12-kg","status":"publish","type":"product","link":"https:\/\/anivet.lt\/elparduotuve\/produktas\/quattro-maxi-lamb-sausas-dideliu-veisliu-sunu-pasaras-su-eriena-12-kg\/","title":{"rendered":"QUATTRO Maxi Lamb sausas dideli\u0173 veisli\u0173 \u0161un\u0173 pa\u0161aras su \u0117riena 12 kg"},"content":{"rendered":"<ul>\n<li style=\"font-weight: 400;\" aria-level=\"1\"><span style=\"font-weight: 400;\">100% Naujosios Zelandijos \u0117riena: Auk\u0161tos kokyb\u0117s baltym\u0173 \u0161altinis, palaikantis stiprius raumenis.<\/span><\/li>\n<li style=\"font-weight: 400;\" aria-level=\"1\"><span style=\"font-weight: 400;\">Be kvie\u010di\u0173: Tinka \u0161unims, turintiems glitimo netoleravim\u0105 ar alergijas.<\/span><\/li>\n<li style=\"font-weight: 400;\" aria-level=\"1\"><span style=\"font-weight: 400;\">Nat\u016bral\u016bs prebiotikai: Inulinas, manan-oligosacharidai ir jukos ekstraktai palaiko sveik\u0105 \u017earnyno flor\u0105.<\/span><\/li>\n<li style=\"font-weight: 400;\" aria-level=\"1\"><span style=\"font-weight: 400;\">S\u0105nari\u0173 mobilumas: Gliukozaminas, chondroitino sulfatas ir omega-3 riebal\u0173 r\u016bg\u0161tys padeda palaikyti s\u0105nari\u0173 sveikat\u0105.<\/span><\/li>\n<li style=\"font-weight: 400;\" aria-level=\"1\"><span style=\"font-weight: 400;\">Skani danga: Granul\u0117s padengtos \u0161altyje d\u017eiovinta vi\u0161tiena, tod\u0117l net i\u0161rankiausi \u0161unys m\u0117gausis \u0161iuo pa\u0161aru.<\/span><\/li>\n<\/ul>\n<p><span style=\"font-weight: 400;\">\u201eQuattro Maxi Lamb\u201d pa\u0161aro sud\u0117tis buvo sukurta remiantis dideli\u0173 veisli\u0173 \u0161un\u0173 poreikiais, u\u017etikrinant visavert\u0119 mityb\u0105 ir puiki\u0105 savijaut\u0105. Be dirbtini\u0173 da\u017eikli\u0173 ir skonio stiprikli\u0173 \u2013 tik nat\u016bral\u016bs ingredientai, palaikantys j\u016bs\u0173 \u0161uns aktyv\u0173 gyvenimo b\u016bd\u0105 ir ilgalaik\u0119 sveikat\u0105.<\/span><\/p>\n","protected":false},"excerpt":{"rendered":"<p><span style=\"font-weight: 400;\">Puikus pasirinkimas suaugusiems \u0161unims, sveriantiems daugiau nei 25 kg. \u0160is pa\u0161aras ne tik suteikia visavert\u0119 mityb\u0105, bet ir padeda palaikyti sveikat\u0105 bei ger\u0105 fizin\u0119 form\u0105, ypa\u010d dideli\u0173 veisli\u0173 \u0161unims.<\/span><\/p>\n","protected":false},"featured_media":15161,"template":"","meta":[],"product_brand":[],"product_cat":[101,103,104,320],"product_tag":[],"class_list":{"0":"post-15160","1":"product","2":"type-product","3":"status-publish","4":"has-post-thumbnail","6":"product_cat-sunims","7":"product_cat-sunu-maistas","8":"product_cat-sausas-maistas","9":"product_cat-quattro-sunu-maistas","10":"pa_prekinis-zenklas-quattro","12":"first","13":"instock","14":"sale","15":"taxable","16":"shipping-taxable","17":"purchasable","18":"product-type-simple"},"yoast_head":"<!-- This site is optimized with the Yoast SEO Premium plugin v27.1 (Yoast SEO v27.5) - https:\/\/yoast.com\/product\/yoast-seo-premium-wordpress\/ -->\n<title>QUATTRO Maxi Lamb sausas dideli\u0173 veisli\u0173 \u0161un\u0173 pa\u0161aras su \u0117riena 12 kg - anivet.lt<\/title>\n<meta name=\"description\" content=\"Puikus pasirinkimas suaugusiems \u0161unims, sveriantiems daugiau nei 25 kg. \u0160is pa\u0161aras ne tik suteikia visavert\u0119 mityb\u0105, bet ir padeda palaikyti sveikat\u0105 bei ger\u0105 fizin\u0119 form\u0105, ypa\u010d dideli\u0173 veisli\u0173 \u0161unims.\" \/>\n<meta name=\"robots\" content=\"index, follow, max-snippet:-1, max-image-preview:large, max-video-preview:-1\" \/>\n<link rel=\"canonical\" href=\"https:\/\/anivet.lt\/elparduotuve\/produktas\/quattro-maxi-lamb-sausas-dideliu-veisliu-sunu-pasaras-su-eriena-12-kg\/\" \/>\n<meta property=\"og:locale\" content=\"lt_LT\" \/>\n<meta property=\"og:type\" content=\"article\" \/>\n<meta property=\"og:title\" content=\"QUATTRO Maxi Lamb sausas dideli\u0173 veisli\u0173 \u0161un\u0173 pa\u0161aras su \u0117riena 12 kg\" \/>\n<meta property=\"og:description\" content=\"Puikus pasirinkimas suaugusiems \u0161unims, sveriantiems daugiau nei 25 kg. \u0160is pa\u0161aras ne tik suteikia visavert\u0119 mityb\u0105, bet ir padeda palaikyti sveikat\u0105 bei ger\u0105 fizin\u0119 form\u0105, ypa\u010d dideli\u0173 veisli\u0173 \u0161unims.\" \/>\n<meta property=\"og:url\" content=\"https:\/\/anivet.lt\/elparduotuve\/produktas\/quattro-maxi-lamb-sausas-dideliu-veisliu-sunu-pasaras-su-eriena-12-kg\/\" \/>\n<meta property=\"og:site_name\" content=\"anivet.lt\" \/>\n<meta property=\"article:modified_time\" content=\"2025-06-02T20:56:46+00:00\" \/>\n<meta property=\"og:image\" content=\"https:\/\/anivet.lt\/elparduotuve\/wp-content\/uploads\/2024\/11\/QUATTRO-Dogs-MaxiAdult-ExtraLamb-LargeBreed-12kg.png\" \/>\n\t<meta property=\"og:image:width\" content=\"650\" \/>\n\t<meta property=\"og:image:height\" content=\"650\" \/>\n\t<meta property=\"og:image:type\" content=\"image\/png\" \/>\n<meta name=\"twitter:card\" content=\"summary_large_image\" \/>\n<meta name=\"twitter:label1\" content=\"Est. reading time\" \/>\n\t<meta name=\"twitter:data1\" content=\"1 minut\u0117\" \/>\n<script type=\"application\/ld+json\" class=\"yoast-schema-graph\">{\"@context\":\"https:\\\/\\\/schema.org\",\"@graph\":[{\"@type\":\"WebPage\",\"@id\":\"https:\\\/\\\/anivet.lt\\\/elparduotuve\\\/produktas\\\/quattro-maxi-lamb-sausas-dideliu-veisliu-sunu-pasaras-su-eriena-12-kg\\\/\",\"url\":\"https:\\\/\\\/anivet.lt\\\/elparduotuve\\\/produktas\\\/quattro-maxi-lamb-sausas-dideliu-veisliu-sunu-pasaras-su-eriena-12-kg\\\/\",\"name\":\"QUATTRO Maxi Lamb sausas dideli\u0173 veisli\u0173 \u0161un\u0173 pa\u0161aras su \u0117riena 12 kg - anivet.lt\",\"isPartOf\":{\"@id\":\"https:\\\/\\\/anivet.lt\\\/elparduotuve\\\/#website\"},\"primaryImageOfPage\":{\"@id\":\"https:\\\/\\\/anivet.lt\\\/elparduotuve\\\/produktas\\\/quattro-maxi-lamb-sausas-dideliu-veisliu-sunu-pasaras-su-eriena-12-kg\\\/#primaryimage\"},\"image\":{\"@id\":\"https:\\\/\\\/anivet.lt\\\/elparduotuve\\\/produktas\\\/quattro-maxi-lamb-sausas-dideliu-veisliu-sunu-pasaras-su-eriena-12-kg\\\/#primaryimage\"},\"thumbnailUrl\":\"https:\\\/\\\/anivet.lt\\\/elparduotuve\\\/wp-content\\\/uploads\\\/2024\\\/11\\\/QUATTRO-Dogs-MaxiAdult-ExtraLamb-LargeBreed-12kg.png\",\"datePublished\":\"2024-11-17T21:40:25+00:00\",\"dateModified\":\"2025-06-02T20:56:46+00:00\",\"description\":\"Puikus pasirinkimas suaugusiems \u0161unims, sveriantiems daugiau nei 25 kg. \u0160is pa\u0161aras ne tik suteikia visavert\u0119 mityb\u0105, bet ir padeda palaikyti sveikat\u0105 bei ger\u0105 fizin\u0119 form\u0105, ypa\u010d dideli\u0173 veisli\u0173 \u0161unims.\",\"breadcrumb\":{\"@id\":\"https:\\\/\\\/anivet.lt\\\/elparduotuve\\\/produktas\\\/quattro-maxi-lamb-sausas-dideliu-veisliu-sunu-pasaras-su-eriena-12-kg\\\/#breadcrumb\"},\"inLanguage\":\"lt-LT\",\"potentialAction\":[{\"@type\":\"ReadAction\",\"target\":[\"https:\\\/\\\/anivet.lt\\\/elparduotuve\\\/produktas\\\/quattro-maxi-lamb-sausas-dideliu-veisliu-sunu-pasaras-su-eriena-12-kg\\\/\"]}]},{\"@type\":\"ImageObject\",\"inLanguage\":\"lt-LT\",\"@id\":\"https:\\\/\\\/anivet.lt\\\/elparduotuve\\\/produktas\\\/quattro-maxi-lamb-sausas-dideliu-veisliu-sunu-pasaras-su-eriena-12-kg\\\/#primaryimage\",\"url\":\"https:\\\/\\\/anivet.lt\\\/elparduotuve\\\/wp-content\\\/uploads\\\/2024\\\/11\\\/QUATTRO-Dogs-MaxiAdult-ExtraLamb-LargeBreed-12kg.png\",\"contentUrl\":\"https:\\\/\\\/anivet.lt\\\/elparduotuve\\\/wp-content\\\/uploads\\\/2024\\\/11\\\/QUATTRO-Dogs-MaxiAdult-ExtraLamb-LargeBreed-12kg.png\",\"width\":650,\"height\":650,\"caption\":\"QUATTRO Maxi Lamb sausas dideli\u0173 veisli\u0173 \u0161un\u0173 pa\u0161aras su \u0117riena 12 kg\"},{\"@type\":\"BreadcrumbList\",\"@id\":\"https:\\\/\\\/anivet.lt\\\/elparduotuve\\\/produktas\\\/quattro-maxi-lamb-sausas-dideliu-veisliu-sunu-pasaras-su-eriena-12-kg\\\/#breadcrumb\",\"itemListElement\":[{\"@type\":\"ListItem\",\"position\":1,\"name\":\"Home\",\"item\":\"https:\\\/\\\/anivet.lt\\\/elparduotuve\\\/\"},{\"@type\":\"ListItem\",\"position\":2,\"name\":\"Produktai\",\"item\":\"https:\\\/\\\/anivet.lt\\\/elparduotuve\\\/produktai\\\/\"},{\"@type\":\"ListItem\",\"position\":3,\"name\":\"QUATTRO Maxi Lamb sausas dideli\u0173 veisli\u0173 \u0161un\u0173 pa\u0161aras su \u0117riena 12 kg\"}]},{\"@type\":\"WebSite\",\"@id\":\"https:\\\/\\\/anivet.lt\\\/elparduotuve\\\/#website\",\"url\":\"https:\\\/\\\/anivet.lt\\\/elparduotuve\\\/\",\"name\":\"anivet.lt\",\"description\":\"Viskas J\u016bs\u0173 \u0161uns, kat\u0117s prie\u017ei\u016brai\",\"publisher\":{\"@id\":\"https:\\\/\\\/anivet.lt\\\/elparduotuve\\\/#organization\"},\"alternateName\":\"Viskas J\u016bs\u0173 \u0161uns, kat\u0117s prie\u017ei\u016brai\",\"potentialAction\":[{\"@type\":\"SearchAction\",\"target\":{\"@type\":\"EntryPoint\",\"urlTemplate\":\"https:\\\/\\\/anivet.lt\\\/elparduotuve\\\/?s={search_term_string}\"},\"query-input\":{\"@type\":\"PropertyValueSpecification\",\"valueRequired\":true,\"valueName\":\"search_term_string\"}}],\"inLanguage\":\"lt-LT\"},{\"@type\":\"Organization\",\"@id\":\"https:\\\/\\\/anivet.lt\\\/elparduotuve\\\/#organization\",\"name\":\"Viskas J\u016bs\u0173 \u0161uns, kat\u0117s prie\u017ei\u016brai\",\"url\":\"https:\\\/\\\/anivet.lt\\\/elparduotuve\\\/\",\"logo\":{\"@type\":\"ImageObject\",\"inLanguage\":\"lt-LT\",\"@id\":\"https:\\\/\\\/anivet.lt\\\/elparduotuve\\\/#\\\/schema\\\/logo\\\/image\\\/\",\"url\":\"https:\\\/\\\/anivet.lt\\\/elparduotuve\\\/wp-content\\\/uploads\\\/2023\\\/06\\\/logo2.jpg\",\"contentUrl\":\"https:\\\/\\\/anivet.lt\\\/elparduotuve\\\/wp-content\\\/uploads\\\/2023\\\/06\\\/logo2.jpg\",\"width\":655,\"height\":194,\"caption\":\"Viskas J\u016bs\u0173 \u0161uns, kat\u0117s prie\u017ei\u016brai\"},\"image\":{\"@id\":\"https:\\\/\\\/anivet.lt\\\/elparduotuve\\\/#\\\/schema\\\/logo\\\/image\\\/\"}}]}<\/script>\n<!-- \/ Yoast SEO Premium plugin. -->","yoast_head_json":{"title":"QUATTRO Maxi Lamb sausas dideli\u0173 veisli\u0173 \u0161un\u0173 pa\u0161aras su \u0117riena 12 kg - anivet.lt","description":"Puikus pasirinkimas suaugusiems \u0161unims, sveriantiems daugiau nei 25 kg. \u0160is pa\u0161aras ne tik suteikia visavert\u0119 mityb\u0105, bet ir padeda palaikyti sveikat\u0105 bei ger\u0105 fizin\u0119 form\u0105, ypa\u010d dideli\u0173 veisli\u0173 \u0161unims.","robots":{"index":"index","follow":"follow","max-snippet":"max-snippet:-1","max-image-preview":"max-image-preview:large","max-video-preview":"max-video-preview:-1"},"canonical":"https:\/\/anivet.lt\/elparduotuve\/produktas\/quattro-maxi-lamb-sausas-dideliu-veisliu-sunu-pasaras-su-eriena-12-kg\/","og_locale":"lt_LT","og_type":"article","og_title":"QUATTRO Maxi Lamb sausas dideli\u0173 veisli\u0173 \u0161un\u0173 pa\u0161aras su \u0117riena 12 kg","og_description":"Puikus pasirinkimas suaugusiems \u0161unims, sveriantiems daugiau nei 25 kg. \u0160is pa\u0161aras ne tik suteikia visavert\u0119 mityb\u0105, bet ir padeda palaikyti sveikat\u0105 bei ger\u0105 fizin\u0119 form\u0105, ypa\u010d dideli\u0173 veisli\u0173 \u0161unims.","og_url":"https:\/\/anivet.lt\/elparduotuve\/produktas\/quattro-maxi-lamb-sausas-dideliu-veisliu-sunu-pasaras-su-eriena-12-kg\/","og_site_name":"anivet.lt","article_modified_time":"2025-06-02T20:56:46+00:00","og_image":[{"width":650,"height":650,"url":"https:\/\/anivet.lt\/elparduotuve\/wp-content\/uploads\/2024\/11\/QUATTRO-Dogs-MaxiAdult-ExtraLamb-LargeBreed-12kg.png","type":"image\/png"}],"twitter_card":"summary_large_image","twitter_misc":{"Est. reading time":"1 minut\u0117"},"schema":{"@context":"https:\/\/schema.org","@graph":[{"@type":"WebPage","@id":"https:\/\/anivet.lt\/elparduotuve\/produktas\/quattro-maxi-lamb-sausas-dideliu-veisliu-sunu-pasaras-su-eriena-12-kg\/","url":"https:\/\/anivet.lt\/elparduotuve\/produktas\/quattro-maxi-lamb-sausas-dideliu-veisliu-sunu-pasaras-su-eriena-12-kg\/","name":"QUATTRO Maxi Lamb sausas dideli\u0173 veisli\u0173 \u0161un\u0173 pa\u0161aras su \u0117riena 12 kg - anivet.lt","isPartOf":{"@id":"https:\/\/anivet.lt\/elparduotuve\/#website"},"primaryImageOfPage":{"@id":"https:\/\/anivet.lt\/elparduotuve\/produktas\/quattro-maxi-lamb-sausas-dideliu-veisliu-sunu-pasaras-su-eriena-12-kg\/#primaryimage"},"image":{"@id":"https:\/\/anivet.lt\/elparduotuve\/produktas\/quattro-maxi-lamb-sausas-dideliu-veisliu-sunu-pasaras-su-eriena-12-kg\/#primaryimage"},"thumbnailUrl":"https:\/\/anivet.lt\/elparduotuve\/wp-content\/uploads\/2024\/11\/QUATTRO-Dogs-MaxiAdult-ExtraLamb-LargeBreed-12kg.png","datePublished":"2024-11-17T21:40:25+00:00","dateModified":"2025-06-02T20:56:46+00:00","description":"Puikus pasirinkimas suaugusiems \u0161unims, sveriantiems daugiau nei 25 kg. \u0160is pa\u0161aras ne tik suteikia visavert\u0119 mityb\u0105, bet ir padeda palaikyti sveikat\u0105 bei ger\u0105 fizin\u0119 form\u0105, ypa\u010d dideli\u0173 veisli\u0173 \u0161unims.","breadcrumb":{"@id":"https:\/\/anivet.lt\/elparduotuve\/produktas\/quattro-maxi-lamb-sausas-dideliu-veisliu-sunu-pasaras-su-eriena-12-kg\/#breadcrumb"},"inLanguage":"lt-LT","potentialAction":[{"@type":"ReadAction","target":["https:\/\/anivet.lt\/elparduotuve\/produktas\/quattro-maxi-lamb-sausas-dideliu-veisliu-sunu-pasaras-su-eriena-12-kg\/"]}]},{"@type":"ImageObject","inLanguage":"lt-LT","@id":"https:\/\/anivet.lt\/elparduotuve\/produktas\/quattro-maxi-lamb-sausas-dideliu-veisliu-sunu-pasaras-su-eriena-12-kg\/#primaryimage","url":"https:\/\/anivet.lt\/elparduotuve\/wp-content\/uploads\/2024\/11\/QUATTRO-Dogs-MaxiAdult-ExtraLamb-LargeBreed-12kg.png","contentUrl":"https:\/\/anivet.lt\/elparduotuve\/wp-content\/uploads\/2024\/11\/QUATTRO-Dogs-MaxiAdult-ExtraLamb-LargeBreed-12kg.png","width":650,"height":650,"caption":"QUATTRO Maxi Lamb sausas dideli\u0173 veisli\u0173 \u0161un\u0173 pa\u0161aras su \u0117riena 12 kg"},{"@type":"BreadcrumbList","@id":"https:\/\/anivet.lt\/elparduotuve\/produktas\/quattro-maxi-lamb-sausas-dideliu-veisliu-sunu-pasaras-su-eriena-12-kg\/#breadcrumb","itemListElement":[{"@type":"ListItem","position":1,"name":"Home","item":"https:\/\/anivet.lt\/elparduotuve\/"},{"@type":"ListItem","position":2,"name":"Produktai","item":"https:\/\/anivet.lt\/elparduotuve\/produktai\/"},{"@type":"ListItem","position":3,"name":"QUATTRO Maxi Lamb sausas dideli\u0173 veisli\u0173 \u0161un\u0173 pa\u0161aras su \u0117riena 12 kg"}]},{"@type":"WebSite","@id":"https:\/\/anivet.lt\/elparduotuve\/#website","url":"https:\/\/anivet.lt\/elparduotuve\/","name":"anivet.lt","description":"Viskas J\u016bs\u0173 \u0161uns, kat\u0117s prie\u017ei\u016brai","publisher":{"@id":"https:\/\/anivet.lt\/elparduotuve\/#organization"},"alternateName":"Viskas J\u016bs\u0173 \u0161uns, kat\u0117s prie\u017ei\u016brai","potentialAction":[{"@type":"SearchAction","target":{"@type":"EntryPoint","urlTemplate":"https:\/\/anivet.lt\/elparduotuve\/?s={search_term_string}"},"query-input":{"@type":"PropertyValueSpecification","valueRequired":true,"valueName":"search_term_string"}}],"inLanguage":"lt-LT"},{"@type":"Organization","@id":"https:\/\/anivet.lt\/elparduotuve\/#organization","name":"Viskas J\u016bs\u0173 \u0161uns, kat\u0117s prie\u017ei\u016brai","url":"https:\/\/anivet.lt\/elparduotuve\/","logo":{"@type":"ImageObject","inLanguage":"lt-LT","@id":"https:\/\/anivet.lt\/elparduotuve\/#\/schema\/logo\/image\/","url":"https:\/\/anivet.lt\/elparduotuve\/wp-content\/uploads\/2023\/06\/logo2.jpg","contentUrl":"https:\/\/anivet.lt\/elparduotuve\/wp-content\/uploads\/2023\/06\/logo2.jpg","width":655,"height":194,"caption":"Viskas J\u016bs\u0173 \u0161uns, kat\u0117s prie\u017ei\u016brai"},"image":{"@id":"https:\/\/anivet.lt\/elparduotuve\/#\/schema\/logo\/image\/"}}]}},"_links":{"self":[{"href":"https:\/\/anivet.lt\/elparduotuve\/wp-json\/wp\/v2\/product\/15160","targetHints":{"allow":["GET"]}}],"collection":[{"href":"https:\/\/anivet.lt\/elparduotuve\/wp-json\/wp\/v2\/product"}],"about":[{"href":"https:\/\/anivet.lt\/elparduotuve\/wp-json\/wp\/v2\/types\/product"}],"wp:featuredmedia":[{"embeddable":true,"href":"https:\/\/anivet.lt\/elparduotuve\/wp-json\/wp\/v2\/media\/15161"}],"wp:attachment":[{"href":"https:\/\/anivet.lt\/elparduotuve\/wp-json\/wp\/v2\/media?parent=15160"}],"wp:term":[{"taxonomy":"product_brand","embeddable":true,"href":"https:\/\/anivet.lt\/elparduotuve\/wp-json\/wp\/v2\/product_brand?post=15160"},{"taxonomy":"product_cat","embeddable":true,"href":"https:\/\/anivet.lt\/elparduotuve\/wp-json\/wp\/v2\/product_cat?post=15160"},{"taxonomy":"product_tag","embeddable":true,"href":"https:\/\/anivet.lt\/elparduotuve\/wp-json\/wp\/v2\/product_tag?post=15160"}],"curies":[{"name":"wp","href":"https:\/\/api.w.org\/{rel}","templated":true}]}}