{"id":15169,"date":"2024-11-18T21:11:46","date_gmt":"2024-11-18T21:11:46","guid":{"rendered":"https:\/\/anivet.lt\/elparduotuve\/?post_type=product&#038;p=15169"},"modified":"2026-04-29T15:53:31","modified_gmt":"2026-04-29T15:53:31","slug":"calibra-life-dog-adult-large-fresh-beef-sausas-maistas-suaugusiems-dideliu-veisliu-sunims-su-jautiena12kg","status":"publish","type":"product","link":"https:\/\/anivet.lt\/elparduotuve\/produktas\/calibra-life-dog-adult-large-fresh-beef-sausas-maistas-suaugusiems-dideliu-veisliu-sunims-su-jautiena12kg\/","title":{"rendered":"Calibra Life Dog Adult Large Fresh Beef sausas maistas suaugusiems, dideli\u0173 veisli\u0173 \u0161unims su jautiena 12kg"},"content":{"rendered":"<ul>\n<li style=\"font-weight: 400;\" aria-level=\"1\"><span style=\"font-weight: 400;\">Auk\u0161tos kokyb\u0117s baltymai: 26 % jautienos baltym\u0173 ir 26 % \u0161vie\u017eios jautienos u\u017etikrina nat\u016bral\u0173 ir lengvai vir\u0161kinam\u0105 mitybin\u012f \u0161altin\u012f.<\/span><\/li>\n<li style=\"font-weight: 400;\" aria-level=\"1\"><span style=\"font-weight: 400;\">S\u0105nari\u0173 apsauga: Gliukozaminas ir chondroitino sulfatas padeda palaikyti s\u0105nari\u0173 sveikat\u0105 ir lankstum\u0105, b\u016btini dideli\u0173 veisli\u0173 \u0161unims.<\/span><\/li>\n<li style=\"font-weight: 400;\" aria-level=\"1\"><span style=\"font-weight: 400;\">Omega-3 r\u016bg\u0161tys: La\u0161i\u0161\u0173 taukai padeda i\u0161laikyti sveik\u0105 od\u0105 ir blizgant\u012f kail\u012f.<\/span><\/li>\n<li style=\"font-weight: 400;\" aria-level=\"1\"><span style=\"font-weight: 400;\">Imunin\u0117s sistemos palaikymas: Prebiotikai (MOS, FOS) ir Lactobacillus bakterijos stiprina vir\u0161kinim\u0105 bei imunin\u0119 sistem\u0105.<\/span><\/li>\n<li style=\"font-weight: 400;\" aria-level=\"1\"><span style=\"font-weight: 400;\">Begr\u016bd\u0117 formul\u0117 su nat\u016braliais papildais: D\u017eiovinti obuoli\u0173 mink\u0161timai, juodieji serbentai, rozmarinai ir \u010diobreliai praturtina pa\u0161ar\u0105 antioksidantais ir nat\u016braliais vitaminais.<\/span><\/li>\n<\/ul>\n<p><span style=\"font-weight: 400;\">\u201eCalibra Life Dog Adult Large Fresh Beef\u201c \u2013 tai subalansuotas, gardus ir funkcionalus pa\u0161aras, pritaikytas dideli\u0173 veisli\u0173 suaugusiems \u0161unims, padedantis palaikyti j\u0173 sveikat\u0105 ir energij\u0105 kasdien. Puikus pasirinkimas aktyviam gyvenimo b\u016bdui.<\/span><\/p>\n","protected":false},"excerpt":{"rendered":"<p><span style=\"font-weight: 400;\">Auk\u0161tos kokyb\u0117s superpremium sausas pa\u0161aras, pritaikytas dideli\u0173 veisli\u0173 \u0161unims (vir\u0161 30 kg). \u0160vie\u017eios jautienos sud\u0117tis u\u017etikrina nat\u016bral\u0173 baltym\u0173 \u0161altin\u012f, subalansuot\u0105 mityb\u0105 ir energij\u0105 aktyviems suaugusiems \u0161unims.<\/span><\/p>\n","protected":false},"featured_media":15171,"template":"","meta":[],"product_brand":[],"product_cat":[101,103,104,332],"product_tag":[],"class_list":{"0":"post-15169","1":"product","2":"type-product","3":"status-publish","4":"has-post-thumbnail","6":"product_cat-sunims","7":"product_cat-sunu-maistas","8":"product_cat-sausas-maistas","9":"product_cat-calibra-sunu-maistas","10":"pa_prekinis-zenklas-calibra","12":"first","13":"outofstock","14":"taxable","15":"shipping-taxable","16":"purchasable","17":"product-type-simple"},"yoast_head":"<!-- This site is optimized with the Yoast SEO Premium plugin v27.1 (Yoast SEO v27.5) - https:\/\/yoast.com\/product\/yoast-seo-premium-wordpress\/ -->\n<title>Calibra Life Dog Adult Large Fresh Beef sausas maistas suaugusiems, dideli\u0173 veisli\u0173 \u0161unims su jautiena 12kg - anivet.lt<\/title>\n<meta name=\"description\" content=\"Auk\u0161tos kokyb\u0117s superpremium sausas pa\u0161aras, pritaikytas dideli\u0173 veisli\u0173 \u0161unims (vir\u0161 30 kg). \u0160vie\u017eios jautienos sud\u0117tis u\u017etikrina nat\u016bral\u0173 baltym\u0173 \u0161altin\u012f, subalansuot\u0105 mityb\u0105 ir energij\u0105 aktyviems suaugusiems \u0161unims.\" \/>\n<meta name=\"robots\" content=\"index, follow, max-snippet:-1, max-image-preview:large, max-video-preview:-1\" \/>\n<link rel=\"canonical\" href=\"https:\/\/anivet.lt\/elparduotuve\/produktas\/calibra-life-dog-adult-large-fresh-beef-sausas-maistas-suaugusiems-dideliu-veisliu-sunims-su-jautiena12kg\/\" \/>\n<meta property=\"og:locale\" content=\"lt_LT\" \/>\n<meta property=\"og:type\" content=\"article\" \/>\n<meta property=\"og:title\" content=\"Calibra Life Dog Adult Large Fresh Beef sausas maistas suaugusiems, dideli\u0173 veisli\u0173 \u0161unims su jautiena 12kg\" \/>\n<meta property=\"og:description\" content=\"Auk\u0161tos kokyb\u0117s superpremium sausas pa\u0161aras, pritaikytas dideli\u0173 veisli\u0173 \u0161unims (vir\u0161 30 kg). \u0160vie\u017eios jautienos sud\u0117tis u\u017etikrina nat\u016bral\u0173 baltym\u0173 \u0161altin\u012f, subalansuot\u0105 mityb\u0105 ir energij\u0105 aktyviems suaugusiems \u0161unims.\" \/>\n<meta property=\"og:url\" content=\"https:\/\/anivet.lt\/elparduotuve\/produktas\/calibra-life-dog-adult-large-fresh-beef-sausas-maistas-suaugusiems-dideliu-veisliu-sunims-su-jautiena12kg\/\" \/>\n<meta property=\"og:site_name\" content=\"anivet.lt\" \/>\n<meta property=\"article:modified_time\" content=\"2026-04-29T15:53:31+00:00\" \/>\n<meta property=\"og:image\" content=\"https:\/\/anivet.lt\/elparduotuve\/wp-content\/uploads\/2024\/11\/CALIBRA-LIFE-Dog-Adult-Large-Fresh-Beef-12kg.jpg\" \/>\n\t<meta property=\"og:image:width\" content=\"540\" \/>\n\t<meta property=\"og:image:height\" content=\"540\" \/>\n\t<meta property=\"og:image:type\" content=\"image\/jpeg\" \/>\n<meta name=\"twitter:card\" content=\"summary_large_image\" \/>\n<meta name=\"twitter:label1\" content=\"Est. reading time\" \/>\n\t<meta name=\"twitter:data1\" content=\"1 minut\u0117\" \/>\n<script type=\"application\/ld+json\" class=\"yoast-schema-graph\">{\"@context\":\"https:\\\/\\\/schema.org\",\"@graph\":[{\"@type\":\"WebPage\",\"@id\":\"https:\\\/\\\/anivet.lt\\\/elparduotuve\\\/produktas\\\/calibra-life-dog-adult-large-fresh-beef-sausas-maistas-suaugusiems-dideliu-veisliu-sunims-su-jautiena12kg\\\/\",\"url\":\"https:\\\/\\\/anivet.lt\\\/elparduotuve\\\/produktas\\\/calibra-life-dog-adult-large-fresh-beef-sausas-maistas-suaugusiems-dideliu-veisliu-sunims-su-jautiena12kg\\\/\",\"name\":\"Calibra Life Dog Adult Large Fresh Beef sausas maistas suaugusiems, dideli\u0173 veisli\u0173 \u0161unims su jautiena 12kg - anivet.lt\",\"isPartOf\":{\"@id\":\"https:\\\/\\\/anivet.lt\\\/elparduotuve\\\/#website\"},\"primaryImageOfPage\":{\"@id\":\"https:\\\/\\\/anivet.lt\\\/elparduotuve\\\/produktas\\\/calibra-life-dog-adult-large-fresh-beef-sausas-maistas-suaugusiems-dideliu-veisliu-sunims-su-jautiena12kg\\\/#primaryimage\"},\"image\":{\"@id\":\"https:\\\/\\\/anivet.lt\\\/elparduotuve\\\/produktas\\\/calibra-life-dog-adult-large-fresh-beef-sausas-maistas-suaugusiems-dideliu-veisliu-sunims-su-jautiena12kg\\\/#primaryimage\"},\"thumbnailUrl\":\"https:\\\/\\\/anivet.lt\\\/elparduotuve\\\/wp-content\\\/uploads\\\/2024\\\/11\\\/CALIBRA-LIFE-Dog-Adult-Large-Fresh-Beef-12kg.jpg\",\"datePublished\":\"2024-11-18T21:11:46+00:00\",\"dateModified\":\"2026-04-29T15:53:31+00:00\",\"description\":\"Auk\u0161tos kokyb\u0117s superpremium sausas pa\u0161aras, pritaikytas dideli\u0173 veisli\u0173 \u0161unims (vir\u0161 30 kg). \u0160vie\u017eios jautienos sud\u0117tis u\u017etikrina nat\u016bral\u0173 baltym\u0173 \u0161altin\u012f, subalansuot\u0105 mityb\u0105 ir energij\u0105 aktyviems suaugusiems \u0161unims.\",\"breadcrumb\":{\"@id\":\"https:\\\/\\\/anivet.lt\\\/elparduotuve\\\/produktas\\\/calibra-life-dog-adult-large-fresh-beef-sausas-maistas-suaugusiems-dideliu-veisliu-sunims-su-jautiena12kg\\\/#breadcrumb\"},\"inLanguage\":\"lt-LT\",\"potentialAction\":[{\"@type\":\"ReadAction\",\"target\":[\"https:\\\/\\\/anivet.lt\\\/elparduotuve\\\/produktas\\\/calibra-life-dog-adult-large-fresh-beef-sausas-maistas-suaugusiems-dideliu-veisliu-sunims-su-jautiena12kg\\\/\"]}]},{\"@type\":\"ImageObject\",\"inLanguage\":\"lt-LT\",\"@id\":\"https:\\\/\\\/anivet.lt\\\/elparduotuve\\\/produktas\\\/calibra-life-dog-adult-large-fresh-beef-sausas-maistas-suaugusiems-dideliu-veisliu-sunims-su-jautiena12kg\\\/#primaryimage\",\"url\":\"https:\\\/\\\/anivet.lt\\\/elparduotuve\\\/wp-content\\\/uploads\\\/2024\\\/11\\\/CALIBRA-LIFE-Dog-Adult-Large-Fresh-Beef-12kg.jpg\",\"contentUrl\":\"https:\\\/\\\/anivet.lt\\\/elparduotuve\\\/wp-content\\\/uploads\\\/2024\\\/11\\\/CALIBRA-LIFE-Dog-Adult-Large-Fresh-Beef-12kg.jpg\",\"width\":540,\"height\":540,\"caption\":\"Calibra Life Dog Adult Large Fresh Beef sausas maistas suaugusiems, dideli\u0173 veisli\u0173 \u0161unims su jautiena 12kg\"},{\"@type\":\"BreadcrumbList\",\"@id\":\"https:\\\/\\\/anivet.lt\\\/elparduotuve\\\/produktas\\\/calibra-life-dog-adult-large-fresh-beef-sausas-maistas-suaugusiems-dideliu-veisliu-sunims-su-jautiena12kg\\\/#breadcrumb\",\"itemListElement\":[{\"@type\":\"ListItem\",\"position\":1,\"name\":\"Home\",\"item\":\"https:\\\/\\\/anivet.lt\\\/elparduotuve\\\/\"},{\"@type\":\"ListItem\",\"position\":2,\"name\":\"Produktai\",\"item\":\"https:\\\/\\\/anivet.lt\\\/elparduotuve\\\/produktai\\\/\"},{\"@type\":\"ListItem\",\"position\":3,\"name\":\"Calibra Life Dog Adult Large Fresh Beef sausas maistas suaugusiems, dideli\u0173 veisli\u0173 \u0161unims su jautiena 12kg\"}]},{\"@type\":\"WebSite\",\"@id\":\"https:\\\/\\\/anivet.lt\\\/elparduotuve\\\/#website\",\"url\":\"https:\\\/\\\/anivet.lt\\\/elparduotuve\\\/\",\"name\":\"anivet.lt\",\"description\":\"Viskas J\u016bs\u0173 \u0161uns, kat\u0117s prie\u017ei\u016brai\",\"publisher\":{\"@id\":\"https:\\\/\\\/anivet.lt\\\/elparduotuve\\\/#organization\"},\"alternateName\":\"Viskas J\u016bs\u0173 \u0161uns, kat\u0117s prie\u017ei\u016brai\",\"potentialAction\":[{\"@type\":\"SearchAction\",\"target\":{\"@type\":\"EntryPoint\",\"urlTemplate\":\"https:\\\/\\\/anivet.lt\\\/elparduotuve\\\/?s={search_term_string}\"},\"query-input\":{\"@type\":\"PropertyValueSpecification\",\"valueRequired\":true,\"valueName\":\"search_term_string\"}}],\"inLanguage\":\"lt-LT\"},{\"@type\":\"Organization\",\"@id\":\"https:\\\/\\\/anivet.lt\\\/elparduotuve\\\/#organization\",\"name\":\"Viskas J\u016bs\u0173 \u0161uns, kat\u0117s prie\u017ei\u016brai\",\"url\":\"https:\\\/\\\/anivet.lt\\\/elparduotuve\\\/\",\"logo\":{\"@type\":\"ImageObject\",\"inLanguage\":\"lt-LT\",\"@id\":\"https:\\\/\\\/anivet.lt\\\/elparduotuve\\\/#\\\/schema\\\/logo\\\/image\\\/\",\"url\":\"https:\\\/\\\/anivet.lt\\\/elparduotuve\\\/wp-content\\\/uploads\\\/2023\\\/06\\\/logo2.jpg\",\"contentUrl\":\"https:\\\/\\\/anivet.lt\\\/elparduotuve\\\/wp-content\\\/uploads\\\/2023\\\/06\\\/logo2.jpg\",\"width\":655,\"height\":194,\"caption\":\"Viskas J\u016bs\u0173 \u0161uns, kat\u0117s prie\u017ei\u016brai\"},\"image\":{\"@id\":\"https:\\\/\\\/anivet.lt\\\/elparduotuve\\\/#\\\/schema\\\/logo\\\/image\\\/\"}}]}<\/script>\n<!-- \/ Yoast SEO Premium plugin. -->","yoast_head_json":{"title":"Calibra Life Dog Adult Large Fresh Beef sausas maistas suaugusiems, dideli\u0173 veisli\u0173 \u0161unims su jautiena 12kg - anivet.lt","description":"Auk\u0161tos kokyb\u0117s superpremium sausas pa\u0161aras, pritaikytas dideli\u0173 veisli\u0173 \u0161unims (vir\u0161 30 kg). \u0160vie\u017eios jautienos sud\u0117tis u\u017etikrina nat\u016bral\u0173 baltym\u0173 \u0161altin\u012f, subalansuot\u0105 mityb\u0105 ir energij\u0105 aktyviems suaugusiems \u0161unims.","robots":{"index":"index","follow":"follow","max-snippet":"max-snippet:-1","max-image-preview":"max-image-preview:large","max-video-preview":"max-video-preview:-1"},"canonical":"https:\/\/anivet.lt\/elparduotuve\/produktas\/calibra-life-dog-adult-large-fresh-beef-sausas-maistas-suaugusiems-dideliu-veisliu-sunims-su-jautiena12kg\/","og_locale":"lt_LT","og_type":"article","og_title":"Calibra Life Dog Adult Large Fresh Beef sausas maistas suaugusiems, dideli\u0173 veisli\u0173 \u0161unims su jautiena 12kg","og_description":"Auk\u0161tos kokyb\u0117s superpremium sausas pa\u0161aras, pritaikytas dideli\u0173 veisli\u0173 \u0161unims (vir\u0161 30 kg). \u0160vie\u017eios jautienos sud\u0117tis u\u017etikrina nat\u016bral\u0173 baltym\u0173 \u0161altin\u012f, subalansuot\u0105 mityb\u0105 ir energij\u0105 aktyviems suaugusiems \u0161unims.","og_url":"https:\/\/anivet.lt\/elparduotuve\/produktas\/calibra-life-dog-adult-large-fresh-beef-sausas-maistas-suaugusiems-dideliu-veisliu-sunims-su-jautiena12kg\/","og_site_name":"anivet.lt","article_modified_time":"2026-04-29T15:53:31+00:00","og_image":[{"width":540,"height":540,"url":"https:\/\/anivet.lt\/elparduotuve\/wp-content\/uploads\/2024\/11\/CALIBRA-LIFE-Dog-Adult-Large-Fresh-Beef-12kg.jpg","type":"image\/jpeg"}],"twitter_card":"summary_large_image","twitter_misc":{"Est. reading time":"1 minut\u0117"},"schema":{"@context":"https:\/\/schema.org","@graph":[{"@type":"WebPage","@id":"https:\/\/anivet.lt\/elparduotuve\/produktas\/calibra-life-dog-adult-large-fresh-beef-sausas-maistas-suaugusiems-dideliu-veisliu-sunims-su-jautiena12kg\/","url":"https:\/\/anivet.lt\/elparduotuve\/produktas\/calibra-life-dog-adult-large-fresh-beef-sausas-maistas-suaugusiems-dideliu-veisliu-sunims-su-jautiena12kg\/","name":"Calibra Life Dog Adult Large Fresh Beef sausas maistas suaugusiems, dideli\u0173 veisli\u0173 \u0161unims su jautiena 12kg - anivet.lt","isPartOf":{"@id":"https:\/\/anivet.lt\/elparduotuve\/#website"},"primaryImageOfPage":{"@id":"https:\/\/anivet.lt\/elparduotuve\/produktas\/calibra-life-dog-adult-large-fresh-beef-sausas-maistas-suaugusiems-dideliu-veisliu-sunims-su-jautiena12kg\/#primaryimage"},"image":{"@id":"https:\/\/anivet.lt\/elparduotuve\/produktas\/calibra-life-dog-adult-large-fresh-beef-sausas-maistas-suaugusiems-dideliu-veisliu-sunims-su-jautiena12kg\/#primaryimage"},"thumbnailUrl":"https:\/\/anivet.lt\/elparduotuve\/wp-content\/uploads\/2024\/11\/CALIBRA-LIFE-Dog-Adult-Large-Fresh-Beef-12kg.jpg","datePublished":"2024-11-18T21:11:46+00:00","dateModified":"2026-04-29T15:53:31+00:00","description":"Auk\u0161tos kokyb\u0117s superpremium sausas pa\u0161aras, pritaikytas dideli\u0173 veisli\u0173 \u0161unims (vir\u0161 30 kg). \u0160vie\u017eios jautienos sud\u0117tis u\u017etikrina nat\u016bral\u0173 baltym\u0173 \u0161altin\u012f, subalansuot\u0105 mityb\u0105 ir energij\u0105 aktyviems suaugusiems \u0161unims.","breadcrumb":{"@id":"https:\/\/anivet.lt\/elparduotuve\/produktas\/calibra-life-dog-adult-large-fresh-beef-sausas-maistas-suaugusiems-dideliu-veisliu-sunims-su-jautiena12kg\/#breadcrumb"},"inLanguage":"lt-LT","potentialAction":[{"@type":"ReadAction","target":["https:\/\/anivet.lt\/elparduotuve\/produktas\/calibra-life-dog-adult-large-fresh-beef-sausas-maistas-suaugusiems-dideliu-veisliu-sunims-su-jautiena12kg\/"]}]},{"@type":"ImageObject","inLanguage":"lt-LT","@id":"https:\/\/anivet.lt\/elparduotuve\/produktas\/calibra-life-dog-adult-large-fresh-beef-sausas-maistas-suaugusiems-dideliu-veisliu-sunims-su-jautiena12kg\/#primaryimage","url":"https:\/\/anivet.lt\/elparduotuve\/wp-content\/uploads\/2024\/11\/CALIBRA-LIFE-Dog-Adult-Large-Fresh-Beef-12kg.jpg","contentUrl":"https:\/\/anivet.lt\/elparduotuve\/wp-content\/uploads\/2024\/11\/CALIBRA-LIFE-Dog-Adult-Large-Fresh-Beef-12kg.jpg","width":540,"height":540,"caption":"Calibra Life Dog Adult Large Fresh Beef sausas maistas suaugusiems, dideli\u0173 veisli\u0173 \u0161unims su jautiena 12kg"},{"@type":"BreadcrumbList","@id":"https:\/\/anivet.lt\/elparduotuve\/produktas\/calibra-life-dog-adult-large-fresh-beef-sausas-maistas-suaugusiems-dideliu-veisliu-sunims-su-jautiena12kg\/#breadcrumb","itemListElement":[{"@type":"ListItem","position":1,"name":"Home","item":"https:\/\/anivet.lt\/elparduotuve\/"},{"@type":"ListItem","position":2,"name":"Produktai","item":"https:\/\/anivet.lt\/elparduotuve\/produktai\/"},{"@type":"ListItem","position":3,"name":"Calibra Life Dog Adult Large Fresh Beef sausas maistas suaugusiems, dideli\u0173 veisli\u0173 \u0161unims su jautiena 12kg"}]},{"@type":"WebSite","@id":"https:\/\/anivet.lt\/elparduotuve\/#website","url":"https:\/\/anivet.lt\/elparduotuve\/","name":"anivet.lt","description":"Viskas J\u016bs\u0173 \u0161uns, kat\u0117s prie\u017ei\u016brai","publisher":{"@id":"https:\/\/anivet.lt\/elparduotuve\/#organization"},"alternateName":"Viskas J\u016bs\u0173 \u0161uns, kat\u0117s prie\u017ei\u016brai","potentialAction":[{"@type":"SearchAction","target":{"@type":"EntryPoint","urlTemplate":"https:\/\/anivet.lt\/elparduotuve\/?s={search_term_string}"},"query-input":{"@type":"PropertyValueSpecification","valueRequired":true,"valueName":"search_term_string"}}],"inLanguage":"lt-LT"},{"@type":"Organization","@id":"https:\/\/anivet.lt\/elparduotuve\/#organization","name":"Viskas J\u016bs\u0173 \u0161uns, kat\u0117s prie\u017ei\u016brai","url":"https:\/\/anivet.lt\/elparduotuve\/","logo":{"@type":"ImageObject","inLanguage":"lt-LT","@id":"https:\/\/anivet.lt\/elparduotuve\/#\/schema\/logo\/image\/","url":"https:\/\/anivet.lt\/elparduotuve\/wp-content\/uploads\/2023\/06\/logo2.jpg","contentUrl":"https:\/\/anivet.lt\/elparduotuve\/wp-content\/uploads\/2023\/06\/logo2.jpg","width":655,"height":194,"caption":"Viskas J\u016bs\u0173 \u0161uns, kat\u0117s prie\u017ei\u016brai"},"image":{"@id":"https:\/\/anivet.lt\/elparduotuve\/#\/schema\/logo\/image\/"}}]}},"_links":{"self":[{"href":"https:\/\/anivet.lt\/elparduotuve\/wp-json\/wp\/v2\/product\/15169","targetHints":{"allow":["GET"]}}],"collection":[{"href":"https:\/\/anivet.lt\/elparduotuve\/wp-json\/wp\/v2\/product"}],"about":[{"href":"https:\/\/anivet.lt\/elparduotuve\/wp-json\/wp\/v2\/types\/product"}],"wp:featuredmedia":[{"embeddable":true,"href":"https:\/\/anivet.lt\/elparduotuve\/wp-json\/wp\/v2\/media\/15171"}],"wp:attachment":[{"href":"https:\/\/anivet.lt\/elparduotuve\/wp-json\/wp\/v2\/media?parent=15169"}],"wp:term":[{"taxonomy":"product_brand","embeddable":true,"href":"https:\/\/anivet.lt\/elparduotuve\/wp-json\/wp\/v2\/product_brand?post=15169"},{"taxonomy":"product_cat","embeddable":true,"href":"https:\/\/anivet.lt\/elparduotuve\/wp-json\/wp\/v2\/product_cat?post=15169"},{"taxonomy":"product_tag","embeddable":true,"href":"https:\/\/anivet.lt\/elparduotuve\/wp-json\/wp\/v2\/product_tag?post=15169"}],"curies":[{"name":"wp","href":"https:\/\/api.w.org\/{rel}","templated":true}]}}