{"id":15264,"date":"2024-11-22T10:09:56","date_gmt":"2024-11-22T10:09:56","guid":{"rendered":"https:\/\/anivet.lt\/elparduotuve\/?post_type=product&#038;p=15264"},"modified":"2025-11-27T16:40:03","modified_gmt":"2025-11-27T16:40:03","slug":"vetexpert-urinovet-dog-400-mg-30-tbl","status":"publish","type":"product","link":"https:\/\/anivet.lt\/elparduotuve\/produktas\/vetexpert-urinovet-dog-400-mg-30-tbl\/","title":{"rendered":"VetExpert URINOVET DOG 400mg \u0161lapimo sistemai 30tab."},"content":{"rendered":"<ul>\n<li style=\"font-weight: 400;\" aria-level=\"1\"><span style=\"font-weight: 400;\">Apsauga nuo infekcij\u0173: Spanguoli\u0173 ekstraktas padeda suma\u017einti bakterij\u0173 prisitvirtinim\u0105 prie \u0161lapimo p\u016bsl\u0117s sieneli\u0173, efektyviai ma\u017eindamas \u0161lapimo tak\u0173 infekcij\u0173 (UTI) rizik\u0105.<\/span><\/li>\n<li style=\"font-weight: 400;\" aria-level=\"1\"><span style=\"font-weight: 400;\">Nat\u016bralus diuretikas: Petra\u017eoli\u0173 ekstraktas skatina \u0161lapimo i\u0161siskyrim\u0105, prisideda prie \u0161lapimo tak\u0173 valymo ir padeda pa\u0161alinti toksinus.<\/span><\/li>\n<li style=\"font-weight: 400;\" aria-level=\"1\"><span style=\"font-weight: 400;\">Palaiko \u0161lapimo tak\u0173 vientisum\u0105: Gliukozaminas palaiko sveikas \u0161lapimo p\u016bsl\u0117s gleivines, apsaugodamas jas nuo u\u017edegim\u0173 ir pa\u017eeidim\u0173.<\/span><\/li>\n<li style=\"font-weight: 400;\" aria-level=\"1\"><span style=\"font-weight: 400;\">Kompleksin\u0117 apsauga: Tinka tiek esant \u016bmioms, tiek l\u0117tin\u0117ms \u0161lapimo sistemos problemoms, \u012fskaitant akmenlig\u0119 ar b\u016bkl\u0119 po \u0161lapimo p\u016bsl\u0117s kateterizacijos.<\/span><\/li>\n<\/ul>\n<p><span style=\"font-weight: 400;\">\u0160is papildas yra puikus pasirinkimas \u0161unims, kuriems reikia sustiprinti \u0161lapimo sistemos funkcijas arba apsisaugoti nuo pasikartojan\u010di\u0173 problem\u0173. Reguliarus vartojimas u\u017etikrins ger\u0105 sveikat\u0105 ir j\u016bs\u0173 augintinio gyvenimo kokyb\u0119.<\/span><\/p>\n","protected":false},"excerpt":{"rendered":"<p><span style=\"font-weight: 400;\">Papildas \u0161unims, skirtas palaikyti normaliai \u0161lapimo sistemos funkcijai. Puikiai tinka tiek prevencijai, tiek gydymui, siekiant suma\u017einti rizik\u0105 pasikartojan\u010dioms \u0161lapimo tak\u0173 infekcijoms ir akmen\u0173 formavimuisi.<\/span><\/p>\n","protected":false},"featured_media":15265,"template":"","meta":[],"product_brand":[],"product_cat":[101,113],"product_tag":[],"class_list":{"0":"post-15264","1":"product","2":"type-product","3":"status-publish","4":"has-post-thumbnail","6":"product_cat-sunims","7":"product_cat-vitaminai-ir-papildai","8":"pa_prekinis-zenklas-vetexpert","10":"first","11":"instock","12":"taxable","13":"shipping-taxable","14":"purchasable","15":"product-type-simple"},"yoast_head":"<!-- This site is optimized with the Yoast SEO Premium plugin v27.1 (Yoast SEO v27.5) - https:\/\/yoast.com\/product\/yoast-seo-premium-wordpress\/ -->\n<title>VetExpert URINOVET DOG 400mg \u0161lapimo sistemai 30tab. - anivet.lt<\/title>\n<meta name=\"description\" content=\"Papildas \u0161unims, skirtas palaikyti normaliai \u0161lapimo sistemos funkcijai. Puikiai tinka tiek prevencijai, tiek gydymui, siekiant suma\u017einti rizik\u0105 pasikartojan\u010dioms \u0161lapimo tak\u0173 infekcijoms ir akmen\u0173 formavimuisi.\" \/>\n<meta name=\"robots\" content=\"index, follow, max-snippet:-1, max-image-preview:large, max-video-preview:-1\" \/>\n<link rel=\"canonical\" href=\"https:\/\/anivet.lt\/elparduotuve\/produktas\/vetexpert-urinovet-dog-400-mg-30-tbl\/\" \/>\n<meta property=\"og:locale\" content=\"lt_LT\" \/>\n<meta property=\"og:type\" content=\"article\" \/>\n<meta property=\"og:title\" content=\"VetExpert URINOVET DOG 400mg \u0161lapimo sistemai 30tab.\" \/>\n<meta property=\"og:description\" content=\"Papildas \u0161unims, skirtas palaikyti normaliai \u0161lapimo sistemos funkcijai. Puikiai tinka tiek prevencijai, tiek gydymui, siekiant suma\u017einti rizik\u0105 pasikartojan\u010dioms \u0161lapimo tak\u0173 infekcijoms ir akmen\u0173 formavimuisi.\" \/>\n<meta property=\"og:url\" content=\"https:\/\/anivet.lt\/elparduotuve\/produktas\/vetexpert-urinovet-dog-400-mg-30-tbl\/\" \/>\n<meta property=\"og:site_name\" content=\"anivet.lt\" \/>\n<meta property=\"article:modified_time\" content=\"2025-11-27T16:40:03+00:00\" \/>\n<meta property=\"og:image\" content=\"https:\/\/anivet.lt\/elparduotuve\/wp-content\/uploads\/2024\/11\/243-naujas.jpg\" \/>\n\t<meta property=\"og:image:width\" content=\"400\" \/>\n\t<meta property=\"og:image:height\" content=\"400\" \/>\n\t<meta property=\"og:image:type\" content=\"image\/jpeg\" \/>\n<meta name=\"twitter:card\" content=\"summary_large_image\" \/>\n<meta name=\"twitter:label1\" content=\"Est. reading time\" \/>\n\t<meta name=\"twitter:data1\" content=\"1 minut\u0117\" \/>\n<script type=\"application\/ld+json\" class=\"yoast-schema-graph\">{\"@context\":\"https:\\\/\\\/schema.org\",\"@graph\":[{\"@type\":\"WebPage\",\"@id\":\"https:\\\/\\\/anivet.lt\\\/elparduotuve\\\/produktas\\\/vetexpert-urinovet-dog-400-mg-30-tbl\\\/\",\"url\":\"https:\\\/\\\/anivet.lt\\\/elparduotuve\\\/produktas\\\/vetexpert-urinovet-dog-400-mg-30-tbl\\\/\",\"name\":\"VetExpert URINOVET DOG 400mg \u0161lapimo sistemai 30tab. - anivet.lt\",\"isPartOf\":{\"@id\":\"https:\\\/\\\/anivet.lt\\\/elparduotuve\\\/#website\"},\"primaryImageOfPage\":{\"@id\":\"https:\\\/\\\/anivet.lt\\\/elparduotuve\\\/produktas\\\/vetexpert-urinovet-dog-400-mg-30-tbl\\\/#primaryimage\"},\"image\":{\"@id\":\"https:\\\/\\\/anivet.lt\\\/elparduotuve\\\/produktas\\\/vetexpert-urinovet-dog-400-mg-30-tbl\\\/#primaryimage\"},\"thumbnailUrl\":\"https:\\\/\\\/anivet.lt\\\/elparduotuve\\\/wp-content\\\/uploads\\\/2024\\\/11\\\/243-naujas.jpg\",\"datePublished\":\"2024-11-22T10:09:56+00:00\",\"dateModified\":\"2025-11-27T16:40:03+00:00\",\"description\":\"Papildas \u0161unims, skirtas palaikyti normaliai \u0161lapimo sistemos funkcijai. Puikiai tinka tiek prevencijai, tiek gydymui, siekiant suma\u017einti rizik\u0105 pasikartojan\u010dioms \u0161lapimo tak\u0173 infekcijoms ir akmen\u0173 formavimuisi.\",\"breadcrumb\":{\"@id\":\"https:\\\/\\\/anivet.lt\\\/elparduotuve\\\/produktas\\\/vetexpert-urinovet-dog-400-mg-30-tbl\\\/#breadcrumb\"},\"inLanguage\":\"lt-LT\",\"potentialAction\":[{\"@type\":\"ReadAction\",\"target\":[\"https:\\\/\\\/anivet.lt\\\/elparduotuve\\\/produktas\\\/vetexpert-urinovet-dog-400-mg-30-tbl\\\/\"]}]},{\"@type\":\"ImageObject\",\"inLanguage\":\"lt-LT\",\"@id\":\"https:\\\/\\\/anivet.lt\\\/elparduotuve\\\/produktas\\\/vetexpert-urinovet-dog-400-mg-30-tbl\\\/#primaryimage\",\"url\":\"https:\\\/\\\/anivet.lt\\\/elparduotuve\\\/wp-content\\\/uploads\\\/2024\\\/11\\\/243-naujas.jpg\",\"contentUrl\":\"https:\\\/\\\/anivet.lt\\\/elparduotuve\\\/wp-content\\\/uploads\\\/2024\\\/11\\\/243-naujas.jpg\",\"width\":400,\"height\":400,\"caption\":\"VetExpert URINOVET DOG 400mg \u0161lapimo sistemai 30tab.\"},{\"@type\":\"BreadcrumbList\",\"@id\":\"https:\\\/\\\/anivet.lt\\\/elparduotuve\\\/produktas\\\/vetexpert-urinovet-dog-400-mg-30-tbl\\\/#breadcrumb\",\"itemListElement\":[{\"@type\":\"ListItem\",\"position\":1,\"name\":\"Home\",\"item\":\"https:\\\/\\\/anivet.lt\\\/elparduotuve\\\/\"},{\"@type\":\"ListItem\",\"position\":2,\"name\":\"Produktai\",\"item\":\"https:\\\/\\\/anivet.lt\\\/elparduotuve\\\/produktai\\\/\"},{\"@type\":\"ListItem\",\"position\":3,\"name\":\"VetExpert URINOVET DOG 400mg \u0161lapimo sistemai 30tab.\"}]},{\"@type\":\"WebSite\",\"@id\":\"https:\\\/\\\/anivet.lt\\\/elparduotuve\\\/#website\",\"url\":\"https:\\\/\\\/anivet.lt\\\/elparduotuve\\\/\",\"name\":\"anivet.lt\",\"description\":\"Viskas J\u016bs\u0173 \u0161uns, kat\u0117s prie\u017ei\u016brai\",\"publisher\":{\"@id\":\"https:\\\/\\\/anivet.lt\\\/elparduotuve\\\/#organization\"},\"alternateName\":\"Viskas J\u016bs\u0173 \u0161uns, kat\u0117s prie\u017ei\u016brai\",\"potentialAction\":[{\"@type\":\"SearchAction\",\"target\":{\"@type\":\"EntryPoint\",\"urlTemplate\":\"https:\\\/\\\/anivet.lt\\\/elparduotuve\\\/?s={search_term_string}\"},\"query-input\":{\"@type\":\"PropertyValueSpecification\",\"valueRequired\":true,\"valueName\":\"search_term_string\"}}],\"inLanguage\":\"lt-LT\"},{\"@type\":\"Organization\",\"@id\":\"https:\\\/\\\/anivet.lt\\\/elparduotuve\\\/#organization\",\"name\":\"Viskas J\u016bs\u0173 \u0161uns, kat\u0117s prie\u017ei\u016brai\",\"url\":\"https:\\\/\\\/anivet.lt\\\/elparduotuve\\\/\",\"logo\":{\"@type\":\"ImageObject\",\"inLanguage\":\"lt-LT\",\"@id\":\"https:\\\/\\\/anivet.lt\\\/elparduotuve\\\/#\\\/schema\\\/logo\\\/image\\\/\",\"url\":\"https:\\\/\\\/anivet.lt\\\/elparduotuve\\\/wp-content\\\/uploads\\\/2023\\\/06\\\/logo2.jpg\",\"contentUrl\":\"https:\\\/\\\/anivet.lt\\\/elparduotuve\\\/wp-content\\\/uploads\\\/2023\\\/06\\\/logo2.jpg\",\"width\":655,\"height\":194,\"caption\":\"Viskas J\u016bs\u0173 \u0161uns, kat\u0117s prie\u017ei\u016brai\"},\"image\":{\"@id\":\"https:\\\/\\\/anivet.lt\\\/elparduotuve\\\/#\\\/schema\\\/logo\\\/image\\\/\"}}]}<\/script>\n<!-- \/ Yoast SEO Premium plugin. -->","yoast_head_json":{"title":"VetExpert URINOVET DOG 400mg \u0161lapimo sistemai 30tab. - anivet.lt","description":"Papildas \u0161unims, skirtas palaikyti normaliai \u0161lapimo sistemos funkcijai. Puikiai tinka tiek prevencijai, tiek gydymui, siekiant suma\u017einti rizik\u0105 pasikartojan\u010dioms \u0161lapimo tak\u0173 infekcijoms ir akmen\u0173 formavimuisi.","robots":{"index":"index","follow":"follow","max-snippet":"max-snippet:-1","max-image-preview":"max-image-preview:large","max-video-preview":"max-video-preview:-1"},"canonical":"https:\/\/anivet.lt\/elparduotuve\/produktas\/vetexpert-urinovet-dog-400-mg-30-tbl\/","og_locale":"lt_LT","og_type":"article","og_title":"VetExpert URINOVET DOG 400mg \u0161lapimo sistemai 30tab.","og_description":"Papildas \u0161unims, skirtas palaikyti normaliai \u0161lapimo sistemos funkcijai. Puikiai tinka tiek prevencijai, tiek gydymui, siekiant suma\u017einti rizik\u0105 pasikartojan\u010dioms \u0161lapimo tak\u0173 infekcijoms ir akmen\u0173 formavimuisi.","og_url":"https:\/\/anivet.lt\/elparduotuve\/produktas\/vetexpert-urinovet-dog-400-mg-30-tbl\/","og_site_name":"anivet.lt","article_modified_time":"2025-11-27T16:40:03+00:00","og_image":[{"width":400,"height":400,"url":"https:\/\/anivet.lt\/elparduotuve\/wp-content\/uploads\/2024\/11\/243-naujas.jpg","type":"image\/jpeg"}],"twitter_card":"summary_large_image","twitter_misc":{"Est. reading time":"1 minut\u0117"},"schema":{"@context":"https:\/\/schema.org","@graph":[{"@type":"WebPage","@id":"https:\/\/anivet.lt\/elparduotuve\/produktas\/vetexpert-urinovet-dog-400-mg-30-tbl\/","url":"https:\/\/anivet.lt\/elparduotuve\/produktas\/vetexpert-urinovet-dog-400-mg-30-tbl\/","name":"VetExpert URINOVET DOG 400mg \u0161lapimo sistemai 30tab. - anivet.lt","isPartOf":{"@id":"https:\/\/anivet.lt\/elparduotuve\/#website"},"primaryImageOfPage":{"@id":"https:\/\/anivet.lt\/elparduotuve\/produktas\/vetexpert-urinovet-dog-400-mg-30-tbl\/#primaryimage"},"image":{"@id":"https:\/\/anivet.lt\/elparduotuve\/produktas\/vetexpert-urinovet-dog-400-mg-30-tbl\/#primaryimage"},"thumbnailUrl":"https:\/\/anivet.lt\/elparduotuve\/wp-content\/uploads\/2024\/11\/243-naujas.jpg","datePublished":"2024-11-22T10:09:56+00:00","dateModified":"2025-11-27T16:40:03+00:00","description":"Papildas \u0161unims, skirtas palaikyti normaliai \u0161lapimo sistemos funkcijai. Puikiai tinka tiek prevencijai, tiek gydymui, siekiant suma\u017einti rizik\u0105 pasikartojan\u010dioms \u0161lapimo tak\u0173 infekcijoms ir akmen\u0173 formavimuisi.","breadcrumb":{"@id":"https:\/\/anivet.lt\/elparduotuve\/produktas\/vetexpert-urinovet-dog-400-mg-30-tbl\/#breadcrumb"},"inLanguage":"lt-LT","potentialAction":[{"@type":"ReadAction","target":["https:\/\/anivet.lt\/elparduotuve\/produktas\/vetexpert-urinovet-dog-400-mg-30-tbl\/"]}]},{"@type":"ImageObject","inLanguage":"lt-LT","@id":"https:\/\/anivet.lt\/elparduotuve\/produktas\/vetexpert-urinovet-dog-400-mg-30-tbl\/#primaryimage","url":"https:\/\/anivet.lt\/elparduotuve\/wp-content\/uploads\/2024\/11\/243-naujas.jpg","contentUrl":"https:\/\/anivet.lt\/elparduotuve\/wp-content\/uploads\/2024\/11\/243-naujas.jpg","width":400,"height":400,"caption":"VetExpert URINOVET DOG 400mg \u0161lapimo sistemai 30tab."},{"@type":"BreadcrumbList","@id":"https:\/\/anivet.lt\/elparduotuve\/produktas\/vetexpert-urinovet-dog-400-mg-30-tbl\/#breadcrumb","itemListElement":[{"@type":"ListItem","position":1,"name":"Home","item":"https:\/\/anivet.lt\/elparduotuve\/"},{"@type":"ListItem","position":2,"name":"Produktai","item":"https:\/\/anivet.lt\/elparduotuve\/produktai\/"},{"@type":"ListItem","position":3,"name":"VetExpert URINOVET DOG 400mg \u0161lapimo sistemai 30tab."}]},{"@type":"WebSite","@id":"https:\/\/anivet.lt\/elparduotuve\/#website","url":"https:\/\/anivet.lt\/elparduotuve\/","name":"anivet.lt","description":"Viskas J\u016bs\u0173 \u0161uns, kat\u0117s prie\u017ei\u016brai","publisher":{"@id":"https:\/\/anivet.lt\/elparduotuve\/#organization"},"alternateName":"Viskas J\u016bs\u0173 \u0161uns, kat\u0117s prie\u017ei\u016brai","potentialAction":[{"@type":"SearchAction","target":{"@type":"EntryPoint","urlTemplate":"https:\/\/anivet.lt\/elparduotuve\/?s={search_term_string}"},"query-input":{"@type":"PropertyValueSpecification","valueRequired":true,"valueName":"search_term_string"}}],"inLanguage":"lt-LT"},{"@type":"Organization","@id":"https:\/\/anivet.lt\/elparduotuve\/#organization","name":"Viskas J\u016bs\u0173 \u0161uns, kat\u0117s prie\u017ei\u016brai","url":"https:\/\/anivet.lt\/elparduotuve\/","logo":{"@type":"ImageObject","inLanguage":"lt-LT","@id":"https:\/\/anivet.lt\/elparduotuve\/#\/schema\/logo\/image\/","url":"https:\/\/anivet.lt\/elparduotuve\/wp-content\/uploads\/2023\/06\/logo2.jpg","contentUrl":"https:\/\/anivet.lt\/elparduotuve\/wp-content\/uploads\/2023\/06\/logo2.jpg","width":655,"height":194,"caption":"Viskas J\u016bs\u0173 \u0161uns, kat\u0117s prie\u017ei\u016brai"},"image":{"@id":"https:\/\/anivet.lt\/elparduotuve\/#\/schema\/logo\/image\/"}}]}},"_links":{"self":[{"href":"https:\/\/anivet.lt\/elparduotuve\/wp-json\/wp\/v2\/product\/15264","targetHints":{"allow":["GET"]}}],"collection":[{"href":"https:\/\/anivet.lt\/elparduotuve\/wp-json\/wp\/v2\/product"}],"about":[{"href":"https:\/\/anivet.lt\/elparduotuve\/wp-json\/wp\/v2\/types\/product"}],"wp:featuredmedia":[{"embeddable":true,"href":"https:\/\/anivet.lt\/elparduotuve\/wp-json\/wp\/v2\/media\/15265"}],"wp:attachment":[{"href":"https:\/\/anivet.lt\/elparduotuve\/wp-json\/wp\/v2\/media?parent=15264"}],"wp:term":[{"taxonomy":"product_brand","embeddable":true,"href":"https:\/\/anivet.lt\/elparduotuve\/wp-json\/wp\/v2\/product_brand?post=15264"},{"taxonomy":"product_cat","embeddable":true,"href":"https:\/\/anivet.lt\/elparduotuve\/wp-json\/wp\/v2\/product_cat?post=15264"},{"taxonomy":"product_tag","embeddable":true,"href":"https:\/\/anivet.lt\/elparduotuve\/wp-json\/wp\/v2\/product_tag?post=15264"}],"curies":[{"name":"wp","href":"https:\/\/api.w.org\/{rel}","templated":true}]}}