{"id":15613,"date":"2024-12-17T09:32:06","date_gmt":"2024-12-17T09:32:06","guid":{"rendered":"https:\/\/anivet.lt\/elparduotuve\/?post_type=product&#038;p=15613"},"modified":"2025-11-04T22:06:11","modified_gmt":"2025-11-04T22:06:11","slug":"eukanuba-base-sausas-maistas-mazu-ir-vidutiniu-veisliu-senyviems-sunims-su-eriena-ir-ryziais","status":"publish","type":"product","link":"https:\/\/anivet.lt\/elparduotuve\/produktas\/eukanuba-base-sausas-maistas-mazu-ir-vidutiniu-veisliu-senyviems-sunims-su-eriena-ir-ryziais\/","title":{"rendered":"Eukanuba Base sausas maistas ma\u017e\u0173 ir vidutini\u0173 veisli\u0173 senyviems \u0161unims su \u0117riena ir ry\u017eiais"},"content":{"rendered":"<ul>\n<li><span style=\"font-weight: 400;\">Vir\u0161kinimo gerinimas: Prebiotikai ir runkeli\u0173 mink\u0161timas palaiko sveik\u0105 vir\u0161kinim\u0105.<\/span><\/li>\n<li style=\"font-weight: 400;\" aria-level=\"1\"><span style=\"font-weight: 400;\">Sveikas kailis ir oda: Omega-6 ir Omega-3 riebal\u0173 r\u016bg\u0161tys r\u016bpinasi odos b\u016bkle ir kailio blizgesiu.<\/span><\/li>\n<li style=\"font-weight: 400;\" aria-level=\"1\"><span style=\"font-weight: 400;\">Stipr\u016bs raumenys: Gyv\u016bniniai baltymai skatina liesos raumen\u0173 mas\u0117s augim\u0105 ir palaikym\u0105.<\/span><\/li>\n<li style=\"font-weight: 400;\" aria-level=\"1\"><span style=\"font-weight: 400;\">Dant\u0173 sveikata: DentaDefense technologija padeda i\u0161laikyti dantis \u0161varius ir sveikus.<\/span><\/li>\n<li style=\"font-weight: 400;\" aria-level=\"1\"><span style=\"font-weight: 400;\">Specializuota formul\u0117: Pritaikyta vyresni\u0173 \u0161un\u0173 poreikiams ir jautrioms vir\u0161kinimo bei odos funkcijoms.<\/span><\/li>\n<\/ul>\n<p><span style=\"font-weight: 400;\">\u0160is maistas su \u0117riena ir ry\u017eiais \u2013 tai pilnavert\u0117 mityba, sukurta remiantis veterinar\u0173 ir mitybos specialist\u0173 patarimais, kad j\u016bs\u0173 augintinis d\u017eiaugt\u0173si energija ir sveikata. Puikus pasirinkimas ilgam ir aktyviam \u0161uns gyvenimui.<\/span><\/p>\n","protected":false},"excerpt":{"rendered":"<p><span style=\"font-weight: 400;\">Specialiai sukurtas vyresnio am\u017eiaus ma\u017e\u0173 ir vidutini\u0173 veisli\u0173 \u0161unims su jautria oda ir vir\u0161kinimo sistema. \u0160is pa\u0161aras u\u017etikrina optimal\u0173 vir\u0161kinim\u0105, sveik\u0105 kail\u012f ir dant\u0173 prie\u017ei\u016br\u0105, kad j\u016bs\u0173 augintinis gal\u0117t\u0173 m\u0117gautis sveiku ir aktyviu gyvenimu.<\/span><\/p>\n","protected":false},"featured_media":19094,"template":"","meta":[],"product_brand":[],"product_cat":[101,103,104,322],"product_tag":[],"class_list":{"0":"post-15613","1":"product","2":"type-product","3":"status-publish","4":"has-post-thumbnail","6":"product_cat-sunims","7":"product_cat-sunu-maistas","8":"product_cat-sausas-maistas","9":"product_cat-eukanuba-sunu-maistas","10":"pa_prekinis-zenklas-eukanuba","12":"first","13":"instock","14":"taxable","15":"shipping-taxable","16":"purchasable","17":"product-type-variable"},"yoast_head":"<!-- This site is optimized with the Yoast SEO Premium plugin v27.1 (Yoast SEO v27.5) - https:\/\/yoast.com\/product\/yoast-seo-premium-wordpress\/ -->\n<title>Eukanuba Base sausas maistas ma\u017e\u0173 ir vidutini\u0173 veisli\u0173 senyviems \u0161unims su \u0117riena ir ry\u017eiais - anivet.lt<\/title>\n<meta name=\"description\" content=\"Specialiai sukurtas vyresnio am\u017eiaus ma\u017e\u0173 ir vidutini\u0173 veisli\u0173 \u0161unims su jautria oda ir vir\u0161kinimo sistema. \u0160is pa\u0161aras u\u017etikrina optimal\u0173 vir\u0161kinim\u0105, sveik\u0105 kail\u012f ir dant\u0173 prie\u017ei\u016br\u0105, kad j\u016bs\u0173 augintinis gal\u0117t\u0173 m\u0117gautis sveiku ir aktyviu gyvenimu.\" \/>\n<meta name=\"robots\" content=\"index, follow, max-snippet:-1, max-image-preview:large, max-video-preview:-1\" \/>\n<link rel=\"canonical\" href=\"https:\/\/anivet.lt\/elparduotuve\/produktas\/eukanuba-base-sausas-maistas-mazu-ir-vidutiniu-veisliu-senyviems-sunims-su-eriena-ir-ryziais\/\" \/>\n<meta property=\"og:locale\" content=\"lt_LT\" \/>\n<meta property=\"og:type\" content=\"article\" \/>\n<meta property=\"og:title\" content=\"Eukanuba Base sausas maistas ma\u017e\u0173 ir vidutini\u0173 veisli\u0173 senyviems \u0161unims su \u0117riena ir ry\u017eiais\" \/>\n<meta property=\"og:description\" content=\"Specialiai sukurtas vyresnio am\u017eiaus ma\u017e\u0173 ir vidutini\u0173 veisli\u0173 \u0161unims su jautria oda ir vir\u0161kinimo sistema. \u0160is pa\u0161aras u\u017etikrina optimal\u0173 vir\u0161kinim\u0105, sveik\u0105 kail\u012f ir dant\u0173 prie\u017ei\u016br\u0105, kad j\u016bs\u0173 augintinis gal\u0117t\u0173 m\u0117gautis sveiku ir aktyviu gyvenimu.\" \/>\n<meta property=\"og:url\" content=\"https:\/\/anivet.lt\/elparduotuve\/produktas\/eukanuba-base-sausas-maistas-mazu-ir-vidutiniu-veisliu-senyviems-sunims-su-eriena-ir-ryziais\/\" \/>\n<meta property=\"og:site_name\" content=\"anivet.lt\" \/>\n<meta property=\"article:modified_time\" content=\"2025-11-04T22:06:11+00:00\" \/>\n<meta property=\"og:image\" content=\"https:\/\/anivet.lt\/elparduotuve\/wp-content\/uploads\/2024\/12\/Eukanuba-sausas-maistas-mazu-ir-vidutiniu-veisliu-senyviems-sunims-su-eriena-ir-ryziais.jpg\" \/>\n\t<meta property=\"og:image:width\" content=\"650\" \/>\n\t<meta property=\"og:image:height\" content=\"650\" \/>\n\t<meta property=\"og:image:type\" content=\"image\/jpeg\" \/>\n<meta name=\"twitter:card\" content=\"summary_large_image\" \/>\n<meta name=\"twitter:label1\" content=\"Est. reading time\" \/>\n\t<meta name=\"twitter:data1\" content=\"1 minut\u0117\" \/>\n<script type=\"application\/ld+json\" class=\"yoast-schema-graph\">{\"@context\":\"https:\\\/\\\/schema.org\",\"@graph\":[{\"@type\":\"WebPage\",\"@id\":\"https:\\\/\\\/anivet.lt\\\/elparduotuve\\\/produktas\\\/eukanuba-base-sausas-maistas-mazu-ir-vidutiniu-veisliu-senyviems-sunims-su-eriena-ir-ryziais\\\/\",\"url\":\"https:\\\/\\\/anivet.lt\\\/elparduotuve\\\/produktas\\\/eukanuba-base-sausas-maistas-mazu-ir-vidutiniu-veisliu-senyviems-sunims-su-eriena-ir-ryziais\\\/\",\"name\":\"Eukanuba Base sausas maistas ma\u017e\u0173 ir vidutini\u0173 veisli\u0173 senyviems \u0161unims su \u0117riena ir ry\u017eiais - anivet.lt\",\"isPartOf\":{\"@id\":\"https:\\\/\\\/anivet.lt\\\/elparduotuve\\\/#website\"},\"primaryImageOfPage\":{\"@id\":\"https:\\\/\\\/anivet.lt\\\/elparduotuve\\\/produktas\\\/eukanuba-base-sausas-maistas-mazu-ir-vidutiniu-veisliu-senyviems-sunims-su-eriena-ir-ryziais\\\/#primaryimage\"},\"image\":{\"@id\":\"https:\\\/\\\/anivet.lt\\\/elparduotuve\\\/produktas\\\/eukanuba-base-sausas-maistas-mazu-ir-vidutiniu-veisliu-senyviems-sunims-su-eriena-ir-ryziais\\\/#primaryimage\"},\"thumbnailUrl\":\"https:\\\/\\\/anivet.lt\\\/elparduotuve\\\/wp-content\\\/uploads\\\/2024\\\/12\\\/Eukanuba-sausas-maistas-mazu-ir-vidutiniu-veisliu-senyviems-sunims-su-eriena-ir-ryziais.jpg\",\"datePublished\":\"2024-12-17T09:32:06+00:00\",\"dateModified\":\"2025-11-04T22:06:11+00:00\",\"description\":\"Specialiai sukurtas vyresnio am\u017eiaus ma\u017e\u0173 ir vidutini\u0173 veisli\u0173 \u0161unims su jautria oda ir vir\u0161kinimo sistema. \u0160is pa\u0161aras u\u017etikrina optimal\u0173 vir\u0161kinim\u0105, sveik\u0105 kail\u012f ir dant\u0173 prie\u017ei\u016br\u0105, kad j\u016bs\u0173 augintinis gal\u0117t\u0173 m\u0117gautis sveiku ir aktyviu gyvenimu.\",\"breadcrumb\":{\"@id\":\"https:\\\/\\\/anivet.lt\\\/elparduotuve\\\/produktas\\\/eukanuba-base-sausas-maistas-mazu-ir-vidutiniu-veisliu-senyviems-sunims-su-eriena-ir-ryziais\\\/#breadcrumb\"},\"inLanguage\":\"lt-LT\",\"potentialAction\":[{\"@type\":\"ReadAction\",\"target\":[\"https:\\\/\\\/anivet.lt\\\/elparduotuve\\\/produktas\\\/eukanuba-base-sausas-maistas-mazu-ir-vidutiniu-veisliu-senyviems-sunims-su-eriena-ir-ryziais\\\/\"]}]},{\"@type\":\"ImageObject\",\"inLanguage\":\"lt-LT\",\"@id\":\"https:\\\/\\\/anivet.lt\\\/elparduotuve\\\/produktas\\\/eukanuba-base-sausas-maistas-mazu-ir-vidutiniu-veisliu-senyviems-sunims-su-eriena-ir-ryziais\\\/#primaryimage\",\"url\":\"https:\\\/\\\/anivet.lt\\\/elparduotuve\\\/wp-content\\\/uploads\\\/2024\\\/12\\\/Eukanuba-sausas-maistas-mazu-ir-vidutiniu-veisliu-senyviems-sunims-su-eriena-ir-ryziais.jpg\",\"contentUrl\":\"https:\\\/\\\/anivet.lt\\\/elparduotuve\\\/wp-content\\\/uploads\\\/2024\\\/12\\\/Eukanuba-sausas-maistas-mazu-ir-vidutiniu-veisliu-senyviems-sunims-su-eriena-ir-ryziais.jpg\",\"width\":650,\"height\":650,\"caption\":\"Eukanuba Base sausas maistas ma\u017e\u0173 ir vidutini\u0173 veisli\u0173 senyviems \u0161unims su \u0117riena ir ry\u017eiais\"},{\"@type\":\"BreadcrumbList\",\"@id\":\"https:\\\/\\\/anivet.lt\\\/elparduotuve\\\/produktas\\\/eukanuba-base-sausas-maistas-mazu-ir-vidutiniu-veisliu-senyviems-sunims-su-eriena-ir-ryziais\\\/#breadcrumb\",\"itemListElement\":[{\"@type\":\"ListItem\",\"position\":1,\"name\":\"Home\",\"item\":\"https:\\\/\\\/anivet.lt\\\/elparduotuve\\\/\"},{\"@type\":\"ListItem\",\"position\":2,\"name\":\"Produktai\",\"item\":\"https:\\\/\\\/anivet.lt\\\/elparduotuve\\\/produktai\\\/\"},{\"@type\":\"ListItem\",\"position\":3,\"name\":\"Eukanuba Base sausas maistas ma\u017e\u0173 ir vidutini\u0173 veisli\u0173 senyviems \u0161unims su \u0117riena ir ry\u017eiais\"}]},{\"@type\":\"WebSite\",\"@id\":\"https:\\\/\\\/anivet.lt\\\/elparduotuve\\\/#website\",\"url\":\"https:\\\/\\\/anivet.lt\\\/elparduotuve\\\/\",\"name\":\"anivet.lt\",\"description\":\"Viskas J\u016bs\u0173 \u0161uns, kat\u0117s prie\u017ei\u016brai\",\"publisher\":{\"@id\":\"https:\\\/\\\/anivet.lt\\\/elparduotuve\\\/#organization\"},\"alternateName\":\"Viskas J\u016bs\u0173 \u0161uns, kat\u0117s prie\u017ei\u016brai\",\"potentialAction\":[{\"@type\":\"SearchAction\",\"target\":{\"@type\":\"EntryPoint\",\"urlTemplate\":\"https:\\\/\\\/anivet.lt\\\/elparduotuve\\\/?s={search_term_string}\"},\"query-input\":{\"@type\":\"PropertyValueSpecification\",\"valueRequired\":true,\"valueName\":\"search_term_string\"}}],\"inLanguage\":\"lt-LT\"},{\"@type\":\"Organization\",\"@id\":\"https:\\\/\\\/anivet.lt\\\/elparduotuve\\\/#organization\",\"name\":\"Viskas J\u016bs\u0173 \u0161uns, kat\u0117s prie\u017ei\u016brai\",\"url\":\"https:\\\/\\\/anivet.lt\\\/elparduotuve\\\/\",\"logo\":{\"@type\":\"ImageObject\",\"inLanguage\":\"lt-LT\",\"@id\":\"https:\\\/\\\/anivet.lt\\\/elparduotuve\\\/#\\\/schema\\\/logo\\\/image\\\/\",\"url\":\"https:\\\/\\\/anivet.lt\\\/elparduotuve\\\/wp-content\\\/uploads\\\/2023\\\/06\\\/logo2.jpg\",\"contentUrl\":\"https:\\\/\\\/anivet.lt\\\/elparduotuve\\\/wp-content\\\/uploads\\\/2023\\\/06\\\/logo2.jpg\",\"width\":655,\"height\":194,\"caption\":\"Viskas J\u016bs\u0173 \u0161uns, kat\u0117s prie\u017ei\u016brai\"},\"image\":{\"@id\":\"https:\\\/\\\/anivet.lt\\\/elparduotuve\\\/#\\\/schema\\\/logo\\\/image\\\/\"}}]}<\/script>\n<!-- \/ Yoast SEO Premium plugin. -->","yoast_head_json":{"title":"Eukanuba Base sausas maistas ma\u017e\u0173 ir vidutini\u0173 veisli\u0173 senyviems \u0161unims su \u0117riena ir ry\u017eiais - anivet.lt","description":"Specialiai sukurtas vyresnio am\u017eiaus ma\u017e\u0173 ir vidutini\u0173 veisli\u0173 \u0161unims su jautria oda ir vir\u0161kinimo sistema. \u0160is pa\u0161aras u\u017etikrina optimal\u0173 vir\u0161kinim\u0105, sveik\u0105 kail\u012f ir dant\u0173 prie\u017ei\u016br\u0105, kad j\u016bs\u0173 augintinis gal\u0117t\u0173 m\u0117gautis sveiku ir aktyviu gyvenimu.","robots":{"index":"index","follow":"follow","max-snippet":"max-snippet:-1","max-image-preview":"max-image-preview:large","max-video-preview":"max-video-preview:-1"},"canonical":"https:\/\/anivet.lt\/elparduotuve\/produktas\/eukanuba-base-sausas-maistas-mazu-ir-vidutiniu-veisliu-senyviems-sunims-su-eriena-ir-ryziais\/","og_locale":"lt_LT","og_type":"article","og_title":"Eukanuba Base sausas maistas ma\u017e\u0173 ir vidutini\u0173 veisli\u0173 senyviems \u0161unims su \u0117riena ir ry\u017eiais","og_description":"Specialiai sukurtas vyresnio am\u017eiaus ma\u017e\u0173 ir vidutini\u0173 veisli\u0173 \u0161unims su jautria oda ir vir\u0161kinimo sistema. \u0160is pa\u0161aras u\u017etikrina optimal\u0173 vir\u0161kinim\u0105, sveik\u0105 kail\u012f ir dant\u0173 prie\u017ei\u016br\u0105, kad j\u016bs\u0173 augintinis gal\u0117t\u0173 m\u0117gautis sveiku ir aktyviu gyvenimu.","og_url":"https:\/\/anivet.lt\/elparduotuve\/produktas\/eukanuba-base-sausas-maistas-mazu-ir-vidutiniu-veisliu-senyviems-sunims-su-eriena-ir-ryziais\/","og_site_name":"anivet.lt","article_modified_time":"2025-11-04T22:06:11+00:00","og_image":[{"width":650,"height":650,"url":"https:\/\/anivet.lt\/elparduotuve\/wp-content\/uploads\/2024\/12\/Eukanuba-sausas-maistas-mazu-ir-vidutiniu-veisliu-senyviems-sunims-su-eriena-ir-ryziais.jpg","type":"image\/jpeg"}],"twitter_card":"summary_large_image","twitter_misc":{"Est. reading time":"1 minut\u0117"},"schema":{"@context":"https:\/\/schema.org","@graph":[{"@type":"WebPage","@id":"https:\/\/anivet.lt\/elparduotuve\/produktas\/eukanuba-base-sausas-maistas-mazu-ir-vidutiniu-veisliu-senyviems-sunims-su-eriena-ir-ryziais\/","url":"https:\/\/anivet.lt\/elparduotuve\/produktas\/eukanuba-base-sausas-maistas-mazu-ir-vidutiniu-veisliu-senyviems-sunims-su-eriena-ir-ryziais\/","name":"Eukanuba Base sausas maistas ma\u017e\u0173 ir vidutini\u0173 veisli\u0173 senyviems \u0161unims su \u0117riena ir ry\u017eiais - anivet.lt","isPartOf":{"@id":"https:\/\/anivet.lt\/elparduotuve\/#website"},"primaryImageOfPage":{"@id":"https:\/\/anivet.lt\/elparduotuve\/produktas\/eukanuba-base-sausas-maistas-mazu-ir-vidutiniu-veisliu-senyviems-sunims-su-eriena-ir-ryziais\/#primaryimage"},"image":{"@id":"https:\/\/anivet.lt\/elparduotuve\/produktas\/eukanuba-base-sausas-maistas-mazu-ir-vidutiniu-veisliu-senyviems-sunims-su-eriena-ir-ryziais\/#primaryimage"},"thumbnailUrl":"https:\/\/anivet.lt\/elparduotuve\/wp-content\/uploads\/2024\/12\/Eukanuba-sausas-maistas-mazu-ir-vidutiniu-veisliu-senyviems-sunims-su-eriena-ir-ryziais.jpg","datePublished":"2024-12-17T09:32:06+00:00","dateModified":"2025-11-04T22:06:11+00:00","description":"Specialiai sukurtas vyresnio am\u017eiaus ma\u017e\u0173 ir vidutini\u0173 veisli\u0173 \u0161unims su jautria oda ir vir\u0161kinimo sistema. \u0160is pa\u0161aras u\u017etikrina optimal\u0173 vir\u0161kinim\u0105, sveik\u0105 kail\u012f ir dant\u0173 prie\u017ei\u016br\u0105, kad j\u016bs\u0173 augintinis gal\u0117t\u0173 m\u0117gautis sveiku ir aktyviu gyvenimu.","breadcrumb":{"@id":"https:\/\/anivet.lt\/elparduotuve\/produktas\/eukanuba-base-sausas-maistas-mazu-ir-vidutiniu-veisliu-senyviems-sunims-su-eriena-ir-ryziais\/#breadcrumb"},"inLanguage":"lt-LT","potentialAction":[{"@type":"ReadAction","target":["https:\/\/anivet.lt\/elparduotuve\/produktas\/eukanuba-base-sausas-maistas-mazu-ir-vidutiniu-veisliu-senyviems-sunims-su-eriena-ir-ryziais\/"]}]},{"@type":"ImageObject","inLanguage":"lt-LT","@id":"https:\/\/anivet.lt\/elparduotuve\/produktas\/eukanuba-base-sausas-maistas-mazu-ir-vidutiniu-veisliu-senyviems-sunims-su-eriena-ir-ryziais\/#primaryimage","url":"https:\/\/anivet.lt\/elparduotuve\/wp-content\/uploads\/2024\/12\/Eukanuba-sausas-maistas-mazu-ir-vidutiniu-veisliu-senyviems-sunims-su-eriena-ir-ryziais.jpg","contentUrl":"https:\/\/anivet.lt\/elparduotuve\/wp-content\/uploads\/2024\/12\/Eukanuba-sausas-maistas-mazu-ir-vidutiniu-veisliu-senyviems-sunims-su-eriena-ir-ryziais.jpg","width":650,"height":650,"caption":"Eukanuba Base sausas maistas ma\u017e\u0173 ir vidutini\u0173 veisli\u0173 senyviems \u0161unims su \u0117riena ir ry\u017eiais"},{"@type":"BreadcrumbList","@id":"https:\/\/anivet.lt\/elparduotuve\/produktas\/eukanuba-base-sausas-maistas-mazu-ir-vidutiniu-veisliu-senyviems-sunims-su-eriena-ir-ryziais\/#breadcrumb","itemListElement":[{"@type":"ListItem","position":1,"name":"Home","item":"https:\/\/anivet.lt\/elparduotuve\/"},{"@type":"ListItem","position":2,"name":"Produktai","item":"https:\/\/anivet.lt\/elparduotuve\/produktai\/"},{"@type":"ListItem","position":3,"name":"Eukanuba Base sausas maistas ma\u017e\u0173 ir vidutini\u0173 veisli\u0173 senyviems \u0161unims su \u0117riena ir ry\u017eiais"}]},{"@type":"WebSite","@id":"https:\/\/anivet.lt\/elparduotuve\/#website","url":"https:\/\/anivet.lt\/elparduotuve\/","name":"anivet.lt","description":"Viskas J\u016bs\u0173 \u0161uns, kat\u0117s prie\u017ei\u016brai","publisher":{"@id":"https:\/\/anivet.lt\/elparduotuve\/#organization"},"alternateName":"Viskas J\u016bs\u0173 \u0161uns, kat\u0117s prie\u017ei\u016brai","potentialAction":[{"@type":"SearchAction","target":{"@type":"EntryPoint","urlTemplate":"https:\/\/anivet.lt\/elparduotuve\/?s={search_term_string}"},"query-input":{"@type":"PropertyValueSpecification","valueRequired":true,"valueName":"search_term_string"}}],"inLanguage":"lt-LT"},{"@type":"Organization","@id":"https:\/\/anivet.lt\/elparduotuve\/#organization","name":"Viskas J\u016bs\u0173 \u0161uns, kat\u0117s prie\u017ei\u016brai","url":"https:\/\/anivet.lt\/elparduotuve\/","logo":{"@type":"ImageObject","inLanguage":"lt-LT","@id":"https:\/\/anivet.lt\/elparduotuve\/#\/schema\/logo\/image\/","url":"https:\/\/anivet.lt\/elparduotuve\/wp-content\/uploads\/2023\/06\/logo2.jpg","contentUrl":"https:\/\/anivet.lt\/elparduotuve\/wp-content\/uploads\/2023\/06\/logo2.jpg","width":655,"height":194,"caption":"Viskas J\u016bs\u0173 \u0161uns, kat\u0117s prie\u017ei\u016brai"},"image":{"@id":"https:\/\/anivet.lt\/elparduotuve\/#\/schema\/logo\/image\/"}}]}},"_links":{"self":[{"href":"https:\/\/anivet.lt\/elparduotuve\/wp-json\/wp\/v2\/product\/15613","targetHints":{"allow":["GET"]}}],"collection":[{"href":"https:\/\/anivet.lt\/elparduotuve\/wp-json\/wp\/v2\/product"}],"about":[{"href":"https:\/\/anivet.lt\/elparduotuve\/wp-json\/wp\/v2\/types\/product"}],"wp:featuredmedia":[{"embeddable":true,"href":"https:\/\/anivet.lt\/elparduotuve\/wp-json\/wp\/v2\/media\/19094"}],"wp:attachment":[{"href":"https:\/\/anivet.lt\/elparduotuve\/wp-json\/wp\/v2\/media?parent=15613"}],"wp:term":[{"taxonomy":"product_brand","embeddable":true,"href":"https:\/\/anivet.lt\/elparduotuve\/wp-json\/wp\/v2\/product_brand?post=15613"},{"taxonomy":"product_cat","embeddable":true,"href":"https:\/\/anivet.lt\/elparduotuve\/wp-json\/wp\/v2\/product_cat?post=15613"},{"taxonomy":"product_tag","embeddable":true,"href":"https:\/\/anivet.lt\/elparduotuve\/wp-json\/wp\/v2\/product_tag?post=15613"}],"curies":[{"name":"wp","href":"https:\/\/api.w.org\/{rel}","templated":true}]}}