{"id":15670,"date":"2024-12-19T07:59:48","date_gmt":"2024-12-19T07:59:48","guid":{"rendered":"https:\/\/anivet.lt\/elparduotuve\/?post_type=product&#038;p=15670"},"modified":"2025-05-27T13:32:32","modified_gmt":"2025-05-27T13:32:32","slug":"eukanuba-daily-care-overweight-sausas-maistas-sterilizuotiems-sunims-su-vistiena-12kg","status":"publish","type":"product","link":"https:\/\/anivet.lt\/elparduotuve\/produktas\/eukanuba-daily-care-overweight-sausas-maistas-sterilizuotiems-sunims-su-vistiena-12kg\/","title":{"rendered":"Eukanuba Daily Care Overweight sausas maistas sterilizuotiems \u0161unims su vi\u0161tiena 12kg"},"content":{"rendered":"<p><span style=\"font-weight: 400;\">Visavertis sprendimas sterilizuotiems ir vir\u0161svorio turintiems \u0161unims. Specialiai subalansuota formul\u0117 padeda suma\u017einti k\u016bno svor\u012f, i\u0161laikant raumen\u0173 mas\u0119 bei bendr\u0105 gerov\u0119.<\/span><\/p>\n<ul>\n<li style=\"font-weight: 400;\" aria-level=\"1\"><span style=\"font-weight: 400;\">50% ma\u017eiau riebal\u0173: Suma\u017eina k\u016bno riebalus, palyginti su standartiniu pa\u0161aru, ir padeda palaikyti lies\u0105 raumenyn\u0105.<\/span><\/li>\n<li style=\"font-weight: 400;\" aria-level=\"1\"><span style=\"font-weight: 400;\">L-karnitinas: Skatina riebal\u0173 deginim\u0105 ir suma\u017eina s\u0105nari\u0173 apkrov\u0105, svarbu aktyviam gyvenimui.<\/span><\/li>\n<li style=\"font-weight: 400;\" aria-level=\"1\"><span style=\"font-weight: 400;\">Prebiotikai ir runkeli\u0173 mink\u0161timas: Skatina sveik\u0105 vir\u0161kinim\u0105 ir optimal\u0173 maistini\u0173 med\u017eiag\u0173 \u012fsisavinim\u0105.<\/span><\/li>\n<li style=\"font-weight: 400;\" aria-level=\"1\"><span style=\"font-weight: 400;\">Gliukozaminas ir kalcis: Palaiko sveikus s\u0105narius ir kaulus, u\u017etikrina s\u0105nari\u0173 lankstum\u0105.<\/span><\/li>\n<li style=\"font-weight: 400;\" aria-level=\"1\"><span style=\"font-weight: 400;\">\u201eDentaDefense\u201c technologija: Padeda i\u0161laikyti \u0161varius dantis ir sveikas dantenas.<\/span><\/li>\n<\/ul>\n<p><span style=\"font-weight: 400;\">\u0160is pa\u0161aras su \u0161vie\u017eia vi\u0161tiena ne tik puikiai palaiko raumen\u0173 mas\u0119, bet ir prisideda prie odos ir kailio sveikatos d\u0117l nat\u016brali\u0173 omega-6 ir omega-3 riebal\u0173 r\u016bg\u0161\u010di\u0173. Tai 100% subalansuotas ir pilnavertis maistas, idealiai tinkantis vis\u0173 veisli\u0173 suaugusiems \u0161unims, norintiems i\u0161laikyti sveik\u0105 svor\u012f ir aktyv\u0173 gyvenim\u0105.<\/span><\/p>\n","protected":false},"excerpt":{"rendered":"<p>Visavertis sprendimas sterilizuotiems ir vir\u0161svorio turintiems \u0161unims. Specialiai subalansuota formul\u0117 padeda suma\u017einti k\u016bno svor\u012f, i\u0161laikant raumen\u0173 mas\u0119 bei bendr\u0105 gerov\u0119.<\/p>\n","protected":false},"featured_media":15673,"template":"","meta":[],"product_brand":[],"product_cat":[101,103,104,322],"product_tag":[],"class_list":{"0":"post-15670","1":"product","2":"type-product","3":"status-publish","4":"has-post-thumbnail","6":"product_cat-sunims","7":"product_cat-sunu-maistas","8":"product_cat-sausas-maistas","9":"product_cat-eukanuba-sunu-maistas","10":"pa_prekinis-zenklas-eukanuba","12":"first","13":"instock","14":"taxable","15":"shipping-taxable","16":"purchasable","17":"product-type-simple"},"yoast_head":"<!-- This site is optimized with the Yoast SEO Premium plugin v27.1 (Yoast SEO v27.5) - https:\/\/yoast.com\/product\/yoast-seo-premium-wordpress\/ -->\n<title>Eukanuba Daily Care Overweight sausas maistas sterilizuotiems \u0161unims su vi\u0161tiena 12kg - anivet.lt<\/title>\n<meta name=\"description\" content=\"Visavertis sprendimas sterilizuotiems ir vir\u0161svorio turintiems \u0161unims. Specialiai subalansuota formul\u0117 padeda suma\u017einti k\u016bno svor\u012f, i\u0161laikant raumen\u0173 mas\u0119\" \/>\n<meta name=\"robots\" content=\"index, follow, max-snippet:-1, max-image-preview:large, max-video-preview:-1\" \/>\n<link rel=\"canonical\" href=\"https:\/\/anivet.lt\/elparduotuve\/produktas\/eukanuba-daily-care-overweight-sausas-maistas-sterilizuotiems-sunims-su-vistiena-12kg\/\" \/>\n<meta property=\"og:locale\" content=\"lt_LT\" \/>\n<meta property=\"og:type\" content=\"article\" \/>\n<meta property=\"og:title\" content=\"Eukanuba Daily Care Overweight sausas maistas sterilizuotiems \u0161unims su vi\u0161tiena 12kg\" \/>\n<meta property=\"og:description\" content=\"Visavertis sprendimas sterilizuotiems ir vir\u0161svorio turintiems \u0161unims. Specialiai subalansuota formul\u0117 padeda suma\u017einti k\u016bno svor\u012f, i\u0161laikant raumen\u0173 mas\u0119\" \/>\n<meta property=\"og:url\" content=\"https:\/\/anivet.lt\/elparduotuve\/produktas\/eukanuba-daily-care-overweight-sausas-maistas-sterilizuotiems-sunims-su-vistiena-12kg\/\" \/>\n<meta property=\"og:site_name\" content=\"anivet.lt\" \/>\n<meta property=\"article:modified_time\" content=\"2025-05-27T13:32:32+00:00\" \/>\n<meta property=\"og:image\" content=\"https:\/\/anivet.lt\/elparduotuve\/wp-content\/uploads\/2024\/12\/over.jpg\" \/>\n\t<meta property=\"og:image:width\" content=\"400\" \/>\n\t<meta property=\"og:image:height\" content=\"400\" \/>\n\t<meta property=\"og:image:type\" content=\"image\/jpeg\" \/>\n<meta name=\"twitter:card\" content=\"summary_large_image\" \/>\n<meta name=\"twitter:label1\" content=\"Est. reading time\" \/>\n\t<meta name=\"twitter:data1\" content=\"1 minut\u0117\" \/>\n<script type=\"application\/ld+json\" class=\"yoast-schema-graph\">{\"@context\":\"https:\\\/\\\/schema.org\",\"@graph\":[{\"@type\":\"WebPage\",\"@id\":\"https:\\\/\\\/anivet.lt\\\/elparduotuve\\\/produktas\\\/eukanuba-daily-care-overweight-sausas-maistas-sterilizuotiems-sunims-su-vistiena-12kg\\\/\",\"url\":\"https:\\\/\\\/anivet.lt\\\/elparduotuve\\\/produktas\\\/eukanuba-daily-care-overweight-sausas-maistas-sterilizuotiems-sunims-su-vistiena-12kg\\\/\",\"name\":\"Eukanuba Daily Care Overweight sausas maistas sterilizuotiems \u0161unims su vi\u0161tiena 12kg - anivet.lt\",\"isPartOf\":{\"@id\":\"https:\\\/\\\/anivet.lt\\\/elparduotuve\\\/#website\"},\"primaryImageOfPage\":{\"@id\":\"https:\\\/\\\/anivet.lt\\\/elparduotuve\\\/produktas\\\/eukanuba-daily-care-overweight-sausas-maistas-sterilizuotiems-sunims-su-vistiena-12kg\\\/#primaryimage\"},\"image\":{\"@id\":\"https:\\\/\\\/anivet.lt\\\/elparduotuve\\\/produktas\\\/eukanuba-daily-care-overweight-sausas-maistas-sterilizuotiems-sunims-su-vistiena-12kg\\\/#primaryimage\"},\"thumbnailUrl\":\"https:\\\/\\\/anivet.lt\\\/elparduotuve\\\/wp-content\\\/uploads\\\/2024\\\/12\\\/over.jpg\",\"datePublished\":\"2024-12-19T07:59:48+00:00\",\"dateModified\":\"2025-05-27T13:32:32+00:00\",\"description\":\"Visavertis sprendimas sterilizuotiems ir vir\u0161svorio turintiems \u0161unims. Specialiai subalansuota formul\u0117 padeda suma\u017einti k\u016bno svor\u012f, i\u0161laikant raumen\u0173 mas\u0119\",\"breadcrumb\":{\"@id\":\"https:\\\/\\\/anivet.lt\\\/elparduotuve\\\/produktas\\\/eukanuba-daily-care-overweight-sausas-maistas-sterilizuotiems-sunims-su-vistiena-12kg\\\/#breadcrumb\"},\"inLanguage\":\"lt-LT\",\"potentialAction\":[{\"@type\":\"ReadAction\",\"target\":[\"https:\\\/\\\/anivet.lt\\\/elparduotuve\\\/produktas\\\/eukanuba-daily-care-overweight-sausas-maistas-sterilizuotiems-sunims-su-vistiena-12kg\\\/\"]}]},{\"@type\":\"ImageObject\",\"inLanguage\":\"lt-LT\",\"@id\":\"https:\\\/\\\/anivet.lt\\\/elparduotuve\\\/produktas\\\/eukanuba-daily-care-overweight-sausas-maistas-sterilizuotiems-sunims-su-vistiena-12kg\\\/#primaryimage\",\"url\":\"https:\\\/\\\/anivet.lt\\\/elparduotuve\\\/wp-content\\\/uploads\\\/2024\\\/12\\\/over.jpg\",\"contentUrl\":\"https:\\\/\\\/anivet.lt\\\/elparduotuve\\\/wp-content\\\/uploads\\\/2024\\\/12\\\/over.jpg\",\"width\":400,\"height\":400,\"caption\":\"Eukanuba Daily Care Overweight sausas maistas sterilizuotiems \u0161unims su vi\u0161tiena 12kg\"},{\"@type\":\"BreadcrumbList\",\"@id\":\"https:\\\/\\\/anivet.lt\\\/elparduotuve\\\/produktas\\\/eukanuba-daily-care-overweight-sausas-maistas-sterilizuotiems-sunims-su-vistiena-12kg\\\/#breadcrumb\",\"itemListElement\":[{\"@type\":\"ListItem\",\"position\":1,\"name\":\"Home\",\"item\":\"https:\\\/\\\/anivet.lt\\\/elparduotuve\\\/\"},{\"@type\":\"ListItem\",\"position\":2,\"name\":\"Produktai\",\"item\":\"https:\\\/\\\/anivet.lt\\\/elparduotuve\\\/produktai\\\/\"},{\"@type\":\"ListItem\",\"position\":3,\"name\":\"Eukanuba Daily Care Overweight sausas maistas sterilizuotiems \u0161unims su vi\u0161tiena 12kg\"}]},{\"@type\":\"WebSite\",\"@id\":\"https:\\\/\\\/anivet.lt\\\/elparduotuve\\\/#website\",\"url\":\"https:\\\/\\\/anivet.lt\\\/elparduotuve\\\/\",\"name\":\"anivet.lt\",\"description\":\"Viskas J\u016bs\u0173 \u0161uns, kat\u0117s prie\u017ei\u016brai\",\"publisher\":{\"@id\":\"https:\\\/\\\/anivet.lt\\\/elparduotuve\\\/#organization\"},\"alternateName\":\"Viskas J\u016bs\u0173 \u0161uns, kat\u0117s prie\u017ei\u016brai\",\"potentialAction\":[{\"@type\":\"SearchAction\",\"target\":{\"@type\":\"EntryPoint\",\"urlTemplate\":\"https:\\\/\\\/anivet.lt\\\/elparduotuve\\\/?s={search_term_string}\"},\"query-input\":{\"@type\":\"PropertyValueSpecification\",\"valueRequired\":true,\"valueName\":\"search_term_string\"}}],\"inLanguage\":\"lt-LT\"},{\"@type\":\"Organization\",\"@id\":\"https:\\\/\\\/anivet.lt\\\/elparduotuve\\\/#organization\",\"name\":\"Viskas J\u016bs\u0173 \u0161uns, kat\u0117s prie\u017ei\u016brai\",\"url\":\"https:\\\/\\\/anivet.lt\\\/elparduotuve\\\/\",\"logo\":{\"@type\":\"ImageObject\",\"inLanguage\":\"lt-LT\",\"@id\":\"https:\\\/\\\/anivet.lt\\\/elparduotuve\\\/#\\\/schema\\\/logo\\\/image\\\/\",\"url\":\"https:\\\/\\\/anivet.lt\\\/elparduotuve\\\/wp-content\\\/uploads\\\/2023\\\/06\\\/logo2.jpg\",\"contentUrl\":\"https:\\\/\\\/anivet.lt\\\/elparduotuve\\\/wp-content\\\/uploads\\\/2023\\\/06\\\/logo2.jpg\",\"width\":655,\"height\":194,\"caption\":\"Viskas J\u016bs\u0173 \u0161uns, kat\u0117s prie\u017ei\u016brai\"},\"image\":{\"@id\":\"https:\\\/\\\/anivet.lt\\\/elparduotuve\\\/#\\\/schema\\\/logo\\\/image\\\/\"}}]}<\/script>\n<!-- \/ Yoast SEO Premium plugin. -->","yoast_head_json":{"title":"Eukanuba Daily Care Overweight sausas maistas sterilizuotiems \u0161unims su vi\u0161tiena 12kg - anivet.lt","description":"Visavertis sprendimas sterilizuotiems ir vir\u0161svorio turintiems \u0161unims. Specialiai subalansuota formul\u0117 padeda suma\u017einti k\u016bno svor\u012f, i\u0161laikant raumen\u0173 mas\u0119","robots":{"index":"index","follow":"follow","max-snippet":"max-snippet:-1","max-image-preview":"max-image-preview:large","max-video-preview":"max-video-preview:-1"},"canonical":"https:\/\/anivet.lt\/elparduotuve\/produktas\/eukanuba-daily-care-overweight-sausas-maistas-sterilizuotiems-sunims-su-vistiena-12kg\/","og_locale":"lt_LT","og_type":"article","og_title":"Eukanuba Daily Care Overweight sausas maistas sterilizuotiems \u0161unims su vi\u0161tiena 12kg","og_description":"Visavertis sprendimas sterilizuotiems ir vir\u0161svorio turintiems \u0161unims. Specialiai subalansuota formul\u0117 padeda suma\u017einti k\u016bno svor\u012f, i\u0161laikant raumen\u0173 mas\u0119","og_url":"https:\/\/anivet.lt\/elparduotuve\/produktas\/eukanuba-daily-care-overweight-sausas-maistas-sterilizuotiems-sunims-su-vistiena-12kg\/","og_site_name":"anivet.lt","article_modified_time":"2025-05-27T13:32:32+00:00","og_image":[{"width":400,"height":400,"url":"https:\/\/anivet.lt\/elparduotuve\/wp-content\/uploads\/2024\/12\/over.jpg","type":"image\/jpeg"}],"twitter_card":"summary_large_image","twitter_misc":{"Est. reading time":"1 minut\u0117"},"schema":{"@context":"https:\/\/schema.org","@graph":[{"@type":"WebPage","@id":"https:\/\/anivet.lt\/elparduotuve\/produktas\/eukanuba-daily-care-overweight-sausas-maistas-sterilizuotiems-sunims-su-vistiena-12kg\/","url":"https:\/\/anivet.lt\/elparduotuve\/produktas\/eukanuba-daily-care-overweight-sausas-maistas-sterilizuotiems-sunims-su-vistiena-12kg\/","name":"Eukanuba Daily Care Overweight sausas maistas sterilizuotiems \u0161unims su vi\u0161tiena 12kg - anivet.lt","isPartOf":{"@id":"https:\/\/anivet.lt\/elparduotuve\/#website"},"primaryImageOfPage":{"@id":"https:\/\/anivet.lt\/elparduotuve\/produktas\/eukanuba-daily-care-overweight-sausas-maistas-sterilizuotiems-sunims-su-vistiena-12kg\/#primaryimage"},"image":{"@id":"https:\/\/anivet.lt\/elparduotuve\/produktas\/eukanuba-daily-care-overweight-sausas-maistas-sterilizuotiems-sunims-su-vistiena-12kg\/#primaryimage"},"thumbnailUrl":"https:\/\/anivet.lt\/elparduotuve\/wp-content\/uploads\/2024\/12\/over.jpg","datePublished":"2024-12-19T07:59:48+00:00","dateModified":"2025-05-27T13:32:32+00:00","description":"Visavertis sprendimas sterilizuotiems ir vir\u0161svorio turintiems \u0161unims. Specialiai subalansuota formul\u0117 padeda suma\u017einti k\u016bno svor\u012f, i\u0161laikant raumen\u0173 mas\u0119","breadcrumb":{"@id":"https:\/\/anivet.lt\/elparduotuve\/produktas\/eukanuba-daily-care-overweight-sausas-maistas-sterilizuotiems-sunims-su-vistiena-12kg\/#breadcrumb"},"inLanguage":"lt-LT","potentialAction":[{"@type":"ReadAction","target":["https:\/\/anivet.lt\/elparduotuve\/produktas\/eukanuba-daily-care-overweight-sausas-maistas-sterilizuotiems-sunims-su-vistiena-12kg\/"]}]},{"@type":"ImageObject","inLanguage":"lt-LT","@id":"https:\/\/anivet.lt\/elparduotuve\/produktas\/eukanuba-daily-care-overweight-sausas-maistas-sterilizuotiems-sunims-su-vistiena-12kg\/#primaryimage","url":"https:\/\/anivet.lt\/elparduotuve\/wp-content\/uploads\/2024\/12\/over.jpg","contentUrl":"https:\/\/anivet.lt\/elparduotuve\/wp-content\/uploads\/2024\/12\/over.jpg","width":400,"height":400,"caption":"Eukanuba Daily Care Overweight sausas maistas sterilizuotiems \u0161unims su vi\u0161tiena 12kg"},{"@type":"BreadcrumbList","@id":"https:\/\/anivet.lt\/elparduotuve\/produktas\/eukanuba-daily-care-overweight-sausas-maistas-sterilizuotiems-sunims-su-vistiena-12kg\/#breadcrumb","itemListElement":[{"@type":"ListItem","position":1,"name":"Home","item":"https:\/\/anivet.lt\/elparduotuve\/"},{"@type":"ListItem","position":2,"name":"Produktai","item":"https:\/\/anivet.lt\/elparduotuve\/produktai\/"},{"@type":"ListItem","position":3,"name":"Eukanuba Daily Care Overweight sausas maistas sterilizuotiems \u0161unims su vi\u0161tiena 12kg"}]},{"@type":"WebSite","@id":"https:\/\/anivet.lt\/elparduotuve\/#website","url":"https:\/\/anivet.lt\/elparduotuve\/","name":"anivet.lt","description":"Viskas J\u016bs\u0173 \u0161uns, kat\u0117s prie\u017ei\u016brai","publisher":{"@id":"https:\/\/anivet.lt\/elparduotuve\/#organization"},"alternateName":"Viskas J\u016bs\u0173 \u0161uns, kat\u0117s prie\u017ei\u016brai","potentialAction":[{"@type":"SearchAction","target":{"@type":"EntryPoint","urlTemplate":"https:\/\/anivet.lt\/elparduotuve\/?s={search_term_string}"},"query-input":{"@type":"PropertyValueSpecification","valueRequired":true,"valueName":"search_term_string"}}],"inLanguage":"lt-LT"},{"@type":"Organization","@id":"https:\/\/anivet.lt\/elparduotuve\/#organization","name":"Viskas J\u016bs\u0173 \u0161uns, kat\u0117s prie\u017ei\u016brai","url":"https:\/\/anivet.lt\/elparduotuve\/","logo":{"@type":"ImageObject","inLanguage":"lt-LT","@id":"https:\/\/anivet.lt\/elparduotuve\/#\/schema\/logo\/image\/","url":"https:\/\/anivet.lt\/elparduotuve\/wp-content\/uploads\/2023\/06\/logo2.jpg","contentUrl":"https:\/\/anivet.lt\/elparduotuve\/wp-content\/uploads\/2023\/06\/logo2.jpg","width":655,"height":194,"caption":"Viskas J\u016bs\u0173 \u0161uns, kat\u0117s prie\u017ei\u016brai"},"image":{"@id":"https:\/\/anivet.lt\/elparduotuve\/#\/schema\/logo\/image\/"}}]}},"_links":{"self":[{"href":"https:\/\/anivet.lt\/elparduotuve\/wp-json\/wp\/v2\/product\/15670","targetHints":{"allow":["GET"]}}],"collection":[{"href":"https:\/\/anivet.lt\/elparduotuve\/wp-json\/wp\/v2\/product"}],"about":[{"href":"https:\/\/anivet.lt\/elparduotuve\/wp-json\/wp\/v2\/types\/product"}],"wp:featuredmedia":[{"embeddable":true,"href":"https:\/\/anivet.lt\/elparduotuve\/wp-json\/wp\/v2\/media\/15673"}],"wp:attachment":[{"href":"https:\/\/anivet.lt\/elparduotuve\/wp-json\/wp\/v2\/media?parent=15670"}],"wp:term":[{"taxonomy":"product_brand","embeddable":true,"href":"https:\/\/anivet.lt\/elparduotuve\/wp-json\/wp\/v2\/product_brand?post=15670"},{"taxonomy":"product_cat","embeddable":true,"href":"https:\/\/anivet.lt\/elparduotuve\/wp-json\/wp\/v2\/product_cat?post=15670"},{"taxonomy":"product_tag","embeddable":true,"href":"https:\/\/anivet.lt\/elparduotuve\/wp-json\/wp\/v2\/product_tag?post=15670"}],"curies":[{"name":"wp","href":"https:\/\/api.w.org\/{rel}","templated":true}]}}