{"id":15780,"date":"2024-12-28T08:22:24","date_gmt":"2024-12-28T08:22:24","guid":{"rendered":"https:\/\/anivet.lt\/elparduotuve\/?post_type=product&#038;p=15780"},"modified":"2026-02-26T20:25:56","modified_gmt":"2026-02-26T20:25:56","slug":"vetexpert-4t-vet-diet-intestinal-elimination-sunims-esant-jautriam-virskinimui","status":"publish","type":"product","link":"https:\/\/anivet.lt\/elparduotuve\/produktas\/vetexpert-4t-vet-diet-intestinal-elimination-sunims-esant-jautriam-virskinimui\/","title":{"rendered":"VetExpert 4T Vet. Diet Intestinal Elimination \u0161unims esant jautriam vir\u0161kinimui"},"content":{"rendered":"<ul>\n<li><span style=\"font-weight: 400;\">Vienas baltym\u0173 \u0161altinis: Kalakutiena \u2013 lengvai vir\u0161kinamas ir kokybi\u0161kas baltym\u0173 \u0161altinis.<\/span><\/li>\n<li style=\"font-weight: 400;\" aria-level=\"1\"><span style=\"font-weight: 400;\">Be gr\u016bd\u0173: Pa\u0161aras tinkamas jautriems \u0161unims, kurie netoleruoja gr\u016bdini\u0173 kult\u016br\u0173.<\/span><\/li>\n<li style=\"font-weight: 400;\" aria-level=\"1\"><span style=\"font-weight: 400;\">Lengvas vir\u0161kinimas: Sald\u017eiosios bulv\u0117s, rudieji ry\u017eiai ir bulv\u0117s suteikia lengvai \u012fsisavinam\u0173 angliavandeni\u0173.<\/span><\/li>\n<li style=\"font-weight: 400;\" aria-level=\"1\"><span style=\"font-weight: 400;\">Padidintas elektrolit\u0173 kiekis: Palaiko reikiam\u0105 drusk\u0173 ir mineral\u0173 balans\u0105 organizme.<\/span><\/li>\n<li style=\"font-weight: 400;\" aria-level=\"1\"><span style=\"font-weight: 400;\">Vir\u0161kinimo palaikymas: Imbiero ir balk\u0161vojo gyslo\u010dio milteliai bei FOS ir MOS prisideda prie sveikos vir\u0161kinimo trakto mikrofloros ir geresn\u0117s vir\u0161kinimo funkcijos.<\/span><\/li>\n<\/ul>\n<p><span style=\"font-weight: 400;\">\u201eVetExpert 4T Vet. Diet Intestinal Elimination\u201d \u2013 tai idealus sprendimas \u0161unims, ken\u010diantiems nuo vir\u0161kinimo sutrikim\u0173 ar maisto netoleravimo. \u0160is pa\u0161aras ne tik padeda valdyti \u0161ias problemas, bet ir u\u017etikrina ger\u0105 augintinio savijaut\u0105 bei maistin\u012f balans\u0105 kasdien.<\/span><\/p>\n","protected":false},"excerpt":{"rendered":"<p><span style=\"font-weight: 400;\">Subalansuotas dietinis pa\u0161aras, sukurtas \u0161unims, turintiems vir\u0161kinimo sutrikim\u0173, toki\u0173 kaip maldigestija ar malabsorbcija, bei ken\u010diantiems nuo egzokrininio kasos nepakankamumo. is pa\u0161aras taip pat gali b\u016bti naudojamas kaip eliminuojanti dieta, kai augintinis netoleruoja tam tikr\u0173 maisto med\u017eiag\u0173.<\/span><\/p>\n","protected":false},"featured_media":15781,"template":"","meta":[],"product_brand":[],"product_cat":[101,103,107,564],"product_tag":[],"class_list":{"0":"post-15780","1":"product","2":"type-product","3":"status-publish","4":"has-post-thumbnail","6":"product_cat-sunims","7":"product_cat-sunu-maistas","8":"product_cat-veterinarine-dieta","9":"product_cat-vet-expert-sunu-maistas","10":"pa_prekinis-zenklas-vetexpert","12":"first","13":"instock","14":"taxable","15":"shipping-taxable","16":"purchasable","17":"product-type-variable"},"yoast_head":"<!-- This site is optimized with the Yoast SEO Premium plugin v27.1 (Yoast SEO v27.5) - https:\/\/yoast.com\/product\/yoast-seo-premium-wordpress\/ -->\n<title>VetExpert 4T Vet. Diet Intestinal Elimination \u0161unims esant jautriam vir\u0161kinimui - anivet.lt<\/title>\n<meta name=\"description\" content=\"Subalansuotas dietinis pa\u0161aras, sukurtas \u0161unims, turintiems vir\u0161kinimo sutrikim\u0173, toki\u0173 kaip maldigestija ar malabsorbcija, bei ken\u010diantiems nuo egzokrininio kasos nepakankamumo. is pa\u0161aras taip pat gali b\u016bti naudojamas kaip eliminuojanti dieta, kai augintinis netoleruoja tam tikr\u0173 maisto med\u017eiag\u0173.\" \/>\n<meta name=\"robots\" content=\"index, follow, max-snippet:-1, max-image-preview:large, max-video-preview:-1\" \/>\n<link rel=\"canonical\" href=\"https:\/\/anivet.lt\/elparduotuve\/produktas\/vetexpert-4t-vet-diet-intestinal-elimination-sunims-esant-jautriam-virskinimui\/\" \/>\n<meta property=\"og:locale\" content=\"lt_LT\" \/>\n<meta property=\"og:type\" content=\"article\" \/>\n<meta property=\"og:title\" content=\"VetExpert 4T Vet. Diet Intestinal Elimination \u0161unims esant jautriam vir\u0161kinimui\" \/>\n<meta property=\"og:description\" content=\"Subalansuotas dietinis pa\u0161aras, sukurtas \u0161unims, turintiems vir\u0161kinimo sutrikim\u0173, toki\u0173 kaip maldigestija ar malabsorbcija, bei ken\u010diantiems nuo egzokrininio kasos nepakankamumo. is pa\u0161aras taip pat gali b\u016bti naudojamas kaip eliminuojanti dieta, kai augintinis netoleruoja tam tikr\u0173 maisto med\u017eiag\u0173.\" \/>\n<meta property=\"og:url\" content=\"https:\/\/anivet.lt\/elparduotuve\/produktas\/vetexpert-4t-vet-diet-intestinal-elimination-sunims-esant-jautriam-virskinimui\/\" \/>\n<meta property=\"og:site_name\" content=\"anivet.lt\" \/>\n<meta property=\"article:modified_time\" content=\"2026-02-26T20:25:56+00:00\" \/>\n<meta property=\"og:image\" content=\"https:\/\/anivet.lt\/elparduotuve\/wp-content\/uploads\/2024\/12\/6.-4T-Vet.-diet-Intestinal-Elimination-dog-2kg.jpg\" \/>\n\t<meta property=\"og:image:width\" content=\"1000\" \/>\n\t<meta property=\"og:image:height\" content=\"1234\" \/>\n\t<meta property=\"og:image:type\" content=\"image\/jpeg\" \/>\n<meta name=\"twitter:card\" content=\"summary_large_image\" \/>\n<meta name=\"twitter:label1\" content=\"Est. reading time\" \/>\n\t<meta name=\"twitter:data1\" content=\"1 minut\u0117\" \/>\n<script type=\"application\/ld+json\" class=\"yoast-schema-graph\">{\"@context\":\"https:\\\/\\\/schema.org\",\"@graph\":[{\"@type\":\"WebPage\",\"@id\":\"https:\\\/\\\/anivet.lt\\\/elparduotuve\\\/produktas\\\/vetexpert-4t-vet-diet-intestinal-elimination-sunims-esant-jautriam-virskinimui\\\/\",\"url\":\"https:\\\/\\\/anivet.lt\\\/elparduotuve\\\/produktas\\\/vetexpert-4t-vet-diet-intestinal-elimination-sunims-esant-jautriam-virskinimui\\\/\",\"name\":\"VetExpert 4T Vet. Diet Intestinal Elimination \u0161unims esant jautriam vir\u0161kinimui - anivet.lt\",\"isPartOf\":{\"@id\":\"https:\\\/\\\/anivet.lt\\\/elparduotuve\\\/#website\"},\"primaryImageOfPage\":{\"@id\":\"https:\\\/\\\/anivet.lt\\\/elparduotuve\\\/produktas\\\/vetexpert-4t-vet-diet-intestinal-elimination-sunims-esant-jautriam-virskinimui\\\/#primaryimage\"},\"image\":{\"@id\":\"https:\\\/\\\/anivet.lt\\\/elparduotuve\\\/produktas\\\/vetexpert-4t-vet-diet-intestinal-elimination-sunims-esant-jautriam-virskinimui\\\/#primaryimage\"},\"thumbnailUrl\":\"https:\\\/\\\/anivet.lt\\\/elparduotuve\\\/wp-content\\\/uploads\\\/2024\\\/12\\\/6.-4T-Vet.-diet-Intestinal-Elimination-dog-2kg.jpg\",\"datePublished\":\"2024-12-28T08:22:24+00:00\",\"dateModified\":\"2026-02-26T20:25:56+00:00\",\"description\":\"Subalansuotas dietinis pa\u0161aras, sukurtas \u0161unims, turintiems vir\u0161kinimo sutrikim\u0173, toki\u0173 kaip maldigestija ar malabsorbcija, bei ken\u010diantiems nuo egzokrininio kasos nepakankamumo. is pa\u0161aras taip pat gali b\u016bti naudojamas kaip eliminuojanti dieta, kai augintinis netoleruoja tam tikr\u0173 maisto med\u017eiag\u0173.\",\"breadcrumb\":{\"@id\":\"https:\\\/\\\/anivet.lt\\\/elparduotuve\\\/produktas\\\/vetexpert-4t-vet-diet-intestinal-elimination-sunims-esant-jautriam-virskinimui\\\/#breadcrumb\"},\"inLanguage\":\"lt-LT\",\"potentialAction\":[{\"@type\":\"ReadAction\",\"target\":[\"https:\\\/\\\/anivet.lt\\\/elparduotuve\\\/produktas\\\/vetexpert-4t-vet-diet-intestinal-elimination-sunims-esant-jautriam-virskinimui\\\/\"]}]},{\"@type\":\"ImageObject\",\"inLanguage\":\"lt-LT\",\"@id\":\"https:\\\/\\\/anivet.lt\\\/elparduotuve\\\/produktas\\\/vetexpert-4t-vet-diet-intestinal-elimination-sunims-esant-jautriam-virskinimui\\\/#primaryimage\",\"url\":\"https:\\\/\\\/anivet.lt\\\/elparduotuve\\\/wp-content\\\/uploads\\\/2024\\\/12\\\/6.-4T-Vet.-diet-Intestinal-Elimination-dog-2kg.jpg\",\"contentUrl\":\"https:\\\/\\\/anivet.lt\\\/elparduotuve\\\/wp-content\\\/uploads\\\/2024\\\/12\\\/6.-4T-Vet.-diet-Intestinal-Elimination-dog-2kg.jpg\",\"width\":1000,\"height\":1234,\"caption\":\"VetExpert 4T Vet. Diet Intestinal Elimination \u0161unims esant jautriam vir\u0161kinimui\"},{\"@type\":\"BreadcrumbList\",\"@id\":\"https:\\\/\\\/anivet.lt\\\/elparduotuve\\\/produktas\\\/vetexpert-4t-vet-diet-intestinal-elimination-sunims-esant-jautriam-virskinimui\\\/#breadcrumb\",\"itemListElement\":[{\"@type\":\"ListItem\",\"position\":1,\"name\":\"Home\",\"item\":\"https:\\\/\\\/anivet.lt\\\/elparduotuve\\\/\"},{\"@type\":\"ListItem\",\"position\":2,\"name\":\"Produktai\",\"item\":\"https:\\\/\\\/anivet.lt\\\/elparduotuve\\\/produktai\\\/\"},{\"@type\":\"ListItem\",\"position\":3,\"name\":\"VetExpert 4T Vet. Diet Intestinal Elimination \u0161unims esant jautriam vir\u0161kinimui\"}]},{\"@type\":\"WebSite\",\"@id\":\"https:\\\/\\\/anivet.lt\\\/elparduotuve\\\/#website\",\"url\":\"https:\\\/\\\/anivet.lt\\\/elparduotuve\\\/\",\"name\":\"anivet.lt\",\"description\":\"Viskas J\u016bs\u0173 \u0161uns, kat\u0117s prie\u017ei\u016brai\",\"publisher\":{\"@id\":\"https:\\\/\\\/anivet.lt\\\/elparduotuve\\\/#organization\"},\"alternateName\":\"Viskas J\u016bs\u0173 \u0161uns, kat\u0117s prie\u017ei\u016brai\",\"potentialAction\":[{\"@type\":\"SearchAction\",\"target\":{\"@type\":\"EntryPoint\",\"urlTemplate\":\"https:\\\/\\\/anivet.lt\\\/elparduotuve\\\/?s={search_term_string}\"},\"query-input\":{\"@type\":\"PropertyValueSpecification\",\"valueRequired\":true,\"valueName\":\"search_term_string\"}}],\"inLanguage\":\"lt-LT\"},{\"@type\":\"Organization\",\"@id\":\"https:\\\/\\\/anivet.lt\\\/elparduotuve\\\/#organization\",\"name\":\"Viskas J\u016bs\u0173 \u0161uns, kat\u0117s prie\u017ei\u016brai\",\"url\":\"https:\\\/\\\/anivet.lt\\\/elparduotuve\\\/\",\"logo\":{\"@type\":\"ImageObject\",\"inLanguage\":\"lt-LT\",\"@id\":\"https:\\\/\\\/anivet.lt\\\/elparduotuve\\\/#\\\/schema\\\/logo\\\/image\\\/\",\"url\":\"https:\\\/\\\/anivet.lt\\\/elparduotuve\\\/wp-content\\\/uploads\\\/2023\\\/06\\\/logo2.jpg\",\"contentUrl\":\"https:\\\/\\\/anivet.lt\\\/elparduotuve\\\/wp-content\\\/uploads\\\/2023\\\/06\\\/logo2.jpg\",\"width\":655,\"height\":194,\"caption\":\"Viskas J\u016bs\u0173 \u0161uns, kat\u0117s prie\u017ei\u016brai\"},\"image\":{\"@id\":\"https:\\\/\\\/anivet.lt\\\/elparduotuve\\\/#\\\/schema\\\/logo\\\/image\\\/\"}}]}<\/script>\n<!-- \/ Yoast SEO Premium plugin. -->","yoast_head_json":{"title":"VetExpert 4T Vet. Diet Intestinal Elimination \u0161unims esant jautriam vir\u0161kinimui - anivet.lt","description":"Subalansuotas dietinis pa\u0161aras, sukurtas \u0161unims, turintiems vir\u0161kinimo sutrikim\u0173, toki\u0173 kaip maldigestija ar malabsorbcija, bei ken\u010diantiems nuo egzokrininio kasos nepakankamumo. is pa\u0161aras taip pat gali b\u016bti naudojamas kaip eliminuojanti dieta, kai augintinis netoleruoja tam tikr\u0173 maisto med\u017eiag\u0173.","robots":{"index":"index","follow":"follow","max-snippet":"max-snippet:-1","max-image-preview":"max-image-preview:large","max-video-preview":"max-video-preview:-1"},"canonical":"https:\/\/anivet.lt\/elparduotuve\/produktas\/vetexpert-4t-vet-diet-intestinal-elimination-sunims-esant-jautriam-virskinimui\/","og_locale":"lt_LT","og_type":"article","og_title":"VetExpert 4T Vet. Diet Intestinal Elimination \u0161unims esant jautriam vir\u0161kinimui","og_description":"Subalansuotas dietinis pa\u0161aras, sukurtas \u0161unims, turintiems vir\u0161kinimo sutrikim\u0173, toki\u0173 kaip maldigestija ar malabsorbcija, bei ken\u010diantiems nuo egzokrininio kasos nepakankamumo. is pa\u0161aras taip pat gali b\u016bti naudojamas kaip eliminuojanti dieta, kai augintinis netoleruoja tam tikr\u0173 maisto med\u017eiag\u0173.","og_url":"https:\/\/anivet.lt\/elparduotuve\/produktas\/vetexpert-4t-vet-diet-intestinal-elimination-sunims-esant-jautriam-virskinimui\/","og_site_name":"anivet.lt","article_modified_time":"2026-02-26T20:25:56+00:00","og_image":[{"width":1000,"height":1234,"url":"https:\/\/anivet.lt\/elparduotuve\/wp-content\/uploads\/2024\/12\/6.-4T-Vet.-diet-Intestinal-Elimination-dog-2kg.jpg","type":"image\/jpeg"}],"twitter_card":"summary_large_image","twitter_misc":{"Est. reading time":"1 minut\u0117"},"schema":{"@context":"https:\/\/schema.org","@graph":[{"@type":"WebPage","@id":"https:\/\/anivet.lt\/elparduotuve\/produktas\/vetexpert-4t-vet-diet-intestinal-elimination-sunims-esant-jautriam-virskinimui\/","url":"https:\/\/anivet.lt\/elparduotuve\/produktas\/vetexpert-4t-vet-diet-intestinal-elimination-sunims-esant-jautriam-virskinimui\/","name":"VetExpert 4T Vet. Diet Intestinal Elimination \u0161unims esant jautriam vir\u0161kinimui - anivet.lt","isPartOf":{"@id":"https:\/\/anivet.lt\/elparduotuve\/#website"},"primaryImageOfPage":{"@id":"https:\/\/anivet.lt\/elparduotuve\/produktas\/vetexpert-4t-vet-diet-intestinal-elimination-sunims-esant-jautriam-virskinimui\/#primaryimage"},"image":{"@id":"https:\/\/anivet.lt\/elparduotuve\/produktas\/vetexpert-4t-vet-diet-intestinal-elimination-sunims-esant-jautriam-virskinimui\/#primaryimage"},"thumbnailUrl":"https:\/\/anivet.lt\/elparduotuve\/wp-content\/uploads\/2024\/12\/6.-4T-Vet.-diet-Intestinal-Elimination-dog-2kg.jpg","datePublished":"2024-12-28T08:22:24+00:00","dateModified":"2026-02-26T20:25:56+00:00","description":"Subalansuotas dietinis pa\u0161aras, sukurtas \u0161unims, turintiems vir\u0161kinimo sutrikim\u0173, toki\u0173 kaip maldigestija ar malabsorbcija, bei ken\u010diantiems nuo egzokrininio kasos nepakankamumo. is pa\u0161aras taip pat gali b\u016bti naudojamas kaip eliminuojanti dieta, kai augintinis netoleruoja tam tikr\u0173 maisto med\u017eiag\u0173.","breadcrumb":{"@id":"https:\/\/anivet.lt\/elparduotuve\/produktas\/vetexpert-4t-vet-diet-intestinal-elimination-sunims-esant-jautriam-virskinimui\/#breadcrumb"},"inLanguage":"lt-LT","potentialAction":[{"@type":"ReadAction","target":["https:\/\/anivet.lt\/elparduotuve\/produktas\/vetexpert-4t-vet-diet-intestinal-elimination-sunims-esant-jautriam-virskinimui\/"]}]},{"@type":"ImageObject","inLanguage":"lt-LT","@id":"https:\/\/anivet.lt\/elparduotuve\/produktas\/vetexpert-4t-vet-diet-intestinal-elimination-sunims-esant-jautriam-virskinimui\/#primaryimage","url":"https:\/\/anivet.lt\/elparduotuve\/wp-content\/uploads\/2024\/12\/6.-4T-Vet.-diet-Intestinal-Elimination-dog-2kg.jpg","contentUrl":"https:\/\/anivet.lt\/elparduotuve\/wp-content\/uploads\/2024\/12\/6.-4T-Vet.-diet-Intestinal-Elimination-dog-2kg.jpg","width":1000,"height":1234,"caption":"VetExpert 4T Vet. Diet Intestinal Elimination \u0161unims esant jautriam vir\u0161kinimui"},{"@type":"BreadcrumbList","@id":"https:\/\/anivet.lt\/elparduotuve\/produktas\/vetexpert-4t-vet-diet-intestinal-elimination-sunims-esant-jautriam-virskinimui\/#breadcrumb","itemListElement":[{"@type":"ListItem","position":1,"name":"Home","item":"https:\/\/anivet.lt\/elparduotuve\/"},{"@type":"ListItem","position":2,"name":"Produktai","item":"https:\/\/anivet.lt\/elparduotuve\/produktai\/"},{"@type":"ListItem","position":3,"name":"VetExpert 4T Vet. Diet Intestinal Elimination \u0161unims esant jautriam vir\u0161kinimui"}]},{"@type":"WebSite","@id":"https:\/\/anivet.lt\/elparduotuve\/#website","url":"https:\/\/anivet.lt\/elparduotuve\/","name":"anivet.lt","description":"Viskas J\u016bs\u0173 \u0161uns, kat\u0117s prie\u017ei\u016brai","publisher":{"@id":"https:\/\/anivet.lt\/elparduotuve\/#organization"},"alternateName":"Viskas J\u016bs\u0173 \u0161uns, kat\u0117s prie\u017ei\u016brai","potentialAction":[{"@type":"SearchAction","target":{"@type":"EntryPoint","urlTemplate":"https:\/\/anivet.lt\/elparduotuve\/?s={search_term_string}"},"query-input":{"@type":"PropertyValueSpecification","valueRequired":true,"valueName":"search_term_string"}}],"inLanguage":"lt-LT"},{"@type":"Organization","@id":"https:\/\/anivet.lt\/elparduotuve\/#organization","name":"Viskas J\u016bs\u0173 \u0161uns, kat\u0117s prie\u017ei\u016brai","url":"https:\/\/anivet.lt\/elparduotuve\/","logo":{"@type":"ImageObject","inLanguage":"lt-LT","@id":"https:\/\/anivet.lt\/elparduotuve\/#\/schema\/logo\/image\/","url":"https:\/\/anivet.lt\/elparduotuve\/wp-content\/uploads\/2023\/06\/logo2.jpg","contentUrl":"https:\/\/anivet.lt\/elparduotuve\/wp-content\/uploads\/2023\/06\/logo2.jpg","width":655,"height":194,"caption":"Viskas J\u016bs\u0173 \u0161uns, kat\u0117s prie\u017ei\u016brai"},"image":{"@id":"https:\/\/anivet.lt\/elparduotuve\/#\/schema\/logo\/image\/"}}]}},"_links":{"self":[{"href":"https:\/\/anivet.lt\/elparduotuve\/wp-json\/wp\/v2\/product\/15780","targetHints":{"allow":["GET"]}}],"collection":[{"href":"https:\/\/anivet.lt\/elparduotuve\/wp-json\/wp\/v2\/product"}],"about":[{"href":"https:\/\/anivet.lt\/elparduotuve\/wp-json\/wp\/v2\/types\/product"}],"wp:featuredmedia":[{"embeddable":true,"href":"https:\/\/anivet.lt\/elparduotuve\/wp-json\/wp\/v2\/media\/15781"}],"wp:attachment":[{"href":"https:\/\/anivet.lt\/elparduotuve\/wp-json\/wp\/v2\/media?parent=15780"}],"wp:term":[{"taxonomy":"product_brand","embeddable":true,"href":"https:\/\/anivet.lt\/elparduotuve\/wp-json\/wp\/v2\/product_brand?post=15780"},{"taxonomy":"product_cat","embeddable":true,"href":"https:\/\/anivet.lt\/elparduotuve\/wp-json\/wp\/v2\/product_cat?post=15780"},{"taxonomy":"product_tag","embeddable":true,"href":"https:\/\/anivet.lt\/elparduotuve\/wp-json\/wp\/v2\/product_tag?post=15780"}],"curies":[{"name":"wp","href":"https:\/\/api.w.org\/{rel}","templated":true}]}}