{"id":15801,"date":"2024-12-28T09:11:26","date_gmt":"2024-12-28T09:11:26","guid":{"rendered":"https:\/\/anivet.lt\/elparduotuve\/?post_type=product&#038;p=15801"},"modified":"2026-01-31T22:17:27","modified_gmt":"2026-01-31T22:17:27","slug":"vetexpert-4t-vet-diet-renal-chicken-rice-konservai-sunims-inkstu-nepakankamumui-400g","status":"publish","type":"product","link":"https:\/\/anivet.lt\/elparduotuve\/produktas\/vetexpert-4t-vet-diet-renal-chicken-rice-konservai-sunims-inkstu-nepakankamumui-400g\/","title":{"rendered":"VetExpert 4T Vet. Diet Renal Chicken &#038; Rice konservai \u0161unims inkst\u0173 nepakankamumui 400g"},"content":{"rendered":"<ul>\n<li><span style=\"font-weight: 400;\">Ma\u017eas baltym\u0173 kiekis: Subalansuota formul\u0117 su 6,3% baltym\u0173 padeda suma\u017einti inkst\u0173 apkrov\u0105.<\/span><\/li>\n<li style=\"font-weight: 400;\" aria-level=\"1\"><span style=\"font-weight: 400;\">Kokybi\u0161ki baltymai: 42% vi\u0161tienos u\u017etikrina lengvai vir\u0161kinam\u0105 ir maisting\u0105 baltym\u0173 \u0161altin\u012f.<\/span><\/li>\n<li style=\"font-weight: 400;\" aria-level=\"1\"><span style=\"font-weight: 400;\">Ma\u017eas fosforo kiekis: 0,12% fosforo padeda apsaugoti inkstus nuo papildomos apkrovos.<\/span><\/li>\n<li style=\"font-weight: 400;\" aria-level=\"1\"><span style=\"font-weight: 400;\">Praturtintas omega riebal\u0173 r\u016bg\u0161timis: Omega-3 ir omega-6 palaiko bendr\u0105 sveikat\u0105 ir u\u017edegimini\u0173 proces\u0173 kontrol\u0119.<\/span><\/li>\n<li style=\"font-weight: 400;\" aria-level=\"1\"><span style=\"font-weight: 400;\">Sudedamosios dalys vir\u0161kinimui: Ry\u017eiai ir mineralai u\u017etikrina lengvai \u012fsisavinam\u0105 energijos \u0161altin\u012f ir b\u016btinas maistines med\u017eiagas.<\/span><\/li>\n<\/ul>\n<p><span style=\"font-weight: 400;\">Idealus pasirinkimas augintiniams su inkst\u0173 problemomis. \u0160is skanus ir lengvai vir\u0161kinamas pa\u0161aras palaiko j\u016bs\u0173 \u0161uns sveikat\u0105 ir gerov\u0119 kasdien.<\/span><\/p>\n","protected":false},"excerpt":{"rendered":"<p><span style=\"font-weight: 400;\">Visavertis dietinis konservuotas pa\u0161aras, skirtas suaugusiems \u0161unims, ken\u010diantiems nuo l\u0117tinio inkst\u0173 nepakankamumo. \u0160is pa\u0161aras padeda palaikyti optimali\u0105 inkst\u0173 funkcij\u0105 ir u\u017etikrina subalansuot\u0105 mityb\u0105.<\/span><\/p>\n","protected":false},"featured_media":15802,"template":"","meta":[],"product_brand":[],"product_cat":[101,103,107,564],"product_tag":[],"class_list":{"0":"post-15801","1":"product","2":"type-product","3":"status-publish","4":"has-post-thumbnail","6":"product_cat-sunims","7":"product_cat-sunu-maistas","8":"product_cat-veterinarine-dieta","9":"product_cat-vet-expert-sunu-maistas","10":"pa_prekinis-zenklas-vetexpert","12":"first","13":"instock","14":"taxable","15":"shipping-taxable","16":"purchasable","17":"product-type-simple"},"yoast_head":"<!-- This site is optimized with the Yoast SEO Premium plugin v27.1 (Yoast SEO v27.5) - https:\/\/yoast.com\/product\/yoast-seo-premium-wordpress\/ -->\n<title>VetExpert 4T Vet. Diet Renal Chicken &amp; Rice konservai \u0161unims inkst\u0173 nepakankamumui 400g - anivet.lt<\/title>\n<meta name=\"description\" content=\"Visavertis dietinis konservuotas pa\u0161aras, skirtas suaugusiems \u0161unims, ken\u010diantiems nuo l\u0117tinio inkst\u0173 nepakankamumo. \u0160is pa\u0161aras padeda palaikyti optimali\u0105 inkst\u0173 funkcij\u0105 ir u\u017etikrina subalansuot\u0105 mityb\u0105.\" \/>\n<meta name=\"robots\" content=\"index, follow, max-snippet:-1, max-image-preview:large, max-video-preview:-1\" \/>\n<link rel=\"canonical\" href=\"https:\/\/anivet.lt\/elparduotuve\/produktas\/vetexpert-4t-vet-diet-renal-chicken-rice-konservai-sunims-inkstu-nepakankamumui-400g\/\" \/>\n<meta property=\"og:locale\" content=\"lt_LT\" \/>\n<meta property=\"og:type\" content=\"article\" \/>\n<meta property=\"og:title\" content=\"VetExpert 4T Vet. Diet Renal Chicken &amp; Rice konservai \u0161unims inkst\u0173 nepakankamumui 400g\" \/>\n<meta property=\"og:description\" content=\"Visavertis dietinis konservuotas pa\u0161aras, skirtas suaugusiems \u0161unims, ken\u010diantiems nuo l\u0117tinio inkst\u0173 nepakankamumo. \u0160is pa\u0161aras padeda palaikyti optimali\u0105 inkst\u0173 funkcij\u0105 ir u\u017etikrina subalansuot\u0105 mityb\u0105.\" \/>\n<meta property=\"og:url\" content=\"https:\/\/anivet.lt\/elparduotuve\/produktas\/vetexpert-4t-vet-diet-renal-chicken-rice-konservai-sunims-inkstu-nepakankamumui-400g\/\" \/>\n<meta property=\"og:site_name\" content=\"anivet.lt\" \/>\n<meta property=\"article:modified_time\" content=\"2026-01-31T22:17:27+00:00\" \/>\n<meta property=\"og:image\" content=\"https:\/\/anivet.lt\/elparduotuve\/wp-content\/uploads\/2024\/12\/11.-4T-Vet.-diet-Renal-Chicken-Rice-Dog-400g-kons.jpg\" \/>\n\t<meta property=\"og:image:width\" content=\"1000\" \/>\n\t<meta property=\"og:image:height\" content=\"1414\" \/>\n\t<meta property=\"og:image:type\" content=\"image\/jpeg\" \/>\n<meta name=\"twitter:card\" content=\"summary_large_image\" \/>\n<meta name=\"twitter:label1\" content=\"Est. reading time\" \/>\n\t<meta name=\"twitter:data1\" content=\"1 minut\u0117\" \/>\n<script type=\"application\/ld+json\" class=\"yoast-schema-graph\">{\"@context\":\"https:\\\/\\\/schema.org\",\"@graph\":[{\"@type\":\"WebPage\",\"@id\":\"https:\\\/\\\/anivet.lt\\\/elparduotuve\\\/produktas\\\/vetexpert-4t-vet-diet-renal-chicken-rice-konservai-sunims-inkstu-nepakankamumui-400g\\\/\",\"url\":\"https:\\\/\\\/anivet.lt\\\/elparduotuve\\\/produktas\\\/vetexpert-4t-vet-diet-renal-chicken-rice-konservai-sunims-inkstu-nepakankamumui-400g\\\/\",\"name\":\"VetExpert 4T Vet. Diet Renal Chicken & Rice konservai \u0161unims inkst\u0173 nepakankamumui 400g - anivet.lt\",\"isPartOf\":{\"@id\":\"https:\\\/\\\/anivet.lt\\\/elparduotuve\\\/#website\"},\"primaryImageOfPage\":{\"@id\":\"https:\\\/\\\/anivet.lt\\\/elparduotuve\\\/produktas\\\/vetexpert-4t-vet-diet-renal-chicken-rice-konservai-sunims-inkstu-nepakankamumui-400g\\\/#primaryimage\"},\"image\":{\"@id\":\"https:\\\/\\\/anivet.lt\\\/elparduotuve\\\/produktas\\\/vetexpert-4t-vet-diet-renal-chicken-rice-konservai-sunims-inkstu-nepakankamumui-400g\\\/#primaryimage\"},\"thumbnailUrl\":\"https:\\\/\\\/anivet.lt\\\/elparduotuve\\\/wp-content\\\/uploads\\\/2024\\\/12\\\/11.-4T-Vet.-diet-Renal-Chicken-Rice-Dog-400g-kons.jpg\",\"datePublished\":\"2024-12-28T09:11:26+00:00\",\"dateModified\":\"2026-01-31T22:17:27+00:00\",\"description\":\"Visavertis dietinis konservuotas pa\u0161aras, skirtas suaugusiems \u0161unims, ken\u010diantiems nuo l\u0117tinio inkst\u0173 nepakankamumo. \u0160is pa\u0161aras padeda palaikyti optimali\u0105 inkst\u0173 funkcij\u0105 ir u\u017etikrina subalansuot\u0105 mityb\u0105.\",\"breadcrumb\":{\"@id\":\"https:\\\/\\\/anivet.lt\\\/elparduotuve\\\/produktas\\\/vetexpert-4t-vet-diet-renal-chicken-rice-konservai-sunims-inkstu-nepakankamumui-400g\\\/#breadcrumb\"},\"inLanguage\":\"lt-LT\",\"potentialAction\":[{\"@type\":\"ReadAction\",\"target\":[\"https:\\\/\\\/anivet.lt\\\/elparduotuve\\\/produktas\\\/vetexpert-4t-vet-diet-renal-chicken-rice-konservai-sunims-inkstu-nepakankamumui-400g\\\/\"]}]},{\"@type\":\"ImageObject\",\"inLanguage\":\"lt-LT\",\"@id\":\"https:\\\/\\\/anivet.lt\\\/elparduotuve\\\/produktas\\\/vetexpert-4t-vet-diet-renal-chicken-rice-konservai-sunims-inkstu-nepakankamumui-400g\\\/#primaryimage\",\"url\":\"https:\\\/\\\/anivet.lt\\\/elparduotuve\\\/wp-content\\\/uploads\\\/2024\\\/12\\\/11.-4T-Vet.-diet-Renal-Chicken-Rice-Dog-400g-kons.jpg\",\"contentUrl\":\"https:\\\/\\\/anivet.lt\\\/elparduotuve\\\/wp-content\\\/uploads\\\/2024\\\/12\\\/11.-4T-Vet.-diet-Renal-Chicken-Rice-Dog-400g-kons.jpg\",\"width\":1000,\"height\":1414,\"caption\":\"VetExpert 4T Vet. Diet Renal Chicken & Rice konservai \u0161unims inkst\u0173 nepakankamumui 400g\"},{\"@type\":\"BreadcrumbList\",\"@id\":\"https:\\\/\\\/anivet.lt\\\/elparduotuve\\\/produktas\\\/vetexpert-4t-vet-diet-renal-chicken-rice-konservai-sunims-inkstu-nepakankamumui-400g\\\/#breadcrumb\",\"itemListElement\":[{\"@type\":\"ListItem\",\"position\":1,\"name\":\"Home\",\"item\":\"https:\\\/\\\/anivet.lt\\\/elparduotuve\\\/\"},{\"@type\":\"ListItem\",\"position\":2,\"name\":\"Produktai\",\"item\":\"https:\\\/\\\/anivet.lt\\\/elparduotuve\\\/produktai\\\/\"},{\"@type\":\"ListItem\",\"position\":3,\"name\":\"VetExpert 4T Vet. Diet Renal Chicken &#038; Rice konservai \u0161unims inkst\u0173 nepakankamumui 400g\"}]},{\"@type\":\"WebSite\",\"@id\":\"https:\\\/\\\/anivet.lt\\\/elparduotuve\\\/#website\",\"url\":\"https:\\\/\\\/anivet.lt\\\/elparduotuve\\\/\",\"name\":\"anivet.lt\",\"description\":\"Viskas J\u016bs\u0173 \u0161uns, kat\u0117s prie\u017ei\u016brai\",\"publisher\":{\"@id\":\"https:\\\/\\\/anivet.lt\\\/elparduotuve\\\/#organization\"},\"alternateName\":\"Viskas J\u016bs\u0173 \u0161uns, kat\u0117s prie\u017ei\u016brai\",\"potentialAction\":[{\"@type\":\"SearchAction\",\"target\":{\"@type\":\"EntryPoint\",\"urlTemplate\":\"https:\\\/\\\/anivet.lt\\\/elparduotuve\\\/?s={search_term_string}\"},\"query-input\":{\"@type\":\"PropertyValueSpecification\",\"valueRequired\":true,\"valueName\":\"search_term_string\"}}],\"inLanguage\":\"lt-LT\"},{\"@type\":\"Organization\",\"@id\":\"https:\\\/\\\/anivet.lt\\\/elparduotuve\\\/#organization\",\"name\":\"Viskas J\u016bs\u0173 \u0161uns, kat\u0117s prie\u017ei\u016brai\",\"url\":\"https:\\\/\\\/anivet.lt\\\/elparduotuve\\\/\",\"logo\":{\"@type\":\"ImageObject\",\"inLanguage\":\"lt-LT\",\"@id\":\"https:\\\/\\\/anivet.lt\\\/elparduotuve\\\/#\\\/schema\\\/logo\\\/image\\\/\",\"url\":\"https:\\\/\\\/anivet.lt\\\/elparduotuve\\\/wp-content\\\/uploads\\\/2023\\\/06\\\/logo2.jpg\",\"contentUrl\":\"https:\\\/\\\/anivet.lt\\\/elparduotuve\\\/wp-content\\\/uploads\\\/2023\\\/06\\\/logo2.jpg\",\"width\":655,\"height\":194,\"caption\":\"Viskas J\u016bs\u0173 \u0161uns, kat\u0117s prie\u017ei\u016brai\"},\"image\":{\"@id\":\"https:\\\/\\\/anivet.lt\\\/elparduotuve\\\/#\\\/schema\\\/logo\\\/image\\\/\"}}]}<\/script>\n<!-- \/ Yoast SEO Premium plugin. -->","yoast_head_json":{"title":"VetExpert 4T Vet. Diet Renal Chicken & Rice konservai \u0161unims inkst\u0173 nepakankamumui 400g - anivet.lt","description":"Visavertis dietinis konservuotas pa\u0161aras, skirtas suaugusiems \u0161unims, ken\u010diantiems nuo l\u0117tinio inkst\u0173 nepakankamumo. \u0160is pa\u0161aras padeda palaikyti optimali\u0105 inkst\u0173 funkcij\u0105 ir u\u017etikrina subalansuot\u0105 mityb\u0105.","robots":{"index":"index","follow":"follow","max-snippet":"max-snippet:-1","max-image-preview":"max-image-preview:large","max-video-preview":"max-video-preview:-1"},"canonical":"https:\/\/anivet.lt\/elparduotuve\/produktas\/vetexpert-4t-vet-diet-renal-chicken-rice-konservai-sunims-inkstu-nepakankamumui-400g\/","og_locale":"lt_LT","og_type":"article","og_title":"VetExpert 4T Vet. Diet Renal Chicken & Rice konservai \u0161unims inkst\u0173 nepakankamumui 400g","og_description":"Visavertis dietinis konservuotas pa\u0161aras, skirtas suaugusiems \u0161unims, ken\u010diantiems nuo l\u0117tinio inkst\u0173 nepakankamumo. \u0160is pa\u0161aras padeda palaikyti optimali\u0105 inkst\u0173 funkcij\u0105 ir u\u017etikrina subalansuot\u0105 mityb\u0105.","og_url":"https:\/\/anivet.lt\/elparduotuve\/produktas\/vetexpert-4t-vet-diet-renal-chicken-rice-konservai-sunims-inkstu-nepakankamumui-400g\/","og_site_name":"anivet.lt","article_modified_time":"2026-01-31T22:17:27+00:00","og_image":[{"width":1000,"height":1414,"url":"https:\/\/anivet.lt\/elparduotuve\/wp-content\/uploads\/2024\/12\/11.-4T-Vet.-diet-Renal-Chicken-Rice-Dog-400g-kons.jpg","type":"image\/jpeg"}],"twitter_card":"summary_large_image","twitter_misc":{"Est. reading time":"1 minut\u0117"},"schema":{"@context":"https:\/\/schema.org","@graph":[{"@type":"WebPage","@id":"https:\/\/anivet.lt\/elparduotuve\/produktas\/vetexpert-4t-vet-diet-renal-chicken-rice-konservai-sunims-inkstu-nepakankamumui-400g\/","url":"https:\/\/anivet.lt\/elparduotuve\/produktas\/vetexpert-4t-vet-diet-renal-chicken-rice-konservai-sunims-inkstu-nepakankamumui-400g\/","name":"VetExpert 4T Vet. Diet Renal Chicken & Rice konservai \u0161unims inkst\u0173 nepakankamumui 400g - anivet.lt","isPartOf":{"@id":"https:\/\/anivet.lt\/elparduotuve\/#website"},"primaryImageOfPage":{"@id":"https:\/\/anivet.lt\/elparduotuve\/produktas\/vetexpert-4t-vet-diet-renal-chicken-rice-konservai-sunims-inkstu-nepakankamumui-400g\/#primaryimage"},"image":{"@id":"https:\/\/anivet.lt\/elparduotuve\/produktas\/vetexpert-4t-vet-diet-renal-chicken-rice-konservai-sunims-inkstu-nepakankamumui-400g\/#primaryimage"},"thumbnailUrl":"https:\/\/anivet.lt\/elparduotuve\/wp-content\/uploads\/2024\/12\/11.-4T-Vet.-diet-Renal-Chicken-Rice-Dog-400g-kons.jpg","datePublished":"2024-12-28T09:11:26+00:00","dateModified":"2026-01-31T22:17:27+00:00","description":"Visavertis dietinis konservuotas pa\u0161aras, skirtas suaugusiems \u0161unims, ken\u010diantiems nuo l\u0117tinio inkst\u0173 nepakankamumo. \u0160is pa\u0161aras padeda palaikyti optimali\u0105 inkst\u0173 funkcij\u0105 ir u\u017etikrina subalansuot\u0105 mityb\u0105.","breadcrumb":{"@id":"https:\/\/anivet.lt\/elparduotuve\/produktas\/vetexpert-4t-vet-diet-renal-chicken-rice-konservai-sunims-inkstu-nepakankamumui-400g\/#breadcrumb"},"inLanguage":"lt-LT","potentialAction":[{"@type":"ReadAction","target":["https:\/\/anivet.lt\/elparduotuve\/produktas\/vetexpert-4t-vet-diet-renal-chicken-rice-konservai-sunims-inkstu-nepakankamumui-400g\/"]}]},{"@type":"ImageObject","inLanguage":"lt-LT","@id":"https:\/\/anivet.lt\/elparduotuve\/produktas\/vetexpert-4t-vet-diet-renal-chicken-rice-konservai-sunims-inkstu-nepakankamumui-400g\/#primaryimage","url":"https:\/\/anivet.lt\/elparduotuve\/wp-content\/uploads\/2024\/12\/11.-4T-Vet.-diet-Renal-Chicken-Rice-Dog-400g-kons.jpg","contentUrl":"https:\/\/anivet.lt\/elparduotuve\/wp-content\/uploads\/2024\/12\/11.-4T-Vet.-diet-Renal-Chicken-Rice-Dog-400g-kons.jpg","width":1000,"height":1414,"caption":"VetExpert 4T Vet. Diet Renal Chicken & Rice konservai \u0161unims inkst\u0173 nepakankamumui 400g"},{"@type":"BreadcrumbList","@id":"https:\/\/anivet.lt\/elparduotuve\/produktas\/vetexpert-4t-vet-diet-renal-chicken-rice-konservai-sunims-inkstu-nepakankamumui-400g\/#breadcrumb","itemListElement":[{"@type":"ListItem","position":1,"name":"Home","item":"https:\/\/anivet.lt\/elparduotuve\/"},{"@type":"ListItem","position":2,"name":"Produktai","item":"https:\/\/anivet.lt\/elparduotuve\/produktai\/"},{"@type":"ListItem","position":3,"name":"VetExpert 4T Vet. Diet Renal Chicken &#038; Rice konservai \u0161unims inkst\u0173 nepakankamumui 400g"}]},{"@type":"WebSite","@id":"https:\/\/anivet.lt\/elparduotuve\/#website","url":"https:\/\/anivet.lt\/elparduotuve\/","name":"anivet.lt","description":"Viskas J\u016bs\u0173 \u0161uns, kat\u0117s prie\u017ei\u016brai","publisher":{"@id":"https:\/\/anivet.lt\/elparduotuve\/#organization"},"alternateName":"Viskas J\u016bs\u0173 \u0161uns, kat\u0117s prie\u017ei\u016brai","potentialAction":[{"@type":"SearchAction","target":{"@type":"EntryPoint","urlTemplate":"https:\/\/anivet.lt\/elparduotuve\/?s={search_term_string}"},"query-input":{"@type":"PropertyValueSpecification","valueRequired":true,"valueName":"search_term_string"}}],"inLanguage":"lt-LT"},{"@type":"Organization","@id":"https:\/\/anivet.lt\/elparduotuve\/#organization","name":"Viskas J\u016bs\u0173 \u0161uns, kat\u0117s prie\u017ei\u016brai","url":"https:\/\/anivet.lt\/elparduotuve\/","logo":{"@type":"ImageObject","inLanguage":"lt-LT","@id":"https:\/\/anivet.lt\/elparduotuve\/#\/schema\/logo\/image\/","url":"https:\/\/anivet.lt\/elparduotuve\/wp-content\/uploads\/2023\/06\/logo2.jpg","contentUrl":"https:\/\/anivet.lt\/elparduotuve\/wp-content\/uploads\/2023\/06\/logo2.jpg","width":655,"height":194,"caption":"Viskas J\u016bs\u0173 \u0161uns, kat\u0117s prie\u017ei\u016brai"},"image":{"@id":"https:\/\/anivet.lt\/elparduotuve\/#\/schema\/logo\/image\/"}}]}},"_links":{"self":[{"href":"https:\/\/anivet.lt\/elparduotuve\/wp-json\/wp\/v2\/product\/15801","targetHints":{"allow":["GET"]}}],"collection":[{"href":"https:\/\/anivet.lt\/elparduotuve\/wp-json\/wp\/v2\/product"}],"about":[{"href":"https:\/\/anivet.lt\/elparduotuve\/wp-json\/wp\/v2\/types\/product"}],"wp:featuredmedia":[{"embeddable":true,"href":"https:\/\/anivet.lt\/elparduotuve\/wp-json\/wp\/v2\/media\/15802"}],"wp:attachment":[{"href":"https:\/\/anivet.lt\/elparduotuve\/wp-json\/wp\/v2\/media?parent=15801"}],"wp:term":[{"taxonomy":"product_brand","embeddable":true,"href":"https:\/\/anivet.lt\/elparduotuve\/wp-json\/wp\/v2\/product_brand?post=15801"},{"taxonomy":"product_cat","embeddable":true,"href":"https:\/\/anivet.lt\/elparduotuve\/wp-json\/wp\/v2\/product_cat?post=15801"},{"taxonomy":"product_tag","embeddable":true,"href":"https:\/\/anivet.lt\/elparduotuve\/wp-json\/wp\/v2\/product_tag?post=15801"}],"curies":[{"name":"wp","href":"https:\/\/api.w.org\/{rel}","templated":true}]}}