{"id":15971,"date":"2025-01-07T09:09:57","date_gmt":"2025-01-07T09:09:57","guid":{"rendered":"https:\/\/anivet.lt\/elparduotuve\/?post_type=product&#038;p=15971"},"modified":"2026-03-06T19:25:52","modified_gmt":"2026-03-06T19:25:52","slug":"vetapro-bezo-stop-paste-katems-60ml","status":"publish","type":"product","link":"https:\/\/anivet.lt\/elparduotuve\/produktas\/vetapro-bezo-stop-paste-katems-60ml\/","title":{"rendered":"VetaPro Bezo Stop Paste kat\u0117ms 60ml"},"content":{"rendered":"<p><span style=\"font-weight: 400;\">Veiksminga priemon\u0117, padedanti pa\u0161alinti plauk\u0173 kamuoliukus i\u0161 ka\u010di\u0173 vir\u0161kinamojo trakto ir u\u017ekirsti keli\u0105 j\u0173 formavimuisi. \u0160i aliejinio pagrindo pasta padengia skrand\u017eio ir \u017earnyno sieneles, suma\u017eindama obstrukcij\u0173 rizik\u0105 ir palaikydama sveik\u0105 vir\u0161kinim\u0105.<\/span><\/p>\n<ul>\n<li style=\"font-weight: 400;\" aria-level=\"1\"><span style=\"font-weight: 400;\">Obstrukcij\u0173 prevencija: Aliejin\u0117 sud\u0117tis suformuoja apsaugin\u012f sluoksn\u012f, kuris palengvina svetimk\u016bni\u0173 pa\u0161alinim\u0105.<\/span><\/li>\n<li style=\"font-weight: 400;\" aria-level=\"1\"><span style=\"font-weight: 400;\">Sveiko vir\u0161kinimo palaikymas: Palaiko nat\u016bral\u0173 \u017earnyno jud\u0117jim\u0105 ir u\u017etikrina vir\u0161kinamojo trakto veiklos sklandum\u0105.<\/span><\/li>\n<li style=\"font-weight: 400;\" aria-level=\"1\"><span style=\"font-weight: 400;\">Tinka ilgaplauk\u0117ms kat\u0117ms: Ypa\u010d naudinga pers\u0173 ir kit\u0173 ilgaplauki\u0173 veisli\u0173 kat\u0117ms, kurios yra labiau linkusios \u012f plauk\u0173 kamuoliuk\u0173 formavim\u0105si.<\/span><\/li>\n<li style=\"font-weight: 400;\" aria-level=\"1\"><span style=\"font-weight: 400;\">Alternatyva l\u0105stelienai: Naudinga patalpose laikomoms kat\u0117ms, neturin\u010dioms galimyb\u0117s nat\u016braliai pa\u0161alinti plaukus \u017eol\u0117s pagalba.<\/span><\/li>\n<li style=\"font-weight: 400;\" aria-level=\"1\"><span style=\"font-weight: 400;\">Lengvas naudojimas: Pasta lengvai vartojama ir gerai toleruojama daugumos ka\u010di\u0173.<\/span><\/li>\n<\/ul>\n<p><span style=\"font-weight: 400;\">\u201eBezo-Stop Pasta\u201d yra patikimas sprendimas kat\u0117ms, kurioms reikia prevencin\u0117s prie\u017ei\u016bros nuo plauk\u0173 kamuoliuk\u0173 arba jau susiformavusi\u0173 kamuoliuk\u0173 \u0161alinimo. Tai u\u017etikrina j\u016bs\u0173 augintinio komfort\u0105 ir geresn\u0119 vir\u0161kinamojo trakto sveikat\u0105.<\/span><\/p>\n","protected":false},"excerpt":{"rendered":"<p>Veiksminga priemon\u0117, padedanti pa\u0161alinti plauk\u0173 kamuoliukus i\u0161 ka\u010di\u0173 vir\u0161kinamojo trakto ir u\u017ekirsti keli\u0105 j\u0173 formavimuisi. \u0160i aliejinio pagrindo pasta padengia<\/p>\n","protected":false},"featured_media":15972,"template":"","meta":[],"product_brand":[],"product_cat":[102,124],"product_tag":[],"class_list":{"0":"post-15971","1":"product","2":"type-product","3":"status-publish","4":"has-post-thumbnail","6":"product_cat-katems","7":"product_cat-vitaminai-ir-papildai-katems","8":"pa_prekinis-zenklas-vetapro","10":"first","11":"outofstock","12":"taxable","13":"shipping-taxable","14":"purchasable","15":"product-type-simple"},"yoast_head":"<!-- This site is optimized with the Yoast SEO Premium plugin v27.1 (Yoast SEO v27.5) - https:\/\/yoast.com\/product\/yoast-seo-premium-wordpress\/ -->\n<title>VetaPro Bezo Stop Paste kat\u0117ms 60ml - anivet.lt<\/title>\n<meta name=\"description\" content=\"Veiksminga priemon\u0117, padedanti pa\u0161alinti plauk\u0173 kamuoliukus i\u0161 ka\u010di\u0173 vir\u0161kinamojo trakto ir u\u017ekirsti keli\u0105 j\u0173 formavimuisi. \u0160i aliejinio pagrindo pasta\" \/>\n<meta name=\"robots\" content=\"index, follow, max-snippet:-1, max-image-preview:large, max-video-preview:-1\" \/>\n<link rel=\"canonical\" href=\"https:\/\/anivet.lt\/elparduotuve\/produktas\/vetapro-bezo-stop-paste-katems-60ml\/\" \/>\n<meta property=\"og:locale\" content=\"lt_LT\" \/>\n<meta property=\"og:type\" content=\"article\" \/>\n<meta property=\"og:title\" content=\"VetaPro Bezo Stop Paste kat\u0117ms 60ml\" \/>\n<meta property=\"og:description\" content=\"Veiksminga priemon\u0117, padedanti pa\u0161alinti plauk\u0173 kamuoliukus i\u0161 ka\u010di\u0173 vir\u0161kinamojo trakto ir u\u017ekirsti keli\u0105 j\u0173 formavimuisi. \u0160i aliejinio pagrindo pasta\" \/>\n<meta property=\"og:url\" content=\"https:\/\/anivet.lt\/elparduotuve\/produktas\/vetapro-bezo-stop-paste-katems-60ml\/\" \/>\n<meta property=\"og:site_name\" content=\"anivet.lt\" \/>\n<meta property=\"article:modified_time\" content=\"2026-03-06T19:25:52+00:00\" \/>\n<meta property=\"og:image\" content=\"https:\/\/anivet.lt\/elparduotuve\/wp-content\/uploads\/2025\/01\/24.-Bezo-Stop-Paste-60-ml.jpg\" \/>\n\t<meta property=\"og:image:width\" content=\"2160\" \/>\n\t<meta property=\"og:image:height\" content=\"2160\" \/>\n\t<meta property=\"og:image:type\" content=\"image\/jpeg\" \/>\n<meta name=\"twitter:card\" content=\"summary_large_image\" \/>\n<meta name=\"twitter:label1\" content=\"Est. reading time\" \/>\n\t<meta name=\"twitter:data1\" content=\"1 minut\u0117\" \/>\n<script type=\"application\/ld+json\" class=\"yoast-schema-graph\">{\"@context\":\"https:\\\/\\\/schema.org\",\"@graph\":[{\"@type\":\"WebPage\",\"@id\":\"https:\\\/\\\/anivet.lt\\\/elparduotuve\\\/produktas\\\/vetapro-bezo-stop-paste-katems-60ml\\\/\",\"url\":\"https:\\\/\\\/anivet.lt\\\/elparduotuve\\\/produktas\\\/vetapro-bezo-stop-paste-katems-60ml\\\/\",\"name\":\"VetaPro Bezo Stop Paste kat\u0117ms 60ml - anivet.lt\",\"isPartOf\":{\"@id\":\"https:\\\/\\\/anivet.lt\\\/elparduotuve\\\/#website\"},\"primaryImageOfPage\":{\"@id\":\"https:\\\/\\\/anivet.lt\\\/elparduotuve\\\/produktas\\\/vetapro-bezo-stop-paste-katems-60ml\\\/#primaryimage\"},\"image\":{\"@id\":\"https:\\\/\\\/anivet.lt\\\/elparduotuve\\\/produktas\\\/vetapro-bezo-stop-paste-katems-60ml\\\/#primaryimage\"},\"thumbnailUrl\":\"https:\\\/\\\/anivet.lt\\\/elparduotuve\\\/wp-content\\\/uploads\\\/2025\\\/01\\\/24.-Bezo-Stop-Paste-60-ml.jpg\",\"datePublished\":\"2025-01-07T09:09:57+00:00\",\"dateModified\":\"2026-03-06T19:25:52+00:00\",\"description\":\"Veiksminga priemon\u0117, padedanti pa\u0161alinti plauk\u0173 kamuoliukus i\u0161 ka\u010di\u0173 vir\u0161kinamojo trakto ir u\u017ekirsti keli\u0105 j\u0173 formavimuisi. \u0160i aliejinio pagrindo pasta\",\"breadcrumb\":{\"@id\":\"https:\\\/\\\/anivet.lt\\\/elparduotuve\\\/produktas\\\/vetapro-bezo-stop-paste-katems-60ml\\\/#breadcrumb\"},\"inLanguage\":\"lt-LT\",\"potentialAction\":[{\"@type\":\"ReadAction\",\"target\":[\"https:\\\/\\\/anivet.lt\\\/elparduotuve\\\/produktas\\\/vetapro-bezo-stop-paste-katems-60ml\\\/\"]}]},{\"@type\":\"ImageObject\",\"inLanguage\":\"lt-LT\",\"@id\":\"https:\\\/\\\/anivet.lt\\\/elparduotuve\\\/produktas\\\/vetapro-bezo-stop-paste-katems-60ml\\\/#primaryimage\",\"url\":\"https:\\\/\\\/anivet.lt\\\/elparduotuve\\\/wp-content\\\/uploads\\\/2025\\\/01\\\/24.-Bezo-Stop-Paste-60-ml.jpg\",\"contentUrl\":\"https:\\\/\\\/anivet.lt\\\/elparduotuve\\\/wp-content\\\/uploads\\\/2025\\\/01\\\/24.-Bezo-Stop-Paste-60-ml.jpg\",\"width\":2160,\"height\":2160,\"caption\":\"VetaPro Bezo Stop Paste kat\u0117ms 60ml\"},{\"@type\":\"BreadcrumbList\",\"@id\":\"https:\\\/\\\/anivet.lt\\\/elparduotuve\\\/produktas\\\/vetapro-bezo-stop-paste-katems-60ml\\\/#breadcrumb\",\"itemListElement\":[{\"@type\":\"ListItem\",\"position\":1,\"name\":\"Home\",\"item\":\"https:\\\/\\\/anivet.lt\\\/elparduotuve\\\/\"},{\"@type\":\"ListItem\",\"position\":2,\"name\":\"Produktai\",\"item\":\"https:\\\/\\\/anivet.lt\\\/elparduotuve\\\/produktai\\\/\"},{\"@type\":\"ListItem\",\"position\":3,\"name\":\"VetaPro Bezo Stop Paste kat\u0117ms 60ml\"}]},{\"@type\":\"WebSite\",\"@id\":\"https:\\\/\\\/anivet.lt\\\/elparduotuve\\\/#website\",\"url\":\"https:\\\/\\\/anivet.lt\\\/elparduotuve\\\/\",\"name\":\"anivet.lt\",\"description\":\"Viskas J\u016bs\u0173 \u0161uns, kat\u0117s prie\u017ei\u016brai\",\"publisher\":{\"@id\":\"https:\\\/\\\/anivet.lt\\\/elparduotuve\\\/#organization\"},\"alternateName\":\"Viskas J\u016bs\u0173 \u0161uns, kat\u0117s prie\u017ei\u016brai\",\"potentialAction\":[{\"@type\":\"SearchAction\",\"target\":{\"@type\":\"EntryPoint\",\"urlTemplate\":\"https:\\\/\\\/anivet.lt\\\/elparduotuve\\\/?s={search_term_string}\"},\"query-input\":{\"@type\":\"PropertyValueSpecification\",\"valueRequired\":true,\"valueName\":\"search_term_string\"}}],\"inLanguage\":\"lt-LT\"},{\"@type\":\"Organization\",\"@id\":\"https:\\\/\\\/anivet.lt\\\/elparduotuve\\\/#organization\",\"name\":\"Viskas J\u016bs\u0173 \u0161uns, kat\u0117s prie\u017ei\u016brai\",\"url\":\"https:\\\/\\\/anivet.lt\\\/elparduotuve\\\/\",\"logo\":{\"@type\":\"ImageObject\",\"inLanguage\":\"lt-LT\",\"@id\":\"https:\\\/\\\/anivet.lt\\\/elparduotuve\\\/#\\\/schema\\\/logo\\\/image\\\/\",\"url\":\"https:\\\/\\\/anivet.lt\\\/elparduotuve\\\/wp-content\\\/uploads\\\/2023\\\/06\\\/logo2.jpg\",\"contentUrl\":\"https:\\\/\\\/anivet.lt\\\/elparduotuve\\\/wp-content\\\/uploads\\\/2023\\\/06\\\/logo2.jpg\",\"width\":655,\"height\":194,\"caption\":\"Viskas J\u016bs\u0173 \u0161uns, kat\u0117s prie\u017ei\u016brai\"},\"image\":{\"@id\":\"https:\\\/\\\/anivet.lt\\\/elparduotuve\\\/#\\\/schema\\\/logo\\\/image\\\/\"}}]}<\/script>\n<!-- \/ Yoast SEO Premium plugin. -->","yoast_head_json":{"title":"VetaPro Bezo Stop Paste kat\u0117ms 60ml - anivet.lt","description":"Veiksminga priemon\u0117, padedanti pa\u0161alinti plauk\u0173 kamuoliukus i\u0161 ka\u010di\u0173 vir\u0161kinamojo trakto ir u\u017ekirsti keli\u0105 j\u0173 formavimuisi. \u0160i aliejinio pagrindo pasta","robots":{"index":"index","follow":"follow","max-snippet":"max-snippet:-1","max-image-preview":"max-image-preview:large","max-video-preview":"max-video-preview:-1"},"canonical":"https:\/\/anivet.lt\/elparduotuve\/produktas\/vetapro-bezo-stop-paste-katems-60ml\/","og_locale":"lt_LT","og_type":"article","og_title":"VetaPro Bezo Stop Paste kat\u0117ms 60ml","og_description":"Veiksminga priemon\u0117, padedanti pa\u0161alinti plauk\u0173 kamuoliukus i\u0161 ka\u010di\u0173 vir\u0161kinamojo trakto ir u\u017ekirsti keli\u0105 j\u0173 formavimuisi. \u0160i aliejinio pagrindo pasta","og_url":"https:\/\/anivet.lt\/elparduotuve\/produktas\/vetapro-bezo-stop-paste-katems-60ml\/","og_site_name":"anivet.lt","article_modified_time":"2026-03-06T19:25:52+00:00","og_image":[{"width":2160,"height":2160,"url":"https:\/\/anivet.lt\/elparduotuve\/wp-content\/uploads\/2025\/01\/24.-Bezo-Stop-Paste-60-ml.jpg","type":"image\/jpeg"}],"twitter_card":"summary_large_image","twitter_misc":{"Est. reading time":"1 minut\u0117"},"schema":{"@context":"https:\/\/schema.org","@graph":[{"@type":"WebPage","@id":"https:\/\/anivet.lt\/elparduotuve\/produktas\/vetapro-bezo-stop-paste-katems-60ml\/","url":"https:\/\/anivet.lt\/elparduotuve\/produktas\/vetapro-bezo-stop-paste-katems-60ml\/","name":"VetaPro Bezo Stop Paste kat\u0117ms 60ml - anivet.lt","isPartOf":{"@id":"https:\/\/anivet.lt\/elparduotuve\/#website"},"primaryImageOfPage":{"@id":"https:\/\/anivet.lt\/elparduotuve\/produktas\/vetapro-bezo-stop-paste-katems-60ml\/#primaryimage"},"image":{"@id":"https:\/\/anivet.lt\/elparduotuve\/produktas\/vetapro-bezo-stop-paste-katems-60ml\/#primaryimage"},"thumbnailUrl":"https:\/\/anivet.lt\/elparduotuve\/wp-content\/uploads\/2025\/01\/24.-Bezo-Stop-Paste-60-ml.jpg","datePublished":"2025-01-07T09:09:57+00:00","dateModified":"2026-03-06T19:25:52+00:00","description":"Veiksminga priemon\u0117, padedanti pa\u0161alinti plauk\u0173 kamuoliukus i\u0161 ka\u010di\u0173 vir\u0161kinamojo trakto ir u\u017ekirsti keli\u0105 j\u0173 formavimuisi. \u0160i aliejinio pagrindo pasta","breadcrumb":{"@id":"https:\/\/anivet.lt\/elparduotuve\/produktas\/vetapro-bezo-stop-paste-katems-60ml\/#breadcrumb"},"inLanguage":"lt-LT","potentialAction":[{"@type":"ReadAction","target":["https:\/\/anivet.lt\/elparduotuve\/produktas\/vetapro-bezo-stop-paste-katems-60ml\/"]}]},{"@type":"ImageObject","inLanguage":"lt-LT","@id":"https:\/\/anivet.lt\/elparduotuve\/produktas\/vetapro-bezo-stop-paste-katems-60ml\/#primaryimage","url":"https:\/\/anivet.lt\/elparduotuve\/wp-content\/uploads\/2025\/01\/24.-Bezo-Stop-Paste-60-ml.jpg","contentUrl":"https:\/\/anivet.lt\/elparduotuve\/wp-content\/uploads\/2025\/01\/24.-Bezo-Stop-Paste-60-ml.jpg","width":2160,"height":2160,"caption":"VetaPro Bezo Stop Paste kat\u0117ms 60ml"},{"@type":"BreadcrumbList","@id":"https:\/\/anivet.lt\/elparduotuve\/produktas\/vetapro-bezo-stop-paste-katems-60ml\/#breadcrumb","itemListElement":[{"@type":"ListItem","position":1,"name":"Home","item":"https:\/\/anivet.lt\/elparduotuve\/"},{"@type":"ListItem","position":2,"name":"Produktai","item":"https:\/\/anivet.lt\/elparduotuve\/produktai\/"},{"@type":"ListItem","position":3,"name":"VetaPro Bezo Stop Paste kat\u0117ms 60ml"}]},{"@type":"WebSite","@id":"https:\/\/anivet.lt\/elparduotuve\/#website","url":"https:\/\/anivet.lt\/elparduotuve\/","name":"anivet.lt","description":"Viskas J\u016bs\u0173 \u0161uns, kat\u0117s prie\u017ei\u016brai","publisher":{"@id":"https:\/\/anivet.lt\/elparduotuve\/#organization"},"alternateName":"Viskas J\u016bs\u0173 \u0161uns, kat\u0117s prie\u017ei\u016brai","potentialAction":[{"@type":"SearchAction","target":{"@type":"EntryPoint","urlTemplate":"https:\/\/anivet.lt\/elparduotuve\/?s={search_term_string}"},"query-input":{"@type":"PropertyValueSpecification","valueRequired":true,"valueName":"search_term_string"}}],"inLanguage":"lt-LT"},{"@type":"Organization","@id":"https:\/\/anivet.lt\/elparduotuve\/#organization","name":"Viskas J\u016bs\u0173 \u0161uns, kat\u0117s prie\u017ei\u016brai","url":"https:\/\/anivet.lt\/elparduotuve\/","logo":{"@type":"ImageObject","inLanguage":"lt-LT","@id":"https:\/\/anivet.lt\/elparduotuve\/#\/schema\/logo\/image\/","url":"https:\/\/anivet.lt\/elparduotuve\/wp-content\/uploads\/2023\/06\/logo2.jpg","contentUrl":"https:\/\/anivet.lt\/elparduotuve\/wp-content\/uploads\/2023\/06\/logo2.jpg","width":655,"height":194,"caption":"Viskas J\u016bs\u0173 \u0161uns, kat\u0117s prie\u017ei\u016brai"},"image":{"@id":"https:\/\/anivet.lt\/elparduotuve\/#\/schema\/logo\/image\/"}}]}},"_links":{"self":[{"href":"https:\/\/anivet.lt\/elparduotuve\/wp-json\/wp\/v2\/product\/15971","targetHints":{"allow":["GET"]}}],"collection":[{"href":"https:\/\/anivet.lt\/elparduotuve\/wp-json\/wp\/v2\/product"}],"about":[{"href":"https:\/\/anivet.lt\/elparduotuve\/wp-json\/wp\/v2\/types\/product"}],"wp:featuredmedia":[{"embeddable":true,"href":"https:\/\/anivet.lt\/elparduotuve\/wp-json\/wp\/v2\/media\/15972"}],"wp:attachment":[{"href":"https:\/\/anivet.lt\/elparduotuve\/wp-json\/wp\/v2\/media?parent=15971"}],"wp:term":[{"taxonomy":"product_brand","embeddable":true,"href":"https:\/\/anivet.lt\/elparduotuve\/wp-json\/wp\/v2\/product_brand?post=15971"},{"taxonomy":"product_cat","embeddable":true,"href":"https:\/\/anivet.lt\/elparduotuve\/wp-json\/wp\/v2\/product_cat?post=15971"},{"taxonomy":"product_tag","embeddable":true,"href":"https:\/\/anivet.lt\/elparduotuve\/wp-json\/wp\/v2\/product_tag?post=15971"}],"curies":[{"name":"wp","href":"https:\/\/api.w.org\/{rel}","templated":true}]}}