{"id":15990,"date":"2025-01-07T11:14:35","date_gmt":"2025-01-07T11:14:35","guid":{"rendered":"https:\/\/anivet.lt\/elparduotuve\/?post_type=product&#038;p=15990"},"modified":"2025-05-27T13:33:53","modified_gmt":"2025-05-27T13:33:53","slug":"stomek-suspensija-skrandzio-rugstingumui-50ml","status":"publish","type":"product","link":"https:\/\/anivet.lt\/elparduotuve\/produktas\/stomek-suspensija-skrandzio-rugstingumui-50ml\/","title":{"rendered":"Stomek suspensija skrand\u017eio r\u016bg\u0161tingumui 50ml"},"content":{"rendered":"<p><span style=\"font-weight: 400;\">Pa\u0161aro papildas, padedantis \u0161unims ir kat\u0117ms suma\u017einti padid\u0117jus\u012f skrand\u017eio r\u016bg\u0161tingum\u0105 ir pykinim\u0105. Su nat\u016braliais ingredientais, tokiais kaip svilaro\u017e\u0117, kanapi\u0173 aliejus ir imbieras, \u0161is produktas palaiko sveik\u0105 vir\u0161kinim\u0105 ir apsaugo nuo diskomforto.<\/span><\/p>\n<ul>\n<li style=\"font-weight: 400;\" aria-level=\"1\"><span style=\"font-weight: 400;\">R\u016bg\u0161tingumo ma\u017einimas: Natrio alginatas suformuoja apsaugin\u0119 pl\u0117vel\u0119 skrand\u017eio gleivin\u0117je, ma\u017eindamas r\u016bg\u0161\u010di\u0173 poveik\u012f.<\/span><\/li>\n<li style=\"font-weight: 400;\" aria-level=\"1\"><span style=\"font-weight: 400;\">Nat\u016bral\u016bs augaliniai ingredientai: Svilaro\u017e\u0117 ir imbieras ramina vir\u0161kinam\u0105j\u012f trakt\u0105, ma\u017eina pykinim\u0105 ir apsaugo nuo u\u017edegim\u0173.<\/span><\/li>\n<li style=\"font-weight: 400;\" aria-level=\"1\"><span style=\"font-weight: 400;\">Kanapi\u0173 aliejus: Skatina vir\u0161kinamojo trakto gleivin\u0117s regeneracij\u0105 ir u\u017etikrina sveik\u0105 \u017earnyno funkcij\u0105.<\/span><\/li>\n<li style=\"font-weight: 400;\" aria-level=\"1\"><span style=\"font-weight: 400;\">Probiotikai: Inaktyvuotos Lactobacillus bakterijos padeda palaikyti \u017earnyno mikrofloros pusiausvyr\u0105.<\/span><\/li>\n<li style=\"font-weight: 400;\" aria-level=\"1\"><span style=\"font-weight: 400;\">Papildomas vir\u0161kinimo palaikymas: Figavais\u0117s opuncijos ir \u017ealiosios arbatos ekstraktai turi antioksidacini\u0173 savybi\u0173, padedan\u010di\u0173 gerinti vir\u0161kinim\u0105.<\/span><\/li>\n<\/ul>\n<p><span style=\"font-weight: 400;\">Saugus ir veiksmingas sprendimas, skirtas gyv\u016bnams, turintiems vir\u0161kinimo problem\u0173. \u0160is papildas ne tik ma\u017eina r\u016bg\u0161tingum\u0105, bet ir u\u017etikrina bendr\u0105 vir\u0161kinamojo trakto sveikat\u0105, prisid\u0117damas prie j\u016bs\u0173 augintinio komforto ir gerov\u0117s.<\/span><\/p>\n","protected":false},"excerpt":{"rendered":"<p>Pa\u0161aro papildas, padedantis \u0161unims ir kat\u0117ms suma\u017einti padid\u0117jus\u012f skrand\u017eio r\u016bg\u0161tingum\u0105 ir pykinim\u0105. Su nat\u016braliais ingredientais, tokiais kaip svilaro\u017e\u0117, kanapi\u0173 aliejus<\/p>\n","protected":false},"featured_media":15991,"template":"","meta":[],"product_brand":[],"product_cat":[101,102,113,124],"product_tag":[],"class_list":{"0":"post-15990","1":"product","2":"type-product","3":"status-publish","4":"has-post-thumbnail","6":"product_cat-sunims","7":"product_cat-katems","8":"product_cat-vitaminai-ir-papildai","9":"product_cat-vitaminai-ir-papildai-katems","10":"pa_prekinis-zenklas-drn","12":"first","13":"instock","14":"taxable","15":"shipping-taxable","16":"purchasable","17":"product-type-simple"},"yoast_head":"<!-- This site is optimized with the Yoast SEO Premium plugin v27.1 (Yoast SEO v27.5) - https:\/\/yoast.com\/product\/yoast-seo-premium-wordpress\/ -->\n<title>Stomek suspensija skrand\u017eio r\u016bg\u0161tingumui 50ml - anivet.lt<\/title>\n<meta name=\"description\" content=\"Pa\u0161aro papildas, padedantis \u0161unims ir kat\u0117ms suma\u017einti padid\u0117jus\u012f skrand\u017eio r\u016bg\u0161tingum\u0105 ir pykinim\u0105. Su nat\u016braliais ingredientais, tokiais kaip svilaro\u017e\u0117,\" \/>\n<meta name=\"robots\" content=\"index, follow, max-snippet:-1, max-image-preview:large, max-video-preview:-1\" \/>\n<link rel=\"canonical\" href=\"https:\/\/anivet.lt\/elparduotuve\/produktas\/stomek-suspensija-skrandzio-rugstingumui-50ml\/\" \/>\n<meta property=\"og:locale\" content=\"lt_LT\" \/>\n<meta property=\"og:type\" content=\"article\" \/>\n<meta property=\"og:title\" content=\"Stomek suspensija skrand\u017eio r\u016bg\u0161tingumui 50ml\" \/>\n<meta property=\"og:description\" content=\"Pa\u0161aro papildas, padedantis \u0161unims ir kat\u0117ms suma\u017einti padid\u0117jus\u012f skrand\u017eio r\u016bg\u0161tingum\u0105 ir pykinim\u0105. Su nat\u016braliais ingredientais, tokiais kaip svilaro\u017e\u0117,\" \/>\n<meta property=\"og:url\" content=\"https:\/\/anivet.lt\/elparduotuve\/produktas\/stomek-suspensija-skrandzio-rugstingumui-50ml\/\" \/>\n<meta property=\"og:site_name\" content=\"anivet.lt\" \/>\n<meta property=\"article:modified_time\" content=\"2025-05-27T13:33:53+00:00\" \/>\n<meta property=\"og:image\" content=\"https:\/\/anivet.lt\/elparduotuve\/wp-content\/uploads\/2025\/01\/25.-Stomek-suspensija-50-ml.jpg\" \/>\n\t<meta property=\"og:image:width\" content=\"767\" \/>\n\t<meta property=\"og:image:height\" content=\"767\" \/>\n\t<meta property=\"og:image:type\" content=\"image\/jpeg\" \/>\n<meta name=\"twitter:card\" content=\"summary_large_image\" \/>\n<meta name=\"twitter:label1\" content=\"Est. reading time\" \/>\n\t<meta name=\"twitter:data1\" content=\"1 minut\u0117\" \/>\n<script type=\"application\/ld+json\" class=\"yoast-schema-graph\">{\"@context\":\"https:\\\/\\\/schema.org\",\"@graph\":[{\"@type\":\"WebPage\",\"@id\":\"https:\\\/\\\/anivet.lt\\\/elparduotuve\\\/produktas\\\/stomek-suspensija-skrandzio-rugstingumui-50ml\\\/\",\"url\":\"https:\\\/\\\/anivet.lt\\\/elparduotuve\\\/produktas\\\/stomek-suspensija-skrandzio-rugstingumui-50ml\\\/\",\"name\":\"Stomek suspensija skrand\u017eio r\u016bg\u0161tingumui 50ml - anivet.lt\",\"isPartOf\":{\"@id\":\"https:\\\/\\\/anivet.lt\\\/elparduotuve\\\/#website\"},\"primaryImageOfPage\":{\"@id\":\"https:\\\/\\\/anivet.lt\\\/elparduotuve\\\/produktas\\\/stomek-suspensija-skrandzio-rugstingumui-50ml\\\/#primaryimage\"},\"image\":{\"@id\":\"https:\\\/\\\/anivet.lt\\\/elparduotuve\\\/produktas\\\/stomek-suspensija-skrandzio-rugstingumui-50ml\\\/#primaryimage\"},\"thumbnailUrl\":\"https:\\\/\\\/anivet.lt\\\/elparduotuve\\\/wp-content\\\/uploads\\\/2025\\\/01\\\/25.-Stomek-suspensija-50-ml.jpg\",\"datePublished\":\"2025-01-07T11:14:35+00:00\",\"dateModified\":\"2025-05-27T13:33:53+00:00\",\"description\":\"Pa\u0161aro papildas, padedantis \u0161unims ir kat\u0117ms suma\u017einti padid\u0117jus\u012f skrand\u017eio r\u016bg\u0161tingum\u0105 ir pykinim\u0105. Su nat\u016braliais ingredientais, tokiais kaip svilaro\u017e\u0117,\",\"breadcrumb\":{\"@id\":\"https:\\\/\\\/anivet.lt\\\/elparduotuve\\\/produktas\\\/stomek-suspensija-skrandzio-rugstingumui-50ml\\\/#breadcrumb\"},\"inLanguage\":\"lt-LT\",\"potentialAction\":[{\"@type\":\"ReadAction\",\"target\":[\"https:\\\/\\\/anivet.lt\\\/elparduotuve\\\/produktas\\\/stomek-suspensija-skrandzio-rugstingumui-50ml\\\/\"]}]},{\"@type\":\"ImageObject\",\"inLanguage\":\"lt-LT\",\"@id\":\"https:\\\/\\\/anivet.lt\\\/elparduotuve\\\/produktas\\\/stomek-suspensija-skrandzio-rugstingumui-50ml\\\/#primaryimage\",\"url\":\"https:\\\/\\\/anivet.lt\\\/elparduotuve\\\/wp-content\\\/uploads\\\/2025\\\/01\\\/25.-Stomek-suspensija-50-ml.jpg\",\"contentUrl\":\"https:\\\/\\\/anivet.lt\\\/elparduotuve\\\/wp-content\\\/uploads\\\/2025\\\/01\\\/25.-Stomek-suspensija-50-ml.jpg\",\"width\":767,\"height\":767,\"caption\":\"Stomek suspensija skrand\u017eio r\u016bg\u0161tingumui 50ml\"},{\"@type\":\"BreadcrumbList\",\"@id\":\"https:\\\/\\\/anivet.lt\\\/elparduotuve\\\/produktas\\\/stomek-suspensija-skrandzio-rugstingumui-50ml\\\/#breadcrumb\",\"itemListElement\":[{\"@type\":\"ListItem\",\"position\":1,\"name\":\"Home\",\"item\":\"https:\\\/\\\/anivet.lt\\\/elparduotuve\\\/\"},{\"@type\":\"ListItem\",\"position\":2,\"name\":\"Produktai\",\"item\":\"https:\\\/\\\/anivet.lt\\\/elparduotuve\\\/produktai\\\/\"},{\"@type\":\"ListItem\",\"position\":3,\"name\":\"Stomek suspensija skrand\u017eio r\u016bg\u0161tingumui 50ml\"}]},{\"@type\":\"WebSite\",\"@id\":\"https:\\\/\\\/anivet.lt\\\/elparduotuve\\\/#website\",\"url\":\"https:\\\/\\\/anivet.lt\\\/elparduotuve\\\/\",\"name\":\"anivet.lt\",\"description\":\"Viskas J\u016bs\u0173 \u0161uns, kat\u0117s prie\u017ei\u016brai\",\"publisher\":{\"@id\":\"https:\\\/\\\/anivet.lt\\\/elparduotuve\\\/#organization\"},\"alternateName\":\"Viskas J\u016bs\u0173 \u0161uns, kat\u0117s prie\u017ei\u016brai\",\"potentialAction\":[{\"@type\":\"SearchAction\",\"target\":{\"@type\":\"EntryPoint\",\"urlTemplate\":\"https:\\\/\\\/anivet.lt\\\/elparduotuve\\\/?s={search_term_string}\"},\"query-input\":{\"@type\":\"PropertyValueSpecification\",\"valueRequired\":true,\"valueName\":\"search_term_string\"}}],\"inLanguage\":\"lt-LT\"},{\"@type\":\"Organization\",\"@id\":\"https:\\\/\\\/anivet.lt\\\/elparduotuve\\\/#organization\",\"name\":\"Viskas J\u016bs\u0173 \u0161uns, kat\u0117s prie\u017ei\u016brai\",\"url\":\"https:\\\/\\\/anivet.lt\\\/elparduotuve\\\/\",\"logo\":{\"@type\":\"ImageObject\",\"inLanguage\":\"lt-LT\",\"@id\":\"https:\\\/\\\/anivet.lt\\\/elparduotuve\\\/#\\\/schema\\\/logo\\\/image\\\/\",\"url\":\"https:\\\/\\\/anivet.lt\\\/elparduotuve\\\/wp-content\\\/uploads\\\/2023\\\/06\\\/logo2.jpg\",\"contentUrl\":\"https:\\\/\\\/anivet.lt\\\/elparduotuve\\\/wp-content\\\/uploads\\\/2023\\\/06\\\/logo2.jpg\",\"width\":655,\"height\":194,\"caption\":\"Viskas J\u016bs\u0173 \u0161uns, kat\u0117s prie\u017ei\u016brai\"},\"image\":{\"@id\":\"https:\\\/\\\/anivet.lt\\\/elparduotuve\\\/#\\\/schema\\\/logo\\\/image\\\/\"}}]}<\/script>\n<!-- \/ Yoast SEO Premium plugin. -->","yoast_head_json":{"title":"Stomek suspensija skrand\u017eio r\u016bg\u0161tingumui 50ml - anivet.lt","description":"Pa\u0161aro papildas, padedantis \u0161unims ir kat\u0117ms suma\u017einti padid\u0117jus\u012f skrand\u017eio r\u016bg\u0161tingum\u0105 ir pykinim\u0105. Su nat\u016braliais ingredientais, tokiais kaip svilaro\u017e\u0117,","robots":{"index":"index","follow":"follow","max-snippet":"max-snippet:-1","max-image-preview":"max-image-preview:large","max-video-preview":"max-video-preview:-1"},"canonical":"https:\/\/anivet.lt\/elparduotuve\/produktas\/stomek-suspensija-skrandzio-rugstingumui-50ml\/","og_locale":"lt_LT","og_type":"article","og_title":"Stomek suspensija skrand\u017eio r\u016bg\u0161tingumui 50ml","og_description":"Pa\u0161aro papildas, padedantis \u0161unims ir kat\u0117ms suma\u017einti padid\u0117jus\u012f skrand\u017eio r\u016bg\u0161tingum\u0105 ir pykinim\u0105. Su nat\u016braliais ingredientais, tokiais kaip svilaro\u017e\u0117,","og_url":"https:\/\/anivet.lt\/elparduotuve\/produktas\/stomek-suspensija-skrandzio-rugstingumui-50ml\/","og_site_name":"anivet.lt","article_modified_time":"2025-05-27T13:33:53+00:00","og_image":[{"width":767,"height":767,"url":"https:\/\/anivet.lt\/elparduotuve\/wp-content\/uploads\/2025\/01\/25.-Stomek-suspensija-50-ml.jpg","type":"image\/jpeg"}],"twitter_card":"summary_large_image","twitter_misc":{"Est. reading time":"1 minut\u0117"},"schema":{"@context":"https:\/\/schema.org","@graph":[{"@type":"WebPage","@id":"https:\/\/anivet.lt\/elparduotuve\/produktas\/stomek-suspensija-skrandzio-rugstingumui-50ml\/","url":"https:\/\/anivet.lt\/elparduotuve\/produktas\/stomek-suspensija-skrandzio-rugstingumui-50ml\/","name":"Stomek suspensija skrand\u017eio r\u016bg\u0161tingumui 50ml - anivet.lt","isPartOf":{"@id":"https:\/\/anivet.lt\/elparduotuve\/#website"},"primaryImageOfPage":{"@id":"https:\/\/anivet.lt\/elparduotuve\/produktas\/stomek-suspensija-skrandzio-rugstingumui-50ml\/#primaryimage"},"image":{"@id":"https:\/\/anivet.lt\/elparduotuve\/produktas\/stomek-suspensija-skrandzio-rugstingumui-50ml\/#primaryimage"},"thumbnailUrl":"https:\/\/anivet.lt\/elparduotuve\/wp-content\/uploads\/2025\/01\/25.-Stomek-suspensija-50-ml.jpg","datePublished":"2025-01-07T11:14:35+00:00","dateModified":"2025-05-27T13:33:53+00:00","description":"Pa\u0161aro papildas, padedantis \u0161unims ir kat\u0117ms suma\u017einti padid\u0117jus\u012f skrand\u017eio r\u016bg\u0161tingum\u0105 ir pykinim\u0105. Su nat\u016braliais ingredientais, tokiais kaip svilaro\u017e\u0117,","breadcrumb":{"@id":"https:\/\/anivet.lt\/elparduotuve\/produktas\/stomek-suspensija-skrandzio-rugstingumui-50ml\/#breadcrumb"},"inLanguage":"lt-LT","potentialAction":[{"@type":"ReadAction","target":["https:\/\/anivet.lt\/elparduotuve\/produktas\/stomek-suspensija-skrandzio-rugstingumui-50ml\/"]}]},{"@type":"ImageObject","inLanguage":"lt-LT","@id":"https:\/\/anivet.lt\/elparduotuve\/produktas\/stomek-suspensija-skrandzio-rugstingumui-50ml\/#primaryimage","url":"https:\/\/anivet.lt\/elparduotuve\/wp-content\/uploads\/2025\/01\/25.-Stomek-suspensija-50-ml.jpg","contentUrl":"https:\/\/anivet.lt\/elparduotuve\/wp-content\/uploads\/2025\/01\/25.-Stomek-suspensija-50-ml.jpg","width":767,"height":767,"caption":"Stomek suspensija skrand\u017eio r\u016bg\u0161tingumui 50ml"},{"@type":"BreadcrumbList","@id":"https:\/\/anivet.lt\/elparduotuve\/produktas\/stomek-suspensija-skrandzio-rugstingumui-50ml\/#breadcrumb","itemListElement":[{"@type":"ListItem","position":1,"name":"Home","item":"https:\/\/anivet.lt\/elparduotuve\/"},{"@type":"ListItem","position":2,"name":"Produktai","item":"https:\/\/anivet.lt\/elparduotuve\/produktai\/"},{"@type":"ListItem","position":3,"name":"Stomek suspensija skrand\u017eio r\u016bg\u0161tingumui 50ml"}]},{"@type":"WebSite","@id":"https:\/\/anivet.lt\/elparduotuve\/#website","url":"https:\/\/anivet.lt\/elparduotuve\/","name":"anivet.lt","description":"Viskas J\u016bs\u0173 \u0161uns, kat\u0117s prie\u017ei\u016brai","publisher":{"@id":"https:\/\/anivet.lt\/elparduotuve\/#organization"},"alternateName":"Viskas J\u016bs\u0173 \u0161uns, kat\u0117s prie\u017ei\u016brai","potentialAction":[{"@type":"SearchAction","target":{"@type":"EntryPoint","urlTemplate":"https:\/\/anivet.lt\/elparduotuve\/?s={search_term_string}"},"query-input":{"@type":"PropertyValueSpecification","valueRequired":true,"valueName":"search_term_string"}}],"inLanguage":"lt-LT"},{"@type":"Organization","@id":"https:\/\/anivet.lt\/elparduotuve\/#organization","name":"Viskas J\u016bs\u0173 \u0161uns, kat\u0117s prie\u017ei\u016brai","url":"https:\/\/anivet.lt\/elparduotuve\/","logo":{"@type":"ImageObject","inLanguage":"lt-LT","@id":"https:\/\/anivet.lt\/elparduotuve\/#\/schema\/logo\/image\/","url":"https:\/\/anivet.lt\/elparduotuve\/wp-content\/uploads\/2023\/06\/logo2.jpg","contentUrl":"https:\/\/anivet.lt\/elparduotuve\/wp-content\/uploads\/2023\/06\/logo2.jpg","width":655,"height":194,"caption":"Viskas J\u016bs\u0173 \u0161uns, kat\u0117s prie\u017ei\u016brai"},"image":{"@id":"https:\/\/anivet.lt\/elparduotuve\/#\/schema\/logo\/image\/"}}]}},"_links":{"self":[{"href":"https:\/\/anivet.lt\/elparduotuve\/wp-json\/wp\/v2\/product\/15990","targetHints":{"allow":["GET"]}}],"collection":[{"href":"https:\/\/anivet.lt\/elparduotuve\/wp-json\/wp\/v2\/product"}],"about":[{"href":"https:\/\/anivet.lt\/elparduotuve\/wp-json\/wp\/v2\/types\/product"}],"wp:featuredmedia":[{"embeddable":true,"href":"https:\/\/anivet.lt\/elparduotuve\/wp-json\/wp\/v2\/media\/15991"}],"wp:attachment":[{"href":"https:\/\/anivet.lt\/elparduotuve\/wp-json\/wp\/v2\/media?parent=15990"}],"wp:term":[{"taxonomy":"product_brand","embeddable":true,"href":"https:\/\/anivet.lt\/elparduotuve\/wp-json\/wp\/v2\/product_brand?post=15990"},{"taxonomy":"product_cat","embeddable":true,"href":"https:\/\/anivet.lt\/elparduotuve\/wp-json\/wp\/v2\/product_cat?post=15990"},{"taxonomy":"product_tag","embeddable":true,"href":"https:\/\/anivet.lt\/elparduotuve\/wp-json\/wp\/v2\/product_tag?post=15990"}],"curies":[{"name":"wp","href":"https:\/\/api.w.org\/{rel}","templated":true}]}}