{"id":16123,"date":"2025-01-08T13:06:49","date_gmt":"2025-01-08T13:06:49","guid":{"rendered":"https:\/\/anivet.lt\/elparduotuve\/?post_type=product&#038;p=16123"},"modified":"2026-02-23T12:33:22","modified_gmt":"2026-02-23T12:33:22","slug":"hills-prescription-diet-canine-dermdefense-12-kg-atopiniam-dermatitui","status":"publish","type":"product","link":"https:\/\/anivet.lt\/elparduotuve\/produktas\/hills-prescription-diet-canine-dermdefense-12-kg-atopiniam-dermatitui\/","title":{"rendered":"Hill\u2019s Prescription Diet\u00ae Canine DermDefense 12 kg atopiniam dermatitui"},"content":{"rendered":"<p>\u0160is sausas pa\u0161aras su vi\u0161tiena yra sukurtas Hill\u2019s veterinar\u0173 ir mitybos specialist\u0173, siekiant pad\u0117ti \u0161unims, jautriems aplinkos dirgikliams. Jo sud\u0117tyje esan\u010dios veikliosios med\u017eiagos padeda stiprinti odos barjer\u0105, raminti ir maitinti od\u0105 bei gerinti kailio b\u016bkl\u0119.<\/p>\n<ul>\n<li>Imunin\u0117s sistemos palaikymas: Biologi\u0161kai aktyvios ir augalin\u0117s maistin\u0117s med\u017eiagos padeda palaikyti sveik\u0105 imunin\u012f atsak\u0105.<\/li>\n<li>Omega-3 ir Omega-6 riebal\u0173 r\u016bg\u0161tys: Stiprina od\u0105 i\u0161 vidaus, padeda kovoti su dirgikliais.<\/li>\n<li>Klinikiniai antioksidantai: Vitaminas E ir kitos maistin\u0117s med\u017eiagos ramina od\u0105 ir ma\u017eina u\u017edegim\u0105.<\/li>\n<li>Barjerin\u0117s funkcijos stiprinimas: Palaiko odos apsaugin\u012f sluoksn\u012f, apsaugodamas nuo aplinkos dirgikli\u0173.<\/li>\n<li>S+OXSHIELD formul\u0117: Ma\u017eina struvitini\u0173 ir kalcio oksalato akmen\u0173 susidarymo rizik\u0105, u\u017etikrindama bendr\u0105 organizmo sveikat\u0105.<\/li>\n<\/ul>\n<p>\u201eHill\u2019s Prescription Diet\u00ae Canine DermDefense\u201d yra idealus pasirinkimas \u0161unims, kuriems reikia apsaugos nuo aplinkos dirgikli\u0173 poveikio. Jo subalansuota sud\u0117tis stiprina od\u0105, ma\u017eina sudirginim\u0105 ir gerina bendr\u0105 augintinio savijaut\u0105.<\/p>\n","protected":false},"excerpt":{"rendered":"<p>\u0160is sausas pa\u0161aras su vi\u0161tiena yra sukurtas Hill\u2019s veterinar\u0173 ir mitybos specialist\u0173, siekiant pad\u0117ti \u0161unims, jautriems aplinkos dirgikliams. Jo sud\u0117tyje<\/p>\n","protected":false},"featured_media":16124,"template":"","meta":[],"product_brand":[],"product_cat":[101,103,107,333],"product_tag":[],"class_list":{"0":"post-16123","1":"product","2":"type-product","3":"status-publish","4":"has-post-thumbnail","6":"product_cat-sunims","7":"product_cat-sunu-maistas","8":"product_cat-veterinarine-dieta","9":"product_cat-hills-sunu-maistas","10":"pa_prekinis-zenklas-hills","12":"first","13":"instock","14":"taxable","15":"shipping-taxable","16":"purchasable","17":"product-type-simple"},"yoast_head":"<!-- This site is optimized with the Yoast SEO Premium plugin v27.1 (Yoast SEO v27.5) - https:\/\/yoast.com\/product\/yoast-seo-premium-wordpress\/ -->\n<title>Hill\u2019s Prescription Diet\u00ae Canine DermDefense 12 kg atopiniam dermatitui - anivet.lt<\/title>\n<meta name=\"description\" content=\"\u0160is sausas pa\u0161aras su vi\u0161tiena yra sukurtas Hill\u2019s veterinar\u0173 ir mitybos specialist\u0173, siekiant pad\u0117ti \u0161unims, jautriems aplinkos dirgikliams. Jo sud\u0117tyje\" \/>\n<meta name=\"robots\" content=\"index, follow, max-snippet:-1, max-image-preview:large, max-video-preview:-1\" \/>\n<link rel=\"canonical\" href=\"https:\/\/anivet.lt\/elparduotuve\/produktas\/hills-prescription-diet-canine-dermdefense-12-kg-atopiniam-dermatitui\/\" \/>\n<meta property=\"og:locale\" content=\"lt_LT\" \/>\n<meta property=\"og:type\" content=\"article\" \/>\n<meta property=\"og:title\" content=\"Hill\u2019s Prescription Diet\u00ae Canine DermDefense 12 kg atopiniam dermatitui\" \/>\n<meta property=\"og:description\" content=\"\u0160is sausas pa\u0161aras su vi\u0161tiena yra sukurtas Hill\u2019s veterinar\u0173 ir mitybos specialist\u0173, siekiant pad\u0117ti \u0161unims, jautriems aplinkos dirgikliams. Jo sud\u0117tyje\" \/>\n<meta property=\"og:url\" content=\"https:\/\/anivet.lt\/elparduotuve\/produktas\/hills-prescription-diet-canine-dermdefense-12-kg-atopiniam-dermatitui\/\" \/>\n<meta property=\"og:site_name\" content=\"anivet.lt\" \/>\n<meta property=\"article:modified_time\" content=\"2026-02-23T12:33:22+00:00\" \/>\n<meta property=\"og:image\" content=\"https:\/\/anivet.lt\/elparduotuve\/wp-content\/uploads\/2025\/01\/9Hills-Prescription-Diet\u00ae-Canine-DermDefense-12-kg-atopiniam-dermatitui.jpg\" \/>\n\t<meta property=\"og:image:width\" content=\"768\" \/>\n\t<meta property=\"og:image:height\" content=\"768\" \/>\n\t<meta property=\"og:image:type\" content=\"image\/jpeg\" \/>\n<meta name=\"twitter:card\" content=\"summary_large_image\" \/>\n<meta name=\"twitter:label1\" content=\"Est. reading time\" \/>\n\t<meta name=\"twitter:data1\" content=\"1 minut\u0117\" \/>\n<script type=\"application\/ld+json\" class=\"yoast-schema-graph\">{\"@context\":\"https:\\\/\\\/schema.org\",\"@graph\":[{\"@type\":\"WebPage\",\"@id\":\"https:\\\/\\\/anivet.lt\\\/elparduotuve\\\/produktas\\\/hills-prescription-diet-canine-dermdefense-12-kg-atopiniam-dermatitui\\\/\",\"url\":\"https:\\\/\\\/anivet.lt\\\/elparduotuve\\\/produktas\\\/hills-prescription-diet-canine-dermdefense-12-kg-atopiniam-dermatitui\\\/\",\"name\":\"Hill\u2019s Prescription Diet\u00ae Canine DermDefense 12 kg atopiniam dermatitui - anivet.lt\",\"isPartOf\":{\"@id\":\"https:\\\/\\\/anivet.lt\\\/elparduotuve\\\/#website\"},\"primaryImageOfPage\":{\"@id\":\"https:\\\/\\\/anivet.lt\\\/elparduotuve\\\/produktas\\\/hills-prescription-diet-canine-dermdefense-12-kg-atopiniam-dermatitui\\\/#primaryimage\"},\"image\":{\"@id\":\"https:\\\/\\\/anivet.lt\\\/elparduotuve\\\/produktas\\\/hills-prescription-diet-canine-dermdefense-12-kg-atopiniam-dermatitui\\\/#primaryimage\"},\"thumbnailUrl\":\"https:\\\/\\\/anivet.lt\\\/elparduotuve\\\/wp-content\\\/uploads\\\/2025\\\/01\\\/9Hills-Prescription-Diet\u00ae-Canine-DermDefense-12-kg-atopiniam-dermatitui.jpg\",\"datePublished\":\"2025-01-08T13:06:49+00:00\",\"dateModified\":\"2026-02-23T12:33:22+00:00\",\"description\":\"\u0160is sausas pa\u0161aras su vi\u0161tiena yra sukurtas Hill\u2019s veterinar\u0173 ir mitybos specialist\u0173, siekiant pad\u0117ti \u0161unims, jautriems aplinkos dirgikliams. Jo sud\u0117tyje\",\"breadcrumb\":{\"@id\":\"https:\\\/\\\/anivet.lt\\\/elparduotuve\\\/produktas\\\/hills-prescription-diet-canine-dermdefense-12-kg-atopiniam-dermatitui\\\/#breadcrumb\"},\"inLanguage\":\"lt-LT\",\"potentialAction\":[{\"@type\":\"ReadAction\",\"target\":[\"https:\\\/\\\/anivet.lt\\\/elparduotuve\\\/produktas\\\/hills-prescription-diet-canine-dermdefense-12-kg-atopiniam-dermatitui\\\/\"]}]},{\"@type\":\"ImageObject\",\"inLanguage\":\"lt-LT\",\"@id\":\"https:\\\/\\\/anivet.lt\\\/elparduotuve\\\/produktas\\\/hills-prescription-diet-canine-dermdefense-12-kg-atopiniam-dermatitui\\\/#primaryimage\",\"url\":\"https:\\\/\\\/anivet.lt\\\/elparduotuve\\\/wp-content\\\/uploads\\\/2025\\\/01\\\/9Hills-Prescription-Diet\u00ae-Canine-DermDefense-12-kg-atopiniam-dermatitui.jpg\",\"contentUrl\":\"https:\\\/\\\/anivet.lt\\\/elparduotuve\\\/wp-content\\\/uploads\\\/2025\\\/01\\\/9Hills-Prescription-Diet\u00ae-Canine-DermDefense-12-kg-atopiniam-dermatitui.jpg\",\"width\":768,\"height\":768,\"caption\":\"Hill\u2019s Prescription Diet\u00ae Canine DermDefense 12 kg atopiniam dermatitui\"},{\"@type\":\"BreadcrumbList\",\"@id\":\"https:\\\/\\\/anivet.lt\\\/elparduotuve\\\/produktas\\\/hills-prescription-diet-canine-dermdefense-12-kg-atopiniam-dermatitui\\\/#breadcrumb\",\"itemListElement\":[{\"@type\":\"ListItem\",\"position\":1,\"name\":\"Home\",\"item\":\"https:\\\/\\\/anivet.lt\\\/elparduotuve\\\/\"},{\"@type\":\"ListItem\",\"position\":2,\"name\":\"Produktai\",\"item\":\"https:\\\/\\\/anivet.lt\\\/elparduotuve\\\/produktai\\\/\"},{\"@type\":\"ListItem\",\"position\":3,\"name\":\"Hill\u2019s Prescription Diet\u00ae Canine DermDefense 12 kg atopiniam dermatitui\"}]},{\"@type\":\"WebSite\",\"@id\":\"https:\\\/\\\/anivet.lt\\\/elparduotuve\\\/#website\",\"url\":\"https:\\\/\\\/anivet.lt\\\/elparduotuve\\\/\",\"name\":\"anivet.lt\",\"description\":\"Viskas J\u016bs\u0173 \u0161uns, kat\u0117s prie\u017ei\u016brai\",\"publisher\":{\"@id\":\"https:\\\/\\\/anivet.lt\\\/elparduotuve\\\/#organization\"},\"alternateName\":\"Viskas J\u016bs\u0173 \u0161uns, kat\u0117s prie\u017ei\u016brai\",\"potentialAction\":[{\"@type\":\"SearchAction\",\"target\":{\"@type\":\"EntryPoint\",\"urlTemplate\":\"https:\\\/\\\/anivet.lt\\\/elparduotuve\\\/?s={search_term_string}\"},\"query-input\":{\"@type\":\"PropertyValueSpecification\",\"valueRequired\":true,\"valueName\":\"search_term_string\"}}],\"inLanguage\":\"lt-LT\"},{\"@type\":\"Organization\",\"@id\":\"https:\\\/\\\/anivet.lt\\\/elparduotuve\\\/#organization\",\"name\":\"Viskas J\u016bs\u0173 \u0161uns, kat\u0117s prie\u017ei\u016brai\",\"url\":\"https:\\\/\\\/anivet.lt\\\/elparduotuve\\\/\",\"logo\":{\"@type\":\"ImageObject\",\"inLanguage\":\"lt-LT\",\"@id\":\"https:\\\/\\\/anivet.lt\\\/elparduotuve\\\/#\\\/schema\\\/logo\\\/image\\\/\",\"url\":\"https:\\\/\\\/anivet.lt\\\/elparduotuve\\\/wp-content\\\/uploads\\\/2023\\\/06\\\/logo2.jpg\",\"contentUrl\":\"https:\\\/\\\/anivet.lt\\\/elparduotuve\\\/wp-content\\\/uploads\\\/2023\\\/06\\\/logo2.jpg\",\"width\":655,\"height\":194,\"caption\":\"Viskas J\u016bs\u0173 \u0161uns, kat\u0117s prie\u017ei\u016brai\"},\"image\":{\"@id\":\"https:\\\/\\\/anivet.lt\\\/elparduotuve\\\/#\\\/schema\\\/logo\\\/image\\\/\"}}]}<\/script>\n<!-- \/ Yoast SEO Premium plugin. -->","yoast_head_json":{"title":"Hill\u2019s Prescription Diet\u00ae Canine DermDefense 12 kg atopiniam dermatitui - anivet.lt","description":"\u0160is sausas pa\u0161aras su vi\u0161tiena yra sukurtas Hill\u2019s veterinar\u0173 ir mitybos specialist\u0173, siekiant pad\u0117ti \u0161unims, jautriems aplinkos dirgikliams. Jo sud\u0117tyje","robots":{"index":"index","follow":"follow","max-snippet":"max-snippet:-1","max-image-preview":"max-image-preview:large","max-video-preview":"max-video-preview:-1"},"canonical":"https:\/\/anivet.lt\/elparduotuve\/produktas\/hills-prescription-diet-canine-dermdefense-12-kg-atopiniam-dermatitui\/","og_locale":"lt_LT","og_type":"article","og_title":"Hill\u2019s Prescription Diet\u00ae Canine DermDefense 12 kg atopiniam dermatitui","og_description":"\u0160is sausas pa\u0161aras su vi\u0161tiena yra sukurtas Hill\u2019s veterinar\u0173 ir mitybos specialist\u0173, siekiant pad\u0117ti \u0161unims, jautriems aplinkos dirgikliams. Jo sud\u0117tyje","og_url":"https:\/\/anivet.lt\/elparduotuve\/produktas\/hills-prescription-diet-canine-dermdefense-12-kg-atopiniam-dermatitui\/","og_site_name":"anivet.lt","article_modified_time":"2026-02-23T12:33:22+00:00","og_image":[{"width":768,"height":768,"url":"https:\/\/anivet.lt\/elparduotuve\/wp-content\/uploads\/2025\/01\/9Hills-Prescription-Diet\u00ae-Canine-DermDefense-12-kg-atopiniam-dermatitui.jpg","type":"image\/jpeg"}],"twitter_card":"summary_large_image","twitter_misc":{"Est. reading time":"1 minut\u0117"},"schema":{"@context":"https:\/\/schema.org","@graph":[{"@type":"WebPage","@id":"https:\/\/anivet.lt\/elparduotuve\/produktas\/hills-prescription-diet-canine-dermdefense-12-kg-atopiniam-dermatitui\/","url":"https:\/\/anivet.lt\/elparduotuve\/produktas\/hills-prescription-diet-canine-dermdefense-12-kg-atopiniam-dermatitui\/","name":"Hill\u2019s Prescription Diet\u00ae Canine DermDefense 12 kg atopiniam dermatitui - anivet.lt","isPartOf":{"@id":"https:\/\/anivet.lt\/elparduotuve\/#website"},"primaryImageOfPage":{"@id":"https:\/\/anivet.lt\/elparduotuve\/produktas\/hills-prescription-diet-canine-dermdefense-12-kg-atopiniam-dermatitui\/#primaryimage"},"image":{"@id":"https:\/\/anivet.lt\/elparduotuve\/produktas\/hills-prescription-diet-canine-dermdefense-12-kg-atopiniam-dermatitui\/#primaryimage"},"thumbnailUrl":"https:\/\/anivet.lt\/elparduotuve\/wp-content\/uploads\/2025\/01\/9Hills-Prescription-Diet\u00ae-Canine-DermDefense-12-kg-atopiniam-dermatitui.jpg","datePublished":"2025-01-08T13:06:49+00:00","dateModified":"2026-02-23T12:33:22+00:00","description":"\u0160is sausas pa\u0161aras su vi\u0161tiena yra sukurtas Hill\u2019s veterinar\u0173 ir mitybos specialist\u0173, siekiant pad\u0117ti \u0161unims, jautriems aplinkos dirgikliams. Jo sud\u0117tyje","breadcrumb":{"@id":"https:\/\/anivet.lt\/elparduotuve\/produktas\/hills-prescription-diet-canine-dermdefense-12-kg-atopiniam-dermatitui\/#breadcrumb"},"inLanguage":"lt-LT","potentialAction":[{"@type":"ReadAction","target":["https:\/\/anivet.lt\/elparduotuve\/produktas\/hills-prescription-diet-canine-dermdefense-12-kg-atopiniam-dermatitui\/"]}]},{"@type":"ImageObject","inLanguage":"lt-LT","@id":"https:\/\/anivet.lt\/elparduotuve\/produktas\/hills-prescription-diet-canine-dermdefense-12-kg-atopiniam-dermatitui\/#primaryimage","url":"https:\/\/anivet.lt\/elparduotuve\/wp-content\/uploads\/2025\/01\/9Hills-Prescription-Diet\u00ae-Canine-DermDefense-12-kg-atopiniam-dermatitui.jpg","contentUrl":"https:\/\/anivet.lt\/elparduotuve\/wp-content\/uploads\/2025\/01\/9Hills-Prescription-Diet\u00ae-Canine-DermDefense-12-kg-atopiniam-dermatitui.jpg","width":768,"height":768,"caption":"Hill\u2019s Prescription Diet\u00ae Canine DermDefense 12 kg atopiniam dermatitui"},{"@type":"BreadcrumbList","@id":"https:\/\/anivet.lt\/elparduotuve\/produktas\/hills-prescription-diet-canine-dermdefense-12-kg-atopiniam-dermatitui\/#breadcrumb","itemListElement":[{"@type":"ListItem","position":1,"name":"Home","item":"https:\/\/anivet.lt\/elparduotuve\/"},{"@type":"ListItem","position":2,"name":"Produktai","item":"https:\/\/anivet.lt\/elparduotuve\/produktai\/"},{"@type":"ListItem","position":3,"name":"Hill\u2019s Prescription Diet\u00ae Canine DermDefense 12 kg atopiniam dermatitui"}]},{"@type":"WebSite","@id":"https:\/\/anivet.lt\/elparduotuve\/#website","url":"https:\/\/anivet.lt\/elparduotuve\/","name":"anivet.lt","description":"Viskas J\u016bs\u0173 \u0161uns, kat\u0117s prie\u017ei\u016brai","publisher":{"@id":"https:\/\/anivet.lt\/elparduotuve\/#organization"},"alternateName":"Viskas J\u016bs\u0173 \u0161uns, kat\u0117s prie\u017ei\u016brai","potentialAction":[{"@type":"SearchAction","target":{"@type":"EntryPoint","urlTemplate":"https:\/\/anivet.lt\/elparduotuve\/?s={search_term_string}"},"query-input":{"@type":"PropertyValueSpecification","valueRequired":true,"valueName":"search_term_string"}}],"inLanguage":"lt-LT"},{"@type":"Organization","@id":"https:\/\/anivet.lt\/elparduotuve\/#organization","name":"Viskas J\u016bs\u0173 \u0161uns, kat\u0117s prie\u017ei\u016brai","url":"https:\/\/anivet.lt\/elparduotuve\/","logo":{"@type":"ImageObject","inLanguage":"lt-LT","@id":"https:\/\/anivet.lt\/elparduotuve\/#\/schema\/logo\/image\/","url":"https:\/\/anivet.lt\/elparduotuve\/wp-content\/uploads\/2023\/06\/logo2.jpg","contentUrl":"https:\/\/anivet.lt\/elparduotuve\/wp-content\/uploads\/2023\/06\/logo2.jpg","width":655,"height":194,"caption":"Viskas J\u016bs\u0173 \u0161uns, kat\u0117s prie\u017ei\u016brai"},"image":{"@id":"https:\/\/anivet.lt\/elparduotuve\/#\/schema\/logo\/image\/"}}]}},"_links":{"self":[{"href":"https:\/\/anivet.lt\/elparduotuve\/wp-json\/wp\/v2\/product\/16123","targetHints":{"allow":["GET"]}}],"collection":[{"href":"https:\/\/anivet.lt\/elparduotuve\/wp-json\/wp\/v2\/product"}],"about":[{"href":"https:\/\/anivet.lt\/elparduotuve\/wp-json\/wp\/v2\/types\/product"}],"wp:featuredmedia":[{"embeddable":true,"href":"https:\/\/anivet.lt\/elparduotuve\/wp-json\/wp\/v2\/media\/16124"}],"wp:attachment":[{"href":"https:\/\/anivet.lt\/elparduotuve\/wp-json\/wp\/v2\/media?parent=16123"}],"wp:term":[{"taxonomy":"product_brand","embeddable":true,"href":"https:\/\/anivet.lt\/elparduotuve\/wp-json\/wp\/v2\/product_brand?post=16123"},{"taxonomy":"product_cat","embeddable":true,"href":"https:\/\/anivet.lt\/elparduotuve\/wp-json\/wp\/v2\/product_cat?post=16123"},{"taxonomy":"product_tag","embeddable":true,"href":"https:\/\/anivet.lt\/elparduotuve\/wp-json\/wp\/v2\/product_tag?post=16123"}],"curies":[{"name":"wp","href":"https:\/\/api.w.org\/{rel}","templated":true}]}}