{"id":16201,"date":"2025-01-10T08:30:29","date_gmt":"2025-01-10T08:30:29","guid":{"rendered":"https:\/\/anivet.lt\/elparduotuve\/?post_type=product&#038;p=16201"},"modified":"2026-04-06T08:24:31","modified_gmt":"2026-04-06T08:24:31","slug":"vetoquinol-otifree-valiklis-ausims","status":"publish","type":"product","link":"https:\/\/anivet.lt\/elparduotuve\/produktas\/vetoquinol-otifree-valiklis-ausims\/","title":{"rendered":"Vetoquinol Otifree valiklis ausims"},"content":{"rendered":"<ul>\n<li><span style=\"font-weight: 400;\">\u0160velni formul\u0117: Neutralus ir nedirginantis tirpalas leid\u017eia saugiai valyti net ir jautrias ausis.<\/span><\/li>\n<li style=\"font-weight: 400;\" aria-level=\"1\"><span style=\"font-weight: 400;\">Pa\u0161alina va\u0161k\u0105 ir ne\u0161varumus: Aktyviosios pavir\u0161iaus med\u017eiagos efektyviai tirpdo susikaupus\u012f aus\u0173 va\u0161k\u0105 ir ne\u0161varumus.<\/span><\/li>\n<li style=\"font-weight: 400;\" aria-level=\"1\"><span style=\"font-weight: 400;\">Dr\u0117kinimas ir apsauga: Aliejaus junginiai palaiko odos dr\u0117gm\u0119, elastingum\u0105 ir apsauginius barjerus.<\/span><\/li>\n<li style=\"font-weight: 400;\" aria-level=\"1\"><span style=\"font-weight: 400;\">Tinka u\u017edegimams: Preparatas gali b\u016bti naudojamas net esant esamiems aus\u0173 u\u017edegimams, nes jo sud\u0117tis nedirgina.<\/span><\/li>\n<li style=\"font-weight: 400;\" aria-level=\"1\"><span style=\"font-weight: 400;\">Lengvas naudojimas: Perteklinis skystis i\u0161garuoja, nesukeldamas diskomforto gyv\u016bnui ar per\u0161alimo rizikos.<\/span><\/li>\n<\/ul>\n<p><span style=\"font-weight: 400;\">Puikus sprendimas \u0161un\u0173 ir ka\u010di\u0173 aus\u0173 higienai palaikyti. \u0160is valiklis yra lengvai naudojamas ir u\u017etikrina saug\u0173 bei veiksming\u0105 aus\u0173 prie\u017ei\u016br\u0105, apsaugant nuo ne\u0161varum\u0173 kaupimosi ir galim\u0173 komplikacij\u0173.<\/span><\/p>\n","protected":false},"excerpt":{"rendered":"<p><span style=\"font-weight: 400;\">Specialiai sukurtas aus\u0173 valymo tirpalas, skirtas \u0161unims ir kat\u0117ms. \u0160velni formul\u0117 u\u017etikrina efektyv\u0173 valym\u0105, pa\u0161alindama aus\u0173 va\u0161k\u0105 ir ne\u0161varumus, nedirgindama ausies kanalo. Jis tinka kasdienei prie\u017ei\u016brai arba naudoti esant u\u017edegimams.<\/span><\/p>\n","protected":false},"featured_media":16202,"template":"","meta":[],"product_brand":[],"product_cat":[101,102,108,110,119,121],"product_tag":[],"class_list":{"0":"post-16201","1":"product","2":"type-product","3":"status-publish","4":"has-post-thumbnail","6":"product_cat-sunims","7":"product_cat-katems","8":"product_cat-prieziuros-priemones","9":"product_cat-ausu-akiu-nosyciu-prieziura","10":"product_cat-prieziuros-priemones-katems","11":"product_cat-ausu-akiu-nosyciu-prieziura-prieziuros-priemones-katems","13":"first","14":"instock","15":"sale","16":"taxable","17":"shipping-taxable","18":"purchasable","19":"product-type-variable"},"yoast_head":"<!-- This site is optimized with the Yoast SEO Premium plugin v27.1 (Yoast SEO v27.3) - https:\/\/yoast.com\/product\/yoast-seo-premium-wordpress\/ -->\n<title>Vetoquinol Otifree valiklis ausims - anivet.lt<\/title>\n<meta name=\"description\" content=\"Specialiai sukurtas aus\u0173 valymo tirpalas, skirtas \u0161unims ir kat\u0117ms. \u0160velni formul\u0117 u\u017etikrina efektyv\u0173 valym\u0105, pa\u0161alindama aus\u0173 va\u0161k\u0105 ir ne\u0161varumus, nedirgindama ausies kanalo. Jis tinka kasdienei prie\u017ei\u016brai arba naudoti esant u\u017edegimams.\" \/>\n<meta name=\"robots\" content=\"index, follow, max-snippet:-1, max-image-preview:large, max-video-preview:-1\" \/>\n<link rel=\"canonical\" href=\"https:\/\/anivet.lt\/elparduotuve\/produktas\/vetoquinol-otifree-valiklis-ausims\/\" \/>\n<meta property=\"og:locale\" content=\"lt_LT\" \/>\n<meta property=\"og:type\" content=\"article\" \/>\n<meta property=\"og:title\" content=\"Vetoquinol Otifree valiklis ausims\" \/>\n<meta property=\"og:description\" content=\"Specialiai sukurtas aus\u0173 valymo tirpalas, skirtas \u0161unims ir kat\u0117ms. \u0160velni formul\u0117 u\u017etikrina efektyv\u0173 valym\u0105, pa\u0161alindama aus\u0173 va\u0161k\u0105 ir ne\u0161varumus, nedirgindama ausies kanalo. Jis tinka kasdienei prie\u017ei\u016brai arba naudoti esant u\u017edegimams.\" \/>\n<meta property=\"og:url\" content=\"https:\/\/anivet.lt\/elparduotuve\/produktas\/vetoquinol-otifree-valiklis-ausims\/\" \/>\n<meta property=\"og:site_name\" content=\"anivet.lt\" \/>\n<meta property=\"article:modified_time\" content=\"2026-04-06T08:24:31+00:00\" \/>\n<meta property=\"og:image\" content=\"https:\/\/anivet.lt\/elparduotuve\/wp-content\/uploads\/2025\/01\/42.-Vetoquinol-Otifree-valiklis-ausims-60ml-160ml.png\" \/>\n\t<meta property=\"og:image:width\" content=\"600\" \/>\n\t<meta property=\"og:image:height\" content=\"600\" \/>\n\t<meta property=\"og:image:type\" content=\"image\/png\" \/>\n<meta name=\"twitter:card\" content=\"summary_large_image\" \/>\n<meta name=\"twitter:label1\" content=\"Est. reading time\" \/>\n\t<meta name=\"twitter:data1\" content=\"1 minut\u0117\" \/>\n<script type=\"application\/ld+json\" class=\"yoast-schema-graph\">{\"@context\":\"https:\\\/\\\/schema.org\",\"@graph\":[{\"@type\":\"WebPage\",\"@id\":\"https:\\\/\\\/anivet.lt\\\/elparduotuve\\\/produktas\\\/vetoquinol-otifree-valiklis-ausims\\\/\",\"url\":\"https:\\\/\\\/anivet.lt\\\/elparduotuve\\\/produktas\\\/vetoquinol-otifree-valiklis-ausims\\\/\",\"name\":\"Vetoquinol Otifree valiklis ausims - anivet.lt\",\"isPartOf\":{\"@id\":\"https:\\\/\\\/anivet.lt\\\/elparduotuve\\\/#website\"},\"primaryImageOfPage\":{\"@id\":\"https:\\\/\\\/anivet.lt\\\/elparduotuve\\\/produktas\\\/vetoquinol-otifree-valiklis-ausims\\\/#primaryimage\"},\"image\":{\"@id\":\"https:\\\/\\\/anivet.lt\\\/elparduotuve\\\/produktas\\\/vetoquinol-otifree-valiklis-ausims\\\/#primaryimage\"},\"thumbnailUrl\":\"https:\\\/\\\/anivet.lt\\\/elparduotuve\\\/wp-content\\\/uploads\\\/2025\\\/01\\\/42.-Vetoquinol-Otifree-valiklis-ausims-60ml-160ml.png\",\"datePublished\":\"2025-01-10T08:30:29+00:00\",\"dateModified\":\"2026-04-06T08:24:31+00:00\",\"description\":\"Specialiai sukurtas aus\u0173 valymo tirpalas, skirtas \u0161unims ir kat\u0117ms. \u0160velni formul\u0117 u\u017etikrina efektyv\u0173 valym\u0105, pa\u0161alindama aus\u0173 va\u0161k\u0105 ir ne\u0161varumus, nedirgindama ausies kanalo. Jis tinka kasdienei prie\u017ei\u016brai arba naudoti esant u\u017edegimams.\",\"breadcrumb\":{\"@id\":\"https:\\\/\\\/anivet.lt\\\/elparduotuve\\\/produktas\\\/vetoquinol-otifree-valiklis-ausims\\\/#breadcrumb\"},\"inLanguage\":\"lt-LT\",\"potentialAction\":[{\"@type\":\"ReadAction\",\"target\":[\"https:\\\/\\\/anivet.lt\\\/elparduotuve\\\/produktas\\\/vetoquinol-otifree-valiklis-ausims\\\/\"]}]},{\"@type\":\"ImageObject\",\"inLanguage\":\"lt-LT\",\"@id\":\"https:\\\/\\\/anivet.lt\\\/elparduotuve\\\/produktas\\\/vetoquinol-otifree-valiklis-ausims\\\/#primaryimage\",\"url\":\"https:\\\/\\\/anivet.lt\\\/elparduotuve\\\/wp-content\\\/uploads\\\/2025\\\/01\\\/42.-Vetoquinol-Otifree-valiklis-ausims-60ml-160ml.png\",\"contentUrl\":\"https:\\\/\\\/anivet.lt\\\/elparduotuve\\\/wp-content\\\/uploads\\\/2025\\\/01\\\/42.-Vetoquinol-Otifree-valiklis-ausims-60ml-160ml.png\",\"width\":600,\"height\":600,\"caption\":\"Vetoquinol Otifree valiklis ausims\"},{\"@type\":\"BreadcrumbList\",\"@id\":\"https:\\\/\\\/anivet.lt\\\/elparduotuve\\\/produktas\\\/vetoquinol-otifree-valiklis-ausims\\\/#breadcrumb\",\"itemListElement\":[{\"@type\":\"ListItem\",\"position\":1,\"name\":\"Home\",\"item\":\"https:\\\/\\\/anivet.lt\\\/elparduotuve\\\/\"},{\"@type\":\"ListItem\",\"position\":2,\"name\":\"Produktai\",\"item\":\"https:\\\/\\\/anivet.lt\\\/elparduotuve\\\/produktai\\\/\"},{\"@type\":\"ListItem\",\"position\":3,\"name\":\"Vetoquinol Otifree valiklis ausims\"}]},{\"@type\":\"WebSite\",\"@id\":\"https:\\\/\\\/anivet.lt\\\/elparduotuve\\\/#website\",\"url\":\"https:\\\/\\\/anivet.lt\\\/elparduotuve\\\/\",\"name\":\"anivet.lt\",\"description\":\"Viskas J\u016bs\u0173 \u0161uns, kat\u0117s prie\u017ei\u016brai\",\"publisher\":{\"@id\":\"https:\\\/\\\/anivet.lt\\\/elparduotuve\\\/#organization\"},\"alternateName\":\"Viskas J\u016bs\u0173 \u0161uns, kat\u0117s prie\u017ei\u016brai\",\"potentialAction\":[{\"@type\":\"SearchAction\",\"target\":{\"@type\":\"EntryPoint\",\"urlTemplate\":\"https:\\\/\\\/anivet.lt\\\/elparduotuve\\\/?s={search_term_string}\"},\"query-input\":{\"@type\":\"PropertyValueSpecification\",\"valueRequired\":true,\"valueName\":\"search_term_string\"}}],\"inLanguage\":\"lt-LT\"},{\"@type\":\"Organization\",\"@id\":\"https:\\\/\\\/anivet.lt\\\/elparduotuve\\\/#organization\",\"name\":\"Viskas J\u016bs\u0173 \u0161uns, kat\u0117s prie\u017ei\u016brai\",\"url\":\"https:\\\/\\\/anivet.lt\\\/elparduotuve\\\/\",\"logo\":{\"@type\":\"ImageObject\",\"inLanguage\":\"lt-LT\",\"@id\":\"https:\\\/\\\/anivet.lt\\\/elparduotuve\\\/#\\\/schema\\\/logo\\\/image\\\/\",\"url\":\"https:\\\/\\\/anivet.lt\\\/elparduotuve\\\/wp-content\\\/uploads\\\/2023\\\/06\\\/logo2.jpg\",\"contentUrl\":\"https:\\\/\\\/anivet.lt\\\/elparduotuve\\\/wp-content\\\/uploads\\\/2023\\\/06\\\/logo2.jpg\",\"width\":655,\"height\":194,\"caption\":\"Viskas J\u016bs\u0173 \u0161uns, kat\u0117s prie\u017ei\u016brai\"},\"image\":{\"@id\":\"https:\\\/\\\/anivet.lt\\\/elparduotuve\\\/#\\\/schema\\\/logo\\\/image\\\/\"}}]}<\/script>\n<!-- \/ Yoast SEO Premium plugin. -->","yoast_head_json":{"title":"Vetoquinol Otifree valiklis ausims - anivet.lt","description":"Specialiai sukurtas aus\u0173 valymo tirpalas, skirtas \u0161unims ir kat\u0117ms. \u0160velni formul\u0117 u\u017etikrina efektyv\u0173 valym\u0105, pa\u0161alindama aus\u0173 va\u0161k\u0105 ir ne\u0161varumus, nedirgindama ausies kanalo. Jis tinka kasdienei prie\u017ei\u016brai arba naudoti esant u\u017edegimams.","robots":{"index":"index","follow":"follow","max-snippet":"max-snippet:-1","max-image-preview":"max-image-preview:large","max-video-preview":"max-video-preview:-1"},"canonical":"https:\/\/anivet.lt\/elparduotuve\/produktas\/vetoquinol-otifree-valiklis-ausims\/","og_locale":"lt_LT","og_type":"article","og_title":"Vetoquinol Otifree valiklis ausims","og_description":"Specialiai sukurtas aus\u0173 valymo tirpalas, skirtas \u0161unims ir kat\u0117ms. \u0160velni formul\u0117 u\u017etikrina efektyv\u0173 valym\u0105, pa\u0161alindama aus\u0173 va\u0161k\u0105 ir ne\u0161varumus, nedirgindama ausies kanalo. Jis tinka kasdienei prie\u017ei\u016brai arba naudoti esant u\u017edegimams.","og_url":"https:\/\/anivet.lt\/elparduotuve\/produktas\/vetoquinol-otifree-valiklis-ausims\/","og_site_name":"anivet.lt","article_modified_time":"2026-04-06T08:24:31+00:00","og_image":[{"width":600,"height":600,"url":"https:\/\/anivet.lt\/elparduotuve\/wp-content\/uploads\/2025\/01\/42.-Vetoquinol-Otifree-valiklis-ausims-60ml-160ml.png","type":"image\/png"}],"twitter_card":"summary_large_image","twitter_misc":{"Est. reading time":"1 minut\u0117"},"schema":{"@context":"https:\/\/schema.org","@graph":[{"@type":"WebPage","@id":"https:\/\/anivet.lt\/elparduotuve\/produktas\/vetoquinol-otifree-valiklis-ausims\/","url":"https:\/\/anivet.lt\/elparduotuve\/produktas\/vetoquinol-otifree-valiklis-ausims\/","name":"Vetoquinol Otifree valiklis ausims - anivet.lt","isPartOf":{"@id":"https:\/\/anivet.lt\/elparduotuve\/#website"},"primaryImageOfPage":{"@id":"https:\/\/anivet.lt\/elparduotuve\/produktas\/vetoquinol-otifree-valiklis-ausims\/#primaryimage"},"image":{"@id":"https:\/\/anivet.lt\/elparduotuve\/produktas\/vetoquinol-otifree-valiklis-ausims\/#primaryimage"},"thumbnailUrl":"https:\/\/anivet.lt\/elparduotuve\/wp-content\/uploads\/2025\/01\/42.-Vetoquinol-Otifree-valiklis-ausims-60ml-160ml.png","datePublished":"2025-01-10T08:30:29+00:00","dateModified":"2026-04-06T08:24:31+00:00","description":"Specialiai sukurtas aus\u0173 valymo tirpalas, skirtas \u0161unims ir kat\u0117ms. \u0160velni formul\u0117 u\u017etikrina efektyv\u0173 valym\u0105, pa\u0161alindama aus\u0173 va\u0161k\u0105 ir ne\u0161varumus, nedirgindama ausies kanalo. Jis tinka kasdienei prie\u017ei\u016brai arba naudoti esant u\u017edegimams.","breadcrumb":{"@id":"https:\/\/anivet.lt\/elparduotuve\/produktas\/vetoquinol-otifree-valiklis-ausims\/#breadcrumb"},"inLanguage":"lt-LT","potentialAction":[{"@type":"ReadAction","target":["https:\/\/anivet.lt\/elparduotuve\/produktas\/vetoquinol-otifree-valiklis-ausims\/"]}]},{"@type":"ImageObject","inLanguage":"lt-LT","@id":"https:\/\/anivet.lt\/elparduotuve\/produktas\/vetoquinol-otifree-valiklis-ausims\/#primaryimage","url":"https:\/\/anivet.lt\/elparduotuve\/wp-content\/uploads\/2025\/01\/42.-Vetoquinol-Otifree-valiklis-ausims-60ml-160ml.png","contentUrl":"https:\/\/anivet.lt\/elparduotuve\/wp-content\/uploads\/2025\/01\/42.-Vetoquinol-Otifree-valiklis-ausims-60ml-160ml.png","width":600,"height":600,"caption":"Vetoquinol Otifree valiklis ausims"},{"@type":"BreadcrumbList","@id":"https:\/\/anivet.lt\/elparduotuve\/produktas\/vetoquinol-otifree-valiklis-ausims\/#breadcrumb","itemListElement":[{"@type":"ListItem","position":1,"name":"Home","item":"https:\/\/anivet.lt\/elparduotuve\/"},{"@type":"ListItem","position":2,"name":"Produktai","item":"https:\/\/anivet.lt\/elparduotuve\/produktai\/"},{"@type":"ListItem","position":3,"name":"Vetoquinol Otifree valiklis ausims"}]},{"@type":"WebSite","@id":"https:\/\/anivet.lt\/elparduotuve\/#website","url":"https:\/\/anivet.lt\/elparduotuve\/","name":"anivet.lt","description":"Viskas J\u016bs\u0173 \u0161uns, kat\u0117s prie\u017ei\u016brai","publisher":{"@id":"https:\/\/anivet.lt\/elparduotuve\/#organization"},"alternateName":"Viskas J\u016bs\u0173 \u0161uns, kat\u0117s prie\u017ei\u016brai","potentialAction":[{"@type":"SearchAction","target":{"@type":"EntryPoint","urlTemplate":"https:\/\/anivet.lt\/elparduotuve\/?s={search_term_string}"},"query-input":{"@type":"PropertyValueSpecification","valueRequired":true,"valueName":"search_term_string"}}],"inLanguage":"lt-LT"},{"@type":"Organization","@id":"https:\/\/anivet.lt\/elparduotuve\/#organization","name":"Viskas J\u016bs\u0173 \u0161uns, kat\u0117s prie\u017ei\u016brai","url":"https:\/\/anivet.lt\/elparduotuve\/","logo":{"@type":"ImageObject","inLanguage":"lt-LT","@id":"https:\/\/anivet.lt\/elparduotuve\/#\/schema\/logo\/image\/","url":"https:\/\/anivet.lt\/elparduotuve\/wp-content\/uploads\/2023\/06\/logo2.jpg","contentUrl":"https:\/\/anivet.lt\/elparduotuve\/wp-content\/uploads\/2023\/06\/logo2.jpg","width":655,"height":194,"caption":"Viskas J\u016bs\u0173 \u0161uns, kat\u0117s prie\u017ei\u016brai"},"image":{"@id":"https:\/\/anivet.lt\/elparduotuve\/#\/schema\/logo\/image\/"}}]}},"_links":{"self":[{"href":"https:\/\/anivet.lt\/elparduotuve\/wp-json\/wp\/v2\/product\/16201","targetHints":{"allow":["GET"]}}],"collection":[{"href":"https:\/\/anivet.lt\/elparduotuve\/wp-json\/wp\/v2\/product"}],"about":[{"href":"https:\/\/anivet.lt\/elparduotuve\/wp-json\/wp\/v2\/types\/product"}],"wp:featuredmedia":[{"embeddable":true,"href":"https:\/\/anivet.lt\/elparduotuve\/wp-json\/wp\/v2\/media\/16202"}],"wp:attachment":[{"href":"https:\/\/anivet.lt\/elparduotuve\/wp-json\/wp\/v2\/media?parent=16201"}],"wp:term":[{"taxonomy":"product_brand","embeddable":true,"href":"https:\/\/anivet.lt\/elparduotuve\/wp-json\/wp\/v2\/product_brand?post=16201"},{"taxonomy":"product_cat","embeddable":true,"href":"https:\/\/anivet.lt\/elparduotuve\/wp-json\/wp\/v2\/product_cat?post=16201"},{"taxonomy":"product_tag","embeddable":true,"href":"https:\/\/anivet.lt\/elparduotuve\/wp-json\/wp\/v2\/product_tag?post=16201"}],"curies":[{"name":"wp","href":"https:\/\/api.w.org\/{rel}","templated":true}]}}