{"id":16710,"date":"2025-02-18T11:21:33","date_gmt":"2025-02-18T11:21:33","guid":{"rendered":"https:\/\/anivet.lt\/elparduotuve\/?post_type=product&#038;p=16710"},"modified":"2025-09-30T19:31:39","modified_gmt":"2025-09-30T19:31:39","slug":"wepharm-wepaticare-medium-and-large-breeds-kepenu-veiklai-30tab","status":"publish","type":"product","link":"https:\/\/anivet.lt\/elparduotuve\/produktas\/wepharm-wepaticare-medium-and-large-breeds-kepenu-veiklai-30tab\/","title":{"rendered":"Wepharm WePaticare Medium and Large Breeds kepen\u0173 veiklai 30tab."},"content":{"rendered":"<p>\u201eWePatiCare\u201c turi pagrindin\u012f antioksidant\u0173 ir apsaugini\u0173 med\u017eiag\u0173 derin\u012f, kuris yra b\u016btinas norint pad\u0117ti susidoroti su poky\u010diais, atsirandan\u010diais d\u0117l kepen\u0173 problem\u0173.<\/p>\n","protected":false},"excerpt":{"rendered":"<p>WePatiCare Medium and Large Breeds papildas \u0161unims, skirtas kepen\u0173 funkcijai ir l\u0117tiniam kepen\u0173 nepakankamumui palaikyti.<\/p>\n","protected":false},"featured_media":16711,"template":"","meta":[],"product_brand":[],"product_cat":[101,113],"product_tag":[],"class_list":{"0":"post-16710","1":"product","2":"type-product","3":"status-publish","4":"has-post-thumbnail","6":"product_cat-sunims","7":"product_cat-vitaminai-ir-papildai","8":"pa_prekinis-zenklas-wepharm","10":"first","11":"instock","12":"taxable","13":"shipping-taxable","14":"purchasable","15":"product-type-simple"},"yoast_head":"<!-- This site is optimized with the Yoast SEO Premium plugin v27.1 (Yoast SEO v27.3) - https:\/\/yoast.com\/product\/yoast-seo-premium-wordpress\/ -->\n<title>Wepharm WePaticare Medium and Large Breeds kepen\u0173 veiklai 30tab. - anivet.lt<\/title>\n<meta name=\"description\" content=\"WePatiCare Medium and Large Breeds papildas \u0161unims, skirtas kepen\u0173 funkcijai ir l\u0117tiniam kepen\u0173 nepakankamumui palaikyti.\" \/>\n<meta name=\"robots\" content=\"index, follow, max-snippet:-1, max-image-preview:large, max-video-preview:-1\" \/>\n<link rel=\"canonical\" href=\"https:\/\/anivet.lt\/elparduotuve\/produktas\/wepharm-wepaticare-medium-and-large-breeds-kepenu-veiklai-30tab\/\" \/>\n<meta property=\"og:locale\" content=\"lt_LT\" \/>\n<meta property=\"og:type\" content=\"article\" \/>\n<meta property=\"og:title\" content=\"Wepharm WePaticare Medium and Large Breeds kepen\u0173 veiklai 30tab.\" \/>\n<meta property=\"og:description\" content=\"WePatiCare Medium and Large Breeds papildas \u0161unims, skirtas kepen\u0173 funkcijai ir l\u0117tiniam kepen\u0173 nepakankamumui palaikyti.\" \/>\n<meta property=\"og:url\" content=\"https:\/\/anivet.lt\/elparduotuve\/produktas\/wepharm-wepaticare-medium-and-large-breeds-kepenu-veiklai-30tab\/\" \/>\n<meta property=\"og:site_name\" content=\"anivet.lt\" \/>\n<meta property=\"article:modified_time\" content=\"2025-09-30T19:31:39+00:00\" \/>\n<meta property=\"og:image\" content=\"https:\/\/anivet.lt\/elparduotuve\/wp-content\/uploads\/2025\/02\/4.-Wepharm-WePaticare-Medium-and-Large-Breeds-N30.jpg\" \/>\n\t<meta property=\"og:image:width\" content=\"595\" \/>\n\t<meta property=\"og:image:height\" content=\"595\" \/>\n\t<meta property=\"og:image:type\" content=\"image\/jpeg\" \/>\n<meta name=\"twitter:card\" content=\"summary_large_image\" \/>\n<meta name=\"twitter:label1\" content=\"Est. reading time\" \/>\n\t<meta name=\"twitter:data1\" content=\"1 minut\u0117\" \/>\n<script type=\"application\/ld+json\" class=\"yoast-schema-graph\">{\"@context\":\"https:\\\/\\\/schema.org\",\"@graph\":[{\"@type\":\"WebPage\",\"@id\":\"https:\\\/\\\/anivet.lt\\\/elparduotuve\\\/produktas\\\/wepharm-wepaticare-medium-and-large-breeds-kepenu-veiklai-30tab\\\/\",\"url\":\"https:\\\/\\\/anivet.lt\\\/elparduotuve\\\/produktas\\\/wepharm-wepaticare-medium-and-large-breeds-kepenu-veiklai-30tab\\\/\",\"name\":\"Wepharm WePaticare Medium and Large Breeds kepen\u0173 veiklai 30tab. - anivet.lt\",\"isPartOf\":{\"@id\":\"https:\\\/\\\/anivet.lt\\\/elparduotuve\\\/#website\"},\"primaryImageOfPage\":{\"@id\":\"https:\\\/\\\/anivet.lt\\\/elparduotuve\\\/produktas\\\/wepharm-wepaticare-medium-and-large-breeds-kepenu-veiklai-30tab\\\/#primaryimage\"},\"image\":{\"@id\":\"https:\\\/\\\/anivet.lt\\\/elparduotuve\\\/produktas\\\/wepharm-wepaticare-medium-and-large-breeds-kepenu-veiklai-30tab\\\/#primaryimage\"},\"thumbnailUrl\":\"https:\\\/\\\/anivet.lt\\\/elparduotuve\\\/wp-content\\\/uploads\\\/2025\\\/02\\\/4.-Wepharm-WePaticare-Medium-and-Large-Breeds-N30.jpg\",\"datePublished\":\"2025-02-18T11:21:33+00:00\",\"dateModified\":\"2025-09-30T19:31:39+00:00\",\"description\":\"WePatiCare Medium and Large Breeds papildas \u0161unims, skirtas kepen\u0173 funkcijai ir l\u0117tiniam kepen\u0173 nepakankamumui palaikyti.\",\"breadcrumb\":{\"@id\":\"https:\\\/\\\/anivet.lt\\\/elparduotuve\\\/produktas\\\/wepharm-wepaticare-medium-and-large-breeds-kepenu-veiklai-30tab\\\/#breadcrumb\"},\"inLanguage\":\"lt-LT\",\"potentialAction\":[{\"@type\":\"ReadAction\",\"target\":[\"https:\\\/\\\/anivet.lt\\\/elparduotuve\\\/produktas\\\/wepharm-wepaticare-medium-and-large-breeds-kepenu-veiklai-30tab\\\/\"]}]},{\"@type\":\"ImageObject\",\"inLanguage\":\"lt-LT\",\"@id\":\"https:\\\/\\\/anivet.lt\\\/elparduotuve\\\/produktas\\\/wepharm-wepaticare-medium-and-large-breeds-kepenu-veiklai-30tab\\\/#primaryimage\",\"url\":\"https:\\\/\\\/anivet.lt\\\/elparduotuve\\\/wp-content\\\/uploads\\\/2025\\\/02\\\/4.-Wepharm-WePaticare-Medium-and-Large-Breeds-N30.jpg\",\"contentUrl\":\"https:\\\/\\\/anivet.lt\\\/elparduotuve\\\/wp-content\\\/uploads\\\/2025\\\/02\\\/4.-Wepharm-WePaticare-Medium-and-Large-Breeds-N30.jpg\",\"width\":595,\"height\":595,\"caption\":\"Wepharm WePaticare Medium and Large Breeds kepen\u0173 veiklai 30tab.\"},{\"@type\":\"BreadcrumbList\",\"@id\":\"https:\\\/\\\/anivet.lt\\\/elparduotuve\\\/produktas\\\/wepharm-wepaticare-medium-and-large-breeds-kepenu-veiklai-30tab\\\/#breadcrumb\",\"itemListElement\":[{\"@type\":\"ListItem\",\"position\":1,\"name\":\"Home\",\"item\":\"https:\\\/\\\/anivet.lt\\\/elparduotuve\\\/\"},{\"@type\":\"ListItem\",\"position\":2,\"name\":\"Produktai\",\"item\":\"https:\\\/\\\/anivet.lt\\\/elparduotuve\\\/produktai\\\/\"},{\"@type\":\"ListItem\",\"position\":3,\"name\":\"Wepharm WePaticare Medium and Large Breeds kepen\u0173 veiklai 30tab.\"}]},{\"@type\":\"WebSite\",\"@id\":\"https:\\\/\\\/anivet.lt\\\/elparduotuve\\\/#website\",\"url\":\"https:\\\/\\\/anivet.lt\\\/elparduotuve\\\/\",\"name\":\"anivet.lt\",\"description\":\"Viskas J\u016bs\u0173 \u0161uns, kat\u0117s prie\u017ei\u016brai\",\"publisher\":{\"@id\":\"https:\\\/\\\/anivet.lt\\\/elparduotuve\\\/#organization\"},\"alternateName\":\"Viskas J\u016bs\u0173 \u0161uns, kat\u0117s prie\u017ei\u016brai\",\"potentialAction\":[{\"@type\":\"SearchAction\",\"target\":{\"@type\":\"EntryPoint\",\"urlTemplate\":\"https:\\\/\\\/anivet.lt\\\/elparduotuve\\\/?s={search_term_string}\"},\"query-input\":{\"@type\":\"PropertyValueSpecification\",\"valueRequired\":true,\"valueName\":\"search_term_string\"}}],\"inLanguage\":\"lt-LT\"},{\"@type\":\"Organization\",\"@id\":\"https:\\\/\\\/anivet.lt\\\/elparduotuve\\\/#organization\",\"name\":\"Viskas J\u016bs\u0173 \u0161uns, kat\u0117s prie\u017ei\u016brai\",\"url\":\"https:\\\/\\\/anivet.lt\\\/elparduotuve\\\/\",\"logo\":{\"@type\":\"ImageObject\",\"inLanguage\":\"lt-LT\",\"@id\":\"https:\\\/\\\/anivet.lt\\\/elparduotuve\\\/#\\\/schema\\\/logo\\\/image\\\/\",\"url\":\"https:\\\/\\\/anivet.lt\\\/elparduotuve\\\/wp-content\\\/uploads\\\/2023\\\/06\\\/logo2.jpg\",\"contentUrl\":\"https:\\\/\\\/anivet.lt\\\/elparduotuve\\\/wp-content\\\/uploads\\\/2023\\\/06\\\/logo2.jpg\",\"width\":655,\"height\":194,\"caption\":\"Viskas J\u016bs\u0173 \u0161uns, kat\u0117s prie\u017ei\u016brai\"},\"image\":{\"@id\":\"https:\\\/\\\/anivet.lt\\\/elparduotuve\\\/#\\\/schema\\\/logo\\\/image\\\/\"}}]}<\/script>\n<!-- \/ Yoast SEO Premium plugin. -->","yoast_head_json":{"title":"Wepharm WePaticare Medium and Large Breeds kepen\u0173 veiklai 30tab. - anivet.lt","description":"WePatiCare Medium and Large Breeds papildas \u0161unims, skirtas kepen\u0173 funkcijai ir l\u0117tiniam kepen\u0173 nepakankamumui palaikyti.","robots":{"index":"index","follow":"follow","max-snippet":"max-snippet:-1","max-image-preview":"max-image-preview:large","max-video-preview":"max-video-preview:-1"},"canonical":"https:\/\/anivet.lt\/elparduotuve\/produktas\/wepharm-wepaticare-medium-and-large-breeds-kepenu-veiklai-30tab\/","og_locale":"lt_LT","og_type":"article","og_title":"Wepharm WePaticare Medium and Large Breeds kepen\u0173 veiklai 30tab.","og_description":"WePatiCare Medium and Large Breeds papildas \u0161unims, skirtas kepen\u0173 funkcijai ir l\u0117tiniam kepen\u0173 nepakankamumui palaikyti.","og_url":"https:\/\/anivet.lt\/elparduotuve\/produktas\/wepharm-wepaticare-medium-and-large-breeds-kepenu-veiklai-30tab\/","og_site_name":"anivet.lt","article_modified_time":"2025-09-30T19:31:39+00:00","og_image":[{"width":595,"height":595,"url":"https:\/\/anivet.lt\/elparduotuve\/wp-content\/uploads\/2025\/02\/4.-Wepharm-WePaticare-Medium-and-Large-Breeds-N30.jpg","type":"image\/jpeg"}],"twitter_card":"summary_large_image","twitter_misc":{"Est. reading time":"1 minut\u0117"},"schema":{"@context":"https:\/\/schema.org","@graph":[{"@type":"WebPage","@id":"https:\/\/anivet.lt\/elparduotuve\/produktas\/wepharm-wepaticare-medium-and-large-breeds-kepenu-veiklai-30tab\/","url":"https:\/\/anivet.lt\/elparduotuve\/produktas\/wepharm-wepaticare-medium-and-large-breeds-kepenu-veiklai-30tab\/","name":"Wepharm WePaticare Medium and Large Breeds kepen\u0173 veiklai 30tab. - anivet.lt","isPartOf":{"@id":"https:\/\/anivet.lt\/elparduotuve\/#website"},"primaryImageOfPage":{"@id":"https:\/\/anivet.lt\/elparduotuve\/produktas\/wepharm-wepaticare-medium-and-large-breeds-kepenu-veiklai-30tab\/#primaryimage"},"image":{"@id":"https:\/\/anivet.lt\/elparduotuve\/produktas\/wepharm-wepaticare-medium-and-large-breeds-kepenu-veiklai-30tab\/#primaryimage"},"thumbnailUrl":"https:\/\/anivet.lt\/elparduotuve\/wp-content\/uploads\/2025\/02\/4.-Wepharm-WePaticare-Medium-and-Large-Breeds-N30.jpg","datePublished":"2025-02-18T11:21:33+00:00","dateModified":"2025-09-30T19:31:39+00:00","description":"WePatiCare Medium and Large Breeds papildas \u0161unims, skirtas kepen\u0173 funkcijai ir l\u0117tiniam kepen\u0173 nepakankamumui palaikyti.","breadcrumb":{"@id":"https:\/\/anivet.lt\/elparduotuve\/produktas\/wepharm-wepaticare-medium-and-large-breeds-kepenu-veiklai-30tab\/#breadcrumb"},"inLanguage":"lt-LT","potentialAction":[{"@type":"ReadAction","target":["https:\/\/anivet.lt\/elparduotuve\/produktas\/wepharm-wepaticare-medium-and-large-breeds-kepenu-veiklai-30tab\/"]}]},{"@type":"ImageObject","inLanguage":"lt-LT","@id":"https:\/\/anivet.lt\/elparduotuve\/produktas\/wepharm-wepaticare-medium-and-large-breeds-kepenu-veiklai-30tab\/#primaryimage","url":"https:\/\/anivet.lt\/elparduotuve\/wp-content\/uploads\/2025\/02\/4.-Wepharm-WePaticare-Medium-and-Large-Breeds-N30.jpg","contentUrl":"https:\/\/anivet.lt\/elparduotuve\/wp-content\/uploads\/2025\/02\/4.-Wepharm-WePaticare-Medium-and-Large-Breeds-N30.jpg","width":595,"height":595,"caption":"Wepharm WePaticare Medium and Large Breeds kepen\u0173 veiklai 30tab."},{"@type":"BreadcrumbList","@id":"https:\/\/anivet.lt\/elparduotuve\/produktas\/wepharm-wepaticare-medium-and-large-breeds-kepenu-veiklai-30tab\/#breadcrumb","itemListElement":[{"@type":"ListItem","position":1,"name":"Home","item":"https:\/\/anivet.lt\/elparduotuve\/"},{"@type":"ListItem","position":2,"name":"Produktai","item":"https:\/\/anivet.lt\/elparduotuve\/produktai\/"},{"@type":"ListItem","position":3,"name":"Wepharm WePaticare Medium and Large Breeds kepen\u0173 veiklai 30tab."}]},{"@type":"WebSite","@id":"https:\/\/anivet.lt\/elparduotuve\/#website","url":"https:\/\/anivet.lt\/elparduotuve\/","name":"anivet.lt","description":"Viskas J\u016bs\u0173 \u0161uns, kat\u0117s prie\u017ei\u016brai","publisher":{"@id":"https:\/\/anivet.lt\/elparduotuve\/#organization"},"alternateName":"Viskas J\u016bs\u0173 \u0161uns, kat\u0117s prie\u017ei\u016brai","potentialAction":[{"@type":"SearchAction","target":{"@type":"EntryPoint","urlTemplate":"https:\/\/anivet.lt\/elparduotuve\/?s={search_term_string}"},"query-input":{"@type":"PropertyValueSpecification","valueRequired":true,"valueName":"search_term_string"}}],"inLanguage":"lt-LT"},{"@type":"Organization","@id":"https:\/\/anivet.lt\/elparduotuve\/#organization","name":"Viskas J\u016bs\u0173 \u0161uns, kat\u0117s prie\u017ei\u016brai","url":"https:\/\/anivet.lt\/elparduotuve\/","logo":{"@type":"ImageObject","inLanguage":"lt-LT","@id":"https:\/\/anivet.lt\/elparduotuve\/#\/schema\/logo\/image\/","url":"https:\/\/anivet.lt\/elparduotuve\/wp-content\/uploads\/2023\/06\/logo2.jpg","contentUrl":"https:\/\/anivet.lt\/elparduotuve\/wp-content\/uploads\/2023\/06\/logo2.jpg","width":655,"height":194,"caption":"Viskas J\u016bs\u0173 \u0161uns, kat\u0117s prie\u017ei\u016brai"},"image":{"@id":"https:\/\/anivet.lt\/elparduotuve\/#\/schema\/logo\/image\/"}}]}},"_links":{"self":[{"href":"https:\/\/anivet.lt\/elparduotuve\/wp-json\/wp\/v2\/product\/16710","targetHints":{"allow":["GET"]}}],"collection":[{"href":"https:\/\/anivet.lt\/elparduotuve\/wp-json\/wp\/v2\/product"}],"about":[{"href":"https:\/\/anivet.lt\/elparduotuve\/wp-json\/wp\/v2\/types\/product"}],"wp:featuredmedia":[{"embeddable":true,"href":"https:\/\/anivet.lt\/elparduotuve\/wp-json\/wp\/v2\/media\/16711"}],"wp:attachment":[{"href":"https:\/\/anivet.lt\/elparduotuve\/wp-json\/wp\/v2\/media?parent=16710"}],"wp:term":[{"taxonomy":"product_brand","embeddable":true,"href":"https:\/\/anivet.lt\/elparduotuve\/wp-json\/wp\/v2\/product_brand?post=16710"},{"taxonomy":"product_cat","embeddable":true,"href":"https:\/\/anivet.lt\/elparduotuve\/wp-json\/wp\/v2\/product_cat?post=16710"},{"taxonomy":"product_tag","embeddable":true,"href":"https:\/\/anivet.lt\/elparduotuve\/wp-json\/wp\/v2\/product_tag?post=16710"}],"curies":[{"name":"wp","href":"https:\/\/api.w.org\/{rel}","templated":true}]}}