{"id":17159,"date":"2025-03-20T07:22:57","date_gmt":"2025-03-20T07:22:57","guid":{"rendered":"https:\/\/anivet.lt\/elparduotuve\/?post_type=product&#038;p=17159"},"modified":"2026-05-04T18:15:21","modified_gmt":"2026-05-04T18:15:21","slug":"chicopee-cnl-maxi-adult-poultry-millet-dideliu-veisliu-su-paukstiena","status":"publish","type":"product","link":"https:\/\/anivet.lt\/elparduotuve\/produktas\/chicopee-cnl-maxi-adult-poultry-millet-dideliu-veisliu-su-paukstiena\/","title":{"rendered":"Chicopee CNL Maxi Adult Poultry Millet dideli\u0173 veisli\u0173 su pauk\u0161tiena"},"content":{"rendered":"<p>Midij\u0173 ekstraktas &#8211; \u017eali\u0173j\u0173 midij\u0173 ekstrakte yra speciali\u0173j\u0173 komponent\u0173, kurie gali pad\u0117ti palaikyti kremzl\u0117s vystim\u0105si, papildomai sustiprindami s\u0105nari\u0173 kremzli\u0173 funkcionalum\u0105.<\/p>\n","protected":false},"excerpt":{"rendered":"<p>Chicopee Maxi Adult Poultry &amp; Millet (Classic Nature Line) visavertis \u0161un\u0173 maistas su pauk\u0161tiena skirtas dideli\u0173 veisli\u0173 \u0161unims<\/p>\n","protected":false},"featured_media":17160,"template":"","meta":[],"product_brand":[],"product_cat":[101,103,104,507],"product_tag":[],"class_list":{"0":"post-17159","1":"product","2":"type-product","3":"status-publish","4":"has-post-thumbnail","6":"product_cat-sunims","7":"product_cat-sunu-maistas","8":"product_cat-sausas-maistas","9":"product_cat-chicopee-sunu-maistas","10":"pa_prekinis-zenklas-chicopee","12":"first","13":"instock","14":"sale","15":"taxable","16":"shipping-taxable","17":"purchasable","18":"product-type-variable"},"yoast_head":"<!-- This site is optimized with the Yoast SEO Premium plugin v27.1 (Yoast SEO v27.5) - https:\/\/yoast.com\/product\/yoast-seo-premium-wordpress\/ -->\n<title>Chicopee CNL Maxi Adult Poultry Millet dideli\u0173 veisli\u0173 su pauk\u0161tiena - anivet.lt<\/title>\n<meta name=\"description\" content=\"Chicopee Maxi Adult Poultry &amp; Millet (Classic Nature Line) visavertis \u0161un\u0173 maistas su pauk\u0161tiena skirtas dideli\u0173 veisli\u0173 \u0161unims\" \/>\n<meta name=\"robots\" content=\"index, follow, max-snippet:-1, max-image-preview:large, max-video-preview:-1\" \/>\n<link rel=\"canonical\" href=\"https:\/\/anivet.lt\/elparduotuve\/produktas\/chicopee-cnl-maxi-adult-poultry-millet-dideliu-veisliu-su-paukstiena\/\" \/>\n<meta property=\"og:locale\" content=\"lt_LT\" \/>\n<meta property=\"og:type\" content=\"article\" \/>\n<meta property=\"og:title\" content=\"Chicopee CNL Maxi Adult Poultry Millet dideli\u0173 veisli\u0173 su pauk\u0161tiena\" \/>\n<meta property=\"og:description\" content=\"Chicopee Maxi Adult Poultry &amp; Millet (Classic Nature Line) visavertis \u0161un\u0173 maistas su pauk\u0161tiena skirtas dideli\u0173 veisli\u0173 \u0161unims\" \/>\n<meta property=\"og:url\" content=\"https:\/\/anivet.lt\/elparduotuve\/produktas\/chicopee-cnl-maxi-adult-poultry-millet-dideliu-veisliu-su-paukstiena\/\" \/>\n<meta property=\"og:site_name\" content=\"anivet.lt\" \/>\n<meta property=\"article:modified_time\" content=\"2026-05-04T18:15:21+00:00\" \/>\n<meta property=\"og:image\" content=\"https:\/\/anivet.lt\/elparduotuve\/wp-content\/uploads\/2025\/03\/82.-Chicopee-CNL-Maxi-Adult-Poultry-Millet-dideliu-veisliu-su-paukstiena.jpg\" \/>\n\t<meta property=\"og:image:width\" content=\"542\" \/>\n\t<meta property=\"og:image:height\" content=\"932\" \/>\n\t<meta property=\"og:image:type\" content=\"image\/jpeg\" \/>\n<meta name=\"twitter:card\" content=\"summary_large_image\" \/>\n<meta name=\"twitter:label1\" content=\"Est. reading time\" \/>\n\t<meta name=\"twitter:data1\" content=\"1 minut\u0117\" \/>\n<script type=\"application\/ld+json\" class=\"yoast-schema-graph\">{\"@context\":\"https:\\\/\\\/schema.org\",\"@graph\":[{\"@type\":\"WebPage\",\"@id\":\"https:\\\/\\\/anivet.lt\\\/elparduotuve\\\/produktas\\\/chicopee-cnl-maxi-adult-poultry-millet-dideliu-veisliu-su-paukstiena\\\/\",\"url\":\"https:\\\/\\\/anivet.lt\\\/elparduotuve\\\/produktas\\\/chicopee-cnl-maxi-adult-poultry-millet-dideliu-veisliu-su-paukstiena\\\/\",\"name\":\"Chicopee CNL Maxi Adult Poultry Millet dideli\u0173 veisli\u0173 su pauk\u0161tiena - anivet.lt\",\"isPartOf\":{\"@id\":\"https:\\\/\\\/anivet.lt\\\/elparduotuve\\\/#website\"},\"primaryImageOfPage\":{\"@id\":\"https:\\\/\\\/anivet.lt\\\/elparduotuve\\\/produktas\\\/chicopee-cnl-maxi-adult-poultry-millet-dideliu-veisliu-su-paukstiena\\\/#primaryimage\"},\"image\":{\"@id\":\"https:\\\/\\\/anivet.lt\\\/elparduotuve\\\/produktas\\\/chicopee-cnl-maxi-adult-poultry-millet-dideliu-veisliu-su-paukstiena\\\/#primaryimage\"},\"thumbnailUrl\":\"https:\\\/\\\/anivet.lt\\\/elparduotuve\\\/wp-content\\\/uploads\\\/2025\\\/03\\\/82.-Chicopee-CNL-Maxi-Adult-Poultry-Millet-dideliu-veisliu-su-paukstiena.jpg\",\"datePublished\":\"2025-03-20T07:22:57+00:00\",\"dateModified\":\"2026-05-04T18:15:21+00:00\",\"description\":\"Chicopee Maxi Adult Poultry &amp; Millet (Classic Nature Line) visavertis \u0161un\u0173 maistas su pauk\u0161tiena skirtas dideli\u0173 veisli\u0173 \u0161unims\",\"breadcrumb\":{\"@id\":\"https:\\\/\\\/anivet.lt\\\/elparduotuve\\\/produktas\\\/chicopee-cnl-maxi-adult-poultry-millet-dideliu-veisliu-su-paukstiena\\\/#breadcrumb\"},\"inLanguage\":\"lt-LT\",\"potentialAction\":[{\"@type\":\"ReadAction\",\"target\":[\"https:\\\/\\\/anivet.lt\\\/elparduotuve\\\/produktas\\\/chicopee-cnl-maxi-adult-poultry-millet-dideliu-veisliu-su-paukstiena\\\/\"]}]},{\"@type\":\"ImageObject\",\"inLanguage\":\"lt-LT\",\"@id\":\"https:\\\/\\\/anivet.lt\\\/elparduotuve\\\/produktas\\\/chicopee-cnl-maxi-adult-poultry-millet-dideliu-veisliu-su-paukstiena\\\/#primaryimage\",\"url\":\"https:\\\/\\\/anivet.lt\\\/elparduotuve\\\/wp-content\\\/uploads\\\/2025\\\/03\\\/82.-Chicopee-CNL-Maxi-Adult-Poultry-Millet-dideliu-veisliu-su-paukstiena.jpg\",\"contentUrl\":\"https:\\\/\\\/anivet.lt\\\/elparduotuve\\\/wp-content\\\/uploads\\\/2025\\\/03\\\/82.-Chicopee-CNL-Maxi-Adult-Poultry-Millet-dideliu-veisliu-su-paukstiena.jpg\",\"width\":542,\"height\":932,\"caption\":\"Chicopee CNL Maxi Adult Poultry Millet dideli\u0173 veisli\u0173 su pauk\u0161tiena\"},{\"@type\":\"BreadcrumbList\",\"@id\":\"https:\\\/\\\/anivet.lt\\\/elparduotuve\\\/produktas\\\/chicopee-cnl-maxi-adult-poultry-millet-dideliu-veisliu-su-paukstiena\\\/#breadcrumb\",\"itemListElement\":[{\"@type\":\"ListItem\",\"position\":1,\"name\":\"Home\",\"item\":\"https:\\\/\\\/anivet.lt\\\/elparduotuve\\\/\"},{\"@type\":\"ListItem\",\"position\":2,\"name\":\"Produktai\",\"item\":\"https:\\\/\\\/anivet.lt\\\/elparduotuve\\\/produktai\\\/\"},{\"@type\":\"ListItem\",\"position\":3,\"name\":\"Chicopee CNL Maxi Adult Poultry Millet dideli\u0173 veisli\u0173 su pauk\u0161tiena\"}]},{\"@type\":\"WebSite\",\"@id\":\"https:\\\/\\\/anivet.lt\\\/elparduotuve\\\/#website\",\"url\":\"https:\\\/\\\/anivet.lt\\\/elparduotuve\\\/\",\"name\":\"anivet.lt\",\"description\":\"Viskas J\u016bs\u0173 \u0161uns, kat\u0117s prie\u017ei\u016brai\",\"publisher\":{\"@id\":\"https:\\\/\\\/anivet.lt\\\/elparduotuve\\\/#organization\"},\"alternateName\":\"Viskas J\u016bs\u0173 \u0161uns, kat\u0117s prie\u017ei\u016brai\",\"potentialAction\":[{\"@type\":\"SearchAction\",\"target\":{\"@type\":\"EntryPoint\",\"urlTemplate\":\"https:\\\/\\\/anivet.lt\\\/elparduotuve\\\/?s={search_term_string}\"},\"query-input\":{\"@type\":\"PropertyValueSpecification\",\"valueRequired\":true,\"valueName\":\"search_term_string\"}}],\"inLanguage\":\"lt-LT\"},{\"@type\":\"Organization\",\"@id\":\"https:\\\/\\\/anivet.lt\\\/elparduotuve\\\/#organization\",\"name\":\"Viskas J\u016bs\u0173 \u0161uns, kat\u0117s prie\u017ei\u016brai\",\"url\":\"https:\\\/\\\/anivet.lt\\\/elparduotuve\\\/\",\"logo\":{\"@type\":\"ImageObject\",\"inLanguage\":\"lt-LT\",\"@id\":\"https:\\\/\\\/anivet.lt\\\/elparduotuve\\\/#\\\/schema\\\/logo\\\/image\\\/\",\"url\":\"https:\\\/\\\/anivet.lt\\\/elparduotuve\\\/wp-content\\\/uploads\\\/2023\\\/06\\\/logo2.jpg\",\"contentUrl\":\"https:\\\/\\\/anivet.lt\\\/elparduotuve\\\/wp-content\\\/uploads\\\/2023\\\/06\\\/logo2.jpg\",\"width\":655,\"height\":194,\"caption\":\"Viskas J\u016bs\u0173 \u0161uns, kat\u0117s prie\u017ei\u016brai\"},\"image\":{\"@id\":\"https:\\\/\\\/anivet.lt\\\/elparduotuve\\\/#\\\/schema\\\/logo\\\/image\\\/\"}}]}<\/script>\n<!-- \/ Yoast SEO Premium plugin. -->","yoast_head_json":{"title":"Chicopee CNL Maxi Adult Poultry Millet dideli\u0173 veisli\u0173 su pauk\u0161tiena - anivet.lt","description":"Chicopee Maxi Adult Poultry &amp; Millet (Classic Nature Line) visavertis \u0161un\u0173 maistas su pauk\u0161tiena skirtas dideli\u0173 veisli\u0173 \u0161unims","robots":{"index":"index","follow":"follow","max-snippet":"max-snippet:-1","max-image-preview":"max-image-preview:large","max-video-preview":"max-video-preview:-1"},"canonical":"https:\/\/anivet.lt\/elparduotuve\/produktas\/chicopee-cnl-maxi-adult-poultry-millet-dideliu-veisliu-su-paukstiena\/","og_locale":"lt_LT","og_type":"article","og_title":"Chicopee CNL Maxi Adult Poultry Millet dideli\u0173 veisli\u0173 su pauk\u0161tiena","og_description":"Chicopee Maxi Adult Poultry &amp; Millet (Classic Nature Line) visavertis \u0161un\u0173 maistas su pauk\u0161tiena skirtas dideli\u0173 veisli\u0173 \u0161unims","og_url":"https:\/\/anivet.lt\/elparduotuve\/produktas\/chicopee-cnl-maxi-adult-poultry-millet-dideliu-veisliu-su-paukstiena\/","og_site_name":"anivet.lt","article_modified_time":"2026-05-04T18:15:21+00:00","og_image":[{"width":542,"height":932,"url":"https:\/\/anivet.lt\/elparduotuve\/wp-content\/uploads\/2025\/03\/82.-Chicopee-CNL-Maxi-Adult-Poultry-Millet-dideliu-veisliu-su-paukstiena.jpg","type":"image\/jpeg"}],"twitter_card":"summary_large_image","twitter_misc":{"Est. reading time":"1 minut\u0117"},"schema":{"@context":"https:\/\/schema.org","@graph":[{"@type":"WebPage","@id":"https:\/\/anivet.lt\/elparduotuve\/produktas\/chicopee-cnl-maxi-adult-poultry-millet-dideliu-veisliu-su-paukstiena\/","url":"https:\/\/anivet.lt\/elparduotuve\/produktas\/chicopee-cnl-maxi-adult-poultry-millet-dideliu-veisliu-su-paukstiena\/","name":"Chicopee CNL Maxi Adult Poultry Millet dideli\u0173 veisli\u0173 su pauk\u0161tiena - anivet.lt","isPartOf":{"@id":"https:\/\/anivet.lt\/elparduotuve\/#website"},"primaryImageOfPage":{"@id":"https:\/\/anivet.lt\/elparduotuve\/produktas\/chicopee-cnl-maxi-adult-poultry-millet-dideliu-veisliu-su-paukstiena\/#primaryimage"},"image":{"@id":"https:\/\/anivet.lt\/elparduotuve\/produktas\/chicopee-cnl-maxi-adult-poultry-millet-dideliu-veisliu-su-paukstiena\/#primaryimage"},"thumbnailUrl":"https:\/\/anivet.lt\/elparduotuve\/wp-content\/uploads\/2025\/03\/82.-Chicopee-CNL-Maxi-Adult-Poultry-Millet-dideliu-veisliu-su-paukstiena.jpg","datePublished":"2025-03-20T07:22:57+00:00","dateModified":"2026-05-04T18:15:21+00:00","description":"Chicopee Maxi Adult Poultry &amp; Millet (Classic Nature Line) visavertis \u0161un\u0173 maistas su pauk\u0161tiena skirtas dideli\u0173 veisli\u0173 \u0161unims","breadcrumb":{"@id":"https:\/\/anivet.lt\/elparduotuve\/produktas\/chicopee-cnl-maxi-adult-poultry-millet-dideliu-veisliu-su-paukstiena\/#breadcrumb"},"inLanguage":"lt-LT","potentialAction":[{"@type":"ReadAction","target":["https:\/\/anivet.lt\/elparduotuve\/produktas\/chicopee-cnl-maxi-adult-poultry-millet-dideliu-veisliu-su-paukstiena\/"]}]},{"@type":"ImageObject","inLanguage":"lt-LT","@id":"https:\/\/anivet.lt\/elparduotuve\/produktas\/chicopee-cnl-maxi-adult-poultry-millet-dideliu-veisliu-su-paukstiena\/#primaryimage","url":"https:\/\/anivet.lt\/elparduotuve\/wp-content\/uploads\/2025\/03\/82.-Chicopee-CNL-Maxi-Adult-Poultry-Millet-dideliu-veisliu-su-paukstiena.jpg","contentUrl":"https:\/\/anivet.lt\/elparduotuve\/wp-content\/uploads\/2025\/03\/82.-Chicopee-CNL-Maxi-Adult-Poultry-Millet-dideliu-veisliu-su-paukstiena.jpg","width":542,"height":932,"caption":"Chicopee CNL Maxi Adult Poultry Millet dideli\u0173 veisli\u0173 su pauk\u0161tiena"},{"@type":"BreadcrumbList","@id":"https:\/\/anivet.lt\/elparduotuve\/produktas\/chicopee-cnl-maxi-adult-poultry-millet-dideliu-veisliu-su-paukstiena\/#breadcrumb","itemListElement":[{"@type":"ListItem","position":1,"name":"Home","item":"https:\/\/anivet.lt\/elparduotuve\/"},{"@type":"ListItem","position":2,"name":"Produktai","item":"https:\/\/anivet.lt\/elparduotuve\/produktai\/"},{"@type":"ListItem","position":3,"name":"Chicopee CNL Maxi Adult Poultry Millet dideli\u0173 veisli\u0173 su pauk\u0161tiena"}]},{"@type":"WebSite","@id":"https:\/\/anivet.lt\/elparduotuve\/#website","url":"https:\/\/anivet.lt\/elparduotuve\/","name":"anivet.lt","description":"Viskas J\u016bs\u0173 \u0161uns, kat\u0117s prie\u017ei\u016brai","publisher":{"@id":"https:\/\/anivet.lt\/elparduotuve\/#organization"},"alternateName":"Viskas J\u016bs\u0173 \u0161uns, kat\u0117s prie\u017ei\u016brai","potentialAction":[{"@type":"SearchAction","target":{"@type":"EntryPoint","urlTemplate":"https:\/\/anivet.lt\/elparduotuve\/?s={search_term_string}"},"query-input":{"@type":"PropertyValueSpecification","valueRequired":true,"valueName":"search_term_string"}}],"inLanguage":"lt-LT"},{"@type":"Organization","@id":"https:\/\/anivet.lt\/elparduotuve\/#organization","name":"Viskas J\u016bs\u0173 \u0161uns, kat\u0117s prie\u017ei\u016brai","url":"https:\/\/anivet.lt\/elparduotuve\/","logo":{"@type":"ImageObject","inLanguage":"lt-LT","@id":"https:\/\/anivet.lt\/elparduotuve\/#\/schema\/logo\/image\/","url":"https:\/\/anivet.lt\/elparduotuve\/wp-content\/uploads\/2023\/06\/logo2.jpg","contentUrl":"https:\/\/anivet.lt\/elparduotuve\/wp-content\/uploads\/2023\/06\/logo2.jpg","width":655,"height":194,"caption":"Viskas J\u016bs\u0173 \u0161uns, kat\u0117s prie\u017ei\u016brai"},"image":{"@id":"https:\/\/anivet.lt\/elparduotuve\/#\/schema\/logo\/image\/"}}]}},"_links":{"self":[{"href":"https:\/\/anivet.lt\/elparduotuve\/wp-json\/wp\/v2\/product\/17159","targetHints":{"allow":["GET"]}}],"collection":[{"href":"https:\/\/anivet.lt\/elparduotuve\/wp-json\/wp\/v2\/product"}],"about":[{"href":"https:\/\/anivet.lt\/elparduotuve\/wp-json\/wp\/v2\/types\/product"}],"wp:featuredmedia":[{"embeddable":true,"href":"https:\/\/anivet.lt\/elparduotuve\/wp-json\/wp\/v2\/media\/17160"}],"wp:attachment":[{"href":"https:\/\/anivet.lt\/elparduotuve\/wp-json\/wp\/v2\/media?parent=17159"}],"wp:term":[{"taxonomy":"product_brand","embeddable":true,"href":"https:\/\/anivet.lt\/elparduotuve\/wp-json\/wp\/v2\/product_brand?post=17159"},{"taxonomy":"product_cat","embeddable":true,"href":"https:\/\/anivet.lt\/elparduotuve\/wp-json\/wp\/v2\/product_cat?post=17159"},{"taxonomy":"product_tag","embeddable":true,"href":"https:\/\/anivet.lt\/elparduotuve\/wp-json\/wp\/v2\/product_tag?post=17159"}],"curies":[{"name":"wp","href":"https:\/\/api.w.org\/{rel}","templated":true}]}}