{"id":17278,"date":"2025-04-01T08:48:22","date_gmt":"2025-04-01T08:48:22","guid":{"rendered":"https:\/\/anivet.lt\/elparduotuve\/?post_type=product&#038;p=17278"},"modified":"2026-04-01T19:18:11","modified_gmt":"2026-04-01T19:18:11","slug":"raw-paleo-ultra-adult-medium-large-pork-sausas-maistas-sunims-su-kiauliena","status":"publish","type":"product","link":"https:\/\/anivet.lt\/elparduotuve\/produktas\/raw-paleo-ultra-adult-medium-large-pork-sausas-maistas-sunims-su-kiauliena\/","title":{"rendered":"Raw Paleo Ultra Adult Medium &amp; Large Pork sausas maistas \u0161unims su kiauliena"},"content":{"rendered":"<ul>\n<li>Skirtas vidutini\u0173 ir dideli\u0173 veisli\u0173 \u0161unims (vyresniems nei 12 m\u0117n. am\u017eiaus vidutini\u0173 veisli\u0173 \u0161unims arba 18 m\u0117n. am\u017eiaus dideli\u0173 veisli\u0173 \u0161unims), sveriantiems daugiau nei 8 kg.<\/li>\n<li>Maistas yra monoproteininis, t. y. jame yra tik vienas gyvulini\u0173 baltym\u0173 \u0161altinis (kiauliena), be to, jame yra su baltymais suderintas riebal\u0173 \u0161altinis (kiaulienos riebalai).<\/li>\n<li>Recept\u016broje n\u0117ra \u017eirni\u0173 ir gr\u016bd\u0173. Sud\u0117tis praturtinta prebiotikais, kurie palaiko sveik\u0105 vir\u0161kinamojo trakto mikrobiom\u0105 ir \u017earnyno imunitet\u0105.<\/li>\n<li>Pa\u0161are taip pat yra lin\u0173 s\u0117men\u0173, kurie yra puikus riebal\u0173 r\u016bg\u0161\u010di\u0173 Omega-3 ir Omega-6 \u0161altinis.<\/li>\n<li>Tinkamas maistini\u0173 med\u017eiag\u0173 balansas ir palyginti didelis pa\u0161aro kaloringumas leid\u017eia optimaliai maitinti suaugusio \u0161uns organizm\u0105.<\/li>\n<\/ul>\n","protected":false},"excerpt":{"rendered":"<p>Visavertis ir subalansuotas maistas suaugusiems vidutini\u0173 ir dideli\u0173 veisli\u0173 \u0161unims su vienos r\u016b\u0161ies baltym\u0173 ir riebal\u0173 \u0161altiniu, Omega 3 bei 6 riebal\u0173 r\u016bg\u0161timis ir prebiotikais.<\/p>\n","protected":false},"featured_media":17280,"template":"","meta":[],"product_brand":[],"product_cat":[101,103,104,336],"product_tag":[],"class_list":{"0":"post-17278","1":"product","2":"type-product","3":"status-publish","4":"has-post-thumbnail","6":"product_cat-sunims","7":"product_cat-sunu-maistas","8":"product_cat-sausas-maistas","9":"product_cat-raw-paleo-sunu-maistas","10":"pa_prekinis-zenklas-raw-paleo","12":"first","13":"instock","14":"sale","15":"taxable","16":"shipping-taxable","17":"purchasable","18":"product-type-variable"},"yoast_head":"<!-- This site is optimized with the Yoast SEO Premium plugin v27.1 (Yoast SEO v27.3) - https:\/\/yoast.com\/product\/yoast-seo-premium-wordpress\/ -->\n<title>Raw Paleo Ultra Adult Medium &amp; Large Pork sausas maistas \u0161unims su kiauliena - anivet.lt<\/title>\n<meta name=\"description\" content=\"Visavertis ir subalansuotas maistas suaugusiems vidutini\u0173 ir dideli\u0173 veisli\u0173 \u0161unims su vienos r\u016b\u0161ies baltym\u0173 ir riebal\u0173 \u0161altiniu, Omega 3 bei 6 riebal\u0173 r\u016bg\u0161timis ir prebiotikais.\" \/>\n<meta name=\"robots\" content=\"index, follow, max-snippet:-1, max-image-preview:large, max-video-preview:-1\" \/>\n<link rel=\"canonical\" href=\"https:\/\/anivet.lt\/elparduotuve\/produktas\/raw-paleo-ultra-adult-medium-large-pork-sausas-maistas-sunims-su-kiauliena\/\" \/>\n<meta property=\"og:locale\" content=\"lt_LT\" \/>\n<meta property=\"og:type\" content=\"article\" \/>\n<meta property=\"og:title\" content=\"Raw Paleo Ultra Adult Medium &amp; Large Pork sausas maistas \u0161unims su kiauliena\" \/>\n<meta property=\"og:description\" content=\"Visavertis ir subalansuotas maistas suaugusiems vidutini\u0173 ir dideli\u0173 veisli\u0173 \u0161unims su vienos r\u016b\u0161ies baltym\u0173 ir riebal\u0173 \u0161altiniu, Omega 3 bei 6 riebal\u0173 r\u016bg\u0161timis ir prebiotikais.\" \/>\n<meta property=\"og:url\" content=\"https:\/\/anivet.lt\/elparduotuve\/produktas\/raw-paleo-ultra-adult-medium-large-pork-sausas-maistas-sunims-su-kiauliena\/\" \/>\n<meta property=\"og:site_name\" content=\"anivet.lt\" \/>\n<meta property=\"article:modified_time\" content=\"2026-04-01T19:18:11+00:00\" \/>\n<meta property=\"og:image\" content=\"https:\/\/anivet.lt\/elparduotuve\/wp-content\/uploads\/2025\/04\/33.-Raw-Paleo-Ultra-Adult-Medium-Large-Pork-sausas-maistas-sunims-su-kiauliena.jpg\" \/>\n\t<meta property=\"og:image:width\" content=\"650\" \/>\n\t<meta property=\"og:image:height\" content=\"920\" \/>\n\t<meta property=\"og:image:type\" content=\"image\/jpeg\" \/>\n<meta name=\"twitter:card\" content=\"summary_large_image\" \/>\n<meta name=\"twitter:label1\" content=\"Est. reading time\" \/>\n\t<meta name=\"twitter:data1\" content=\"1 minut\u0117\" \/>\n<script type=\"application\/ld+json\" class=\"yoast-schema-graph\">{\"@context\":\"https:\\\/\\\/schema.org\",\"@graph\":[{\"@type\":\"WebPage\",\"@id\":\"https:\\\/\\\/anivet.lt\\\/elparduotuve\\\/produktas\\\/raw-paleo-ultra-adult-medium-large-pork-sausas-maistas-sunims-su-kiauliena\\\/\",\"url\":\"https:\\\/\\\/anivet.lt\\\/elparduotuve\\\/produktas\\\/raw-paleo-ultra-adult-medium-large-pork-sausas-maistas-sunims-su-kiauliena\\\/\",\"name\":\"Raw Paleo Ultra Adult Medium &amp; Large Pork sausas maistas \u0161unims su kiauliena - anivet.lt\",\"isPartOf\":{\"@id\":\"https:\\\/\\\/anivet.lt\\\/elparduotuve\\\/#website\"},\"primaryImageOfPage\":{\"@id\":\"https:\\\/\\\/anivet.lt\\\/elparduotuve\\\/produktas\\\/raw-paleo-ultra-adult-medium-large-pork-sausas-maistas-sunims-su-kiauliena\\\/#primaryimage\"},\"image\":{\"@id\":\"https:\\\/\\\/anivet.lt\\\/elparduotuve\\\/produktas\\\/raw-paleo-ultra-adult-medium-large-pork-sausas-maistas-sunims-su-kiauliena\\\/#primaryimage\"},\"thumbnailUrl\":\"https:\\\/\\\/anivet.lt\\\/elparduotuve\\\/wp-content\\\/uploads\\\/2025\\\/04\\\/33.-Raw-Paleo-Ultra-Adult-Medium-Large-Pork-sausas-maistas-sunims-su-kiauliena.jpg\",\"datePublished\":\"2025-04-01T08:48:22+00:00\",\"dateModified\":\"2026-04-01T19:18:11+00:00\",\"description\":\"Visavertis ir subalansuotas maistas suaugusiems vidutini\u0173 ir dideli\u0173 veisli\u0173 \u0161unims su vienos r\u016b\u0161ies baltym\u0173 ir riebal\u0173 \u0161altiniu, Omega 3 bei 6 riebal\u0173 r\u016bg\u0161timis ir prebiotikais.\",\"breadcrumb\":{\"@id\":\"https:\\\/\\\/anivet.lt\\\/elparduotuve\\\/produktas\\\/raw-paleo-ultra-adult-medium-large-pork-sausas-maistas-sunims-su-kiauliena\\\/#breadcrumb\"},\"inLanguage\":\"lt-LT\",\"potentialAction\":[{\"@type\":\"ReadAction\",\"target\":[\"https:\\\/\\\/anivet.lt\\\/elparduotuve\\\/produktas\\\/raw-paleo-ultra-adult-medium-large-pork-sausas-maistas-sunims-su-kiauliena\\\/\"]}]},{\"@type\":\"ImageObject\",\"inLanguage\":\"lt-LT\",\"@id\":\"https:\\\/\\\/anivet.lt\\\/elparduotuve\\\/produktas\\\/raw-paleo-ultra-adult-medium-large-pork-sausas-maistas-sunims-su-kiauliena\\\/#primaryimage\",\"url\":\"https:\\\/\\\/anivet.lt\\\/elparduotuve\\\/wp-content\\\/uploads\\\/2025\\\/04\\\/33.-Raw-Paleo-Ultra-Adult-Medium-Large-Pork-sausas-maistas-sunims-su-kiauliena.jpg\",\"contentUrl\":\"https:\\\/\\\/anivet.lt\\\/elparduotuve\\\/wp-content\\\/uploads\\\/2025\\\/04\\\/33.-Raw-Paleo-Ultra-Adult-Medium-Large-Pork-sausas-maistas-sunims-su-kiauliena.jpg\",\"width\":650,\"height\":920,\"caption\":\"Raw Paleo Ultra Adult Medium & Large Pork sausas maistas \u0161unims su kiauliena\"},{\"@type\":\"BreadcrumbList\",\"@id\":\"https:\\\/\\\/anivet.lt\\\/elparduotuve\\\/produktas\\\/raw-paleo-ultra-adult-medium-large-pork-sausas-maistas-sunims-su-kiauliena\\\/#breadcrumb\",\"itemListElement\":[{\"@type\":\"ListItem\",\"position\":1,\"name\":\"Home\",\"item\":\"https:\\\/\\\/anivet.lt\\\/elparduotuve\\\/\"},{\"@type\":\"ListItem\",\"position\":2,\"name\":\"Produktai\",\"item\":\"https:\\\/\\\/anivet.lt\\\/elparduotuve\\\/produktai\\\/\"},{\"@type\":\"ListItem\",\"position\":3,\"name\":\"Raw Paleo Ultra Adult Medium &amp; Large Pork sausas maistas \u0161unims su kiauliena\"}]},{\"@type\":\"WebSite\",\"@id\":\"https:\\\/\\\/anivet.lt\\\/elparduotuve\\\/#website\",\"url\":\"https:\\\/\\\/anivet.lt\\\/elparduotuve\\\/\",\"name\":\"anivet.lt\",\"description\":\"Viskas J\u016bs\u0173 \u0161uns, kat\u0117s prie\u017ei\u016brai\",\"publisher\":{\"@id\":\"https:\\\/\\\/anivet.lt\\\/elparduotuve\\\/#organization\"},\"alternateName\":\"Viskas J\u016bs\u0173 \u0161uns, kat\u0117s prie\u017ei\u016brai\",\"potentialAction\":[{\"@type\":\"SearchAction\",\"target\":{\"@type\":\"EntryPoint\",\"urlTemplate\":\"https:\\\/\\\/anivet.lt\\\/elparduotuve\\\/?s={search_term_string}\"},\"query-input\":{\"@type\":\"PropertyValueSpecification\",\"valueRequired\":true,\"valueName\":\"search_term_string\"}}],\"inLanguage\":\"lt-LT\"},{\"@type\":\"Organization\",\"@id\":\"https:\\\/\\\/anivet.lt\\\/elparduotuve\\\/#organization\",\"name\":\"Viskas J\u016bs\u0173 \u0161uns, kat\u0117s prie\u017ei\u016brai\",\"url\":\"https:\\\/\\\/anivet.lt\\\/elparduotuve\\\/\",\"logo\":{\"@type\":\"ImageObject\",\"inLanguage\":\"lt-LT\",\"@id\":\"https:\\\/\\\/anivet.lt\\\/elparduotuve\\\/#\\\/schema\\\/logo\\\/image\\\/\",\"url\":\"https:\\\/\\\/anivet.lt\\\/elparduotuve\\\/wp-content\\\/uploads\\\/2023\\\/06\\\/logo2.jpg\",\"contentUrl\":\"https:\\\/\\\/anivet.lt\\\/elparduotuve\\\/wp-content\\\/uploads\\\/2023\\\/06\\\/logo2.jpg\",\"width\":655,\"height\":194,\"caption\":\"Viskas J\u016bs\u0173 \u0161uns, kat\u0117s prie\u017ei\u016brai\"},\"image\":{\"@id\":\"https:\\\/\\\/anivet.lt\\\/elparduotuve\\\/#\\\/schema\\\/logo\\\/image\\\/\"}}]}<\/script>\n<!-- \/ Yoast SEO Premium plugin. -->","yoast_head_json":{"title":"Raw Paleo Ultra Adult Medium &amp; Large Pork sausas maistas \u0161unims su kiauliena - anivet.lt","description":"Visavertis ir subalansuotas maistas suaugusiems vidutini\u0173 ir dideli\u0173 veisli\u0173 \u0161unims su vienos r\u016b\u0161ies baltym\u0173 ir riebal\u0173 \u0161altiniu, Omega 3 bei 6 riebal\u0173 r\u016bg\u0161timis ir prebiotikais.","robots":{"index":"index","follow":"follow","max-snippet":"max-snippet:-1","max-image-preview":"max-image-preview:large","max-video-preview":"max-video-preview:-1"},"canonical":"https:\/\/anivet.lt\/elparduotuve\/produktas\/raw-paleo-ultra-adult-medium-large-pork-sausas-maistas-sunims-su-kiauliena\/","og_locale":"lt_LT","og_type":"article","og_title":"Raw Paleo Ultra Adult Medium &amp; Large Pork sausas maistas \u0161unims su kiauliena","og_description":"Visavertis ir subalansuotas maistas suaugusiems vidutini\u0173 ir dideli\u0173 veisli\u0173 \u0161unims su vienos r\u016b\u0161ies baltym\u0173 ir riebal\u0173 \u0161altiniu, Omega 3 bei 6 riebal\u0173 r\u016bg\u0161timis ir prebiotikais.","og_url":"https:\/\/anivet.lt\/elparduotuve\/produktas\/raw-paleo-ultra-adult-medium-large-pork-sausas-maistas-sunims-su-kiauliena\/","og_site_name":"anivet.lt","article_modified_time":"2026-04-01T19:18:11+00:00","og_image":[{"width":650,"height":920,"url":"https:\/\/anivet.lt\/elparduotuve\/wp-content\/uploads\/2025\/04\/33.-Raw-Paleo-Ultra-Adult-Medium-Large-Pork-sausas-maistas-sunims-su-kiauliena.jpg","type":"image\/jpeg"}],"twitter_card":"summary_large_image","twitter_misc":{"Est. reading time":"1 minut\u0117"},"schema":{"@context":"https:\/\/schema.org","@graph":[{"@type":"WebPage","@id":"https:\/\/anivet.lt\/elparduotuve\/produktas\/raw-paleo-ultra-adult-medium-large-pork-sausas-maistas-sunims-su-kiauliena\/","url":"https:\/\/anivet.lt\/elparduotuve\/produktas\/raw-paleo-ultra-adult-medium-large-pork-sausas-maistas-sunims-su-kiauliena\/","name":"Raw Paleo Ultra Adult Medium &amp; Large Pork sausas maistas \u0161unims su kiauliena - anivet.lt","isPartOf":{"@id":"https:\/\/anivet.lt\/elparduotuve\/#website"},"primaryImageOfPage":{"@id":"https:\/\/anivet.lt\/elparduotuve\/produktas\/raw-paleo-ultra-adult-medium-large-pork-sausas-maistas-sunims-su-kiauliena\/#primaryimage"},"image":{"@id":"https:\/\/anivet.lt\/elparduotuve\/produktas\/raw-paleo-ultra-adult-medium-large-pork-sausas-maistas-sunims-su-kiauliena\/#primaryimage"},"thumbnailUrl":"https:\/\/anivet.lt\/elparduotuve\/wp-content\/uploads\/2025\/04\/33.-Raw-Paleo-Ultra-Adult-Medium-Large-Pork-sausas-maistas-sunims-su-kiauliena.jpg","datePublished":"2025-04-01T08:48:22+00:00","dateModified":"2026-04-01T19:18:11+00:00","description":"Visavertis ir subalansuotas maistas suaugusiems vidutini\u0173 ir dideli\u0173 veisli\u0173 \u0161unims su vienos r\u016b\u0161ies baltym\u0173 ir riebal\u0173 \u0161altiniu, Omega 3 bei 6 riebal\u0173 r\u016bg\u0161timis ir prebiotikais.","breadcrumb":{"@id":"https:\/\/anivet.lt\/elparduotuve\/produktas\/raw-paleo-ultra-adult-medium-large-pork-sausas-maistas-sunims-su-kiauliena\/#breadcrumb"},"inLanguage":"lt-LT","potentialAction":[{"@type":"ReadAction","target":["https:\/\/anivet.lt\/elparduotuve\/produktas\/raw-paleo-ultra-adult-medium-large-pork-sausas-maistas-sunims-su-kiauliena\/"]}]},{"@type":"ImageObject","inLanguage":"lt-LT","@id":"https:\/\/anivet.lt\/elparduotuve\/produktas\/raw-paleo-ultra-adult-medium-large-pork-sausas-maistas-sunims-su-kiauliena\/#primaryimage","url":"https:\/\/anivet.lt\/elparduotuve\/wp-content\/uploads\/2025\/04\/33.-Raw-Paleo-Ultra-Adult-Medium-Large-Pork-sausas-maistas-sunims-su-kiauliena.jpg","contentUrl":"https:\/\/anivet.lt\/elparduotuve\/wp-content\/uploads\/2025\/04\/33.-Raw-Paleo-Ultra-Adult-Medium-Large-Pork-sausas-maistas-sunims-su-kiauliena.jpg","width":650,"height":920,"caption":"Raw Paleo Ultra Adult Medium & Large Pork sausas maistas \u0161unims su kiauliena"},{"@type":"BreadcrumbList","@id":"https:\/\/anivet.lt\/elparduotuve\/produktas\/raw-paleo-ultra-adult-medium-large-pork-sausas-maistas-sunims-su-kiauliena\/#breadcrumb","itemListElement":[{"@type":"ListItem","position":1,"name":"Home","item":"https:\/\/anivet.lt\/elparduotuve\/"},{"@type":"ListItem","position":2,"name":"Produktai","item":"https:\/\/anivet.lt\/elparduotuve\/produktai\/"},{"@type":"ListItem","position":3,"name":"Raw Paleo Ultra Adult Medium &amp; Large Pork sausas maistas \u0161unims su kiauliena"}]},{"@type":"WebSite","@id":"https:\/\/anivet.lt\/elparduotuve\/#website","url":"https:\/\/anivet.lt\/elparduotuve\/","name":"anivet.lt","description":"Viskas J\u016bs\u0173 \u0161uns, kat\u0117s prie\u017ei\u016brai","publisher":{"@id":"https:\/\/anivet.lt\/elparduotuve\/#organization"},"alternateName":"Viskas J\u016bs\u0173 \u0161uns, kat\u0117s prie\u017ei\u016brai","potentialAction":[{"@type":"SearchAction","target":{"@type":"EntryPoint","urlTemplate":"https:\/\/anivet.lt\/elparduotuve\/?s={search_term_string}"},"query-input":{"@type":"PropertyValueSpecification","valueRequired":true,"valueName":"search_term_string"}}],"inLanguage":"lt-LT"},{"@type":"Organization","@id":"https:\/\/anivet.lt\/elparduotuve\/#organization","name":"Viskas J\u016bs\u0173 \u0161uns, kat\u0117s prie\u017ei\u016brai","url":"https:\/\/anivet.lt\/elparduotuve\/","logo":{"@type":"ImageObject","inLanguage":"lt-LT","@id":"https:\/\/anivet.lt\/elparduotuve\/#\/schema\/logo\/image\/","url":"https:\/\/anivet.lt\/elparduotuve\/wp-content\/uploads\/2023\/06\/logo2.jpg","contentUrl":"https:\/\/anivet.lt\/elparduotuve\/wp-content\/uploads\/2023\/06\/logo2.jpg","width":655,"height":194,"caption":"Viskas J\u016bs\u0173 \u0161uns, kat\u0117s prie\u017ei\u016brai"},"image":{"@id":"https:\/\/anivet.lt\/elparduotuve\/#\/schema\/logo\/image\/"}}]}},"_links":{"self":[{"href":"https:\/\/anivet.lt\/elparduotuve\/wp-json\/wp\/v2\/product\/17278","targetHints":{"allow":["GET"]}}],"collection":[{"href":"https:\/\/anivet.lt\/elparduotuve\/wp-json\/wp\/v2\/product"}],"about":[{"href":"https:\/\/anivet.lt\/elparduotuve\/wp-json\/wp\/v2\/types\/product"}],"wp:featuredmedia":[{"embeddable":true,"href":"https:\/\/anivet.lt\/elparduotuve\/wp-json\/wp\/v2\/media\/17280"}],"wp:attachment":[{"href":"https:\/\/anivet.lt\/elparduotuve\/wp-json\/wp\/v2\/media?parent=17278"}],"wp:term":[{"taxonomy":"product_brand","embeddable":true,"href":"https:\/\/anivet.lt\/elparduotuve\/wp-json\/wp\/v2\/product_brand?post=17278"},{"taxonomy":"product_cat","embeddable":true,"href":"https:\/\/anivet.lt\/elparduotuve\/wp-json\/wp\/v2\/product_cat?post=17278"},{"taxonomy":"product_tag","embeddable":true,"href":"https:\/\/anivet.lt\/elparduotuve\/wp-json\/wp\/v2\/product_tag?post=17278"}],"curies":[{"name":"wp","href":"https:\/\/api.w.org\/{rel}","templated":true}]}}