{"id":17628,"date":"2025-05-10T08:15:07","date_gmt":"2025-05-10T08:15:07","guid":{"rendered":"https:\/\/anivet.lt\/elparduotuve\/?post_type=product&#038;p=17628"},"modified":"2025-11-30T02:28:29","modified_gmt":"2025-11-30T02:28:29","slug":"zaislas-suniui-kong-twistz-ring-ziedas-o-17-cm","status":"publish","type":"product","link":"https:\/\/anivet.lt\/elparduotuve\/produktas\/zaislas-suniui-kong-twistz-ring-ziedas-o-17-cm\/","title":{"rendered":"\u017daislas \u0161uniui KONG Twistz Ring \u017eiedas \u00d8 = 17 cm"},"content":{"rendered":"<p>KONG Twistz \u017eiedas geriausias \u017eaislas \u017eem\u0117je ir vandenyje. Patvari med\u017eiaga turi ne\u012ftik\u0117tin\u0105 at\u0161okim\u0105 ir patenkina nat\u016bral\u0173 med\u017eiokl\u0117s ir vaikymo instinkt\u0105. D\u0117l unikalios pavir\u0161iaus tekst\u016bros \u017eaisl\u0105 lengva sugriebti ir jis \u0161okin\u0117ja nenusp\u0117jamai, skatinant energing\u0105,12,25 interaktyv\u0173 \u017eaidim\u0105. Pl\u016bduriavimas garantuoja ilgalaik\u012f \u017eaidimo malonum\u0105 net vandenyje.<\/p>\n","protected":false},"excerpt":{"rendered":"<ul>\n<li>Patvari med\u017eiaga &#8211; ilgiems \u017eaidimams<\/li>\n<li>Pl\u016bduriuoja, tod\u0117l puikiai tinka \u017eaidimams prie vandens<\/li>\n<li>Stipriai \u0161okin\u0117ja-\u00a0 \u012ftraukiantiems \u017eaidimams<\/li>\n<li>Vidutinio dyd\u017eio ir dideliems \u0161unims.<\/li>\n<\/ul>\n","protected":false},"featured_media":17629,"template":"","meta":[],"product_brand":[],"product_cat":[101,108,311],"product_tag":[],"class_list":{"0":"post-17628","1":"product","2":"type-product","3":"status-publish","4":"has-post-thumbnail","6":"product_cat-sunims","7":"product_cat-prieziuros-priemones","8":"product_cat-zaislai-prieziuros-priemones","10":"first","11":"instock","12":"taxable","13":"shipping-taxable","14":"purchasable","15":"product-type-simple"},"yoast_head":"<!-- This site is optimized with the Yoast SEO Premium plugin v27.1 (Yoast SEO v27.5) - https:\/\/yoast.com\/product\/yoast-seo-premium-wordpress\/ -->\n<title>\u017daislas \u0161uniui KONG Twistz Ring \u017eiedas \u00d8 = 17 cm - anivet.lt<\/title>\n<meta name=\"description\" content=\"Patvari med\u017eiaga - ilgiems \u017eaidimams  Pl\u016bduriuoja, tod\u0117l puikiai tinka \u017eaidimams prie vandens  Stipriai \u0161okin\u0117ja-\u00a0 \u012ftraukiantiems \u017eaidimams  Vidutinio dyd\u017eio ir dideliems \u0161unims.\" \/>\n<meta name=\"robots\" content=\"index, follow, max-snippet:-1, max-image-preview:large, max-video-preview:-1\" \/>\n<link rel=\"canonical\" href=\"https:\/\/anivet.lt\/elparduotuve\/produktas\/zaislas-suniui-kong-twistz-ring-ziedas-o-17-cm\/\" \/>\n<meta property=\"og:locale\" content=\"lt_LT\" \/>\n<meta property=\"og:type\" content=\"article\" \/>\n<meta property=\"og:title\" content=\"\u017daislas \u0161uniui KONG Twistz Ring \u017eiedas \u00d8 = 17 cm\" \/>\n<meta property=\"og:description\" content=\"Patvari med\u017eiaga - ilgiems \u017eaidimams  Pl\u016bduriuoja, tod\u0117l puikiai tinka \u017eaidimams prie vandens  Stipriai \u0161okin\u0117ja-\u00a0 \u012ftraukiantiems \u017eaidimams  Vidutinio dyd\u017eio ir dideliems \u0161unims.\" \/>\n<meta property=\"og:url\" content=\"https:\/\/anivet.lt\/elparduotuve\/produktas\/zaislas-suniui-kong-twistz-ring-ziedas-o-17-cm\/\" \/>\n<meta property=\"og:site_name\" content=\"anivet.lt\" \/>\n<meta property=\"article:modified_time\" content=\"2025-11-30T02:28:29+00:00\" \/>\n<meta property=\"og:image\" content=\"https:\/\/anivet.lt\/elparduotuve\/wp-content\/uploads\/2025\/05\/9.Zaislas-suniui-KONG\u00ae-Twistz-Ring-ziedas-O-17-cm.jpg\" \/>\n\t<meta property=\"og:image:width\" content=\"650\" \/>\n\t<meta property=\"og:image:height\" content=\"650\" \/>\n\t<meta property=\"og:image:type\" content=\"image\/jpeg\" \/>\n<meta name=\"twitter:card\" content=\"summary_large_image\" \/>\n<meta name=\"twitter:label1\" content=\"Est. reading time\" \/>\n\t<meta name=\"twitter:data1\" content=\"1 minut\u0117\" \/>\n<script type=\"application\/ld+json\" class=\"yoast-schema-graph\">{\"@context\":\"https:\\\/\\\/schema.org\",\"@graph\":[{\"@type\":\"WebPage\",\"@id\":\"https:\\\/\\\/anivet.lt\\\/elparduotuve\\\/produktas\\\/zaislas-suniui-kong-twistz-ring-ziedas-o-17-cm\\\/\",\"url\":\"https:\\\/\\\/anivet.lt\\\/elparduotuve\\\/produktas\\\/zaislas-suniui-kong-twistz-ring-ziedas-o-17-cm\\\/\",\"name\":\"\u017daislas \u0161uniui KONG Twistz Ring \u017eiedas \u00d8 = 17 cm - anivet.lt\",\"isPartOf\":{\"@id\":\"https:\\\/\\\/anivet.lt\\\/elparduotuve\\\/#website\"},\"primaryImageOfPage\":{\"@id\":\"https:\\\/\\\/anivet.lt\\\/elparduotuve\\\/produktas\\\/zaislas-suniui-kong-twistz-ring-ziedas-o-17-cm\\\/#primaryimage\"},\"image\":{\"@id\":\"https:\\\/\\\/anivet.lt\\\/elparduotuve\\\/produktas\\\/zaislas-suniui-kong-twistz-ring-ziedas-o-17-cm\\\/#primaryimage\"},\"thumbnailUrl\":\"https:\\\/\\\/anivet.lt\\\/elparduotuve\\\/wp-content\\\/uploads\\\/2025\\\/05\\\/9.Zaislas-suniui-KONG\u00ae-Twistz-Ring-ziedas-O-17-cm.jpg\",\"datePublished\":\"2025-05-10T08:15:07+00:00\",\"dateModified\":\"2025-11-30T02:28:29+00:00\",\"description\":\"Patvari med\u017eiaga - ilgiems \u017eaidimams Pl\u016bduriuoja, tod\u0117l puikiai tinka \u017eaidimams prie vandens Stipriai \u0161okin\u0117ja-\u00a0 \u012ftraukiantiems \u017eaidimams Vidutinio dyd\u017eio ir dideliems \u0161unims.\",\"breadcrumb\":{\"@id\":\"https:\\\/\\\/anivet.lt\\\/elparduotuve\\\/produktas\\\/zaislas-suniui-kong-twistz-ring-ziedas-o-17-cm\\\/#breadcrumb\"},\"inLanguage\":\"lt-LT\",\"potentialAction\":[{\"@type\":\"ReadAction\",\"target\":[\"https:\\\/\\\/anivet.lt\\\/elparduotuve\\\/produktas\\\/zaislas-suniui-kong-twistz-ring-ziedas-o-17-cm\\\/\"]}]},{\"@type\":\"ImageObject\",\"inLanguage\":\"lt-LT\",\"@id\":\"https:\\\/\\\/anivet.lt\\\/elparduotuve\\\/produktas\\\/zaislas-suniui-kong-twistz-ring-ziedas-o-17-cm\\\/#primaryimage\",\"url\":\"https:\\\/\\\/anivet.lt\\\/elparduotuve\\\/wp-content\\\/uploads\\\/2025\\\/05\\\/9.Zaislas-suniui-KONG\u00ae-Twistz-Ring-ziedas-O-17-cm.jpg\",\"contentUrl\":\"https:\\\/\\\/anivet.lt\\\/elparduotuve\\\/wp-content\\\/uploads\\\/2025\\\/05\\\/9.Zaislas-suniui-KONG\u00ae-Twistz-Ring-ziedas-O-17-cm.jpg\",\"width\":650,\"height\":650,\"caption\":\"\u017daislas \u0161uniui KONG Twistz Ring \u017eiedas \u00d8 = 17 cm\"},{\"@type\":\"BreadcrumbList\",\"@id\":\"https:\\\/\\\/anivet.lt\\\/elparduotuve\\\/produktas\\\/zaislas-suniui-kong-twistz-ring-ziedas-o-17-cm\\\/#breadcrumb\",\"itemListElement\":[{\"@type\":\"ListItem\",\"position\":1,\"name\":\"Home\",\"item\":\"https:\\\/\\\/anivet.lt\\\/elparduotuve\\\/\"},{\"@type\":\"ListItem\",\"position\":2,\"name\":\"Produktai\",\"item\":\"https:\\\/\\\/anivet.lt\\\/elparduotuve\\\/produktai\\\/\"},{\"@type\":\"ListItem\",\"position\":3,\"name\":\"\u017daislas \u0161uniui KONG Twistz Ring \u017eiedas \u00d8 = 17 cm\"}]},{\"@type\":\"WebSite\",\"@id\":\"https:\\\/\\\/anivet.lt\\\/elparduotuve\\\/#website\",\"url\":\"https:\\\/\\\/anivet.lt\\\/elparduotuve\\\/\",\"name\":\"anivet.lt\",\"description\":\"Viskas J\u016bs\u0173 \u0161uns, kat\u0117s prie\u017ei\u016brai\",\"publisher\":{\"@id\":\"https:\\\/\\\/anivet.lt\\\/elparduotuve\\\/#organization\"},\"alternateName\":\"Viskas J\u016bs\u0173 \u0161uns, kat\u0117s prie\u017ei\u016brai\",\"potentialAction\":[{\"@type\":\"SearchAction\",\"target\":{\"@type\":\"EntryPoint\",\"urlTemplate\":\"https:\\\/\\\/anivet.lt\\\/elparduotuve\\\/?s={search_term_string}\"},\"query-input\":{\"@type\":\"PropertyValueSpecification\",\"valueRequired\":true,\"valueName\":\"search_term_string\"}}],\"inLanguage\":\"lt-LT\"},{\"@type\":\"Organization\",\"@id\":\"https:\\\/\\\/anivet.lt\\\/elparduotuve\\\/#organization\",\"name\":\"Viskas J\u016bs\u0173 \u0161uns, kat\u0117s prie\u017ei\u016brai\",\"url\":\"https:\\\/\\\/anivet.lt\\\/elparduotuve\\\/\",\"logo\":{\"@type\":\"ImageObject\",\"inLanguage\":\"lt-LT\",\"@id\":\"https:\\\/\\\/anivet.lt\\\/elparduotuve\\\/#\\\/schema\\\/logo\\\/image\\\/\",\"url\":\"https:\\\/\\\/anivet.lt\\\/elparduotuve\\\/wp-content\\\/uploads\\\/2023\\\/06\\\/logo2.jpg\",\"contentUrl\":\"https:\\\/\\\/anivet.lt\\\/elparduotuve\\\/wp-content\\\/uploads\\\/2023\\\/06\\\/logo2.jpg\",\"width\":655,\"height\":194,\"caption\":\"Viskas J\u016bs\u0173 \u0161uns, kat\u0117s prie\u017ei\u016brai\"},\"image\":{\"@id\":\"https:\\\/\\\/anivet.lt\\\/elparduotuve\\\/#\\\/schema\\\/logo\\\/image\\\/\"}}]}<\/script>\n<!-- \/ Yoast SEO Premium plugin. -->","yoast_head_json":{"title":"\u017daislas \u0161uniui KONG Twistz Ring \u017eiedas \u00d8 = 17 cm - anivet.lt","description":"Patvari med\u017eiaga - ilgiems \u017eaidimams  Pl\u016bduriuoja, tod\u0117l puikiai tinka \u017eaidimams prie vandens  Stipriai \u0161okin\u0117ja-\u00a0 \u012ftraukiantiems \u017eaidimams  Vidutinio dyd\u017eio ir dideliems \u0161unims.","robots":{"index":"index","follow":"follow","max-snippet":"max-snippet:-1","max-image-preview":"max-image-preview:large","max-video-preview":"max-video-preview:-1"},"canonical":"https:\/\/anivet.lt\/elparduotuve\/produktas\/zaislas-suniui-kong-twistz-ring-ziedas-o-17-cm\/","og_locale":"lt_LT","og_type":"article","og_title":"\u017daislas \u0161uniui KONG Twistz Ring \u017eiedas \u00d8 = 17 cm","og_description":"Patvari med\u017eiaga - ilgiems \u017eaidimams  Pl\u016bduriuoja, tod\u0117l puikiai tinka \u017eaidimams prie vandens  Stipriai \u0161okin\u0117ja-\u00a0 \u012ftraukiantiems \u017eaidimams  Vidutinio dyd\u017eio ir dideliems \u0161unims.","og_url":"https:\/\/anivet.lt\/elparduotuve\/produktas\/zaislas-suniui-kong-twistz-ring-ziedas-o-17-cm\/","og_site_name":"anivet.lt","article_modified_time":"2025-11-30T02:28:29+00:00","og_image":[{"width":650,"height":650,"url":"https:\/\/anivet.lt\/elparduotuve\/wp-content\/uploads\/2025\/05\/9.Zaislas-suniui-KONG\u00ae-Twistz-Ring-ziedas-O-17-cm.jpg","type":"image\/jpeg"}],"twitter_card":"summary_large_image","twitter_misc":{"Est. reading time":"1 minut\u0117"},"schema":{"@context":"https:\/\/schema.org","@graph":[{"@type":"WebPage","@id":"https:\/\/anivet.lt\/elparduotuve\/produktas\/zaislas-suniui-kong-twistz-ring-ziedas-o-17-cm\/","url":"https:\/\/anivet.lt\/elparduotuve\/produktas\/zaislas-suniui-kong-twistz-ring-ziedas-o-17-cm\/","name":"\u017daislas \u0161uniui KONG Twistz Ring \u017eiedas \u00d8 = 17 cm - anivet.lt","isPartOf":{"@id":"https:\/\/anivet.lt\/elparduotuve\/#website"},"primaryImageOfPage":{"@id":"https:\/\/anivet.lt\/elparduotuve\/produktas\/zaislas-suniui-kong-twistz-ring-ziedas-o-17-cm\/#primaryimage"},"image":{"@id":"https:\/\/anivet.lt\/elparduotuve\/produktas\/zaislas-suniui-kong-twistz-ring-ziedas-o-17-cm\/#primaryimage"},"thumbnailUrl":"https:\/\/anivet.lt\/elparduotuve\/wp-content\/uploads\/2025\/05\/9.Zaislas-suniui-KONG\u00ae-Twistz-Ring-ziedas-O-17-cm.jpg","datePublished":"2025-05-10T08:15:07+00:00","dateModified":"2025-11-30T02:28:29+00:00","description":"Patvari med\u017eiaga - ilgiems \u017eaidimams Pl\u016bduriuoja, tod\u0117l puikiai tinka \u017eaidimams prie vandens Stipriai \u0161okin\u0117ja-\u00a0 \u012ftraukiantiems \u017eaidimams Vidutinio dyd\u017eio ir dideliems \u0161unims.","breadcrumb":{"@id":"https:\/\/anivet.lt\/elparduotuve\/produktas\/zaislas-suniui-kong-twistz-ring-ziedas-o-17-cm\/#breadcrumb"},"inLanguage":"lt-LT","potentialAction":[{"@type":"ReadAction","target":["https:\/\/anivet.lt\/elparduotuve\/produktas\/zaislas-suniui-kong-twistz-ring-ziedas-o-17-cm\/"]}]},{"@type":"ImageObject","inLanguage":"lt-LT","@id":"https:\/\/anivet.lt\/elparduotuve\/produktas\/zaislas-suniui-kong-twistz-ring-ziedas-o-17-cm\/#primaryimage","url":"https:\/\/anivet.lt\/elparduotuve\/wp-content\/uploads\/2025\/05\/9.Zaislas-suniui-KONG\u00ae-Twistz-Ring-ziedas-O-17-cm.jpg","contentUrl":"https:\/\/anivet.lt\/elparduotuve\/wp-content\/uploads\/2025\/05\/9.Zaislas-suniui-KONG\u00ae-Twistz-Ring-ziedas-O-17-cm.jpg","width":650,"height":650,"caption":"\u017daislas \u0161uniui KONG Twistz Ring \u017eiedas \u00d8 = 17 cm"},{"@type":"BreadcrumbList","@id":"https:\/\/anivet.lt\/elparduotuve\/produktas\/zaislas-suniui-kong-twistz-ring-ziedas-o-17-cm\/#breadcrumb","itemListElement":[{"@type":"ListItem","position":1,"name":"Home","item":"https:\/\/anivet.lt\/elparduotuve\/"},{"@type":"ListItem","position":2,"name":"Produktai","item":"https:\/\/anivet.lt\/elparduotuve\/produktai\/"},{"@type":"ListItem","position":3,"name":"\u017daislas \u0161uniui KONG Twistz Ring \u017eiedas \u00d8 = 17 cm"}]},{"@type":"WebSite","@id":"https:\/\/anivet.lt\/elparduotuve\/#website","url":"https:\/\/anivet.lt\/elparduotuve\/","name":"anivet.lt","description":"Viskas J\u016bs\u0173 \u0161uns, kat\u0117s prie\u017ei\u016brai","publisher":{"@id":"https:\/\/anivet.lt\/elparduotuve\/#organization"},"alternateName":"Viskas J\u016bs\u0173 \u0161uns, kat\u0117s prie\u017ei\u016brai","potentialAction":[{"@type":"SearchAction","target":{"@type":"EntryPoint","urlTemplate":"https:\/\/anivet.lt\/elparduotuve\/?s={search_term_string}"},"query-input":{"@type":"PropertyValueSpecification","valueRequired":true,"valueName":"search_term_string"}}],"inLanguage":"lt-LT"},{"@type":"Organization","@id":"https:\/\/anivet.lt\/elparduotuve\/#organization","name":"Viskas J\u016bs\u0173 \u0161uns, kat\u0117s prie\u017ei\u016brai","url":"https:\/\/anivet.lt\/elparduotuve\/","logo":{"@type":"ImageObject","inLanguage":"lt-LT","@id":"https:\/\/anivet.lt\/elparduotuve\/#\/schema\/logo\/image\/","url":"https:\/\/anivet.lt\/elparduotuve\/wp-content\/uploads\/2023\/06\/logo2.jpg","contentUrl":"https:\/\/anivet.lt\/elparduotuve\/wp-content\/uploads\/2023\/06\/logo2.jpg","width":655,"height":194,"caption":"Viskas J\u016bs\u0173 \u0161uns, kat\u0117s prie\u017ei\u016brai"},"image":{"@id":"https:\/\/anivet.lt\/elparduotuve\/#\/schema\/logo\/image\/"}}]}},"_links":{"self":[{"href":"https:\/\/anivet.lt\/elparduotuve\/wp-json\/wp\/v2\/product\/17628","targetHints":{"allow":["GET"]}}],"collection":[{"href":"https:\/\/anivet.lt\/elparduotuve\/wp-json\/wp\/v2\/product"}],"about":[{"href":"https:\/\/anivet.lt\/elparduotuve\/wp-json\/wp\/v2\/types\/product"}],"wp:featuredmedia":[{"embeddable":true,"href":"https:\/\/anivet.lt\/elparduotuve\/wp-json\/wp\/v2\/media\/17629"}],"wp:attachment":[{"href":"https:\/\/anivet.lt\/elparduotuve\/wp-json\/wp\/v2\/media?parent=17628"}],"wp:term":[{"taxonomy":"product_brand","embeddable":true,"href":"https:\/\/anivet.lt\/elparduotuve\/wp-json\/wp\/v2\/product_brand?post=17628"},{"taxonomy":"product_cat","embeddable":true,"href":"https:\/\/anivet.lt\/elparduotuve\/wp-json\/wp\/v2\/product_cat?post=17628"},{"taxonomy":"product_tag","embeddable":true,"href":"https:\/\/anivet.lt\/elparduotuve\/wp-json\/wp\/v2\/product_tag?post=17628"}],"curies":[{"name":"wp","href":"https:\/\/api.w.org\/{rel}","templated":true}]}}