{"id":17709,"date":"2025-05-17T08:31:02","date_gmt":"2025-05-17T08:31:02","guid":{"rendered":"https:\/\/anivet.lt\/elparduotuve\/?post_type=product&#038;p=17709"},"modified":"2025-05-27T13:40:40","modified_gmt":"2025-05-27T13:40:40","slug":"glycoflex-classic-papildas-sunims-sanariams","status":"publish","type":"product","link":"https:\/\/anivet.lt\/elparduotuve\/produktas\/glycoflex-classic-papildas-sunims-sanariams\/","title":{"rendered":"Glycoflex Classic papildas \u0161unims s\u0105nariams"},"content":{"rendered":"<p>GlycoFlex Classic \u2013 tai \u017eali\u0173j\u0173 midij\u0173 (Perna canaliculus) pagrindu sukurtas papildas \u0161unims, skirtas palaikyti s\u0105nari\u0173 ir jungiamojo audinio funkcijas. \u0160is produktas ypa\u010d rekomenduojamas augantiems \u0161uniukams ir \u0161unims, siekiant u\u017etikrinti j\u0173 mobilum\u0105 ir lankstum\u0105. Papildas gali b\u016bti prad\u0117tas vartoti nuo 4 m\u0117nesi\u0173 am\u017eiaus.<\/p>\n","protected":false},"excerpt":{"rendered":"<ul>\n<li>Papildas s\u0105nariams \u2013 augantiems \u0161uniukams ir \u0161unims<\/li>\n<li>Glyco-flex\u00ae Classic-600 mg kramtom\u0173 table\u010di\u0173 sud\u0117tyje yra \u017eali\u0173j\u0173 midij\u0173, kuri\u0173 sud\u0117tin\u0117s dalys gali pad\u0117ti palaikyti s\u0105nari\u0173 ir jungiamojo audinio funkcijas<\/li>\n<li>Mobilumui ir lankstumui palaikyti<\/li>\n<\/ul>\n","protected":false},"featured_media":17710,"template":"","meta":[],"product_brand":[],"product_cat":[101,113],"product_tag":[],"class_list":{"0":"post-17709","1":"product","2":"type-product","3":"status-publish","4":"has-post-thumbnail","6":"product_cat-sunims","7":"product_cat-vitaminai-ir-papildai","8":"pa_prekinis-zenklas-glycoflex","10":"first","11":"instock","12":"taxable","13":"shipping-taxable","14":"purchasable","15":"product-type-variable"},"yoast_head":"<!-- This site is optimized with the Yoast SEO Premium plugin v27.1 (Yoast SEO v27.5) - https:\/\/yoast.com\/product\/yoast-seo-premium-wordpress\/ -->\n<title>Glycoflex Classic papildas \u0161unims s\u0105nariams - anivet.lt<\/title>\n<meta name=\"description\" content=\"Papildas s\u0105nariams \u2013 augantiems \u0161uniukams ir \u0161unims  Glyco-flex\u00ae Classic-600 mg kramtom\u0173 table\u010di\u0173 sud\u0117tyje yra \u017eali\u0173j\u0173 midij\u0173, kuri\u0173 sud\u0117tin\u0117s dalys gali pad\u0117ti palaikyti s\u0105nari\u0173 ir jungiamojo audinio funkcijas  Mobilumui ir lankstumui palaikyti\" \/>\n<meta name=\"robots\" content=\"index, follow, max-snippet:-1, max-image-preview:large, max-video-preview:-1\" \/>\n<link rel=\"canonical\" href=\"https:\/\/anivet.lt\/elparduotuve\/produktas\/glycoflex-classic-papildas-sunims-sanariams\/\" \/>\n<meta property=\"og:locale\" content=\"lt_LT\" \/>\n<meta property=\"og:type\" content=\"article\" \/>\n<meta property=\"og:title\" content=\"Glycoflex Classic papildas \u0161unims s\u0105nariams\" \/>\n<meta property=\"og:description\" content=\"Papildas s\u0105nariams \u2013 augantiems \u0161uniukams ir \u0161unims  Glyco-flex\u00ae Classic-600 mg kramtom\u0173 table\u010di\u0173 sud\u0117tyje yra \u017eali\u0173j\u0173 midij\u0173, kuri\u0173 sud\u0117tin\u0117s dalys gali pad\u0117ti palaikyti s\u0105nari\u0173 ir jungiamojo audinio funkcijas  Mobilumui ir lankstumui palaikyti\" \/>\n<meta property=\"og:url\" content=\"https:\/\/anivet.lt\/elparduotuve\/produktas\/glycoflex-classic-papildas-sunims-sanariams\/\" \/>\n<meta property=\"og:site_name\" content=\"anivet.lt\" \/>\n<meta property=\"article:modified_time\" content=\"2025-05-27T13:40:40+00:00\" \/>\n<meta property=\"og:image\" content=\"https:\/\/anivet.lt\/elparduotuve\/wp-content\/uploads\/2025\/05\/Glycoflex-Classic-papildas-sunims-sanariams.jpg\" \/>\n\t<meta property=\"og:image:width\" content=\"650\" \/>\n\t<meta property=\"og:image:height\" content=\"640\" \/>\n\t<meta property=\"og:image:type\" content=\"image\/jpeg\" \/>\n<meta name=\"twitter:card\" content=\"summary_large_image\" \/>\n<meta name=\"twitter:label1\" content=\"Est. reading time\" \/>\n\t<meta name=\"twitter:data1\" content=\"1 minut\u0117\" \/>\n<script type=\"application\/ld+json\" class=\"yoast-schema-graph\">{\"@context\":\"https:\\\/\\\/schema.org\",\"@graph\":[{\"@type\":\"WebPage\",\"@id\":\"https:\\\/\\\/anivet.lt\\\/elparduotuve\\\/produktas\\\/glycoflex-classic-papildas-sunims-sanariams\\\/\",\"url\":\"https:\\\/\\\/anivet.lt\\\/elparduotuve\\\/produktas\\\/glycoflex-classic-papildas-sunims-sanariams\\\/\",\"name\":\"Glycoflex Classic papildas \u0161unims s\u0105nariams - anivet.lt\",\"isPartOf\":{\"@id\":\"https:\\\/\\\/anivet.lt\\\/elparduotuve\\\/#website\"},\"primaryImageOfPage\":{\"@id\":\"https:\\\/\\\/anivet.lt\\\/elparduotuve\\\/produktas\\\/glycoflex-classic-papildas-sunims-sanariams\\\/#primaryimage\"},\"image\":{\"@id\":\"https:\\\/\\\/anivet.lt\\\/elparduotuve\\\/produktas\\\/glycoflex-classic-papildas-sunims-sanariams\\\/#primaryimage\"},\"thumbnailUrl\":\"https:\\\/\\\/anivet.lt\\\/elparduotuve\\\/wp-content\\\/uploads\\\/2025\\\/05\\\/Glycoflex-Classic-papildas-sunims-sanariams.jpg\",\"datePublished\":\"2025-05-17T08:31:02+00:00\",\"dateModified\":\"2025-05-27T13:40:40+00:00\",\"description\":\"Papildas s\u0105nariams \u2013 augantiems \u0161uniukams ir \u0161unims Glyco-flex\u00ae Classic-600 mg kramtom\u0173 table\u010di\u0173 sud\u0117tyje yra \u017eali\u0173j\u0173 midij\u0173, kuri\u0173 sud\u0117tin\u0117s dalys gali pad\u0117ti palaikyti s\u0105nari\u0173 ir jungiamojo audinio funkcijas Mobilumui ir lankstumui palaikyti\",\"breadcrumb\":{\"@id\":\"https:\\\/\\\/anivet.lt\\\/elparduotuve\\\/produktas\\\/glycoflex-classic-papildas-sunims-sanariams\\\/#breadcrumb\"},\"inLanguage\":\"lt-LT\",\"potentialAction\":[{\"@type\":\"ReadAction\",\"target\":[\"https:\\\/\\\/anivet.lt\\\/elparduotuve\\\/produktas\\\/glycoflex-classic-papildas-sunims-sanariams\\\/\"]}]},{\"@type\":\"ImageObject\",\"inLanguage\":\"lt-LT\",\"@id\":\"https:\\\/\\\/anivet.lt\\\/elparduotuve\\\/produktas\\\/glycoflex-classic-papildas-sunims-sanariams\\\/#primaryimage\",\"url\":\"https:\\\/\\\/anivet.lt\\\/elparduotuve\\\/wp-content\\\/uploads\\\/2025\\\/05\\\/Glycoflex-Classic-papildas-sunims-sanariams.jpg\",\"contentUrl\":\"https:\\\/\\\/anivet.lt\\\/elparduotuve\\\/wp-content\\\/uploads\\\/2025\\\/05\\\/Glycoflex-Classic-papildas-sunims-sanariams.jpg\",\"width\":650,\"height\":640,\"caption\":\"Glycoflex Classic papildas \u0161unims s\u0105nariams\"},{\"@type\":\"BreadcrumbList\",\"@id\":\"https:\\\/\\\/anivet.lt\\\/elparduotuve\\\/produktas\\\/glycoflex-classic-papildas-sunims-sanariams\\\/#breadcrumb\",\"itemListElement\":[{\"@type\":\"ListItem\",\"position\":1,\"name\":\"Home\",\"item\":\"https:\\\/\\\/anivet.lt\\\/elparduotuve\\\/\"},{\"@type\":\"ListItem\",\"position\":2,\"name\":\"Produktai\",\"item\":\"https:\\\/\\\/anivet.lt\\\/elparduotuve\\\/produktai\\\/\"},{\"@type\":\"ListItem\",\"position\":3,\"name\":\"Glycoflex Classic papildas \u0161unims s\u0105nariams\"}]},{\"@type\":\"WebSite\",\"@id\":\"https:\\\/\\\/anivet.lt\\\/elparduotuve\\\/#website\",\"url\":\"https:\\\/\\\/anivet.lt\\\/elparduotuve\\\/\",\"name\":\"anivet.lt\",\"description\":\"Viskas J\u016bs\u0173 \u0161uns, kat\u0117s prie\u017ei\u016brai\",\"publisher\":{\"@id\":\"https:\\\/\\\/anivet.lt\\\/elparduotuve\\\/#organization\"},\"alternateName\":\"Viskas J\u016bs\u0173 \u0161uns, kat\u0117s prie\u017ei\u016brai\",\"potentialAction\":[{\"@type\":\"SearchAction\",\"target\":{\"@type\":\"EntryPoint\",\"urlTemplate\":\"https:\\\/\\\/anivet.lt\\\/elparduotuve\\\/?s={search_term_string}\"},\"query-input\":{\"@type\":\"PropertyValueSpecification\",\"valueRequired\":true,\"valueName\":\"search_term_string\"}}],\"inLanguage\":\"lt-LT\"},{\"@type\":\"Organization\",\"@id\":\"https:\\\/\\\/anivet.lt\\\/elparduotuve\\\/#organization\",\"name\":\"Viskas J\u016bs\u0173 \u0161uns, kat\u0117s prie\u017ei\u016brai\",\"url\":\"https:\\\/\\\/anivet.lt\\\/elparduotuve\\\/\",\"logo\":{\"@type\":\"ImageObject\",\"inLanguage\":\"lt-LT\",\"@id\":\"https:\\\/\\\/anivet.lt\\\/elparduotuve\\\/#\\\/schema\\\/logo\\\/image\\\/\",\"url\":\"https:\\\/\\\/anivet.lt\\\/elparduotuve\\\/wp-content\\\/uploads\\\/2023\\\/06\\\/logo2.jpg\",\"contentUrl\":\"https:\\\/\\\/anivet.lt\\\/elparduotuve\\\/wp-content\\\/uploads\\\/2023\\\/06\\\/logo2.jpg\",\"width\":655,\"height\":194,\"caption\":\"Viskas J\u016bs\u0173 \u0161uns, kat\u0117s prie\u017ei\u016brai\"},\"image\":{\"@id\":\"https:\\\/\\\/anivet.lt\\\/elparduotuve\\\/#\\\/schema\\\/logo\\\/image\\\/\"}}]}<\/script>\n<!-- \/ Yoast SEO Premium plugin. -->","yoast_head_json":{"title":"Glycoflex Classic papildas \u0161unims s\u0105nariams - anivet.lt","description":"Papildas s\u0105nariams \u2013 augantiems \u0161uniukams ir \u0161unims  Glyco-flex\u00ae Classic-600 mg kramtom\u0173 table\u010di\u0173 sud\u0117tyje yra \u017eali\u0173j\u0173 midij\u0173, kuri\u0173 sud\u0117tin\u0117s dalys gali pad\u0117ti palaikyti s\u0105nari\u0173 ir jungiamojo audinio funkcijas  Mobilumui ir lankstumui palaikyti","robots":{"index":"index","follow":"follow","max-snippet":"max-snippet:-1","max-image-preview":"max-image-preview:large","max-video-preview":"max-video-preview:-1"},"canonical":"https:\/\/anivet.lt\/elparduotuve\/produktas\/glycoflex-classic-papildas-sunims-sanariams\/","og_locale":"lt_LT","og_type":"article","og_title":"Glycoflex Classic papildas \u0161unims s\u0105nariams","og_description":"Papildas s\u0105nariams \u2013 augantiems \u0161uniukams ir \u0161unims  Glyco-flex\u00ae Classic-600 mg kramtom\u0173 table\u010di\u0173 sud\u0117tyje yra \u017eali\u0173j\u0173 midij\u0173, kuri\u0173 sud\u0117tin\u0117s dalys gali pad\u0117ti palaikyti s\u0105nari\u0173 ir jungiamojo audinio funkcijas  Mobilumui ir lankstumui palaikyti","og_url":"https:\/\/anivet.lt\/elparduotuve\/produktas\/glycoflex-classic-papildas-sunims-sanariams\/","og_site_name":"anivet.lt","article_modified_time":"2025-05-27T13:40:40+00:00","og_image":[{"width":650,"height":640,"url":"https:\/\/anivet.lt\/elparduotuve\/wp-content\/uploads\/2025\/05\/Glycoflex-Classic-papildas-sunims-sanariams.jpg","type":"image\/jpeg"}],"twitter_card":"summary_large_image","twitter_misc":{"Est. reading time":"1 minut\u0117"},"schema":{"@context":"https:\/\/schema.org","@graph":[{"@type":"WebPage","@id":"https:\/\/anivet.lt\/elparduotuve\/produktas\/glycoflex-classic-papildas-sunims-sanariams\/","url":"https:\/\/anivet.lt\/elparduotuve\/produktas\/glycoflex-classic-papildas-sunims-sanariams\/","name":"Glycoflex Classic papildas \u0161unims s\u0105nariams - anivet.lt","isPartOf":{"@id":"https:\/\/anivet.lt\/elparduotuve\/#website"},"primaryImageOfPage":{"@id":"https:\/\/anivet.lt\/elparduotuve\/produktas\/glycoflex-classic-papildas-sunims-sanariams\/#primaryimage"},"image":{"@id":"https:\/\/anivet.lt\/elparduotuve\/produktas\/glycoflex-classic-papildas-sunims-sanariams\/#primaryimage"},"thumbnailUrl":"https:\/\/anivet.lt\/elparduotuve\/wp-content\/uploads\/2025\/05\/Glycoflex-Classic-papildas-sunims-sanariams.jpg","datePublished":"2025-05-17T08:31:02+00:00","dateModified":"2025-05-27T13:40:40+00:00","description":"Papildas s\u0105nariams \u2013 augantiems \u0161uniukams ir \u0161unims Glyco-flex\u00ae Classic-600 mg kramtom\u0173 table\u010di\u0173 sud\u0117tyje yra \u017eali\u0173j\u0173 midij\u0173, kuri\u0173 sud\u0117tin\u0117s dalys gali pad\u0117ti palaikyti s\u0105nari\u0173 ir jungiamojo audinio funkcijas Mobilumui ir lankstumui palaikyti","breadcrumb":{"@id":"https:\/\/anivet.lt\/elparduotuve\/produktas\/glycoflex-classic-papildas-sunims-sanariams\/#breadcrumb"},"inLanguage":"lt-LT","potentialAction":[{"@type":"ReadAction","target":["https:\/\/anivet.lt\/elparduotuve\/produktas\/glycoflex-classic-papildas-sunims-sanariams\/"]}]},{"@type":"ImageObject","inLanguage":"lt-LT","@id":"https:\/\/anivet.lt\/elparduotuve\/produktas\/glycoflex-classic-papildas-sunims-sanariams\/#primaryimage","url":"https:\/\/anivet.lt\/elparduotuve\/wp-content\/uploads\/2025\/05\/Glycoflex-Classic-papildas-sunims-sanariams.jpg","contentUrl":"https:\/\/anivet.lt\/elparduotuve\/wp-content\/uploads\/2025\/05\/Glycoflex-Classic-papildas-sunims-sanariams.jpg","width":650,"height":640,"caption":"Glycoflex Classic papildas \u0161unims s\u0105nariams"},{"@type":"BreadcrumbList","@id":"https:\/\/anivet.lt\/elparduotuve\/produktas\/glycoflex-classic-papildas-sunims-sanariams\/#breadcrumb","itemListElement":[{"@type":"ListItem","position":1,"name":"Home","item":"https:\/\/anivet.lt\/elparduotuve\/"},{"@type":"ListItem","position":2,"name":"Produktai","item":"https:\/\/anivet.lt\/elparduotuve\/produktai\/"},{"@type":"ListItem","position":3,"name":"Glycoflex Classic papildas \u0161unims s\u0105nariams"}]},{"@type":"WebSite","@id":"https:\/\/anivet.lt\/elparduotuve\/#website","url":"https:\/\/anivet.lt\/elparduotuve\/","name":"anivet.lt","description":"Viskas J\u016bs\u0173 \u0161uns, kat\u0117s prie\u017ei\u016brai","publisher":{"@id":"https:\/\/anivet.lt\/elparduotuve\/#organization"},"alternateName":"Viskas J\u016bs\u0173 \u0161uns, kat\u0117s prie\u017ei\u016brai","potentialAction":[{"@type":"SearchAction","target":{"@type":"EntryPoint","urlTemplate":"https:\/\/anivet.lt\/elparduotuve\/?s={search_term_string}"},"query-input":{"@type":"PropertyValueSpecification","valueRequired":true,"valueName":"search_term_string"}}],"inLanguage":"lt-LT"},{"@type":"Organization","@id":"https:\/\/anivet.lt\/elparduotuve\/#organization","name":"Viskas J\u016bs\u0173 \u0161uns, kat\u0117s prie\u017ei\u016brai","url":"https:\/\/anivet.lt\/elparduotuve\/","logo":{"@type":"ImageObject","inLanguage":"lt-LT","@id":"https:\/\/anivet.lt\/elparduotuve\/#\/schema\/logo\/image\/","url":"https:\/\/anivet.lt\/elparduotuve\/wp-content\/uploads\/2023\/06\/logo2.jpg","contentUrl":"https:\/\/anivet.lt\/elparduotuve\/wp-content\/uploads\/2023\/06\/logo2.jpg","width":655,"height":194,"caption":"Viskas J\u016bs\u0173 \u0161uns, kat\u0117s prie\u017ei\u016brai"},"image":{"@id":"https:\/\/anivet.lt\/elparduotuve\/#\/schema\/logo\/image\/"}}]}},"_links":{"self":[{"href":"https:\/\/anivet.lt\/elparduotuve\/wp-json\/wp\/v2\/product\/17709","targetHints":{"allow":["GET"]}}],"collection":[{"href":"https:\/\/anivet.lt\/elparduotuve\/wp-json\/wp\/v2\/product"}],"about":[{"href":"https:\/\/anivet.lt\/elparduotuve\/wp-json\/wp\/v2\/types\/product"}],"wp:featuredmedia":[{"embeddable":true,"href":"https:\/\/anivet.lt\/elparduotuve\/wp-json\/wp\/v2\/media\/17710"}],"wp:attachment":[{"href":"https:\/\/anivet.lt\/elparduotuve\/wp-json\/wp\/v2\/media?parent=17709"}],"wp:term":[{"taxonomy":"product_brand","embeddable":true,"href":"https:\/\/anivet.lt\/elparduotuve\/wp-json\/wp\/v2\/product_brand?post=17709"},{"taxonomy":"product_cat","embeddable":true,"href":"https:\/\/anivet.lt\/elparduotuve\/wp-json\/wp\/v2\/product_cat?post=17709"},{"taxonomy":"product_tag","embeddable":true,"href":"https:\/\/anivet.lt\/elparduotuve\/wp-json\/wp\/v2\/product_tag?post=17709"}],"curies":[{"name":"wp","href":"https:\/\/api.w.org\/{rel}","templated":true}]}}