{"id":17726,"date":"2025-05-17T09:20:17","date_gmt":"2025-05-17T09:20:17","guid":{"rendered":"https:\/\/anivet.lt\/elparduotuve\/?post_type=product&#038;p=17726"},"modified":"2026-03-03T16:00:54","modified_gmt":"2026-03-03T16:00:54","slug":"goactive-peanut-butter-sanariams-ir-raumenims-sunims","status":"publish","type":"product","link":"https:\/\/anivet.lt\/elparduotuve\/produktas\/goactive-peanut-butter-sanariams-ir-raumenims-sunims\/","title":{"rendered":"GoActive Peanut Butter s\u0105nariams ir raumenims \u0161unims"},"content":{"rendered":"<ul>\n<li>PhyCoidan\u2122\u00a0kompleksas, i\u0161gautas i\u0161 100% airi\u0161k\u0173\u00a0<em>Fucus vesiculosus<\/em>\u00a0j\u016bros dumbli\u0173, praturtintas funkciniu polisacharidu\u00a0<em>Fucoidan<\/em>, nat\u016braliais antioksidantais j\u016briniais polifenoliais, vitaminais ir mineralais.\u00a0Kartu jie palaiko mobilum\u0105, lankstum\u0105, s\u0105nari\u0173 ir raumen\u0173 sveikat\u0105.<\/li>\n<li>Vitaminas C\u00a0yra galingas antioksidantas, kuris palaiko laisvuosius radikalus ir skatina sveik\u0105 odos b\u016bkl\u0119. Gerina jud\u0117jim\u0105 \u0161unims, kuri\u0173 s\u0105nariai susting\u0119 ir skaudantys.<\/li>\n<li>Vitaminas D3\u00a0vaidina esmin\u012f vaidmen\u012f raumen\u0173 augimui ir vystymuisi bei raumen\u0173 susitraukim\u0173 reguliavimui.<\/li>\n<\/ul>\n","protected":false},"excerpt":{"rendered":"<ul>\n<li>Puikaus skonio kramtukai pasi\u017eymi i\u0161skirtinumu, nes sud\u0117tyje yra\u00a0PhyCoidan\u2122\u00a0(100% laukiniai Airijos j\u016bros dumbliai \u2013 fukoidai), kurie gali pad\u0117ti palaikyti mobilius ir lanks\u010dius s\u0105narius bei raumen\u0173 sveikat\u0105<\/li>\n<li>J\u016bros antioksidantai gali pad\u0117ti neutralizuoti laisvuosius radikalus vis\u0173 am\u017ei\u0173 ir veisli\u0173 \u0161unims<\/li>\n<li>Kartu su antioksidantais, mineralais ir vitaminais gali pad\u0117ti palaikyti jungiam\u0105j\u012f bei kremzlin\u012f audinius mobilius, kad kiekvienas \u017eingsnis b\u016bt\u0173 lengvas.<\/li>\n<\/ul>\n","protected":false},"featured_media":19150,"template":"","meta":[],"product_brand":[],"product_cat":[101,113],"product_tag":[],"class_list":{"0":"post-17726","1":"product","2":"type-product","3":"status-publish","4":"has-post-thumbnail","6":"product_cat-sunims","7":"product_cat-vitaminai-ir-papildai","8":"pa_prekinis-zenklas-goactive","10":"first","11":"instock","12":"taxable","13":"shipping-taxable","14":"purchasable","15":"product-type-variable"},"yoast_head":"<!-- This site is optimized with the Yoast SEO Premium plugin v27.1 (Yoast SEO v27.5) - https:\/\/yoast.com\/product\/yoast-seo-premium-wordpress\/ -->\n<title>GoActive Peanut Butter s\u0105nariams ir raumenims \u0161unims - anivet.lt<\/title>\n<meta name=\"description\" content=\"Puikaus skonio kramtukai pasi\u017eymi i\u0161skirtinumu, nes sud\u0117tyje yra\u00a0PhyCoidan\u2122\u00a0(100% laukiniai Airijos j\u016bros dumbliai \u2013 fukoidai), kurie gali pad\u0117ti palaikyti mobilius ir lanks\u010dius s\u0105narius bei raumen\u0173 sveikat\u0105  J\u016bros antioksidantai gali pad\u0117ti neutralizuoti laisvuosius radikalus vis\u0173 am\u017ei\u0173 ir veisli\u0173 \u0161unims  Kartu su antioksidantais, mineralais ir vitaminais gali pad\u0117ti palaikyti jungiam\u0105j\u012f bei kremzlin\u012f audinius mobilius, kad kiekvienas \u017eingsnis b\u016bt\u0173 lengvas.\" \/>\n<meta name=\"robots\" content=\"index, follow, max-snippet:-1, max-image-preview:large, max-video-preview:-1\" \/>\n<link rel=\"canonical\" href=\"https:\/\/anivet.lt\/elparduotuve\/produktas\/goactive-peanut-butter-sanariams-ir-raumenims-sunims\/\" \/>\n<meta property=\"og:locale\" content=\"lt_LT\" \/>\n<meta property=\"og:type\" content=\"article\" \/>\n<meta property=\"og:title\" content=\"GoActive Peanut Butter s\u0105nariams ir raumenims \u0161unims\" \/>\n<meta property=\"og:description\" content=\"Puikaus skonio kramtukai pasi\u017eymi i\u0161skirtinumu, nes sud\u0117tyje yra\u00a0PhyCoidan\u2122\u00a0(100% laukiniai Airijos j\u016bros dumbliai \u2013 fukoidai), kurie gali pad\u0117ti palaikyti mobilius ir lanks\u010dius s\u0105narius bei raumen\u0173 sveikat\u0105  J\u016bros antioksidantai gali pad\u0117ti neutralizuoti laisvuosius radikalus vis\u0173 am\u017ei\u0173 ir veisli\u0173 \u0161unims  Kartu su antioksidantais, mineralais ir vitaminais gali pad\u0117ti palaikyti jungiam\u0105j\u012f bei kremzlin\u012f audinius mobilius, kad kiekvienas \u017eingsnis b\u016bt\u0173 lengvas.\" \/>\n<meta property=\"og:url\" content=\"https:\/\/anivet.lt\/elparduotuve\/produktas\/goactive-peanut-butter-sanariams-ir-raumenims-sunims\/\" \/>\n<meta property=\"og:site_name\" content=\"anivet.lt\" \/>\n<meta property=\"article:modified_time\" content=\"2026-03-03T16:00:54+00:00\" \/>\n<meta property=\"og:image\" content=\"https:\/\/anivet.lt\/elparduotuve\/wp-content\/uploads\/2025\/05\/GoActive-Peanut-Butter-sanariams-ir-raumenims-sunims.jpg\" \/>\n\t<meta property=\"og:image:width\" content=\"650\" \/>\n\t<meta property=\"og:image:height\" content=\"650\" \/>\n\t<meta property=\"og:image:type\" content=\"image\/jpeg\" \/>\n<meta name=\"twitter:card\" content=\"summary_large_image\" \/>\n<meta name=\"twitter:label1\" content=\"Est. reading time\" \/>\n\t<meta name=\"twitter:data1\" content=\"1 minut\u0117\" \/>\n<script type=\"application\/ld+json\" class=\"yoast-schema-graph\">{\"@context\":\"https:\\\/\\\/schema.org\",\"@graph\":[{\"@type\":\"WebPage\",\"@id\":\"https:\\\/\\\/anivet.lt\\\/elparduotuve\\\/produktas\\\/goactive-peanut-butter-sanariams-ir-raumenims-sunims\\\/\",\"url\":\"https:\\\/\\\/anivet.lt\\\/elparduotuve\\\/produktas\\\/goactive-peanut-butter-sanariams-ir-raumenims-sunims\\\/\",\"name\":\"GoActive Peanut Butter s\u0105nariams ir raumenims \u0161unims - anivet.lt\",\"isPartOf\":{\"@id\":\"https:\\\/\\\/anivet.lt\\\/elparduotuve\\\/#website\"},\"primaryImageOfPage\":{\"@id\":\"https:\\\/\\\/anivet.lt\\\/elparduotuve\\\/produktas\\\/goactive-peanut-butter-sanariams-ir-raumenims-sunims\\\/#primaryimage\"},\"image\":{\"@id\":\"https:\\\/\\\/anivet.lt\\\/elparduotuve\\\/produktas\\\/goactive-peanut-butter-sanariams-ir-raumenims-sunims\\\/#primaryimage\"},\"thumbnailUrl\":\"https:\\\/\\\/anivet.lt\\\/elparduotuve\\\/wp-content\\\/uploads\\\/2025\\\/05\\\/GoActive-Peanut-Butter-sanariams-ir-raumenims-sunims.jpg\",\"datePublished\":\"2025-05-17T09:20:17+00:00\",\"dateModified\":\"2026-03-03T16:00:54+00:00\",\"description\":\"Puikaus skonio kramtukai pasi\u017eymi i\u0161skirtinumu, nes sud\u0117tyje yra\u00a0PhyCoidan\u2122\u00a0(100% laukiniai Airijos j\u016bros dumbliai \u2013 fukoidai), kurie gali pad\u0117ti palaikyti mobilius ir lanks\u010dius s\u0105narius bei raumen\u0173 sveikat\u0105 J\u016bros antioksidantai gali pad\u0117ti neutralizuoti laisvuosius radikalus vis\u0173 am\u017ei\u0173 ir veisli\u0173 \u0161unims Kartu su antioksidantais, mineralais ir vitaminais gali pad\u0117ti palaikyti jungiam\u0105j\u012f bei kremzlin\u012f audinius mobilius, kad kiekvienas \u017eingsnis b\u016bt\u0173 lengvas.\",\"breadcrumb\":{\"@id\":\"https:\\\/\\\/anivet.lt\\\/elparduotuve\\\/produktas\\\/goactive-peanut-butter-sanariams-ir-raumenims-sunims\\\/#breadcrumb\"},\"inLanguage\":\"lt-LT\",\"potentialAction\":[{\"@type\":\"ReadAction\",\"target\":[\"https:\\\/\\\/anivet.lt\\\/elparduotuve\\\/produktas\\\/goactive-peanut-butter-sanariams-ir-raumenims-sunims\\\/\"]}]},{\"@type\":\"ImageObject\",\"inLanguage\":\"lt-LT\",\"@id\":\"https:\\\/\\\/anivet.lt\\\/elparduotuve\\\/produktas\\\/goactive-peanut-butter-sanariams-ir-raumenims-sunims\\\/#primaryimage\",\"url\":\"https:\\\/\\\/anivet.lt\\\/elparduotuve\\\/wp-content\\\/uploads\\\/2025\\\/05\\\/GoActive-Peanut-Butter-sanariams-ir-raumenims-sunims.jpg\",\"contentUrl\":\"https:\\\/\\\/anivet.lt\\\/elparduotuve\\\/wp-content\\\/uploads\\\/2025\\\/05\\\/GoActive-Peanut-Butter-sanariams-ir-raumenims-sunims.jpg\",\"width\":650,\"height\":650,\"caption\":\"GoActive Peanut Butter s\u0105nariams ir raumenims \u0161unims\"},{\"@type\":\"BreadcrumbList\",\"@id\":\"https:\\\/\\\/anivet.lt\\\/elparduotuve\\\/produktas\\\/goactive-peanut-butter-sanariams-ir-raumenims-sunims\\\/#breadcrumb\",\"itemListElement\":[{\"@type\":\"ListItem\",\"position\":1,\"name\":\"Home\",\"item\":\"https:\\\/\\\/anivet.lt\\\/elparduotuve\\\/\"},{\"@type\":\"ListItem\",\"position\":2,\"name\":\"Produktai\",\"item\":\"https:\\\/\\\/anivet.lt\\\/elparduotuve\\\/produktai\\\/\"},{\"@type\":\"ListItem\",\"position\":3,\"name\":\"GoActive Peanut Butter s\u0105nariams ir raumenims \u0161unims\"}]},{\"@type\":\"WebSite\",\"@id\":\"https:\\\/\\\/anivet.lt\\\/elparduotuve\\\/#website\",\"url\":\"https:\\\/\\\/anivet.lt\\\/elparduotuve\\\/\",\"name\":\"anivet.lt\",\"description\":\"Viskas J\u016bs\u0173 \u0161uns, kat\u0117s prie\u017ei\u016brai\",\"publisher\":{\"@id\":\"https:\\\/\\\/anivet.lt\\\/elparduotuve\\\/#organization\"},\"alternateName\":\"Viskas J\u016bs\u0173 \u0161uns, kat\u0117s prie\u017ei\u016brai\",\"potentialAction\":[{\"@type\":\"SearchAction\",\"target\":{\"@type\":\"EntryPoint\",\"urlTemplate\":\"https:\\\/\\\/anivet.lt\\\/elparduotuve\\\/?s={search_term_string}\"},\"query-input\":{\"@type\":\"PropertyValueSpecification\",\"valueRequired\":true,\"valueName\":\"search_term_string\"}}],\"inLanguage\":\"lt-LT\"},{\"@type\":\"Organization\",\"@id\":\"https:\\\/\\\/anivet.lt\\\/elparduotuve\\\/#organization\",\"name\":\"Viskas J\u016bs\u0173 \u0161uns, kat\u0117s prie\u017ei\u016brai\",\"url\":\"https:\\\/\\\/anivet.lt\\\/elparduotuve\\\/\",\"logo\":{\"@type\":\"ImageObject\",\"inLanguage\":\"lt-LT\",\"@id\":\"https:\\\/\\\/anivet.lt\\\/elparduotuve\\\/#\\\/schema\\\/logo\\\/image\\\/\",\"url\":\"https:\\\/\\\/anivet.lt\\\/elparduotuve\\\/wp-content\\\/uploads\\\/2023\\\/06\\\/logo2.jpg\",\"contentUrl\":\"https:\\\/\\\/anivet.lt\\\/elparduotuve\\\/wp-content\\\/uploads\\\/2023\\\/06\\\/logo2.jpg\",\"width\":655,\"height\":194,\"caption\":\"Viskas J\u016bs\u0173 \u0161uns, kat\u0117s prie\u017ei\u016brai\"},\"image\":{\"@id\":\"https:\\\/\\\/anivet.lt\\\/elparduotuve\\\/#\\\/schema\\\/logo\\\/image\\\/\"}}]}<\/script>\n<!-- \/ Yoast SEO Premium plugin. -->","yoast_head_json":{"title":"GoActive Peanut Butter s\u0105nariams ir raumenims \u0161unims - anivet.lt","description":"Puikaus skonio kramtukai pasi\u017eymi i\u0161skirtinumu, nes sud\u0117tyje yra\u00a0PhyCoidan\u2122\u00a0(100% laukiniai Airijos j\u016bros dumbliai \u2013 fukoidai), kurie gali pad\u0117ti palaikyti mobilius ir lanks\u010dius s\u0105narius bei raumen\u0173 sveikat\u0105  J\u016bros antioksidantai gali pad\u0117ti neutralizuoti laisvuosius radikalus vis\u0173 am\u017ei\u0173 ir veisli\u0173 \u0161unims  Kartu su antioksidantais, mineralais ir vitaminais gali pad\u0117ti palaikyti jungiam\u0105j\u012f bei kremzlin\u012f audinius mobilius, kad kiekvienas \u017eingsnis b\u016bt\u0173 lengvas.","robots":{"index":"index","follow":"follow","max-snippet":"max-snippet:-1","max-image-preview":"max-image-preview:large","max-video-preview":"max-video-preview:-1"},"canonical":"https:\/\/anivet.lt\/elparduotuve\/produktas\/goactive-peanut-butter-sanariams-ir-raumenims-sunims\/","og_locale":"lt_LT","og_type":"article","og_title":"GoActive Peanut Butter s\u0105nariams ir raumenims \u0161unims","og_description":"Puikaus skonio kramtukai pasi\u017eymi i\u0161skirtinumu, nes sud\u0117tyje yra\u00a0PhyCoidan\u2122\u00a0(100% laukiniai Airijos j\u016bros dumbliai \u2013 fukoidai), kurie gali pad\u0117ti palaikyti mobilius ir lanks\u010dius s\u0105narius bei raumen\u0173 sveikat\u0105  J\u016bros antioksidantai gali pad\u0117ti neutralizuoti laisvuosius radikalus vis\u0173 am\u017ei\u0173 ir veisli\u0173 \u0161unims  Kartu su antioksidantais, mineralais ir vitaminais gali pad\u0117ti palaikyti jungiam\u0105j\u012f bei kremzlin\u012f audinius mobilius, kad kiekvienas \u017eingsnis b\u016bt\u0173 lengvas.","og_url":"https:\/\/anivet.lt\/elparduotuve\/produktas\/goactive-peanut-butter-sanariams-ir-raumenims-sunims\/","og_site_name":"anivet.lt","article_modified_time":"2026-03-03T16:00:54+00:00","og_image":[{"width":650,"height":650,"url":"https:\/\/anivet.lt\/elparduotuve\/wp-content\/uploads\/2025\/05\/GoActive-Peanut-Butter-sanariams-ir-raumenims-sunims.jpg","type":"image\/jpeg"}],"twitter_card":"summary_large_image","twitter_misc":{"Est. reading time":"1 minut\u0117"},"schema":{"@context":"https:\/\/schema.org","@graph":[{"@type":"WebPage","@id":"https:\/\/anivet.lt\/elparduotuve\/produktas\/goactive-peanut-butter-sanariams-ir-raumenims-sunims\/","url":"https:\/\/anivet.lt\/elparduotuve\/produktas\/goactive-peanut-butter-sanariams-ir-raumenims-sunims\/","name":"GoActive Peanut Butter s\u0105nariams ir raumenims \u0161unims - anivet.lt","isPartOf":{"@id":"https:\/\/anivet.lt\/elparduotuve\/#website"},"primaryImageOfPage":{"@id":"https:\/\/anivet.lt\/elparduotuve\/produktas\/goactive-peanut-butter-sanariams-ir-raumenims-sunims\/#primaryimage"},"image":{"@id":"https:\/\/anivet.lt\/elparduotuve\/produktas\/goactive-peanut-butter-sanariams-ir-raumenims-sunims\/#primaryimage"},"thumbnailUrl":"https:\/\/anivet.lt\/elparduotuve\/wp-content\/uploads\/2025\/05\/GoActive-Peanut-Butter-sanariams-ir-raumenims-sunims.jpg","datePublished":"2025-05-17T09:20:17+00:00","dateModified":"2026-03-03T16:00:54+00:00","description":"Puikaus skonio kramtukai pasi\u017eymi i\u0161skirtinumu, nes sud\u0117tyje yra\u00a0PhyCoidan\u2122\u00a0(100% laukiniai Airijos j\u016bros dumbliai \u2013 fukoidai), kurie gali pad\u0117ti palaikyti mobilius ir lanks\u010dius s\u0105narius bei raumen\u0173 sveikat\u0105 J\u016bros antioksidantai gali pad\u0117ti neutralizuoti laisvuosius radikalus vis\u0173 am\u017ei\u0173 ir veisli\u0173 \u0161unims Kartu su antioksidantais, mineralais ir vitaminais gali pad\u0117ti palaikyti jungiam\u0105j\u012f bei kremzlin\u012f audinius mobilius, kad kiekvienas \u017eingsnis b\u016bt\u0173 lengvas.","breadcrumb":{"@id":"https:\/\/anivet.lt\/elparduotuve\/produktas\/goactive-peanut-butter-sanariams-ir-raumenims-sunims\/#breadcrumb"},"inLanguage":"lt-LT","potentialAction":[{"@type":"ReadAction","target":["https:\/\/anivet.lt\/elparduotuve\/produktas\/goactive-peanut-butter-sanariams-ir-raumenims-sunims\/"]}]},{"@type":"ImageObject","inLanguage":"lt-LT","@id":"https:\/\/anivet.lt\/elparduotuve\/produktas\/goactive-peanut-butter-sanariams-ir-raumenims-sunims\/#primaryimage","url":"https:\/\/anivet.lt\/elparduotuve\/wp-content\/uploads\/2025\/05\/GoActive-Peanut-Butter-sanariams-ir-raumenims-sunims.jpg","contentUrl":"https:\/\/anivet.lt\/elparduotuve\/wp-content\/uploads\/2025\/05\/GoActive-Peanut-Butter-sanariams-ir-raumenims-sunims.jpg","width":650,"height":650,"caption":"GoActive Peanut Butter s\u0105nariams ir raumenims \u0161unims"},{"@type":"BreadcrumbList","@id":"https:\/\/anivet.lt\/elparduotuve\/produktas\/goactive-peanut-butter-sanariams-ir-raumenims-sunims\/#breadcrumb","itemListElement":[{"@type":"ListItem","position":1,"name":"Home","item":"https:\/\/anivet.lt\/elparduotuve\/"},{"@type":"ListItem","position":2,"name":"Produktai","item":"https:\/\/anivet.lt\/elparduotuve\/produktai\/"},{"@type":"ListItem","position":3,"name":"GoActive Peanut Butter s\u0105nariams ir raumenims \u0161unims"}]},{"@type":"WebSite","@id":"https:\/\/anivet.lt\/elparduotuve\/#website","url":"https:\/\/anivet.lt\/elparduotuve\/","name":"anivet.lt","description":"Viskas J\u016bs\u0173 \u0161uns, kat\u0117s prie\u017ei\u016brai","publisher":{"@id":"https:\/\/anivet.lt\/elparduotuve\/#organization"},"alternateName":"Viskas J\u016bs\u0173 \u0161uns, kat\u0117s prie\u017ei\u016brai","potentialAction":[{"@type":"SearchAction","target":{"@type":"EntryPoint","urlTemplate":"https:\/\/anivet.lt\/elparduotuve\/?s={search_term_string}"},"query-input":{"@type":"PropertyValueSpecification","valueRequired":true,"valueName":"search_term_string"}}],"inLanguage":"lt-LT"},{"@type":"Organization","@id":"https:\/\/anivet.lt\/elparduotuve\/#organization","name":"Viskas J\u016bs\u0173 \u0161uns, kat\u0117s prie\u017ei\u016brai","url":"https:\/\/anivet.lt\/elparduotuve\/","logo":{"@type":"ImageObject","inLanguage":"lt-LT","@id":"https:\/\/anivet.lt\/elparduotuve\/#\/schema\/logo\/image\/","url":"https:\/\/anivet.lt\/elparduotuve\/wp-content\/uploads\/2023\/06\/logo2.jpg","contentUrl":"https:\/\/anivet.lt\/elparduotuve\/wp-content\/uploads\/2023\/06\/logo2.jpg","width":655,"height":194,"caption":"Viskas J\u016bs\u0173 \u0161uns, kat\u0117s prie\u017ei\u016brai"},"image":{"@id":"https:\/\/anivet.lt\/elparduotuve\/#\/schema\/logo\/image\/"}}]}},"_links":{"self":[{"href":"https:\/\/anivet.lt\/elparduotuve\/wp-json\/wp\/v2\/product\/17726","targetHints":{"allow":["GET"]}}],"collection":[{"href":"https:\/\/anivet.lt\/elparduotuve\/wp-json\/wp\/v2\/product"}],"about":[{"href":"https:\/\/anivet.lt\/elparduotuve\/wp-json\/wp\/v2\/types\/product"}],"wp:featuredmedia":[{"embeddable":true,"href":"https:\/\/anivet.lt\/elparduotuve\/wp-json\/wp\/v2\/media\/19150"}],"wp:attachment":[{"href":"https:\/\/anivet.lt\/elparduotuve\/wp-json\/wp\/v2\/media?parent=17726"}],"wp:term":[{"taxonomy":"product_brand","embeddable":true,"href":"https:\/\/anivet.lt\/elparduotuve\/wp-json\/wp\/v2\/product_brand?post=17726"},{"taxonomy":"product_cat","embeddable":true,"href":"https:\/\/anivet.lt\/elparduotuve\/wp-json\/wp\/v2\/product_cat?post=17726"},{"taxonomy":"product_tag","embeddable":true,"href":"https:\/\/anivet.lt\/elparduotuve\/wp-json\/wp\/v2\/product_tag?post=17726"}],"curies":[{"name":"wp","href":"https:\/\/api.w.org\/{rel}","templated":true}]}}