{"id":19004,"date":"2025-10-22T13:02:53","date_gmt":"2025-10-22T13:02:53","guid":{"rendered":"https:\/\/anivet.lt\/elparduotuve\/?post_type=product&#038;p=19004"},"modified":"2025-10-22T13:05:36","modified_gmt":"2025-10-22T13:05:36","slug":"virbac-cat-g1-digestive-support-wet-konservai-katems-12x85g","status":"publish","type":"product","link":"https:\/\/anivet.lt\/elparduotuve\/produktas\/virbac-cat-g1-digestive-support-wet-konservai-katems-12x85g\/","title":{"rendered":"Virbac Cat G1 Digestive Support Wet konservai kat\u0117ms 12x85g"},"content":{"rendered":"<p>Rekomenduojamas naudoti, kai:<\/p>\n<ul>\n<li>Suma\u017e\u0117j\u0119s maisto med\u017eiag\u0173 \u012fsisavinimas.<\/li>\n<li>Kat\u0117 ken\u010dia nuo \u016bmi\u0173 \u017earnyno veiklos sutrikim\u0173.<\/li>\n<li>Nustatytas l\u0117tinis kasos veiklos nepakankamumas.<\/li>\n<li>Kat\u0117 atsigauna po ligos ar ilgo nevalgymo (pvz., anoreksijos).<\/li>\n<li>Pereinama atgal prie \u012fprastos mitybos po ligos ar gydymo.<\/li>\n<li>Esant skrand\u017eio ar \u017earnyno u\u017edegimams (gastritui, enteritui, kolitui).<\/li>\n<li>Esant megakolonui.<\/li>\n<li>Atsigaunant po vir\u0161kinimo trakto operacij\u0173.<\/li>\n<\/ul>\n<p>Nerekomenduojama naudoti:<\/p>\n<ul>\n<li>Jei katei diagnozuota l\u0117tin\u0117 inkst\u0173 liga (l\u0117tinis inkst\u0173 nepakankamumas).<\/li>\n<\/ul>\n","protected":false},"excerpt":{"rendered":"<p><span lang=\"en-US\">Tai specialiai subalansuotas, lengvai vir\u0161kinamas konservas kat\u0117ms. Sud\u0117tyje yra padidintas natrio ir kalio kiekis, o maisting\u0173j\u0173 med\u017eiag\u0173 koncentracija itin didel\u0117 \u2013 tai padeda u\u017etikrinti, kad kat\u0117 gaut\u0173 visas reikalingas med\u017eiagas net suma\u017e\u0117jus apetitui ar esant vir\u0161kinimo sutrikimams.<\/span><\/p>\n","protected":false},"featured_media":19005,"template":"","meta":[],"product_brand":[],"product_cat":[114,102,118,329,348],"product_tag":[],"class_list":{"0":"post-19004","1":"product","2":"type-product","3":"status-publish","4":"has-post-thumbnail","6":"product_cat-kaciu-maistas","7":"product_cat-katems","8":"product_cat-veterinarinis-maistas-katems","9":"product_cat-pagal-prekes-zenklus-2","10":"product_cat-virbac-kaciu-maistas","11":"pa_prekinis-zenklas-virbac","13":"first","14":"instock","15":"taxable","16":"shipping-taxable","17":"purchasable","18":"product-type-simple"},"yoast_head":"<!-- This site is optimized with the Yoast SEO Premium plugin v27.1 (Yoast SEO v27.5) - https:\/\/yoast.com\/product\/yoast-seo-premium-wordpress\/ -->\n<title>Virbac Cat G1 Digestive Support Wet konservai kat\u0117ms 12x85g - anivet.lt<\/title>\n<meta name=\"description\" content=\"Tai specialiai subalansuotas, lengvai vir\u0161kinamas konservas kat\u0117ms. Sud\u0117tyje yra padidintas natrio ir kalio kiekis, o maisting\u0173j\u0173 med\u017eiag\u0173 koncentracija itin didel\u0117 \u2013 tai padeda u\u017etikrinti, kad kat\u0117 gaut\u0173 visas reikalingas med\u017eiagas net suma\u017e\u0117jus apetitui ar esant vir\u0161kinimo sutrikimams.\" \/>\n<meta name=\"robots\" content=\"index, follow, max-snippet:-1, max-image-preview:large, max-video-preview:-1\" \/>\n<link rel=\"canonical\" href=\"https:\/\/anivet.lt\/elparduotuve\/produktas\/virbac-cat-g1-digestive-support-wet-konservai-katems-12x85g\/\" \/>\n<meta property=\"og:locale\" content=\"lt_LT\" \/>\n<meta property=\"og:type\" content=\"article\" \/>\n<meta property=\"og:title\" content=\"Virbac Cat G1 Digestive Support Wet konservai kat\u0117ms 12x85g\" \/>\n<meta property=\"og:description\" content=\"Tai specialiai subalansuotas, lengvai vir\u0161kinamas konservas kat\u0117ms. Sud\u0117tyje yra padidintas natrio ir kalio kiekis, o maisting\u0173j\u0173 med\u017eiag\u0173 koncentracija itin didel\u0117 \u2013 tai padeda u\u017etikrinti, kad kat\u0117 gaut\u0173 visas reikalingas med\u017eiagas net suma\u017e\u0117jus apetitui ar esant vir\u0161kinimo sutrikimams.\" \/>\n<meta property=\"og:url\" content=\"https:\/\/anivet.lt\/elparduotuve\/produktas\/virbac-cat-g1-digestive-support-wet-konservai-katems-12x85g\/\" \/>\n<meta property=\"og:site_name\" content=\"anivet.lt\" \/>\n<meta property=\"article:modified_time\" content=\"2025-10-22T13:05:36+00:00\" \/>\n<meta property=\"og:image\" content=\"https:\/\/anivet.lt\/elparduotuve\/wp-content\/uploads\/2025\/10\/Virbac-Cat-G1-Digestive-Support-Wet-konservai-katems-12x85g.jpg\" \/>\n\t<meta property=\"og:image:width\" content=\"650\" \/>\n\t<meta property=\"og:image:height\" content=\"650\" \/>\n\t<meta property=\"og:image:type\" content=\"image\/jpeg\" \/>\n<meta name=\"twitter:card\" content=\"summary_large_image\" \/>\n<meta name=\"twitter:label1\" content=\"Est. reading time\" \/>\n\t<meta name=\"twitter:data1\" content=\"1 minut\u0117\" \/>\n<script type=\"application\/ld+json\" class=\"yoast-schema-graph\">{\"@context\":\"https:\\\/\\\/schema.org\",\"@graph\":[{\"@type\":\"WebPage\",\"@id\":\"https:\\\/\\\/anivet.lt\\\/elparduotuve\\\/produktas\\\/virbac-cat-g1-digestive-support-wet-konservai-katems-12x85g\\\/\",\"url\":\"https:\\\/\\\/anivet.lt\\\/elparduotuve\\\/produktas\\\/virbac-cat-g1-digestive-support-wet-konservai-katems-12x85g\\\/\",\"name\":\"Virbac Cat G1 Digestive Support Wet konservai kat\u0117ms 12x85g - anivet.lt\",\"isPartOf\":{\"@id\":\"https:\\\/\\\/anivet.lt\\\/elparduotuve\\\/#website\"},\"primaryImageOfPage\":{\"@id\":\"https:\\\/\\\/anivet.lt\\\/elparduotuve\\\/produktas\\\/virbac-cat-g1-digestive-support-wet-konservai-katems-12x85g\\\/#primaryimage\"},\"image\":{\"@id\":\"https:\\\/\\\/anivet.lt\\\/elparduotuve\\\/produktas\\\/virbac-cat-g1-digestive-support-wet-konservai-katems-12x85g\\\/#primaryimage\"},\"thumbnailUrl\":\"https:\\\/\\\/anivet.lt\\\/elparduotuve\\\/wp-content\\\/uploads\\\/2025\\\/10\\\/Virbac-Cat-G1-Digestive-Support-Wet-konservai-katems-12x85g.jpg\",\"datePublished\":\"2025-10-22T13:02:53+00:00\",\"dateModified\":\"2025-10-22T13:05:36+00:00\",\"description\":\"Tai specialiai subalansuotas, lengvai vir\u0161kinamas konservas kat\u0117ms. Sud\u0117tyje yra padidintas natrio ir kalio kiekis, o maisting\u0173j\u0173 med\u017eiag\u0173 koncentracija itin didel\u0117 \u2013 tai padeda u\u017etikrinti, kad kat\u0117 gaut\u0173 visas reikalingas med\u017eiagas net suma\u017e\u0117jus apetitui ar esant vir\u0161kinimo sutrikimams.\",\"breadcrumb\":{\"@id\":\"https:\\\/\\\/anivet.lt\\\/elparduotuve\\\/produktas\\\/virbac-cat-g1-digestive-support-wet-konservai-katems-12x85g\\\/#breadcrumb\"},\"inLanguage\":\"lt-LT\",\"potentialAction\":[{\"@type\":\"ReadAction\",\"target\":[\"https:\\\/\\\/anivet.lt\\\/elparduotuve\\\/produktas\\\/virbac-cat-g1-digestive-support-wet-konservai-katems-12x85g\\\/\"]}]},{\"@type\":\"ImageObject\",\"inLanguage\":\"lt-LT\",\"@id\":\"https:\\\/\\\/anivet.lt\\\/elparduotuve\\\/produktas\\\/virbac-cat-g1-digestive-support-wet-konservai-katems-12x85g\\\/#primaryimage\",\"url\":\"https:\\\/\\\/anivet.lt\\\/elparduotuve\\\/wp-content\\\/uploads\\\/2025\\\/10\\\/Virbac-Cat-G1-Digestive-Support-Wet-konservai-katems-12x85g.jpg\",\"contentUrl\":\"https:\\\/\\\/anivet.lt\\\/elparduotuve\\\/wp-content\\\/uploads\\\/2025\\\/10\\\/Virbac-Cat-G1-Digestive-Support-Wet-konservai-katems-12x85g.jpg\",\"width\":650,\"height\":650,\"caption\":\"Virbac Cat G1 Digestive Support Wet konservai kat\u0117ms 12x85g\"},{\"@type\":\"BreadcrumbList\",\"@id\":\"https:\\\/\\\/anivet.lt\\\/elparduotuve\\\/produktas\\\/virbac-cat-g1-digestive-support-wet-konservai-katems-12x85g\\\/#breadcrumb\",\"itemListElement\":[{\"@type\":\"ListItem\",\"position\":1,\"name\":\"Home\",\"item\":\"https:\\\/\\\/anivet.lt\\\/elparduotuve\\\/\"},{\"@type\":\"ListItem\",\"position\":2,\"name\":\"Produktai\",\"item\":\"https:\\\/\\\/anivet.lt\\\/elparduotuve\\\/produktai\\\/\"},{\"@type\":\"ListItem\",\"position\":3,\"name\":\"Virbac Cat G1 Digestive Support Wet konservai kat\u0117ms 12x85g\"}]},{\"@type\":\"WebSite\",\"@id\":\"https:\\\/\\\/anivet.lt\\\/elparduotuve\\\/#website\",\"url\":\"https:\\\/\\\/anivet.lt\\\/elparduotuve\\\/\",\"name\":\"anivet.lt\",\"description\":\"Viskas J\u016bs\u0173 \u0161uns, kat\u0117s prie\u017ei\u016brai\",\"publisher\":{\"@id\":\"https:\\\/\\\/anivet.lt\\\/elparduotuve\\\/#organization\"},\"alternateName\":\"Viskas J\u016bs\u0173 \u0161uns, kat\u0117s prie\u017ei\u016brai\",\"potentialAction\":[{\"@type\":\"SearchAction\",\"target\":{\"@type\":\"EntryPoint\",\"urlTemplate\":\"https:\\\/\\\/anivet.lt\\\/elparduotuve\\\/?s={search_term_string}\"},\"query-input\":{\"@type\":\"PropertyValueSpecification\",\"valueRequired\":true,\"valueName\":\"search_term_string\"}}],\"inLanguage\":\"lt-LT\"},{\"@type\":\"Organization\",\"@id\":\"https:\\\/\\\/anivet.lt\\\/elparduotuve\\\/#organization\",\"name\":\"Viskas J\u016bs\u0173 \u0161uns, kat\u0117s prie\u017ei\u016brai\",\"url\":\"https:\\\/\\\/anivet.lt\\\/elparduotuve\\\/\",\"logo\":{\"@type\":\"ImageObject\",\"inLanguage\":\"lt-LT\",\"@id\":\"https:\\\/\\\/anivet.lt\\\/elparduotuve\\\/#\\\/schema\\\/logo\\\/image\\\/\",\"url\":\"https:\\\/\\\/anivet.lt\\\/elparduotuve\\\/wp-content\\\/uploads\\\/2023\\\/06\\\/logo2.jpg\",\"contentUrl\":\"https:\\\/\\\/anivet.lt\\\/elparduotuve\\\/wp-content\\\/uploads\\\/2023\\\/06\\\/logo2.jpg\",\"width\":655,\"height\":194,\"caption\":\"Viskas J\u016bs\u0173 \u0161uns, kat\u0117s prie\u017ei\u016brai\"},\"image\":{\"@id\":\"https:\\\/\\\/anivet.lt\\\/elparduotuve\\\/#\\\/schema\\\/logo\\\/image\\\/\"}}]}<\/script>\n<!-- \/ Yoast SEO Premium plugin. -->","yoast_head_json":{"title":"Virbac Cat G1 Digestive Support Wet konservai kat\u0117ms 12x85g - anivet.lt","description":"Tai specialiai subalansuotas, lengvai vir\u0161kinamas konservas kat\u0117ms. Sud\u0117tyje yra padidintas natrio ir kalio kiekis, o maisting\u0173j\u0173 med\u017eiag\u0173 koncentracija itin didel\u0117 \u2013 tai padeda u\u017etikrinti, kad kat\u0117 gaut\u0173 visas reikalingas med\u017eiagas net suma\u017e\u0117jus apetitui ar esant vir\u0161kinimo sutrikimams.","robots":{"index":"index","follow":"follow","max-snippet":"max-snippet:-1","max-image-preview":"max-image-preview:large","max-video-preview":"max-video-preview:-1"},"canonical":"https:\/\/anivet.lt\/elparduotuve\/produktas\/virbac-cat-g1-digestive-support-wet-konservai-katems-12x85g\/","og_locale":"lt_LT","og_type":"article","og_title":"Virbac Cat G1 Digestive Support Wet konservai kat\u0117ms 12x85g","og_description":"Tai specialiai subalansuotas, lengvai vir\u0161kinamas konservas kat\u0117ms. Sud\u0117tyje yra padidintas natrio ir kalio kiekis, o maisting\u0173j\u0173 med\u017eiag\u0173 koncentracija itin didel\u0117 \u2013 tai padeda u\u017etikrinti, kad kat\u0117 gaut\u0173 visas reikalingas med\u017eiagas net suma\u017e\u0117jus apetitui ar esant vir\u0161kinimo sutrikimams.","og_url":"https:\/\/anivet.lt\/elparduotuve\/produktas\/virbac-cat-g1-digestive-support-wet-konservai-katems-12x85g\/","og_site_name":"anivet.lt","article_modified_time":"2025-10-22T13:05:36+00:00","og_image":[{"width":650,"height":650,"url":"https:\/\/anivet.lt\/elparduotuve\/wp-content\/uploads\/2025\/10\/Virbac-Cat-G1-Digestive-Support-Wet-konservai-katems-12x85g.jpg","type":"image\/jpeg"}],"twitter_card":"summary_large_image","twitter_misc":{"Est. reading time":"1 minut\u0117"},"schema":{"@context":"https:\/\/schema.org","@graph":[{"@type":"WebPage","@id":"https:\/\/anivet.lt\/elparduotuve\/produktas\/virbac-cat-g1-digestive-support-wet-konservai-katems-12x85g\/","url":"https:\/\/anivet.lt\/elparduotuve\/produktas\/virbac-cat-g1-digestive-support-wet-konservai-katems-12x85g\/","name":"Virbac Cat G1 Digestive Support Wet konservai kat\u0117ms 12x85g - anivet.lt","isPartOf":{"@id":"https:\/\/anivet.lt\/elparduotuve\/#website"},"primaryImageOfPage":{"@id":"https:\/\/anivet.lt\/elparduotuve\/produktas\/virbac-cat-g1-digestive-support-wet-konservai-katems-12x85g\/#primaryimage"},"image":{"@id":"https:\/\/anivet.lt\/elparduotuve\/produktas\/virbac-cat-g1-digestive-support-wet-konservai-katems-12x85g\/#primaryimage"},"thumbnailUrl":"https:\/\/anivet.lt\/elparduotuve\/wp-content\/uploads\/2025\/10\/Virbac-Cat-G1-Digestive-Support-Wet-konservai-katems-12x85g.jpg","datePublished":"2025-10-22T13:02:53+00:00","dateModified":"2025-10-22T13:05:36+00:00","description":"Tai specialiai subalansuotas, lengvai vir\u0161kinamas konservas kat\u0117ms. Sud\u0117tyje yra padidintas natrio ir kalio kiekis, o maisting\u0173j\u0173 med\u017eiag\u0173 koncentracija itin didel\u0117 \u2013 tai padeda u\u017etikrinti, kad kat\u0117 gaut\u0173 visas reikalingas med\u017eiagas net suma\u017e\u0117jus apetitui ar esant vir\u0161kinimo sutrikimams.","breadcrumb":{"@id":"https:\/\/anivet.lt\/elparduotuve\/produktas\/virbac-cat-g1-digestive-support-wet-konservai-katems-12x85g\/#breadcrumb"},"inLanguage":"lt-LT","potentialAction":[{"@type":"ReadAction","target":["https:\/\/anivet.lt\/elparduotuve\/produktas\/virbac-cat-g1-digestive-support-wet-konservai-katems-12x85g\/"]}]},{"@type":"ImageObject","inLanguage":"lt-LT","@id":"https:\/\/anivet.lt\/elparduotuve\/produktas\/virbac-cat-g1-digestive-support-wet-konservai-katems-12x85g\/#primaryimage","url":"https:\/\/anivet.lt\/elparduotuve\/wp-content\/uploads\/2025\/10\/Virbac-Cat-G1-Digestive-Support-Wet-konservai-katems-12x85g.jpg","contentUrl":"https:\/\/anivet.lt\/elparduotuve\/wp-content\/uploads\/2025\/10\/Virbac-Cat-G1-Digestive-Support-Wet-konservai-katems-12x85g.jpg","width":650,"height":650,"caption":"Virbac Cat G1 Digestive Support Wet konservai kat\u0117ms 12x85g"},{"@type":"BreadcrumbList","@id":"https:\/\/anivet.lt\/elparduotuve\/produktas\/virbac-cat-g1-digestive-support-wet-konservai-katems-12x85g\/#breadcrumb","itemListElement":[{"@type":"ListItem","position":1,"name":"Home","item":"https:\/\/anivet.lt\/elparduotuve\/"},{"@type":"ListItem","position":2,"name":"Produktai","item":"https:\/\/anivet.lt\/elparduotuve\/produktai\/"},{"@type":"ListItem","position":3,"name":"Virbac Cat G1 Digestive Support Wet konservai kat\u0117ms 12x85g"}]},{"@type":"WebSite","@id":"https:\/\/anivet.lt\/elparduotuve\/#website","url":"https:\/\/anivet.lt\/elparduotuve\/","name":"anivet.lt","description":"Viskas J\u016bs\u0173 \u0161uns, kat\u0117s prie\u017ei\u016brai","publisher":{"@id":"https:\/\/anivet.lt\/elparduotuve\/#organization"},"alternateName":"Viskas J\u016bs\u0173 \u0161uns, kat\u0117s prie\u017ei\u016brai","potentialAction":[{"@type":"SearchAction","target":{"@type":"EntryPoint","urlTemplate":"https:\/\/anivet.lt\/elparduotuve\/?s={search_term_string}"},"query-input":{"@type":"PropertyValueSpecification","valueRequired":true,"valueName":"search_term_string"}}],"inLanguage":"lt-LT"},{"@type":"Organization","@id":"https:\/\/anivet.lt\/elparduotuve\/#organization","name":"Viskas J\u016bs\u0173 \u0161uns, kat\u0117s prie\u017ei\u016brai","url":"https:\/\/anivet.lt\/elparduotuve\/","logo":{"@type":"ImageObject","inLanguage":"lt-LT","@id":"https:\/\/anivet.lt\/elparduotuve\/#\/schema\/logo\/image\/","url":"https:\/\/anivet.lt\/elparduotuve\/wp-content\/uploads\/2023\/06\/logo2.jpg","contentUrl":"https:\/\/anivet.lt\/elparduotuve\/wp-content\/uploads\/2023\/06\/logo2.jpg","width":655,"height":194,"caption":"Viskas J\u016bs\u0173 \u0161uns, kat\u0117s prie\u017ei\u016brai"},"image":{"@id":"https:\/\/anivet.lt\/elparduotuve\/#\/schema\/logo\/image\/"}}]}},"_links":{"self":[{"href":"https:\/\/anivet.lt\/elparduotuve\/wp-json\/wp\/v2\/product\/19004","targetHints":{"allow":["GET"]}}],"collection":[{"href":"https:\/\/anivet.lt\/elparduotuve\/wp-json\/wp\/v2\/product"}],"about":[{"href":"https:\/\/anivet.lt\/elparduotuve\/wp-json\/wp\/v2\/types\/product"}],"wp:featuredmedia":[{"embeddable":true,"href":"https:\/\/anivet.lt\/elparduotuve\/wp-json\/wp\/v2\/media\/19005"}],"wp:attachment":[{"href":"https:\/\/anivet.lt\/elparduotuve\/wp-json\/wp\/v2\/media?parent=19004"}],"wp:term":[{"taxonomy":"product_brand","embeddable":true,"href":"https:\/\/anivet.lt\/elparduotuve\/wp-json\/wp\/v2\/product_brand?post=19004"},{"taxonomy":"product_cat","embeddable":true,"href":"https:\/\/anivet.lt\/elparduotuve\/wp-json\/wp\/v2\/product_cat?post=19004"},{"taxonomy":"product_tag","embeddable":true,"href":"https:\/\/anivet.lt\/elparduotuve\/wp-json\/wp\/v2\/product_tag?post=19004"}],"curies":[{"name":"wp","href":"https:\/\/api.w.org\/{rel}","templated":true}]}}