{"id":19701,"date":"2026-01-20T15:22:01","date_gmt":"2026-01-20T15:22:01","guid":{"rendered":"https:\/\/anivet.lt\/elparduotuve\/?post_type=product&#038;p=19701"},"modified":"2026-05-02T11:58:57","modified_gmt":"2026-05-02T11:58:57","slug":"hills-sp-canine-puppy-sm-chicken-mazu-veisliu-jauniems-sunims","status":"publish","type":"product","link":"https:\/\/anivet.lt\/elparduotuve\/produktas\/hills-sp-canine-puppy-sm-chicken-mazu-veisliu-jauniems-sunims\/","title":{"rendered":"Hill\u2019s SP Canine Puppy S&#038;M Chicken ma\u017e\u0173 veisli\u0173 jauniems \u0161unims"},"content":{"rendered":"<p>Sud\u0117tyje n\u0117ra dirbtini\u0173 konservant\u0173, kvapi\u0173j\u0173 med\u017eiag\u0173 ar da\u017eikli\u0173. Maistas padeda stiprinti imunin\u0119 sistem\u0105 bei palaiko sveik\u0105 smegen\u0173, raumen\u0173 ir kaul\u0173 vystym\u0105si. Praturtintas klini\u0161kai patikrintais antioksidantais ir dideliu DHA kiekiu, gaunamu i\u0161 \u017euv\u0173 tauk\u0173.<\/p>\n","protected":false},"excerpt":{"rendered":"<p>Hill\u2019s visavertis maistas, skirtas ma\u017e\u0173 ir miniati\u016brini\u0173 veisli\u0173 \u0161uniukams nuo 4 savai\u010di\u0173 iki 1 met\u0173. Taip pat tinkamas vaikingoms kal\u0117ms.<\/p>\n","protected":false},"featured_media":19702,"template":"","meta":[],"product_brand":[],"product_cat":[101,103,104,333],"product_tag":[],"class_list":{"0":"post-19701","1":"product","2":"type-product","3":"status-publish","4":"has-post-thumbnail","6":"product_cat-sunims","7":"product_cat-sunu-maistas","8":"product_cat-sausas-maistas","9":"product_cat-hills-sunu-maistas","10":"pa_prekinis-zenklas-hills","12":"first","13":"instock","14":"taxable","15":"shipping-taxable","16":"purchasable","17":"product-type-variable"},"yoast_head":"<!-- This site is optimized with the Yoast SEO Premium plugin v27.1 (Yoast SEO v27.5) - https:\/\/yoast.com\/product\/yoast-seo-premium-wordpress\/ -->\n<title>Hill\u2019s SP Canine Puppy S&amp;M Chicken ma\u017e\u0173 veisli\u0173 jauniems \u0161unims - anivet.lt<\/title>\n<meta name=\"description\" content=\"Hill\u2019s visavertis maistas, skirtas ma\u017e\u0173 ir miniati\u016brini\u0173 veisli\u0173 \u0161uniukams nuo 4 savai\u010di\u0173 iki 1 met\u0173. Taip pat tinkamas vaikingoms kal\u0117ms.\" \/>\n<meta name=\"robots\" content=\"index, follow, max-snippet:-1, max-image-preview:large, max-video-preview:-1\" \/>\n<link rel=\"canonical\" href=\"https:\/\/anivet.lt\/elparduotuve\/produktas\/hills-sp-canine-puppy-sm-chicken-mazu-veisliu-jauniems-sunims\/\" \/>\n<meta property=\"og:locale\" content=\"lt_LT\" \/>\n<meta property=\"og:type\" content=\"article\" \/>\n<meta property=\"og:title\" content=\"Hill\u2019s SP Canine Puppy S&amp;M Chicken ma\u017e\u0173 veisli\u0173 jauniems \u0161unims\" \/>\n<meta property=\"og:description\" content=\"Hill\u2019s visavertis maistas, skirtas ma\u017e\u0173 ir miniati\u016brini\u0173 veisli\u0173 \u0161uniukams nuo 4 savai\u010di\u0173 iki 1 met\u0173. Taip pat tinkamas vaikingoms kal\u0117ms.\" \/>\n<meta property=\"og:url\" content=\"https:\/\/anivet.lt\/elparduotuve\/produktas\/hills-sp-canine-puppy-sm-chicken-mazu-veisliu-jauniems-sunims\/\" \/>\n<meta property=\"og:site_name\" content=\"anivet.lt\" \/>\n<meta property=\"article:modified_time\" content=\"2026-05-02T11:58:57+00:00\" \/>\n<meta property=\"og:image\" content=\"https:\/\/anivet.lt\/elparduotuve\/wp-content\/uploads\/2026\/01\/Hills-SP-Canine-Puppy-SM-Chicken-mazu-veisliu-jauniems-sunims.jpg\" \/>\n\t<meta property=\"og:image:width\" content=\"650\" \/>\n\t<meta property=\"og:image:height\" content=\"650\" \/>\n\t<meta property=\"og:image:type\" content=\"image\/jpeg\" \/>\n<meta name=\"twitter:card\" content=\"summary_large_image\" \/>\n<meta name=\"twitter:label1\" content=\"Est. reading time\" \/>\n\t<meta name=\"twitter:data1\" content=\"1 minut\u0117\" \/>\n<script type=\"application\/ld+json\" class=\"yoast-schema-graph\">{\"@context\":\"https:\\\/\\\/schema.org\",\"@graph\":[{\"@type\":\"WebPage\",\"@id\":\"https:\\\/\\\/anivet.lt\\\/elparduotuve\\\/produktas\\\/hills-sp-canine-puppy-sm-chicken-mazu-veisliu-jauniems-sunims\\\/\",\"url\":\"https:\\\/\\\/anivet.lt\\\/elparduotuve\\\/produktas\\\/hills-sp-canine-puppy-sm-chicken-mazu-veisliu-jauniems-sunims\\\/\",\"name\":\"Hill\u2019s SP Canine Puppy S&M Chicken ma\u017e\u0173 veisli\u0173 jauniems \u0161unims - anivet.lt\",\"isPartOf\":{\"@id\":\"https:\\\/\\\/anivet.lt\\\/elparduotuve\\\/#website\"},\"primaryImageOfPage\":{\"@id\":\"https:\\\/\\\/anivet.lt\\\/elparduotuve\\\/produktas\\\/hills-sp-canine-puppy-sm-chicken-mazu-veisliu-jauniems-sunims\\\/#primaryimage\"},\"image\":{\"@id\":\"https:\\\/\\\/anivet.lt\\\/elparduotuve\\\/produktas\\\/hills-sp-canine-puppy-sm-chicken-mazu-veisliu-jauniems-sunims\\\/#primaryimage\"},\"thumbnailUrl\":\"https:\\\/\\\/anivet.lt\\\/elparduotuve\\\/wp-content\\\/uploads\\\/2026\\\/01\\\/Hills-SP-Canine-Puppy-SM-Chicken-mazu-veisliu-jauniems-sunims.jpg\",\"datePublished\":\"2026-01-20T15:22:01+00:00\",\"dateModified\":\"2026-05-02T11:58:57+00:00\",\"description\":\"Hill\u2019s visavertis maistas, skirtas ma\u017e\u0173 ir miniati\u016brini\u0173 veisli\u0173 \u0161uniukams nuo 4 savai\u010di\u0173 iki 1 met\u0173. Taip pat tinkamas vaikingoms kal\u0117ms.\",\"breadcrumb\":{\"@id\":\"https:\\\/\\\/anivet.lt\\\/elparduotuve\\\/produktas\\\/hills-sp-canine-puppy-sm-chicken-mazu-veisliu-jauniems-sunims\\\/#breadcrumb\"},\"inLanguage\":\"lt-LT\",\"potentialAction\":[{\"@type\":\"ReadAction\",\"target\":[\"https:\\\/\\\/anivet.lt\\\/elparduotuve\\\/produktas\\\/hills-sp-canine-puppy-sm-chicken-mazu-veisliu-jauniems-sunims\\\/\"]}]},{\"@type\":\"ImageObject\",\"inLanguage\":\"lt-LT\",\"@id\":\"https:\\\/\\\/anivet.lt\\\/elparduotuve\\\/produktas\\\/hills-sp-canine-puppy-sm-chicken-mazu-veisliu-jauniems-sunims\\\/#primaryimage\",\"url\":\"https:\\\/\\\/anivet.lt\\\/elparduotuve\\\/wp-content\\\/uploads\\\/2026\\\/01\\\/Hills-SP-Canine-Puppy-SM-Chicken-mazu-veisliu-jauniems-sunims.jpg\",\"contentUrl\":\"https:\\\/\\\/anivet.lt\\\/elparduotuve\\\/wp-content\\\/uploads\\\/2026\\\/01\\\/Hills-SP-Canine-Puppy-SM-Chicken-mazu-veisliu-jauniems-sunims.jpg\",\"width\":650,\"height\":650,\"caption\":\"Hill\u2019s SP Canine Puppy S&M Chicken ma\u017e\u0173 veisli\u0173 jauniems \u0161unims 1,5kg 3kg 6kg\"},{\"@type\":\"BreadcrumbList\",\"@id\":\"https:\\\/\\\/anivet.lt\\\/elparduotuve\\\/produktas\\\/hills-sp-canine-puppy-sm-chicken-mazu-veisliu-jauniems-sunims\\\/#breadcrumb\",\"itemListElement\":[{\"@type\":\"ListItem\",\"position\":1,\"name\":\"Home\",\"item\":\"https:\\\/\\\/anivet.lt\\\/elparduotuve\\\/\"},{\"@type\":\"ListItem\",\"position\":2,\"name\":\"Produktai\",\"item\":\"https:\\\/\\\/anivet.lt\\\/elparduotuve\\\/produktai\\\/\"},{\"@type\":\"ListItem\",\"position\":3,\"name\":\"Hill\u2019s SP Canine Puppy S&#038;M Chicken ma\u017e\u0173 veisli\u0173 jauniems \u0161unims\"}]},{\"@type\":\"WebSite\",\"@id\":\"https:\\\/\\\/anivet.lt\\\/elparduotuve\\\/#website\",\"url\":\"https:\\\/\\\/anivet.lt\\\/elparduotuve\\\/\",\"name\":\"anivet.lt\",\"description\":\"Viskas J\u016bs\u0173 \u0161uns, kat\u0117s prie\u017ei\u016brai\",\"publisher\":{\"@id\":\"https:\\\/\\\/anivet.lt\\\/elparduotuve\\\/#organization\"},\"alternateName\":\"Viskas J\u016bs\u0173 \u0161uns, kat\u0117s prie\u017ei\u016brai\",\"potentialAction\":[{\"@type\":\"SearchAction\",\"target\":{\"@type\":\"EntryPoint\",\"urlTemplate\":\"https:\\\/\\\/anivet.lt\\\/elparduotuve\\\/?s={search_term_string}\"},\"query-input\":{\"@type\":\"PropertyValueSpecification\",\"valueRequired\":true,\"valueName\":\"search_term_string\"}}],\"inLanguage\":\"lt-LT\"},{\"@type\":\"Organization\",\"@id\":\"https:\\\/\\\/anivet.lt\\\/elparduotuve\\\/#organization\",\"name\":\"Viskas J\u016bs\u0173 \u0161uns, kat\u0117s prie\u017ei\u016brai\",\"url\":\"https:\\\/\\\/anivet.lt\\\/elparduotuve\\\/\",\"logo\":{\"@type\":\"ImageObject\",\"inLanguage\":\"lt-LT\",\"@id\":\"https:\\\/\\\/anivet.lt\\\/elparduotuve\\\/#\\\/schema\\\/logo\\\/image\\\/\",\"url\":\"https:\\\/\\\/anivet.lt\\\/elparduotuve\\\/wp-content\\\/uploads\\\/2023\\\/06\\\/logo2.jpg\",\"contentUrl\":\"https:\\\/\\\/anivet.lt\\\/elparduotuve\\\/wp-content\\\/uploads\\\/2023\\\/06\\\/logo2.jpg\",\"width\":655,\"height\":194,\"caption\":\"Viskas J\u016bs\u0173 \u0161uns, kat\u0117s prie\u017ei\u016brai\"},\"image\":{\"@id\":\"https:\\\/\\\/anivet.lt\\\/elparduotuve\\\/#\\\/schema\\\/logo\\\/image\\\/\"}}]}<\/script>\n<!-- \/ Yoast SEO Premium plugin. -->","yoast_head_json":{"title":"Hill\u2019s SP Canine Puppy S&M Chicken ma\u017e\u0173 veisli\u0173 jauniems \u0161unims - anivet.lt","description":"Hill\u2019s visavertis maistas, skirtas ma\u017e\u0173 ir miniati\u016brini\u0173 veisli\u0173 \u0161uniukams nuo 4 savai\u010di\u0173 iki 1 met\u0173. Taip pat tinkamas vaikingoms kal\u0117ms.","robots":{"index":"index","follow":"follow","max-snippet":"max-snippet:-1","max-image-preview":"max-image-preview:large","max-video-preview":"max-video-preview:-1"},"canonical":"https:\/\/anivet.lt\/elparduotuve\/produktas\/hills-sp-canine-puppy-sm-chicken-mazu-veisliu-jauniems-sunims\/","og_locale":"lt_LT","og_type":"article","og_title":"Hill\u2019s SP Canine Puppy S&M Chicken ma\u017e\u0173 veisli\u0173 jauniems \u0161unims","og_description":"Hill\u2019s visavertis maistas, skirtas ma\u017e\u0173 ir miniati\u016brini\u0173 veisli\u0173 \u0161uniukams nuo 4 savai\u010di\u0173 iki 1 met\u0173. Taip pat tinkamas vaikingoms kal\u0117ms.","og_url":"https:\/\/anivet.lt\/elparduotuve\/produktas\/hills-sp-canine-puppy-sm-chicken-mazu-veisliu-jauniems-sunims\/","og_site_name":"anivet.lt","article_modified_time":"2026-05-02T11:58:57+00:00","og_image":[{"width":650,"height":650,"url":"https:\/\/anivet.lt\/elparduotuve\/wp-content\/uploads\/2026\/01\/Hills-SP-Canine-Puppy-SM-Chicken-mazu-veisliu-jauniems-sunims.jpg","type":"image\/jpeg"}],"twitter_card":"summary_large_image","twitter_misc":{"Est. reading time":"1 minut\u0117"},"schema":{"@context":"https:\/\/schema.org","@graph":[{"@type":"WebPage","@id":"https:\/\/anivet.lt\/elparduotuve\/produktas\/hills-sp-canine-puppy-sm-chicken-mazu-veisliu-jauniems-sunims\/","url":"https:\/\/anivet.lt\/elparduotuve\/produktas\/hills-sp-canine-puppy-sm-chicken-mazu-veisliu-jauniems-sunims\/","name":"Hill\u2019s SP Canine Puppy S&M Chicken ma\u017e\u0173 veisli\u0173 jauniems \u0161unims - anivet.lt","isPartOf":{"@id":"https:\/\/anivet.lt\/elparduotuve\/#website"},"primaryImageOfPage":{"@id":"https:\/\/anivet.lt\/elparduotuve\/produktas\/hills-sp-canine-puppy-sm-chicken-mazu-veisliu-jauniems-sunims\/#primaryimage"},"image":{"@id":"https:\/\/anivet.lt\/elparduotuve\/produktas\/hills-sp-canine-puppy-sm-chicken-mazu-veisliu-jauniems-sunims\/#primaryimage"},"thumbnailUrl":"https:\/\/anivet.lt\/elparduotuve\/wp-content\/uploads\/2026\/01\/Hills-SP-Canine-Puppy-SM-Chicken-mazu-veisliu-jauniems-sunims.jpg","datePublished":"2026-01-20T15:22:01+00:00","dateModified":"2026-05-02T11:58:57+00:00","description":"Hill\u2019s visavertis maistas, skirtas ma\u017e\u0173 ir miniati\u016brini\u0173 veisli\u0173 \u0161uniukams nuo 4 savai\u010di\u0173 iki 1 met\u0173. Taip pat tinkamas vaikingoms kal\u0117ms.","breadcrumb":{"@id":"https:\/\/anivet.lt\/elparduotuve\/produktas\/hills-sp-canine-puppy-sm-chicken-mazu-veisliu-jauniems-sunims\/#breadcrumb"},"inLanguage":"lt-LT","potentialAction":[{"@type":"ReadAction","target":["https:\/\/anivet.lt\/elparduotuve\/produktas\/hills-sp-canine-puppy-sm-chicken-mazu-veisliu-jauniems-sunims\/"]}]},{"@type":"ImageObject","inLanguage":"lt-LT","@id":"https:\/\/anivet.lt\/elparduotuve\/produktas\/hills-sp-canine-puppy-sm-chicken-mazu-veisliu-jauniems-sunims\/#primaryimage","url":"https:\/\/anivet.lt\/elparduotuve\/wp-content\/uploads\/2026\/01\/Hills-SP-Canine-Puppy-SM-Chicken-mazu-veisliu-jauniems-sunims.jpg","contentUrl":"https:\/\/anivet.lt\/elparduotuve\/wp-content\/uploads\/2026\/01\/Hills-SP-Canine-Puppy-SM-Chicken-mazu-veisliu-jauniems-sunims.jpg","width":650,"height":650,"caption":"Hill\u2019s SP Canine Puppy S&M Chicken ma\u017e\u0173 veisli\u0173 jauniems \u0161unims 1,5kg 3kg 6kg"},{"@type":"BreadcrumbList","@id":"https:\/\/anivet.lt\/elparduotuve\/produktas\/hills-sp-canine-puppy-sm-chicken-mazu-veisliu-jauniems-sunims\/#breadcrumb","itemListElement":[{"@type":"ListItem","position":1,"name":"Home","item":"https:\/\/anivet.lt\/elparduotuve\/"},{"@type":"ListItem","position":2,"name":"Produktai","item":"https:\/\/anivet.lt\/elparduotuve\/produktai\/"},{"@type":"ListItem","position":3,"name":"Hill\u2019s SP Canine Puppy S&#038;M Chicken ma\u017e\u0173 veisli\u0173 jauniems \u0161unims"}]},{"@type":"WebSite","@id":"https:\/\/anivet.lt\/elparduotuve\/#website","url":"https:\/\/anivet.lt\/elparduotuve\/","name":"anivet.lt","description":"Viskas J\u016bs\u0173 \u0161uns, kat\u0117s prie\u017ei\u016brai","publisher":{"@id":"https:\/\/anivet.lt\/elparduotuve\/#organization"},"alternateName":"Viskas J\u016bs\u0173 \u0161uns, kat\u0117s prie\u017ei\u016brai","potentialAction":[{"@type":"SearchAction","target":{"@type":"EntryPoint","urlTemplate":"https:\/\/anivet.lt\/elparduotuve\/?s={search_term_string}"},"query-input":{"@type":"PropertyValueSpecification","valueRequired":true,"valueName":"search_term_string"}}],"inLanguage":"lt-LT"},{"@type":"Organization","@id":"https:\/\/anivet.lt\/elparduotuve\/#organization","name":"Viskas J\u016bs\u0173 \u0161uns, kat\u0117s prie\u017ei\u016brai","url":"https:\/\/anivet.lt\/elparduotuve\/","logo":{"@type":"ImageObject","inLanguage":"lt-LT","@id":"https:\/\/anivet.lt\/elparduotuve\/#\/schema\/logo\/image\/","url":"https:\/\/anivet.lt\/elparduotuve\/wp-content\/uploads\/2023\/06\/logo2.jpg","contentUrl":"https:\/\/anivet.lt\/elparduotuve\/wp-content\/uploads\/2023\/06\/logo2.jpg","width":655,"height":194,"caption":"Viskas J\u016bs\u0173 \u0161uns, kat\u0117s prie\u017ei\u016brai"},"image":{"@id":"https:\/\/anivet.lt\/elparduotuve\/#\/schema\/logo\/image\/"}}]}},"_links":{"self":[{"href":"https:\/\/anivet.lt\/elparduotuve\/wp-json\/wp\/v2\/product\/19701","targetHints":{"allow":["GET"]}}],"collection":[{"href":"https:\/\/anivet.lt\/elparduotuve\/wp-json\/wp\/v2\/product"}],"about":[{"href":"https:\/\/anivet.lt\/elparduotuve\/wp-json\/wp\/v2\/types\/product"}],"wp:featuredmedia":[{"embeddable":true,"href":"https:\/\/anivet.lt\/elparduotuve\/wp-json\/wp\/v2\/media\/19702"}],"wp:attachment":[{"href":"https:\/\/anivet.lt\/elparduotuve\/wp-json\/wp\/v2\/media?parent=19701"}],"wp:term":[{"taxonomy":"product_brand","embeddable":true,"href":"https:\/\/anivet.lt\/elparduotuve\/wp-json\/wp\/v2\/product_brand?post=19701"},{"taxonomy":"product_cat","embeddable":true,"href":"https:\/\/anivet.lt\/elparduotuve\/wp-json\/wp\/v2\/product_cat?post=19701"},{"taxonomy":"product_tag","embeddable":true,"href":"https:\/\/anivet.lt\/elparduotuve\/wp-json\/wp\/v2\/product_tag?post=19701"}],"curies":[{"name":"wp","href":"https:\/\/api.w.org\/{rel}","templated":true}]}}