{"id":19787,"date":"2026-01-23T14:14:04","date_gmt":"2026-01-23T14:14:04","guid":{"rendered":"https:\/\/anivet.lt\/elparduotuve\/?post_type=product&#038;p=19787"},"modified":"2026-01-23T14:18:07","modified_gmt":"2026-01-23T14:18:07","slug":"hills-sp-feline-adult-tuna-suaugusioms-katems-su-tunu-15kg","status":"publish","type":"product","link":"https:\/\/anivet.lt\/elparduotuve\/produktas\/hills-sp-feline-adult-tuna-suaugusioms-katems-su-tunu-15kg\/","title":{"rendered":"Hill\u2019s SP Feline Adult Tuna suaugusioms kat\u0117ms su tunu 1,5kg"},"content":{"rendered":"<p>Pagrindiniai privalumai:<\/p>\n<ul>\n<li>Sud\u0117tyje esantis taurinas palaiko sveik\u0105 \u0161irdies veikl\u0105, o tinkamai subalansuoti mineralai padeda i\u0161laikyti inkst\u0173 ir \u0161lapimo p\u016bsl\u0117s sveikat\u0105.<\/li>\n<li>Auk\u0161tos kokyb\u0117s baltymai prisideda prie liesos raumen\u0173 mas\u0117s i\u0161laikymo.<\/li>\n<li>Vitaminas E bei omega-3 ir omega-6 riebal\u0173 r\u016bg\u0161tys padeda i\u0161laikyti sveik\u0105 od\u0105 ir blizgant\u012f kail\u012f.<\/li>\n<\/ul>\n","protected":false},"excerpt":{"rendered":"<p>Pilnavertis sausas maistas su tunu, skirtas suaugusioms kat\u0117ms. Hill\u2019s Science Plan Feline Adult\u00a0sukurta taip, kad atitikt\u0173 suaugusi\u0173 ka\u010di\u0173 energijos poreikius aktyviausiu j\u0173 gyvenimo laikotarpiu. Pa\u0161aras gaminamas i\u0161 auk\u0161tos kokyb\u0117s, lengvai vir\u0161kinam\u0173 ingredient\u0173.<\/p>\n","protected":false},"featured_media":19789,"template":"","meta":[],"product_brand":[],"product_cat":[114,115,102,441],"product_tag":[],"class_list":{"0":"post-19787","1":"product","2":"type-product","3":"status-publish","4":"has-post-thumbnail","6":"product_cat-kaciu-maistas","7":"product_cat-sausas-maistas-ir-skanestai-katems","8":"product_cat-katems","9":"product_cat-hills-kaciu-maistas","10":"pa_prekinis-zenklas-hills","12":"first","13":"instock","14":"taxable","15":"shipping-taxable","16":"purchasable","17":"product-type-simple"},"yoast_head":"<!-- This site is optimized with the Yoast SEO Premium plugin v27.1 (Yoast SEO v27.5) - https:\/\/yoast.com\/product\/yoast-seo-premium-wordpress\/ -->\n<title>Hill\u2019s SP Feline Adult Tuna suaugusioms kat\u0117ms su tunu 1,5kg - anivet.lt<\/title>\n<meta name=\"description\" content=\"Pilnavertis sausas maistas su tunu, skirtas suaugusioms kat\u0117ms. Hill\u2019s Science Plan Feline Adult\u00a0sukurta taip, kad atitikt\u0173 suaugusi\u0173 ka\u010di\u0173 energijos poreikius aktyviausiu j\u0173 gyvenimo laikotarpiu. Pa\u0161aras gaminamas i\u0161 auk\u0161tos kokyb\u0117s, lengvai vir\u0161kinam\u0173 ingredient\u0173.\" \/>\n<meta name=\"robots\" content=\"index, follow, max-snippet:-1, max-image-preview:large, max-video-preview:-1\" \/>\n<link rel=\"canonical\" href=\"https:\/\/anivet.lt\/elparduotuve\/produktas\/hills-sp-feline-adult-tuna-suaugusioms-katems-su-tunu-15kg\/\" \/>\n<meta property=\"og:locale\" content=\"lt_LT\" \/>\n<meta property=\"og:type\" content=\"article\" \/>\n<meta property=\"og:title\" content=\"Hill\u2019s SP Feline Adult Tuna suaugusioms kat\u0117ms su tunu 1,5kg\" \/>\n<meta property=\"og:description\" content=\"Pilnavertis sausas maistas su tunu, skirtas suaugusioms kat\u0117ms. Hill\u2019s Science Plan Feline Adult\u00a0sukurta taip, kad atitikt\u0173 suaugusi\u0173 ka\u010di\u0173 energijos poreikius aktyviausiu j\u0173 gyvenimo laikotarpiu. Pa\u0161aras gaminamas i\u0161 auk\u0161tos kokyb\u0117s, lengvai vir\u0161kinam\u0173 ingredient\u0173.\" \/>\n<meta property=\"og:url\" content=\"https:\/\/anivet.lt\/elparduotuve\/produktas\/hills-sp-feline-adult-tuna-suaugusioms-katems-su-tunu-15kg\/\" \/>\n<meta property=\"og:site_name\" content=\"anivet.lt\" \/>\n<meta property=\"article:modified_time\" content=\"2026-01-23T14:18:07+00:00\" \/>\n<meta property=\"og:image\" content=\"https:\/\/anivet.lt\/elparduotuve\/wp-content\/uploads\/2026\/01\/Hills-SP-Feline-Adult-Tuna-suaugusioms-katems-su-tunu.jpg\" \/>\n\t<meta property=\"og:image:width\" content=\"650\" \/>\n\t<meta property=\"og:image:height\" content=\"650\" \/>\n\t<meta property=\"og:image:type\" content=\"image\/jpeg\" \/>\n<meta name=\"twitter:card\" content=\"summary_large_image\" \/>\n<meta name=\"twitter:label1\" content=\"Est. reading time\" \/>\n\t<meta name=\"twitter:data1\" content=\"1 minut\u0117\" \/>\n<script type=\"application\/ld+json\" class=\"yoast-schema-graph\">{\"@context\":\"https:\\\/\\\/schema.org\",\"@graph\":[{\"@type\":\"WebPage\",\"@id\":\"https:\\\/\\\/anivet.lt\\\/elparduotuve\\\/produktas\\\/hills-sp-feline-adult-tuna-suaugusioms-katems-su-tunu-15kg\\\/\",\"url\":\"https:\\\/\\\/anivet.lt\\\/elparduotuve\\\/produktas\\\/hills-sp-feline-adult-tuna-suaugusioms-katems-su-tunu-15kg\\\/\",\"name\":\"Hill\u2019s SP Feline Adult Tuna suaugusioms kat\u0117ms su tunu 1,5kg - anivet.lt\",\"isPartOf\":{\"@id\":\"https:\\\/\\\/anivet.lt\\\/elparduotuve\\\/#website\"},\"primaryImageOfPage\":{\"@id\":\"https:\\\/\\\/anivet.lt\\\/elparduotuve\\\/produktas\\\/hills-sp-feline-adult-tuna-suaugusioms-katems-su-tunu-15kg\\\/#primaryimage\"},\"image\":{\"@id\":\"https:\\\/\\\/anivet.lt\\\/elparduotuve\\\/produktas\\\/hills-sp-feline-adult-tuna-suaugusioms-katems-su-tunu-15kg\\\/#primaryimage\"},\"thumbnailUrl\":\"https:\\\/\\\/anivet.lt\\\/elparduotuve\\\/wp-content\\\/uploads\\\/2026\\\/01\\\/Hills-SP-Feline-Adult-Tuna-suaugusioms-katems-su-tunu.jpg\",\"datePublished\":\"2026-01-23T14:14:04+00:00\",\"dateModified\":\"2026-01-23T14:18:07+00:00\",\"description\":\"Pilnavertis sausas maistas su tunu, skirtas suaugusioms kat\u0117ms. Hill\u2019s Science Plan Feline Adult\u00a0sukurta taip, kad atitikt\u0173 suaugusi\u0173 ka\u010di\u0173 energijos poreikius aktyviausiu j\u0173 gyvenimo laikotarpiu. Pa\u0161aras gaminamas i\u0161 auk\u0161tos kokyb\u0117s, lengvai vir\u0161kinam\u0173 ingredient\u0173.\",\"breadcrumb\":{\"@id\":\"https:\\\/\\\/anivet.lt\\\/elparduotuve\\\/produktas\\\/hills-sp-feline-adult-tuna-suaugusioms-katems-su-tunu-15kg\\\/#breadcrumb\"},\"inLanguage\":\"lt-LT\",\"potentialAction\":[{\"@type\":\"ReadAction\",\"target\":[\"https:\\\/\\\/anivet.lt\\\/elparduotuve\\\/produktas\\\/hills-sp-feline-adult-tuna-suaugusioms-katems-su-tunu-15kg\\\/\"]}]},{\"@type\":\"ImageObject\",\"inLanguage\":\"lt-LT\",\"@id\":\"https:\\\/\\\/anivet.lt\\\/elparduotuve\\\/produktas\\\/hills-sp-feline-adult-tuna-suaugusioms-katems-su-tunu-15kg\\\/#primaryimage\",\"url\":\"https:\\\/\\\/anivet.lt\\\/elparduotuve\\\/wp-content\\\/uploads\\\/2026\\\/01\\\/Hills-SP-Feline-Adult-Tuna-suaugusioms-katems-su-tunu.jpg\",\"contentUrl\":\"https:\\\/\\\/anivet.lt\\\/elparduotuve\\\/wp-content\\\/uploads\\\/2026\\\/01\\\/Hills-SP-Feline-Adult-Tuna-suaugusioms-katems-su-tunu.jpg\",\"width\":650,\"height\":650},{\"@type\":\"BreadcrumbList\",\"@id\":\"https:\\\/\\\/anivet.lt\\\/elparduotuve\\\/produktas\\\/hills-sp-feline-adult-tuna-suaugusioms-katems-su-tunu-15kg\\\/#breadcrumb\",\"itemListElement\":[{\"@type\":\"ListItem\",\"position\":1,\"name\":\"Home\",\"item\":\"https:\\\/\\\/anivet.lt\\\/elparduotuve\\\/\"},{\"@type\":\"ListItem\",\"position\":2,\"name\":\"Produktai\",\"item\":\"https:\\\/\\\/anivet.lt\\\/elparduotuve\\\/produktai\\\/\"},{\"@type\":\"ListItem\",\"position\":3,\"name\":\"Hill\u2019s SP Feline Adult Tuna suaugusioms kat\u0117ms su tunu 1,5kg\"}]},{\"@type\":\"WebSite\",\"@id\":\"https:\\\/\\\/anivet.lt\\\/elparduotuve\\\/#website\",\"url\":\"https:\\\/\\\/anivet.lt\\\/elparduotuve\\\/\",\"name\":\"anivet.lt\",\"description\":\"Viskas J\u016bs\u0173 \u0161uns, kat\u0117s prie\u017ei\u016brai\",\"publisher\":{\"@id\":\"https:\\\/\\\/anivet.lt\\\/elparduotuve\\\/#organization\"},\"alternateName\":\"Viskas J\u016bs\u0173 \u0161uns, kat\u0117s prie\u017ei\u016brai\",\"potentialAction\":[{\"@type\":\"SearchAction\",\"target\":{\"@type\":\"EntryPoint\",\"urlTemplate\":\"https:\\\/\\\/anivet.lt\\\/elparduotuve\\\/?s={search_term_string}\"},\"query-input\":{\"@type\":\"PropertyValueSpecification\",\"valueRequired\":true,\"valueName\":\"search_term_string\"}}],\"inLanguage\":\"lt-LT\"},{\"@type\":\"Organization\",\"@id\":\"https:\\\/\\\/anivet.lt\\\/elparduotuve\\\/#organization\",\"name\":\"Viskas J\u016bs\u0173 \u0161uns, kat\u0117s prie\u017ei\u016brai\",\"url\":\"https:\\\/\\\/anivet.lt\\\/elparduotuve\\\/\",\"logo\":{\"@type\":\"ImageObject\",\"inLanguage\":\"lt-LT\",\"@id\":\"https:\\\/\\\/anivet.lt\\\/elparduotuve\\\/#\\\/schema\\\/logo\\\/image\\\/\",\"url\":\"https:\\\/\\\/anivet.lt\\\/elparduotuve\\\/wp-content\\\/uploads\\\/2023\\\/06\\\/logo2.jpg\",\"contentUrl\":\"https:\\\/\\\/anivet.lt\\\/elparduotuve\\\/wp-content\\\/uploads\\\/2023\\\/06\\\/logo2.jpg\",\"width\":655,\"height\":194,\"caption\":\"Viskas J\u016bs\u0173 \u0161uns, kat\u0117s prie\u017ei\u016brai\"},\"image\":{\"@id\":\"https:\\\/\\\/anivet.lt\\\/elparduotuve\\\/#\\\/schema\\\/logo\\\/image\\\/\"}}]}<\/script>\n<!-- \/ Yoast SEO Premium plugin. -->","yoast_head_json":{"title":"Hill\u2019s SP Feline Adult Tuna suaugusioms kat\u0117ms su tunu 1,5kg - anivet.lt","description":"Pilnavertis sausas maistas su tunu, skirtas suaugusioms kat\u0117ms. Hill\u2019s Science Plan Feline Adult\u00a0sukurta taip, kad atitikt\u0173 suaugusi\u0173 ka\u010di\u0173 energijos poreikius aktyviausiu j\u0173 gyvenimo laikotarpiu. Pa\u0161aras gaminamas i\u0161 auk\u0161tos kokyb\u0117s, lengvai vir\u0161kinam\u0173 ingredient\u0173.","robots":{"index":"index","follow":"follow","max-snippet":"max-snippet:-1","max-image-preview":"max-image-preview:large","max-video-preview":"max-video-preview:-1"},"canonical":"https:\/\/anivet.lt\/elparduotuve\/produktas\/hills-sp-feline-adult-tuna-suaugusioms-katems-su-tunu-15kg\/","og_locale":"lt_LT","og_type":"article","og_title":"Hill\u2019s SP Feline Adult Tuna suaugusioms kat\u0117ms su tunu 1,5kg","og_description":"Pilnavertis sausas maistas su tunu, skirtas suaugusioms kat\u0117ms. Hill\u2019s Science Plan Feline Adult\u00a0sukurta taip, kad atitikt\u0173 suaugusi\u0173 ka\u010di\u0173 energijos poreikius aktyviausiu j\u0173 gyvenimo laikotarpiu. Pa\u0161aras gaminamas i\u0161 auk\u0161tos kokyb\u0117s, lengvai vir\u0161kinam\u0173 ingredient\u0173.","og_url":"https:\/\/anivet.lt\/elparduotuve\/produktas\/hills-sp-feline-adult-tuna-suaugusioms-katems-su-tunu-15kg\/","og_site_name":"anivet.lt","article_modified_time":"2026-01-23T14:18:07+00:00","og_image":[{"width":650,"height":650,"url":"https:\/\/anivet.lt\/elparduotuve\/wp-content\/uploads\/2026\/01\/Hills-SP-Feline-Adult-Tuna-suaugusioms-katems-su-tunu.jpg","type":"image\/jpeg"}],"twitter_card":"summary_large_image","twitter_misc":{"Est. reading time":"1 minut\u0117"},"schema":{"@context":"https:\/\/schema.org","@graph":[{"@type":"WebPage","@id":"https:\/\/anivet.lt\/elparduotuve\/produktas\/hills-sp-feline-adult-tuna-suaugusioms-katems-su-tunu-15kg\/","url":"https:\/\/anivet.lt\/elparduotuve\/produktas\/hills-sp-feline-adult-tuna-suaugusioms-katems-su-tunu-15kg\/","name":"Hill\u2019s SP Feline Adult Tuna suaugusioms kat\u0117ms su tunu 1,5kg - anivet.lt","isPartOf":{"@id":"https:\/\/anivet.lt\/elparduotuve\/#website"},"primaryImageOfPage":{"@id":"https:\/\/anivet.lt\/elparduotuve\/produktas\/hills-sp-feline-adult-tuna-suaugusioms-katems-su-tunu-15kg\/#primaryimage"},"image":{"@id":"https:\/\/anivet.lt\/elparduotuve\/produktas\/hills-sp-feline-adult-tuna-suaugusioms-katems-su-tunu-15kg\/#primaryimage"},"thumbnailUrl":"https:\/\/anivet.lt\/elparduotuve\/wp-content\/uploads\/2026\/01\/Hills-SP-Feline-Adult-Tuna-suaugusioms-katems-su-tunu.jpg","datePublished":"2026-01-23T14:14:04+00:00","dateModified":"2026-01-23T14:18:07+00:00","description":"Pilnavertis sausas maistas su tunu, skirtas suaugusioms kat\u0117ms. Hill\u2019s Science Plan Feline Adult\u00a0sukurta taip, kad atitikt\u0173 suaugusi\u0173 ka\u010di\u0173 energijos poreikius aktyviausiu j\u0173 gyvenimo laikotarpiu. Pa\u0161aras gaminamas i\u0161 auk\u0161tos kokyb\u0117s, lengvai vir\u0161kinam\u0173 ingredient\u0173.","breadcrumb":{"@id":"https:\/\/anivet.lt\/elparduotuve\/produktas\/hills-sp-feline-adult-tuna-suaugusioms-katems-su-tunu-15kg\/#breadcrumb"},"inLanguage":"lt-LT","potentialAction":[{"@type":"ReadAction","target":["https:\/\/anivet.lt\/elparduotuve\/produktas\/hills-sp-feline-adult-tuna-suaugusioms-katems-su-tunu-15kg\/"]}]},{"@type":"ImageObject","inLanguage":"lt-LT","@id":"https:\/\/anivet.lt\/elparduotuve\/produktas\/hills-sp-feline-adult-tuna-suaugusioms-katems-su-tunu-15kg\/#primaryimage","url":"https:\/\/anivet.lt\/elparduotuve\/wp-content\/uploads\/2026\/01\/Hills-SP-Feline-Adult-Tuna-suaugusioms-katems-su-tunu.jpg","contentUrl":"https:\/\/anivet.lt\/elparduotuve\/wp-content\/uploads\/2026\/01\/Hills-SP-Feline-Adult-Tuna-suaugusioms-katems-su-tunu.jpg","width":650,"height":650},{"@type":"BreadcrumbList","@id":"https:\/\/anivet.lt\/elparduotuve\/produktas\/hills-sp-feline-adult-tuna-suaugusioms-katems-su-tunu-15kg\/#breadcrumb","itemListElement":[{"@type":"ListItem","position":1,"name":"Home","item":"https:\/\/anivet.lt\/elparduotuve\/"},{"@type":"ListItem","position":2,"name":"Produktai","item":"https:\/\/anivet.lt\/elparduotuve\/produktai\/"},{"@type":"ListItem","position":3,"name":"Hill\u2019s SP Feline Adult Tuna suaugusioms kat\u0117ms su tunu 1,5kg"}]},{"@type":"WebSite","@id":"https:\/\/anivet.lt\/elparduotuve\/#website","url":"https:\/\/anivet.lt\/elparduotuve\/","name":"anivet.lt","description":"Viskas J\u016bs\u0173 \u0161uns, kat\u0117s prie\u017ei\u016brai","publisher":{"@id":"https:\/\/anivet.lt\/elparduotuve\/#organization"},"alternateName":"Viskas J\u016bs\u0173 \u0161uns, kat\u0117s prie\u017ei\u016brai","potentialAction":[{"@type":"SearchAction","target":{"@type":"EntryPoint","urlTemplate":"https:\/\/anivet.lt\/elparduotuve\/?s={search_term_string}"},"query-input":{"@type":"PropertyValueSpecification","valueRequired":true,"valueName":"search_term_string"}}],"inLanguage":"lt-LT"},{"@type":"Organization","@id":"https:\/\/anivet.lt\/elparduotuve\/#organization","name":"Viskas J\u016bs\u0173 \u0161uns, kat\u0117s prie\u017ei\u016brai","url":"https:\/\/anivet.lt\/elparduotuve\/","logo":{"@type":"ImageObject","inLanguage":"lt-LT","@id":"https:\/\/anivet.lt\/elparduotuve\/#\/schema\/logo\/image\/","url":"https:\/\/anivet.lt\/elparduotuve\/wp-content\/uploads\/2023\/06\/logo2.jpg","contentUrl":"https:\/\/anivet.lt\/elparduotuve\/wp-content\/uploads\/2023\/06\/logo2.jpg","width":655,"height":194,"caption":"Viskas J\u016bs\u0173 \u0161uns, kat\u0117s prie\u017ei\u016brai"},"image":{"@id":"https:\/\/anivet.lt\/elparduotuve\/#\/schema\/logo\/image\/"}}]}},"_links":{"self":[{"href":"https:\/\/anivet.lt\/elparduotuve\/wp-json\/wp\/v2\/product\/19787","targetHints":{"allow":["GET"]}}],"collection":[{"href":"https:\/\/anivet.lt\/elparduotuve\/wp-json\/wp\/v2\/product"}],"about":[{"href":"https:\/\/anivet.lt\/elparduotuve\/wp-json\/wp\/v2\/types\/product"}],"wp:featuredmedia":[{"embeddable":true,"href":"https:\/\/anivet.lt\/elparduotuve\/wp-json\/wp\/v2\/media\/19789"}],"wp:attachment":[{"href":"https:\/\/anivet.lt\/elparduotuve\/wp-json\/wp\/v2\/media?parent=19787"}],"wp:term":[{"taxonomy":"product_brand","embeddable":true,"href":"https:\/\/anivet.lt\/elparduotuve\/wp-json\/wp\/v2\/product_brand?post=19787"},{"taxonomy":"product_cat","embeddable":true,"href":"https:\/\/anivet.lt\/elparduotuve\/wp-json\/wp\/v2\/product_cat?post=19787"},{"taxonomy":"product_tag","embeddable":true,"href":"https:\/\/anivet.lt\/elparduotuve\/wp-json\/wp\/v2\/product_tag?post=19787"}],"curies":[{"name":"wp","href":"https:\/\/api.w.org\/{rel}","templated":true}]}}