{"id":19961,"date":"2026-01-31T11:10:07","date_gmt":"2026-01-31T11:10:07","guid":{"rendered":"https:\/\/anivet.lt\/elparduotuve\/?post_type=product&#038;p=19961"},"modified":"2026-02-24T19:59:21","modified_gmt":"2026-02-24T19:59:21","slug":"josera-meat-bites-mini-beef-skanestai-sunims-su-jautiena-70g","status":"publish","type":"product","link":"https:\/\/anivet.lt\/elparduotuve\/produktas\/josera-meat-bites-mini-beef-skanestai-sunims-su-jautiena-70g\/","title":{"rendered":"Josera Meat Bites Mini Beef skan\u0117stai \u0161unims su jautiena 70g"},"content":{"rendered":"<ul>\n<li>Kiekvienas k\u0105snelis sultingas, turtingas m\u0117sa ir skanus.<\/li>\n<li>Puikiai tinka kaip paskatinimas dres\u016bros metu arba kaip gardus u\u017ekandis.<\/li>\n<li>Sud\u0117tyje esantys vitaminas E ir L-karnitinas padeda palaikyti energingum\u0105 bei sveik\u0105 med\u017eiag\u0173 apykait\u0105.<\/li>\n<li>Be gr\u016bd\u0173 ir be prid\u0117tinio cukraus.<\/li>\n<\/ul>\n","protected":false},"excerpt":{"rendered":"<p>Josera skan\u0117stai \u0161unims su jautiena \u2013 puikus pasirinkimas motyvuoti ma\u017e\u0173 veisli\u0173 augintinius treniruo\u010di\u0173 metu.<br \/>\nMa\u017ei, mink\u0161ti, be gr\u016bd\u0173 ir ma\u017eai kaloringi, tod\u0117l lengvai vir\u0161kinami ir tinka aktyviems \u0161unims.<\/p>\n","protected":false},"featured_media":19962,"template":"","meta":[],"product_brand":[],"product_cat":[101,103,106,334],"product_tag":[],"class_list":{"0":"post-19961","1":"product","2":"type-product","3":"status-publish","4":"has-post-thumbnail","6":"product_cat-sunims","7":"product_cat-sunu-maistas","8":"product_cat-skanestai","9":"product_cat-josera-sunu-maistas","10":"pa_prekinis-zenklas-josera","12":"first","13":"instock","14":"taxable","15":"shipping-taxable","16":"purchasable","17":"product-type-simple"},"yoast_head":"<!-- This site is optimized with the Yoast SEO Premium plugin v27.1 (Yoast SEO v27.5) - https:\/\/yoast.com\/product\/yoast-seo-premium-wordpress\/ -->\n<title>Josera Meat Bites Mini Beef skan\u0117stai \u0161unims su jautiena 70g - anivet.lt<\/title>\n<meta name=\"description\" content=\"Josera skan\u0117stai \u0161unims su jautiena \u2013 puikus pasirinkimas motyvuoti ma\u017e\u0173 veisli\u0173 augintinius treniruo\u010di\u0173 metu. Ma\u017ei, mink\u0161ti, be gr\u016bd\u0173 ir ma\u017eai kaloringi, tod\u0117l lengvai vir\u0161kinami ir tinka aktyviems \u0161unims.\" \/>\n<meta name=\"robots\" content=\"index, follow, max-snippet:-1, max-image-preview:large, max-video-preview:-1\" \/>\n<link rel=\"canonical\" href=\"https:\/\/anivet.lt\/elparduotuve\/produktas\/josera-meat-bites-mini-beef-skanestai-sunims-su-jautiena-70g\/\" \/>\n<meta property=\"og:locale\" content=\"lt_LT\" \/>\n<meta property=\"og:type\" content=\"article\" \/>\n<meta property=\"og:title\" content=\"Josera Meat Bites Mini Beef skan\u0117stai \u0161unims su jautiena 70g\" \/>\n<meta property=\"og:description\" content=\"Josera skan\u0117stai \u0161unims su jautiena \u2013 puikus pasirinkimas motyvuoti ma\u017e\u0173 veisli\u0173 augintinius treniruo\u010di\u0173 metu. Ma\u017ei, mink\u0161ti, be gr\u016bd\u0173 ir ma\u017eai kaloringi, tod\u0117l lengvai vir\u0161kinami ir tinka aktyviems \u0161unims.\" \/>\n<meta property=\"og:url\" content=\"https:\/\/anivet.lt\/elparduotuve\/produktas\/josera-meat-bites-mini-beef-skanestai-sunims-su-jautiena-70g\/\" \/>\n<meta property=\"og:site_name\" content=\"anivet.lt\" \/>\n<meta property=\"article:modified_time\" content=\"2026-02-24T19:59:21+00:00\" \/>\n<meta property=\"og:image\" content=\"https:\/\/anivet.lt\/elparduotuve\/wp-content\/uploads\/2026\/01\/Josera-Meat-Bites-Mini-Beef-skanestai-sunims-su-jautiena-70g.jpg\" \/>\n\t<meta property=\"og:image:width\" content=\"550\" \/>\n\t<meta property=\"og:image:height\" content=\"550\" \/>\n\t<meta property=\"og:image:type\" content=\"image\/jpeg\" \/>\n<meta name=\"twitter:card\" content=\"summary_large_image\" \/>\n<meta name=\"twitter:label1\" content=\"Est. reading time\" \/>\n\t<meta name=\"twitter:data1\" content=\"1 minut\u0117\" \/>\n<script type=\"application\/ld+json\" class=\"yoast-schema-graph\">{\"@context\":\"https:\\\/\\\/schema.org\",\"@graph\":[{\"@type\":\"WebPage\",\"@id\":\"https:\\\/\\\/anivet.lt\\\/elparduotuve\\\/produktas\\\/josera-meat-bites-mini-beef-skanestai-sunims-su-jautiena-70g\\\/\",\"url\":\"https:\\\/\\\/anivet.lt\\\/elparduotuve\\\/produktas\\\/josera-meat-bites-mini-beef-skanestai-sunims-su-jautiena-70g\\\/\",\"name\":\"Josera Meat Bites Mini Beef skan\u0117stai \u0161unims su jautiena 70g - anivet.lt\",\"isPartOf\":{\"@id\":\"https:\\\/\\\/anivet.lt\\\/elparduotuve\\\/#website\"},\"primaryImageOfPage\":{\"@id\":\"https:\\\/\\\/anivet.lt\\\/elparduotuve\\\/produktas\\\/josera-meat-bites-mini-beef-skanestai-sunims-su-jautiena-70g\\\/#primaryimage\"},\"image\":{\"@id\":\"https:\\\/\\\/anivet.lt\\\/elparduotuve\\\/produktas\\\/josera-meat-bites-mini-beef-skanestai-sunims-su-jautiena-70g\\\/#primaryimage\"},\"thumbnailUrl\":\"https:\\\/\\\/anivet.lt\\\/elparduotuve\\\/wp-content\\\/uploads\\\/2026\\\/01\\\/Josera-Meat-Bites-Mini-Beef-skanestai-sunims-su-jautiena-70g.jpg\",\"datePublished\":\"2026-01-31T11:10:07+00:00\",\"dateModified\":\"2026-02-24T19:59:21+00:00\",\"description\":\"Josera skan\u0117stai \u0161unims su jautiena \u2013 puikus pasirinkimas motyvuoti ma\u017e\u0173 veisli\u0173 augintinius treniruo\u010di\u0173 metu. Ma\u017ei, mink\u0161ti, be gr\u016bd\u0173 ir ma\u017eai kaloringi, tod\u0117l lengvai vir\u0161kinami ir tinka aktyviems \u0161unims.\",\"breadcrumb\":{\"@id\":\"https:\\\/\\\/anivet.lt\\\/elparduotuve\\\/produktas\\\/josera-meat-bites-mini-beef-skanestai-sunims-su-jautiena-70g\\\/#breadcrumb\"},\"inLanguage\":\"lt-LT\",\"potentialAction\":[{\"@type\":\"ReadAction\",\"target\":[\"https:\\\/\\\/anivet.lt\\\/elparduotuve\\\/produktas\\\/josera-meat-bites-mini-beef-skanestai-sunims-su-jautiena-70g\\\/\"]}]},{\"@type\":\"ImageObject\",\"inLanguage\":\"lt-LT\",\"@id\":\"https:\\\/\\\/anivet.lt\\\/elparduotuve\\\/produktas\\\/josera-meat-bites-mini-beef-skanestai-sunims-su-jautiena-70g\\\/#primaryimage\",\"url\":\"https:\\\/\\\/anivet.lt\\\/elparduotuve\\\/wp-content\\\/uploads\\\/2026\\\/01\\\/Josera-Meat-Bites-Mini-Beef-skanestai-sunims-su-jautiena-70g.jpg\",\"contentUrl\":\"https:\\\/\\\/anivet.lt\\\/elparduotuve\\\/wp-content\\\/uploads\\\/2026\\\/01\\\/Josera-Meat-Bites-Mini-Beef-skanestai-sunims-su-jautiena-70g.jpg\",\"width\":550,\"height\":550,\"caption\":\"Josera Meat Bites Mini Beef skan\u0117stai \u0161unims su jautiena 70g\"},{\"@type\":\"BreadcrumbList\",\"@id\":\"https:\\\/\\\/anivet.lt\\\/elparduotuve\\\/produktas\\\/josera-meat-bites-mini-beef-skanestai-sunims-su-jautiena-70g\\\/#breadcrumb\",\"itemListElement\":[{\"@type\":\"ListItem\",\"position\":1,\"name\":\"Home\",\"item\":\"https:\\\/\\\/anivet.lt\\\/elparduotuve\\\/\"},{\"@type\":\"ListItem\",\"position\":2,\"name\":\"Produktai\",\"item\":\"https:\\\/\\\/anivet.lt\\\/elparduotuve\\\/produktai\\\/\"},{\"@type\":\"ListItem\",\"position\":3,\"name\":\"Josera Meat Bites Mini Beef skan\u0117stai \u0161unims su jautiena 70g\"}]},{\"@type\":\"WebSite\",\"@id\":\"https:\\\/\\\/anivet.lt\\\/elparduotuve\\\/#website\",\"url\":\"https:\\\/\\\/anivet.lt\\\/elparduotuve\\\/\",\"name\":\"anivet.lt\",\"description\":\"Viskas J\u016bs\u0173 \u0161uns, kat\u0117s prie\u017ei\u016brai\",\"publisher\":{\"@id\":\"https:\\\/\\\/anivet.lt\\\/elparduotuve\\\/#organization\"},\"alternateName\":\"Viskas J\u016bs\u0173 \u0161uns, kat\u0117s prie\u017ei\u016brai\",\"potentialAction\":[{\"@type\":\"SearchAction\",\"target\":{\"@type\":\"EntryPoint\",\"urlTemplate\":\"https:\\\/\\\/anivet.lt\\\/elparduotuve\\\/?s={search_term_string}\"},\"query-input\":{\"@type\":\"PropertyValueSpecification\",\"valueRequired\":true,\"valueName\":\"search_term_string\"}}],\"inLanguage\":\"lt-LT\"},{\"@type\":\"Organization\",\"@id\":\"https:\\\/\\\/anivet.lt\\\/elparduotuve\\\/#organization\",\"name\":\"Viskas J\u016bs\u0173 \u0161uns, kat\u0117s prie\u017ei\u016brai\",\"url\":\"https:\\\/\\\/anivet.lt\\\/elparduotuve\\\/\",\"logo\":{\"@type\":\"ImageObject\",\"inLanguage\":\"lt-LT\",\"@id\":\"https:\\\/\\\/anivet.lt\\\/elparduotuve\\\/#\\\/schema\\\/logo\\\/image\\\/\",\"url\":\"https:\\\/\\\/anivet.lt\\\/elparduotuve\\\/wp-content\\\/uploads\\\/2023\\\/06\\\/logo2.jpg\",\"contentUrl\":\"https:\\\/\\\/anivet.lt\\\/elparduotuve\\\/wp-content\\\/uploads\\\/2023\\\/06\\\/logo2.jpg\",\"width\":655,\"height\":194,\"caption\":\"Viskas J\u016bs\u0173 \u0161uns, kat\u0117s prie\u017ei\u016brai\"},\"image\":{\"@id\":\"https:\\\/\\\/anivet.lt\\\/elparduotuve\\\/#\\\/schema\\\/logo\\\/image\\\/\"}}]}<\/script>\n<!-- \/ Yoast SEO Premium plugin. -->","yoast_head_json":{"title":"Josera Meat Bites Mini Beef skan\u0117stai \u0161unims su jautiena 70g - anivet.lt","description":"Josera skan\u0117stai \u0161unims su jautiena \u2013 puikus pasirinkimas motyvuoti ma\u017e\u0173 veisli\u0173 augintinius treniruo\u010di\u0173 metu. Ma\u017ei, mink\u0161ti, be gr\u016bd\u0173 ir ma\u017eai kaloringi, tod\u0117l lengvai vir\u0161kinami ir tinka aktyviems \u0161unims.","robots":{"index":"index","follow":"follow","max-snippet":"max-snippet:-1","max-image-preview":"max-image-preview:large","max-video-preview":"max-video-preview:-1"},"canonical":"https:\/\/anivet.lt\/elparduotuve\/produktas\/josera-meat-bites-mini-beef-skanestai-sunims-su-jautiena-70g\/","og_locale":"lt_LT","og_type":"article","og_title":"Josera Meat Bites Mini Beef skan\u0117stai \u0161unims su jautiena 70g","og_description":"Josera skan\u0117stai \u0161unims su jautiena \u2013 puikus pasirinkimas motyvuoti ma\u017e\u0173 veisli\u0173 augintinius treniruo\u010di\u0173 metu. Ma\u017ei, mink\u0161ti, be gr\u016bd\u0173 ir ma\u017eai kaloringi, tod\u0117l lengvai vir\u0161kinami ir tinka aktyviems \u0161unims.","og_url":"https:\/\/anivet.lt\/elparduotuve\/produktas\/josera-meat-bites-mini-beef-skanestai-sunims-su-jautiena-70g\/","og_site_name":"anivet.lt","article_modified_time":"2026-02-24T19:59:21+00:00","og_image":[{"width":550,"height":550,"url":"https:\/\/anivet.lt\/elparduotuve\/wp-content\/uploads\/2026\/01\/Josera-Meat-Bites-Mini-Beef-skanestai-sunims-su-jautiena-70g.jpg","type":"image\/jpeg"}],"twitter_card":"summary_large_image","twitter_misc":{"Est. reading time":"1 minut\u0117"},"schema":{"@context":"https:\/\/schema.org","@graph":[{"@type":"WebPage","@id":"https:\/\/anivet.lt\/elparduotuve\/produktas\/josera-meat-bites-mini-beef-skanestai-sunims-su-jautiena-70g\/","url":"https:\/\/anivet.lt\/elparduotuve\/produktas\/josera-meat-bites-mini-beef-skanestai-sunims-su-jautiena-70g\/","name":"Josera Meat Bites Mini Beef skan\u0117stai \u0161unims su jautiena 70g - anivet.lt","isPartOf":{"@id":"https:\/\/anivet.lt\/elparduotuve\/#website"},"primaryImageOfPage":{"@id":"https:\/\/anivet.lt\/elparduotuve\/produktas\/josera-meat-bites-mini-beef-skanestai-sunims-su-jautiena-70g\/#primaryimage"},"image":{"@id":"https:\/\/anivet.lt\/elparduotuve\/produktas\/josera-meat-bites-mini-beef-skanestai-sunims-su-jautiena-70g\/#primaryimage"},"thumbnailUrl":"https:\/\/anivet.lt\/elparduotuve\/wp-content\/uploads\/2026\/01\/Josera-Meat-Bites-Mini-Beef-skanestai-sunims-su-jautiena-70g.jpg","datePublished":"2026-01-31T11:10:07+00:00","dateModified":"2026-02-24T19:59:21+00:00","description":"Josera skan\u0117stai \u0161unims su jautiena \u2013 puikus pasirinkimas motyvuoti ma\u017e\u0173 veisli\u0173 augintinius treniruo\u010di\u0173 metu. Ma\u017ei, mink\u0161ti, be gr\u016bd\u0173 ir ma\u017eai kaloringi, tod\u0117l lengvai vir\u0161kinami ir tinka aktyviems \u0161unims.","breadcrumb":{"@id":"https:\/\/anivet.lt\/elparduotuve\/produktas\/josera-meat-bites-mini-beef-skanestai-sunims-su-jautiena-70g\/#breadcrumb"},"inLanguage":"lt-LT","potentialAction":[{"@type":"ReadAction","target":["https:\/\/anivet.lt\/elparduotuve\/produktas\/josera-meat-bites-mini-beef-skanestai-sunims-su-jautiena-70g\/"]}]},{"@type":"ImageObject","inLanguage":"lt-LT","@id":"https:\/\/anivet.lt\/elparduotuve\/produktas\/josera-meat-bites-mini-beef-skanestai-sunims-su-jautiena-70g\/#primaryimage","url":"https:\/\/anivet.lt\/elparduotuve\/wp-content\/uploads\/2026\/01\/Josera-Meat-Bites-Mini-Beef-skanestai-sunims-su-jautiena-70g.jpg","contentUrl":"https:\/\/anivet.lt\/elparduotuve\/wp-content\/uploads\/2026\/01\/Josera-Meat-Bites-Mini-Beef-skanestai-sunims-su-jautiena-70g.jpg","width":550,"height":550,"caption":"Josera Meat Bites Mini Beef skan\u0117stai \u0161unims su jautiena 70g"},{"@type":"BreadcrumbList","@id":"https:\/\/anivet.lt\/elparduotuve\/produktas\/josera-meat-bites-mini-beef-skanestai-sunims-su-jautiena-70g\/#breadcrumb","itemListElement":[{"@type":"ListItem","position":1,"name":"Home","item":"https:\/\/anivet.lt\/elparduotuve\/"},{"@type":"ListItem","position":2,"name":"Produktai","item":"https:\/\/anivet.lt\/elparduotuve\/produktai\/"},{"@type":"ListItem","position":3,"name":"Josera Meat Bites Mini Beef skan\u0117stai \u0161unims su jautiena 70g"}]},{"@type":"WebSite","@id":"https:\/\/anivet.lt\/elparduotuve\/#website","url":"https:\/\/anivet.lt\/elparduotuve\/","name":"anivet.lt","description":"Viskas J\u016bs\u0173 \u0161uns, kat\u0117s prie\u017ei\u016brai","publisher":{"@id":"https:\/\/anivet.lt\/elparduotuve\/#organization"},"alternateName":"Viskas J\u016bs\u0173 \u0161uns, kat\u0117s prie\u017ei\u016brai","potentialAction":[{"@type":"SearchAction","target":{"@type":"EntryPoint","urlTemplate":"https:\/\/anivet.lt\/elparduotuve\/?s={search_term_string}"},"query-input":{"@type":"PropertyValueSpecification","valueRequired":true,"valueName":"search_term_string"}}],"inLanguage":"lt-LT"},{"@type":"Organization","@id":"https:\/\/anivet.lt\/elparduotuve\/#organization","name":"Viskas J\u016bs\u0173 \u0161uns, kat\u0117s prie\u017ei\u016brai","url":"https:\/\/anivet.lt\/elparduotuve\/","logo":{"@type":"ImageObject","inLanguage":"lt-LT","@id":"https:\/\/anivet.lt\/elparduotuve\/#\/schema\/logo\/image\/","url":"https:\/\/anivet.lt\/elparduotuve\/wp-content\/uploads\/2023\/06\/logo2.jpg","contentUrl":"https:\/\/anivet.lt\/elparduotuve\/wp-content\/uploads\/2023\/06\/logo2.jpg","width":655,"height":194,"caption":"Viskas J\u016bs\u0173 \u0161uns, kat\u0117s prie\u017ei\u016brai"},"image":{"@id":"https:\/\/anivet.lt\/elparduotuve\/#\/schema\/logo\/image\/"}}]}},"_links":{"self":[{"href":"https:\/\/anivet.lt\/elparduotuve\/wp-json\/wp\/v2\/product\/19961","targetHints":{"allow":["GET"]}}],"collection":[{"href":"https:\/\/anivet.lt\/elparduotuve\/wp-json\/wp\/v2\/product"}],"about":[{"href":"https:\/\/anivet.lt\/elparduotuve\/wp-json\/wp\/v2\/types\/product"}],"wp:featuredmedia":[{"embeddable":true,"href":"https:\/\/anivet.lt\/elparduotuve\/wp-json\/wp\/v2\/media\/19962"}],"wp:attachment":[{"href":"https:\/\/anivet.lt\/elparduotuve\/wp-json\/wp\/v2\/media?parent=19961"}],"wp:term":[{"taxonomy":"product_brand","embeddable":true,"href":"https:\/\/anivet.lt\/elparduotuve\/wp-json\/wp\/v2\/product_brand?post=19961"},{"taxonomy":"product_cat","embeddable":true,"href":"https:\/\/anivet.lt\/elparduotuve\/wp-json\/wp\/v2\/product_cat?post=19961"},{"taxonomy":"product_tag","embeddable":true,"href":"https:\/\/anivet.lt\/elparduotuve\/wp-json\/wp\/v2\/product_tag?post=19961"}],"curies":[{"name":"wp","href":"https:\/\/api.w.org\/{rel}","templated":true}]}}