{"id":20120,"date":"2026-02-06T08:42:42","date_gmt":"2026-02-06T08:42:42","guid":{"rendered":"https:\/\/anivet.lt\/elparduotuve\/?post_type=product&#038;p=20120"},"modified":"2026-02-06T08:42:43","modified_gmt":"2026-02-06T08:42:43","slug":"bazyl-compact-bentonitinis-kraikas-katems-5l","status":"publish","type":"product","link":"https:\/\/anivet.lt\/elparduotuve\/produktas\/bazyl-compact-bentonitinis-kraikas-katems-5l\/","title":{"rendered":"Bazyl Compact bentonitinis kraikas kat\u0117ms 5L"},"content":{"rendered":"<ul>\n<li>Bekvapis, puikiai su\u0161okantis ir efektyviai sugeriantis tiek dr\u0117gm\u0119, tiek nemalonius kvapus.<\/li>\n<li>Patikimas pasirinkimas kasdienei augintinio higienai.<\/li>\n<li>Smulkios 0,9\u20132 mm dyd\u017eio granul\u0117s u\u017etikrina ger\u0105 sug\u0117rim\u0105 ir patog\u0173 naudojim\u0105.<\/li>\n<li>Kraikas tinka ne tik kat\u0117ms, bet ir kitiems smulkiems augintiniams.<\/li>\n<li>D\u0117l didelio montmorilonito kiekio jis greitai suri\u0161a dr\u0117gm\u0119, yra higieni\u0161kas, nesukelia alergij\u0173 ir lengvai valomas d\u0117l tvirtai susiformuojan\u010di\u0173 gumul\u0117li\u0173.<\/li>\n<\/ul>\n","protected":false},"excerpt":{"rendered":"<p>Bazyl Compact \u2013 tai bentonitinis kraikas kat\u0117ms, pagamintas i\u0161 nat\u016bralaus, auk\u0161tos kokyb\u0117s bentonito.<\/p>\n","protected":false},"featured_media":20122,"template":"","meta":[],"product_brand":[],"product_cat":[102,119,228],"product_tag":[],"class_list":{"0":"post-20120","1":"product","2":"type-product","3":"status-publish","4":"has-post-thumbnail","6":"product_cat-katems","7":"product_cat-prieziuros-priemones-katems","8":"product_cat-kraikas","9":"pa_prekinis-zenklas-bazyl","11":"first","12":"instock","13":"taxable","14":"shipping-taxable","15":"purchasable","16":"product-type-simple"},"yoast_head":"<!-- This site is optimized with the Yoast SEO Premium plugin v27.1 (Yoast SEO v27.5) - https:\/\/yoast.com\/product\/yoast-seo-premium-wordpress\/ -->\n<title>Bazyl Compact bentonitinis kraikas kat\u0117ms 5L - anivet.lt<\/title>\n<meta name=\"description\" content=\"Bazyl Compact \u2013 tai bentonitinis kraikas kat\u0117ms, pagamintas i\u0161 nat\u016bralaus, auk\u0161tos kokyb\u0117s bentonito.\" \/>\n<meta name=\"robots\" content=\"index, follow, max-snippet:-1, max-image-preview:large, max-video-preview:-1\" \/>\n<link rel=\"canonical\" href=\"https:\/\/anivet.lt\/elparduotuve\/produktas\/bazyl-compact-bentonitinis-kraikas-katems-5l\/\" \/>\n<meta property=\"og:locale\" content=\"lt_LT\" \/>\n<meta property=\"og:type\" content=\"article\" \/>\n<meta property=\"og:title\" content=\"Bazyl Compact bentonitinis kraikas kat\u0117ms 5L\" \/>\n<meta property=\"og:description\" content=\"Bazyl Compact \u2013 tai bentonitinis kraikas kat\u0117ms, pagamintas i\u0161 nat\u016bralaus, auk\u0161tos kokyb\u0117s bentonito.\" \/>\n<meta property=\"og:url\" content=\"https:\/\/anivet.lt\/elparduotuve\/produktas\/bazyl-compact-bentonitinis-kraikas-katems-5l\/\" \/>\n<meta property=\"og:site_name\" content=\"anivet.lt\" \/>\n<meta property=\"article:modified_time\" content=\"2026-02-06T08:42:43+00:00\" \/>\n<meta property=\"og:image\" content=\"https:\/\/anivet.lt\/elparduotuve\/wp-content\/uploads\/2026\/02\/Bazyl-Compact-bentonitinis-kraikas-katems-5L.jpg\" \/>\n\t<meta property=\"og:image:width\" content=\"600\" \/>\n\t<meta property=\"og:image:height\" content=\"600\" \/>\n\t<meta property=\"og:image:type\" content=\"image\/jpeg\" \/>\n<meta name=\"twitter:card\" content=\"summary_large_image\" \/>\n<meta name=\"twitter:label1\" content=\"Est. reading time\" \/>\n\t<meta name=\"twitter:data1\" content=\"1 minut\u0117\" \/>\n<script type=\"application\/ld+json\" class=\"yoast-schema-graph\">{\"@context\":\"https:\\\/\\\/schema.org\",\"@graph\":[{\"@type\":\"WebPage\",\"@id\":\"https:\\\/\\\/anivet.lt\\\/elparduotuve\\\/produktas\\\/bazyl-compact-bentonitinis-kraikas-katems-5l\\\/\",\"url\":\"https:\\\/\\\/anivet.lt\\\/elparduotuve\\\/produktas\\\/bazyl-compact-bentonitinis-kraikas-katems-5l\\\/\",\"name\":\"Bazyl Compact bentonitinis kraikas kat\u0117ms 5L - anivet.lt\",\"isPartOf\":{\"@id\":\"https:\\\/\\\/anivet.lt\\\/elparduotuve\\\/#website\"},\"primaryImageOfPage\":{\"@id\":\"https:\\\/\\\/anivet.lt\\\/elparduotuve\\\/produktas\\\/bazyl-compact-bentonitinis-kraikas-katems-5l\\\/#primaryimage\"},\"image\":{\"@id\":\"https:\\\/\\\/anivet.lt\\\/elparduotuve\\\/produktas\\\/bazyl-compact-bentonitinis-kraikas-katems-5l\\\/#primaryimage\"},\"thumbnailUrl\":\"https:\\\/\\\/anivet.lt\\\/elparduotuve\\\/wp-content\\\/uploads\\\/2026\\\/02\\\/Bazyl-Compact-bentonitinis-kraikas-katems-5L.jpg\",\"datePublished\":\"2026-02-06T08:42:42+00:00\",\"dateModified\":\"2026-02-06T08:42:43+00:00\",\"description\":\"Bazyl Compact \u2013 tai bentonitinis kraikas kat\u0117ms, pagamintas i\u0161 nat\u016bralaus, auk\u0161tos kokyb\u0117s bentonito.\",\"breadcrumb\":{\"@id\":\"https:\\\/\\\/anivet.lt\\\/elparduotuve\\\/produktas\\\/bazyl-compact-bentonitinis-kraikas-katems-5l\\\/#breadcrumb\"},\"inLanguage\":\"lt-LT\",\"potentialAction\":[{\"@type\":\"ReadAction\",\"target\":[\"https:\\\/\\\/anivet.lt\\\/elparduotuve\\\/produktas\\\/bazyl-compact-bentonitinis-kraikas-katems-5l\\\/\"]}]},{\"@type\":\"ImageObject\",\"inLanguage\":\"lt-LT\",\"@id\":\"https:\\\/\\\/anivet.lt\\\/elparduotuve\\\/produktas\\\/bazyl-compact-bentonitinis-kraikas-katems-5l\\\/#primaryimage\",\"url\":\"https:\\\/\\\/anivet.lt\\\/elparduotuve\\\/wp-content\\\/uploads\\\/2026\\\/02\\\/Bazyl-Compact-bentonitinis-kraikas-katems-5L.jpg\",\"contentUrl\":\"https:\\\/\\\/anivet.lt\\\/elparduotuve\\\/wp-content\\\/uploads\\\/2026\\\/02\\\/Bazyl-Compact-bentonitinis-kraikas-katems-5L.jpg\",\"width\":600,\"height\":600,\"caption\":\"Bazyl Compact bentonitinis kraikas kat\u0117ms 5L\"},{\"@type\":\"BreadcrumbList\",\"@id\":\"https:\\\/\\\/anivet.lt\\\/elparduotuve\\\/produktas\\\/bazyl-compact-bentonitinis-kraikas-katems-5l\\\/#breadcrumb\",\"itemListElement\":[{\"@type\":\"ListItem\",\"position\":1,\"name\":\"Home\",\"item\":\"https:\\\/\\\/anivet.lt\\\/elparduotuve\\\/\"},{\"@type\":\"ListItem\",\"position\":2,\"name\":\"Produktai\",\"item\":\"https:\\\/\\\/anivet.lt\\\/elparduotuve\\\/produktai\\\/\"},{\"@type\":\"ListItem\",\"position\":3,\"name\":\"Bazyl Compact bentonitinis kraikas kat\u0117ms 5L\"}]},{\"@type\":\"WebSite\",\"@id\":\"https:\\\/\\\/anivet.lt\\\/elparduotuve\\\/#website\",\"url\":\"https:\\\/\\\/anivet.lt\\\/elparduotuve\\\/\",\"name\":\"anivet.lt\",\"description\":\"Viskas J\u016bs\u0173 \u0161uns, kat\u0117s prie\u017ei\u016brai\",\"publisher\":{\"@id\":\"https:\\\/\\\/anivet.lt\\\/elparduotuve\\\/#organization\"},\"alternateName\":\"Viskas J\u016bs\u0173 \u0161uns, kat\u0117s prie\u017ei\u016brai\",\"potentialAction\":[{\"@type\":\"SearchAction\",\"target\":{\"@type\":\"EntryPoint\",\"urlTemplate\":\"https:\\\/\\\/anivet.lt\\\/elparduotuve\\\/?s={search_term_string}\"},\"query-input\":{\"@type\":\"PropertyValueSpecification\",\"valueRequired\":true,\"valueName\":\"search_term_string\"}}],\"inLanguage\":\"lt-LT\"},{\"@type\":\"Organization\",\"@id\":\"https:\\\/\\\/anivet.lt\\\/elparduotuve\\\/#organization\",\"name\":\"Viskas J\u016bs\u0173 \u0161uns, kat\u0117s prie\u017ei\u016brai\",\"url\":\"https:\\\/\\\/anivet.lt\\\/elparduotuve\\\/\",\"logo\":{\"@type\":\"ImageObject\",\"inLanguage\":\"lt-LT\",\"@id\":\"https:\\\/\\\/anivet.lt\\\/elparduotuve\\\/#\\\/schema\\\/logo\\\/image\\\/\",\"url\":\"https:\\\/\\\/anivet.lt\\\/elparduotuve\\\/wp-content\\\/uploads\\\/2023\\\/06\\\/logo2.jpg\",\"contentUrl\":\"https:\\\/\\\/anivet.lt\\\/elparduotuve\\\/wp-content\\\/uploads\\\/2023\\\/06\\\/logo2.jpg\",\"width\":655,\"height\":194,\"caption\":\"Viskas J\u016bs\u0173 \u0161uns, kat\u0117s prie\u017ei\u016brai\"},\"image\":{\"@id\":\"https:\\\/\\\/anivet.lt\\\/elparduotuve\\\/#\\\/schema\\\/logo\\\/image\\\/\"}}]}<\/script>\n<!-- \/ Yoast SEO Premium plugin. -->","yoast_head_json":{"title":"Bazyl Compact bentonitinis kraikas kat\u0117ms 5L - anivet.lt","description":"Bazyl Compact \u2013 tai bentonitinis kraikas kat\u0117ms, pagamintas i\u0161 nat\u016bralaus, auk\u0161tos kokyb\u0117s bentonito.","robots":{"index":"index","follow":"follow","max-snippet":"max-snippet:-1","max-image-preview":"max-image-preview:large","max-video-preview":"max-video-preview:-1"},"canonical":"https:\/\/anivet.lt\/elparduotuve\/produktas\/bazyl-compact-bentonitinis-kraikas-katems-5l\/","og_locale":"lt_LT","og_type":"article","og_title":"Bazyl Compact bentonitinis kraikas kat\u0117ms 5L","og_description":"Bazyl Compact \u2013 tai bentonitinis kraikas kat\u0117ms, pagamintas i\u0161 nat\u016bralaus, auk\u0161tos kokyb\u0117s bentonito.","og_url":"https:\/\/anivet.lt\/elparduotuve\/produktas\/bazyl-compact-bentonitinis-kraikas-katems-5l\/","og_site_name":"anivet.lt","article_modified_time":"2026-02-06T08:42:43+00:00","og_image":[{"width":600,"height":600,"url":"https:\/\/anivet.lt\/elparduotuve\/wp-content\/uploads\/2026\/02\/Bazyl-Compact-bentonitinis-kraikas-katems-5L.jpg","type":"image\/jpeg"}],"twitter_card":"summary_large_image","twitter_misc":{"Est. reading time":"1 minut\u0117"},"schema":{"@context":"https:\/\/schema.org","@graph":[{"@type":"WebPage","@id":"https:\/\/anivet.lt\/elparduotuve\/produktas\/bazyl-compact-bentonitinis-kraikas-katems-5l\/","url":"https:\/\/anivet.lt\/elparduotuve\/produktas\/bazyl-compact-bentonitinis-kraikas-katems-5l\/","name":"Bazyl Compact bentonitinis kraikas kat\u0117ms 5L - anivet.lt","isPartOf":{"@id":"https:\/\/anivet.lt\/elparduotuve\/#website"},"primaryImageOfPage":{"@id":"https:\/\/anivet.lt\/elparduotuve\/produktas\/bazyl-compact-bentonitinis-kraikas-katems-5l\/#primaryimage"},"image":{"@id":"https:\/\/anivet.lt\/elparduotuve\/produktas\/bazyl-compact-bentonitinis-kraikas-katems-5l\/#primaryimage"},"thumbnailUrl":"https:\/\/anivet.lt\/elparduotuve\/wp-content\/uploads\/2026\/02\/Bazyl-Compact-bentonitinis-kraikas-katems-5L.jpg","datePublished":"2026-02-06T08:42:42+00:00","dateModified":"2026-02-06T08:42:43+00:00","description":"Bazyl Compact \u2013 tai bentonitinis kraikas kat\u0117ms, pagamintas i\u0161 nat\u016bralaus, auk\u0161tos kokyb\u0117s bentonito.","breadcrumb":{"@id":"https:\/\/anivet.lt\/elparduotuve\/produktas\/bazyl-compact-bentonitinis-kraikas-katems-5l\/#breadcrumb"},"inLanguage":"lt-LT","potentialAction":[{"@type":"ReadAction","target":["https:\/\/anivet.lt\/elparduotuve\/produktas\/bazyl-compact-bentonitinis-kraikas-katems-5l\/"]}]},{"@type":"ImageObject","inLanguage":"lt-LT","@id":"https:\/\/anivet.lt\/elparduotuve\/produktas\/bazyl-compact-bentonitinis-kraikas-katems-5l\/#primaryimage","url":"https:\/\/anivet.lt\/elparduotuve\/wp-content\/uploads\/2026\/02\/Bazyl-Compact-bentonitinis-kraikas-katems-5L.jpg","contentUrl":"https:\/\/anivet.lt\/elparduotuve\/wp-content\/uploads\/2026\/02\/Bazyl-Compact-bentonitinis-kraikas-katems-5L.jpg","width":600,"height":600,"caption":"Bazyl Compact bentonitinis kraikas kat\u0117ms 5L"},{"@type":"BreadcrumbList","@id":"https:\/\/anivet.lt\/elparduotuve\/produktas\/bazyl-compact-bentonitinis-kraikas-katems-5l\/#breadcrumb","itemListElement":[{"@type":"ListItem","position":1,"name":"Home","item":"https:\/\/anivet.lt\/elparduotuve\/"},{"@type":"ListItem","position":2,"name":"Produktai","item":"https:\/\/anivet.lt\/elparduotuve\/produktai\/"},{"@type":"ListItem","position":3,"name":"Bazyl Compact bentonitinis kraikas kat\u0117ms 5L"}]},{"@type":"WebSite","@id":"https:\/\/anivet.lt\/elparduotuve\/#website","url":"https:\/\/anivet.lt\/elparduotuve\/","name":"anivet.lt","description":"Viskas J\u016bs\u0173 \u0161uns, kat\u0117s prie\u017ei\u016brai","publisher":{"@id":"https:\/\/anivet.lt\/elparduotuve\/#organization"},"alternateName":"Viskas J\u016bs\u0173 \u0161uns, kat\u0117s prie\u017ei\u016brai","potentialAction":[{"@type":"SearchAction","target":{"@type":"EntryPoint","urlTemplate":"https:\/\/anivet.lt\/elparduotuve\/?s={search_term_string}"},"query-input":{"@type":"PropertyValueSpecification","valueRequired":true,"valueName":"search_term_string"}}],"inLanguage":"lt-LT"},{"@type":"Organization","@id":"https:\/\/anivet.lt\/elparduotuve\/#organization","name":"Viskas J\u016bs\u0173 \u0161uns, kat\u0117s prie\u017ei\u016brai","url":"https:\/\/anivet.lt\/elparduotuve\/","logo":{"@type":"ImageObject","inLanguage":"lt-LT","@id":"https:\/\/anivet.lt\/elparduotuve\/#\/schema\/logo\/image\/","url":"https:\/\/anivet.lt\/elparduotuve\/wp-content\/uploads\/2023\/06\/logo2.jpg","contentUrl":"https:\/\/anivet.lt\/elparduotuve\/wp-content\/uploads\/2023\/06\/logo2.jpg","width":655,"height":194,"caption":"Viskas J\u016bs\u0173 \u0161uns, kat\u0117s prie\u017ei\u016brai"},"image":{"@id":"https:\/\/anivet.lt\/elparduotuve\/#\/schema\/logo\/image\/"}}]}},"_links":{"self":[{"href":"https:\/\/anivet.lt\/elparduotuve\/wp-json\/wp\/v2\/product\/20120","targetHints":{"allow":["GET"]}}],"collection":[{"href":"https:\/\/anivet.lt\/elparduotuve\/wp-json\/wp\/v2\/product"}],"about":[{"href":"https:\/\/anivet.lt\/elparduotuve\/wp-json\/wp\/v2\/types\/product"}],"wp:featuredmedia":[{"embeddable":true,"href":"https:\/\/anivet.lt\/elparduotuve\/wp-json\/wp\/v2\/media\/20122"}],"wp:attachment":[{"href":"https:\/\/anivet.lt\/elparduotuve\/wp-json\/wp\/v2\/media?parent=20120"}],"wp:term":[{"taxonomy":"product_brand","embeddable":true,"href":"https:\/\/anivet.lt\/elparduotuve\/wp-json\/wp\/v2\/product_brand?post=20120"},{"taxonomy":"product_cat","embeddable":true,"href":"https:\/\/anivet.lt\/elparduotuve\/wp-json\/wp\/v2\/product_cat?post=20120"},{"taxonomy":"product_tag","embeddable":true,"href":"https:\/\/anivet.lt\/elparduotuve\/wp-json\/wp\/v2\/product_tag?post=20120"}],"curies":[{"name":"wp","href":"https:\/\/api.w.org\/{rel}","templated":true}]}}