{"id":20139,"date":"2026-02-06T12:13:48","date_gmt":"2026-02-06T12:13:48","guid":{"rendered":"https:\/\/anivet.lt\/elparduotuve\/?post_type=product&#038;p=20139"},"modified":"2026-02-06T12:13:48","modified_gmt":"2026-02-06T12:13:48","slug":"cosycat-medzio-drozliu-susokantis-kraikas-katems","status":"publish","type":"product","link":"https:\/\/anivet.lt\/elparduotuve\/produktas\/cosycat-medzio-drozliu-susokantis-kraikas-katems\/","title":{"rendered":"Cosycat med\u017eio dro\u017eli\u0173 su\u0161okantis kraikas kat\u0117ms"},"content":{"rendered":"<ul>\n<li>Nat\u016bralus, biologi\u0161kai skaidomas ir itin taupus naudoti, puikiai sugeriantis dr\u0117gm\u0119 bei nemalonius kvapus.<\/li>\n<li>Cosycat \u2013 ekologi\u0161kas kraikas kat\u0117ms, gaminamas i\u0161 tvariai tvarkom\u0173 mi\u0161k\u0173 medienos.<\/li>\n<li>Kraikas sugeria daugiau nei 70 % dr\u0117gm\u0117s ir greitai suformuoja tvirtus gumul\u0117lius.<\/li>\n<li>D\u0117l antibakterini\u0173 savybi\u0173 jis efektyviai slopina kvapus.<\/li>\n<li>Kraikas yra biologi\u0161kai suyrantis: nedidel\u012f kiek\u012f galima nuleisti \u012f tualet\u0105, o didesn\u012f \u2013 i\u0161mesti su organin\u0117mis atliekomis.<\/li>\n<li>Labai ma\u017eai dulkantis, nekenkia kv\u0117pavimo takams, lengvas ir be papildom\u0173 kvapikli\u0173.<\/li>\n<\/ul>\n","protected":false},"excerpt":{"rendered":"<p>Cosycat \u2013 tai su\u0161okantis ka\u010di\u0173 kraikas, pagamintas i\u0161 gryno augalinio pluo\u0161to.<\/p>\n","protected":false},"featured_media":20140,"template":"","meta":[],"product_brand":[],"product_cat":[102,119,228],"product_tag":[],"class_list":{"0":"post-20139","1":"product","2":"type-product","3":"status-publish","4":"has-post-thumbnail","6":"product_cat-katems","7":"product_cat-prieziuros-priemones-katems","8":"product_cat-kraikas","9":"pa_prekinis-zenklas-cosypet","11":"first","12":"instock","13":"taxable","14":"shipping-taxable","15":"purchasable","16":"product-type-variable"},"yoast_head":"<!-- This site is optimized with the Yoast SEO Premium plugin v27.1 (Yoast SEO v27.5) - https:\/\/yoast.com\/product\/yoast-seo-premium-wordpress\/ -->\n<title>Cosycat med\u017eio dro\u017eli\u0173 su\u0161okantis kraikas kat\u0117ms - anivet.lt<\/title>\n<meta name=\"description\" content=\"Cosycat \u2013 tai su\u0161okantis ka\u010di\u0173 kraikas, pagamintas i\u0161 gryno augalinio pluo\u0161to.\" \/>\n<meta name=\"robots\" content=\"index, follow, max-snippet:-1, max-image-preview:large, max-video-preview:-1\" \/>\n<link rel=\"canonical\" href=\"https:\/\/anivet.lt\/elparduotuve\/produktas\/cosycat-medzio-drozliu-susokantis-kraikas-katems\/\" \/>\n<meta property=\"og:locale\" content=\"lt_LT\" \/>\n<meta property=\"og:type\" content=\"article\" \/>\n<meta property=\"og:title\" content=\"Cosycat med\u017eio dro\u017eli\u0173 su\u0161okantis kraikas kat\u0117ms\" \/>\n<meta property=\"og:description\" content=\"Cosycat \u2013 tai su\u0161okantis ka\u010di\u0173 kraikas, pagamintas i\u0161 gryno augalinio pluo\u0161to.\" \/>\n<meta property=\"og:url\" content=\"https:\/\/anivet.lt\/elparduotuve\/produktas\/cosycat-medzio-drozliu-susokantis-kraikas-katems\/\" \/>\n<meta property=\"og:site_name\" content=\"anivet.lt\" \/>\n<meta property=\"og:image\" content=\"https:\/\/anivet.lt\/elparduotuve\/wp-content\/uploads\/2026\/02\/Cosycat-medzio-drozliu-susokantis-kraikas-katems.jpg\" \/>\n\t<meta property=\"og:image:width\" content=\"600\" \/>\n\t<meta property=\"og:image:height\" content=\"600\" \/>\n\t<meta property=\"og:image:type\" content=\"image\/jpeg\" \/>\n<meta name=\"twitter:card\" content=\"summary_large_image\" \/>\n<meta name=\"twitter:label1\" content=\"Est. reading time\" \/>\n\t<meta name=\"twitter:data1\" content=\"1 minut\u0117\" \/>\n<script type=\"application\/ld+json\" class=\"yoast-schema-graph\">{\"@context\":\"https:\\\/\\\/schema.org\",\"@graph\":[{\"@type\":\"WebPage\",\"@id\":\"https:\\\/\\\/anivet.lt\\\/elparduotuve\\\/produktas\\\/cosycat-medzio-drozliu-susokantis-kraikas-katems\\\/\",\"url\":\"https:\\\/\\\/anivet.lt\\\/elparduotuve\\\/produktas\\\/cosycat-medzio-drozliu-susokantis-kraikas-katems\\\/\",\"name\":\"Cosycat med\u017eio dro\u017eli\u0173 su\u0161okantis kraikas kat\u0117ms - anivet.lt\",\"isPartOf\":{\"@id\":\"https:\\\/\\\/anivet.lt\\\/elparduotuve\\\/#website\"},\"primaryImageOfPage\":{\"@id\":\"https:\\\/\\\/anivet.lt\\\/elparduotuve\\\/produktas\\\/cosycat-medzio-drozliu-susokantis-kraikas-katems\\\/#primaryimage\"},\"image\":{\"@id\":\"https:\\\/\\\/anivet.lt\\\/elparduotuve\\\/produktas\\\/cosycat-medzio-drozliu-susokantis-kraikas-katems\\\/#primaryimage\"},\"thumbnailUrl\":\"https:\\\/\\\/anivet.lt\\\/elparduotuve\\\/wp-content\\\/uploads\\\/2026\\\/02\\\/Cosycat-medzio-drozliu-susokantis-kraikas-katems.jpg\",\"datePublished\":\"2026-02-06T12:13:48+00:00\",\"description\":\"Cosycat \u2013 tai su\u0161okantis ka\u010di\u0173 kraikas, pagamintas i\u0161 gryno augalinio pluo\u0161to.\",\"breadcrumb\":{\"@id\":\"https:\\\/\\\/anivet.lt\\\/elparduotuve\\\/produktas\\\/cosycat-medzio-drozliu-susokantis-kraikas-katems\\\/#breadcrumb\"},\"inLanguage\":\"lt-LT\",\"potentialAction\":[{\"@type\":\"ReadAction\",\"target\":[\"https:\\\/\\\/anivet.lt\\\/elparduotuve\\\/produktas\\\/cosycat-medzio-drozliu-susokantis-kraikas-katems\\\/\"]}]},{\"@type\":\"ImageObject\",\"inLanguage\":\"lt-LT\",\"@id\":\"https:\\\/\\\/anivet.lt\\\/elparduotuve\\\/produktas\\\/cosycat-medzio-drozliu-susokantis-kraikas-katems\\\/#primaryimage\",\"url\":\"https:\\\/\\\/anivet.lt\\\/elparduotuve\\\/wp-content\\\/uploads\\\/2026\\\/02\\\/Cosycat-medzio-drozliu-susokantis-kraikas-katems.jpg\",\"contentUrl\":\"https:\\\/\\\/anivet.lt\\\/elparduotuve\\\/wp-content\\\/uploads\\\/2026\\\/02\\\/Cosycat-medzio-drozliu-susokantis-kraikas-katems.jpg\",\"width\":600,\"height\":600,\"caption\":\"Cosycat med\u017eio dro\u017eli\u0173 su\u0161okantis kraikas kat\u0117ms\"},{\"@type\":\"BreadcrumbList\",\"@id\":\"https:\\\/\\\/anivet.lt\\\/elparduotuve\\\/produktas\\\/cosycat-medzio-drozliu-susokantis-kraikas-katems\\\/#breadcrumb\",\"itemListElement\":[{\"@type\":\"ListItem\",\"position\":1,\"name\":\"Home\",\"item\":\"https:\\\/\\\/anivet.lt\\\/elparduotuve\\\/\"},{\"@type\":\"ListItem\",\"position\":2,\"name\":\"Produktai\",\"item\":\"https:\\\/\\\/anivet.lt\\\/elparduotuve\\\/produktai\\\/\"},{\"@type\":\"ListItem\",\"position\":3,\"name\":\"Cosycat med\u017eio dro\u017eli\u0173 su\u0161okantis kraikas kat\u0117ms\"}]},{\"@type\":\"WebSite\",\"@id\":\"https:\\\/\\\/anivet.lt\\\/elparduotuve\\\/#website\",\"url\":\"https:\\\/\\\/anivet.lt\\\/elparduotuve\\\/\",\"name\":\"anivet.lt\",\"description\":\"Viskas J\u016bs\u0173 \u0161uns, kat\u0117s prie\u017ei\u016brai\",\"publisher\":{\"@id\":\"https:\\\/\\\/anivet.lt\\\/elparduotuve\\\/#organization\"},\"alternateName\":\"Viskas J\u016bs\u0173 \u0161uns, kat\u0117s prie\u017ei\u016brai\",\"potentialAction\":[{\"@type\":\"SearchAction\",\"target\":{\"@type\":\"EntryPoint\",\"urlTemplate\":\"https:\\\/\\\/anivet.lt\\\/elparduotuve\\\/?s={search_term_string}\"},\"query-input\":{\"@type\":\"PropertyValueSpecification\",\"valueRequired\":true,\"valueName\":\"search_term_string\"}}],\"inLanguage\":\"lt-LT\"},{\"@type\":\"Organization\",\"@id\":\"https:\\\/\\\/anivet.lt\\\/elparduotuve\\\/#organization\",\"name\":\"Viskas J\u016bs\u0173 \u0161uns, kat\u0117s prie\u017ei\u016brai\",\"url\":\"https:\\\/\\\/anivet.lt\\\/elparduotuve\\\/\",\"logo\":{\"@type\":\"ImageObject\",\"inLanguage\":\"lt-LT\",\"@id\":\"https:\\\/\\\/anivet.lt\\\/elparduotuve\\\/#\\\/schema\\\/logo\\\/image\\\/\",\"url\":\"https:\\\/\\\/anivet.lt\\\/elparduotuve\\\/wp-content\\\/uploads\\\/2023\\\/06\\\/logo2.jpg\",\"contentUrl\":\"https:\\\/\\\/anivet.lt\\\/elparduotuve\\\/wp-content\\\/uploads\\\/2023\\\/06\\\/logo2.jpg\",\"width\":655,\"height\":194,\"caption\":\"Viskas J\u016bs\u0173 \u0161uns, kat\u0117s prie\u017ei\u016brai\"},\"image\":{\"@id\":\"https:\\\/\\\/anivet.lt\\\/elparduotuve\\\/#\\\/schema\\\/logo\\\/image\\\/\"}}]}<\/script>\n<!-- \/ Yoast SEO Premium plugin. -->","yoast_head_json":{"title":"Cosycat med\u017eio dro\u017eli\u0173 su\u0161okantis kraikas kat\u0117ms - anivet.lt","description":"Cosycat \u2013 tai su\u0161okantis ka\u010di\u0173 kraikas, pagamintas i\u0161 gryno augalinio pluo\u0161to.","robots":{"index":"index","follow":"follow","max-snippet":"max-snippet:-1","max-image-preview":"max-image-preview:large","max-video-preview":"max-video-preview:-1"},"canonical":"https:\/\/anivet.lt\/elparduotuve\/produktas\/cosycat-medzio-drozliu-susokantis-kraikas-katems\/","og_locale":"lt_LT","og_type":"article","og_title":"Cosycat med\u017eio dro\u017eli\u0173 su\u0161okantis kraikas kat\u0117ms","og_description":"Cosycat \u2013 tai su\u0161okantis ka\u010di\u0173 kraikas, pagamintas i\u0161 gryno augalinio pluo\u0161to.","og_url":"https:\/\/anivet.lt\/elparduotuve\/produktas\/cosycat-medzio-drozliu-susokantis-kraikas-katems\/","og_site_name":"anivet.lt","og_image":[{"width":600,"height":600,"url":"https:\/\/anivet.lt\/elparduotuve\/wp-content\/uploads\/2026\/02\/Cosycat-medzio-drozliu-susokantis-kraikas-katems.jpg","type":"image\/jpeg"}],"twitter_card":"summary_large_image","twitter_misc":{"Est. reading time":"1 minut\u0117"},"schema":{"@context":"https:\/\/schema.org","@graph":[{"@type":"WebPage","@id":"https:\/\/anivet.lt\/elparduotuve\/produktas\/cosycat-medzio-drozliu-susokantis-kraikas-katems\/","url":"https:\/\/anivet.lt\/elparduotuve\/produktas\/cosycat-medzio-drozliu-susokantis-kraikas-katems\/","name":"Cosycat med\u017eio dro\u017eli\u0173 su\u0161okantis kraikas kat\u0117ms - anivet.lt","isPartOf":{"@id":"https:\/\/anivet.lt\/elparduotuve\/#website"},"primaryImageOfPage":{"@id":"https:\/\/anivet.lt\/elparduotuve\/produktas\/cosycat-medzio-drozliu-susokantis-kraikas-katems\/#primaryimage"},"image":{"@id":"https:\/\/anivet.lt\/elparduotuve\/produktas\/cosycat-medzio-drozliu-susokantis-kraikas-katems\/#primaryimage"},"thumbnailUrl":"https:\/\/anivet.lt\/elparduotuve\/wp-content\/uploads\/2026\/02\/Cosycat-medzio-drozliu-susokantis-kraikas-katems.jpg","datePublished":"2026-02-06T12:13:48+00:00","description":"Cosycat \u2013 tai su\u0161okantis ka\u010di\u0173 kraikas, pagamintas i\u0161 gryno augalinio pluo\u0161to.","breadcrumb":{"@id":"https:\/\/anivet.lt\/elparduotuve\/produktas\/cosycat-medzio-drozliu-susokantis-kraikas-katems\/#breadcrumb"},"inLanguage":"lt-LT","potentialAction":[{"@type":"ReadAction","target":["https:\/\/anivet.lt\/elparduotuve\/produktas\/cosycat-medzio-drozliu-susokantis-kraikas-katems\/"]}]},{"@type":"ImageObject","inLanguage":"lt-LT","@id":"https:\/\/anivet.lt\/elparduotuve\/produktas\/cosycat-medzio-drozliu-susokantis-kraikas-katems\/#primaryimage","url":"https:\/\/anivet.lt\/elparduotuve\/wp-content\/uploads\/2026\/02\/Cosycat-medzio-drozliu-susokantis-kraikas-katems.jpg","contentUrl":"https:\/\/anivet.lt\/elparduotuve\/wp-content\/uploads\/2026\/02\/Cosycat-medzio-drozliu-susokantis-kraikas-katems.jpg","width":600,"height":600,"caption":"Cosycat med\u017eio dro\u017eli\u0173 su\u0161okantis kraikas kat\u0117ms"},{"@type":"BreadcrumbList","@id":"https:\/\/anivet.lt\/elparduotuve\/produktas\/cosycat-medzio-drozliu-susokantis-kraikas-katems\/#breadcrumb","itemListElement":[{"@type":"ListItem","position":1,"name":"Home","item":"https:\/\/anivet.lt\/elparduotuve\/"},{"@type":"ListItem","position":2,"name":"Produktai","item":"https:\/\/anivet.lt\/elparduotuve\/produktai\/"},{"@type":"ListItem","position":3,"name":"Cosycat med\u017eio dro\u017eli\u0173 su\u0161okantis kraikas kat\u0117ms"}]},{"@type":"WebSite","@id":"https:\/\/anivet.lt\/elparduotuve\/#website","url":"https:\/\/anivet.lt\/elparduotuve\/","name":"anivet.lt","description":"Viskas J\u016bs\u0173 \u0161uns, kat\u0117s prie\u017ei\u016brai","publisher":{"@id":"https:\/\/anivet.lt\/elparduotuve\/#organization"},"alternateName":"Viskas J\u016bs\u0173 \u0161uns, kat\u0117s prie\u017ei\u016brai","potentialAction":[{"@type":"SearchAction","target":{"@type":"EntryPoint","urlTemplate":"https:\/\/anivet.lt\/elparduotuve\/?s={search_term_string}"},"query-input":{"@type":"PropertyValueSpecification","valueRequired":true,"valueName":"search_term_string"}}],"inLanguage":"lt-LT"},{"@type":"Organization","@id":"https:\/\/anivet.lt\/elparduotuve\/#organization","name":"Viskas J\u016bs\u0173 \u0161uns, kat\u0117s prie\u017ei\u016brai","url":"https:\/\/anivet.lt\/elparduotuve\/","logo":{"@type":"ImageObject","inLanguage":"lt-LT","@id":"https:\/\/anivet.lt\/elparduotuve\/#\/schema\/logo\/image\/","url":"https:\/\/anivet.lt\/elparduotuve\/wp-content\/uploads\/2023\/06\/logo2.jpg","contentUrl":"https:\/\/anivet.lt\/elparduotuve\/wp-content\/uploads\/2023\/06\/logo2.jpg","width":655,"height":194,"caption":"Viskas J\u016bs\u0173 \u0161uns, kat\u0117s prie\u017ei\u016brai"},"image":{"@id":"https:\/\/anivet.lt\/elparduotuve\/#\/schema\/logo\/image\/"}}]}},"_links":{"self":[{"href":"https:\/\/anivet.lt\/elparduotuve\/wp-json\/wp\/v2\/product\/20139","targetHints":{"allow":["GET"]}}],"collection":[{"href":"https:\/\/anivet.lt\/elparduotuve\/wp-json\/wp\/v2\/product"}],"about":[{"href":"https:\/\/anivet.lt\/elparduotuve\/wp-json\/wp\/v2\/types\/product"}],"wp:featuredmedia":[{"embeddable":true,"href":"https:\/\/anivet.lt\/elparduotuve\/wp-json\/wp\/v2\/media\/20140"}],"wp:attachment":[{"href":"https:\/\/anivet.lt\/elparduotuve\/wp-json\/wp\/v2\/media?parent=20139"}],"wp:term":[{"taxonomy":"product_brand","embeddable":true,"href":"https:\/\/anivet.lt\/elparduotuve\/wp-json\/wp\/v2\/product_brand?post=20139"},{"taxonomy":"product_cat","embeddable":true,"href":"https:\/\/anivet.lt\/elparduotuve\/wp-json\/wp\/v2\/product_cat?post=20139"},{"taxonomy":"product_tag","embeddable":true,"href":"https:\/\/anivet.lt\/elparduotuve\/wp-json\/wp\/v2\/product_tag?post=20139"}],"curies":[{"name":"wp","href":"https:\/\/api.w.org\/{rel}","templated":true}]}}