{"id":20143,"date":"2026-02-06T12:32:50","date_gmt":"2026-02-06T12:32:50","guid":{"rendered":"https:\/\/anivet.lt\/elparduotuve\/?post_type=product&#038;p=20143"},"modified":"2026-02-06T12:32:50","modified_gmt":"2026-02-06T12:32:50","slug":"bazyl-wood-pellets-kraikas-katems-ir-grauzikams-75l","status":"publish","type":"product","link":"https:\/\/anivet.lt\/elparduotuve\/produktas\/bazyl-wood-pellets-kraikas-katems-ir-grauzikams-75l\/","title":{"rendered":"Bazyl Wood Pellets kraikas kat\u0117ms ir grau\u017eikams 7,5L"},"content":{"rendered":"<ul>\n<li>Pagamintas i\u0161 100 % nat\u016bralios medienos, tod\u0117l puikiai sugeria dr\u0117gm\u0119 ir padeda kontroliuoti nemalonius kvapus.<\/li>\n<li>Bazyl Wood Pellet \u2013 granuliuotas kraikas, u\u017etikrinantis \u0161var\u0105 ir higien\u0105 kasdien\u0117je augintinio prie\u017ei\u016broje.<\/li>\n<li>10\u201330 mm dyd\u017eio granul\u0117s tinka kat\u0117ms bei kitiems ma\u017eiems gyv\u016bnams.<\/li>\n<li>Kraikas yra universalus, pagamintas tik i\u0161 nat\u016bralios medienos, be chemini\u0173 pried\u0173, tod\u0117l saugus net alergi\u0161kiems \u017emon\u0117ms.<\/li>\n<li>Papildytas nanosidabru, kuris suteikia dezinfekuojan\u010di\u0173 savybi\u0173.<\/li>\n<li>Granul\u0117s yra biologi\u0161kai skaidomos ir gali b\u016bti kompostuojamos, tod\u0117l tai aplinkai draugi\u0161kas pasirinkimas.<\/li>\n<\/ul>\n","protected":false},"excerpt":{"rendered":"<p>Bazyl Wood Pellets \u2013 tai med\u017eio granuli\u0173 kraikas, skirtas kat\u0117ms ir smulkiems gyv\u016bnams.<\/p>\n","protected":false},"featured_media":20145,"template":"","meta":[],"product_brand":[],"product_cat":[102,119,228],"product_tag":[],"class_list":{"0":"post-20143","1":"product","2":"type-product","3":"status-publish","4":"has-post-thumbnail","6":"product_cat-katems","7":"product_cat-prieziuros-priemones-katems","8":"product_cat-kraikas","9":"pa_prekinis-zenklas-bazyl","11":"first","12":"instock","13":"taxable","14":"shipping-taxable","15":"purchasable","16":"product-type-simple"},"yoast_head":"<!-- This site is optimized with the Yoast SEO Premium plugin v27.1 (Yoast SEO v27.5) - https:\/\/yoast.com\/product\/yoast-seo-premium-wordpress\/ -->\n<title>Bazyl Wood Pellets kraikas kat\u0117ms ir grau\u017eikams 7,5L - anivet.lt<\/title>\n<meta name=\"description\" content=\"Bazyl Wood Pellets \u2013 tai med\u017eio granuli\u0173 kraikas, skirtas kat\u0117ms ir smulkiems gyv\u016bnams.\" \/>\n<meta name=\"robots\" content=\"index, follow, max-snippet:-1, max-image-preview:large, max-video-preview:-1\" \/>\n<link rel=\"canonical\" href=\"https:\/\/anivet.lt\/elparduotuve\/produktas\/bazyl-wood-pellets-kraikas-katems-ir-grauzikams-75l\/\" \/>\n<meta property=\"og:locale\" content=\"lt_LT\" \/>\n<meta property=\"og:type\" content=\"article\" \/>\n<meta property=\"og:title\" content=\"Bazyl Wood Pellets kraikas kat\u0117ms ir grau\u017eikams 7,5L\" \/>\n<meta property=\"og:description\" content=\"Bazyl Wood Pellets \u2013 tai med\u017eio granuli\u0173 kraikas, skirtas kat\u0117ms ir smulkiems gyv\u016bnams.\" \/>\n<meta property=\"og:url\" content=\"https:\/\/anivet.lt\/elparduotuve\/produktas\/bazyl-wood-pellets-kraikas-katems-ir-grauzikams-75l\/\" \/>\n<meta property=\"og:site_name\" content=\"anivet.lt\" \/>\n<meta property=\"og:image\" content=\"https:\/\/anivet.lt\/elparduotuve\/wp-content\/uploads\/2026\/02\/Bazyl-Wood-Pellets-kraikas-katems-ir-grauzikams-75L.jpg\" \/>\n\t<meta property=\"og:image:width\" content=\"600\" \/>\n\t<meta property=\"og:image:height\" content=\"600\" \/>\n\t<meta property=\"og:image:type\" content=\"image\/jpeg\" \/>\n<meta name=\"twitter:card\" content=\"summary_large_image\" \/>\n<meta name=\"twitter:label1\" content=\"Est. reading time\" \/>\n\t<meta name=\"twitter:data1\" content=\"1 minut\u0117\" \/>\n<script type=\"application\/ld+json\" class=\"yoast-schema-graph\">{\"@context\":\"https:\\\/\\\/schema.org\",\"@graph\":[{\"@type\":\"WebPage\",\"@id\":\"https:\\\/\\\/anivet.lt\\\/elparduotuve\\\/produktas\\\/bazyl-wood-pellets-kraikas-katems-ir-grauzikams-75l\\\/\",\"url\":\"https:\\\/\\\/anivet.lt\\\/elparduotuve\\\/produktas\\\/bazyl-wood-pellets-kraikas-katems-ir-grauzikams-75l\\\/\",\"name\":\"Bazyl Wood Pellets kraikas kat\u0117ms ir grau\u017eikams 7,5L - anivet.lt\",\"isPartOf\":{\"@id\":\"https:\\\/\\\/anivet.lt\\\/elparduotuve\\\/#website\"},\"primaryImageOfPage\":{\"@id\":\"https:\\\/\\\/anivet.lt\\\/elparduotuve\\\/produktas\\\/bazyl-wood-pellets-kraikas-katems-ir-grauzikams-75l\\\/#primaryimage\"},\"image\":{\"@id\":\"https:\\\/\\\/anivet.lt\\\/elparduotuve\\\/produktas\\\/bazyl-wood-pellets-kraikas-katems-ir-grauzikams-75l\\\/#primaryimage\"},\"thumbnailUrl\":\"https:\\\/\\\/anivet.lt\\\/elparduotuve\\\/wp-content\\\/uploads\\\/2026\\\/02\\\/Bazyl-Wood-Pellets-kraikas-katems-ir-grauzikams-75L.jpg\",\"datePublished\":\"2026-02-06T12:32:50+00:00\",\"description\":\"Bazyl Wood Pellets \u2013 tai med\u017eio granuli\u0173 kraikas, skirtas kat\u0117ms ir smulkiems gyv\u016bnams.\",\"breadcrumb\":{\"@id\":\"https:\\\/\\\/anivet.lt\\\/elparduotuve\\\/produktas\\\/bazyl-wood-pellets-kraikas-katems-ir-grauzikams-75l\\\/#breadcrumb\"},\"inLanguage\":\"lt-LT\",\"potentialAction\":[{\"@type\":\"ReadAction\",\"target\":[\"https:\\\/\\\/anivet.lt\\\/elparduotuve\\\/produktas\\\/bazyl-wood-pellets-kraikas-katems-ir-grauzikams-75l\\\/\"]}]},{\"@type\":\"ImageObject\",\"inLanguage\":\"lt-LT\",\"@id\":\"https:\\\/\\\/anivet.lt\\\/elparduotuve\\\/produktas\\\/bazyl-wood-pellets-kraikas-katems-ir-grauzikams-75l\\\/#primaryimage\",\"url\":\"https:\\\/\\\/anivet.lt\\\/elparduotuve\\\/wp-content\\\/uploads\\\/2026\\\/02\\\/Bazyl-Wood-Pellets-kraikas-katems-ir-grauzikams-75L.jpg\",\"contentUrl\":\"https:\\\/\\\/anivet.lt\\\/elparduotuve\\\/wp-content\\\/uploads\\\/2026\\\/02\\\/Bazyl-Wood-Pellets-kraikas-katems-ir-grauzikams-75L.jpg\",\"width\":600,\"height\":600,\"caption\":\"Bazyl Wood Pellets kraikas kat\u0117ms ir grau\u017eikams 7,5L\"},{\"@type\":\"BreadcrumbList\",\"@id\":\"https:\\\/\\\/anivet.lt\\\/elparduotuve\\\/produktas\\\/bazyl-wood-pellets-kraikas-katems-ir-grauzikams-75l\\\/#breadcrumb\",\"itemListElement\":[{\"@type\":\"ListItem\",\"position\":1,\"name\":\"Home\",\"item\":\"https:\\\/\\\/anivet.lt\\\/elparduotuve\\\/\"},{\"@type\":\"ListItem\",\"position\":2,\"name\":\"Produktai\",\"item\":\"https:\\\/\\\/anivet.lt\\\/elparduotuve\\\/produktai\\\/\"},{\"@type\":\"ListItem\",\"position\":3,\"name\":\"Bazyl Wood Pellets kraikas kat\u0117ms ir grau\u017eikams 7,5L\"}]},{\"@type\":\"WebSite\",\"@id\":\"https:\\\/\\\/anivet.lt\\\/elparduotuve\\\/#website\",\"url\":\"https:\\\/\\\/anivet.lt\\\/elparduotuve\\\/\",\"name\":\"anivet.lt\",\"description\":\"Viskas J\u016bs\u0173 \u0161uns, kat\u0117s prie\u017ei\u016brai\",\"publisher\":{\"@id\":\"https:\\\/\\\/anivet.lt\\\/elparduotuve\\\/#organization\"},\"alternateName\":\"Viskas J\u016bs\u0173 \u0161uns, kat\u0117s prie\u017ei\u016brai\",\"potentialAction\":[{\"@type\":\"SearchAction\",\"target\":{\"@type\":\"EntryPoint\",\"urlTemplate\":\"https:\\\/\\\/anivet.lt\\\/elparduotuve\\\/?s={search_term_string}\"},\"query-input\":{\"@type\":\"PropertyValueSpecification\",\"valueRequired\":true,\"valueName\":\"search_term_string\"}}],\"inLanguage\":\"lt-LT\"},{\"@type\":\"Organization\",\"@id\":\"https:\\\/\\\/anivet.lt\\\/elparduotuve\\\/#organization\",\"name\":\"Viskas J\u016bs\u0173 \u0161uns, kat\u0117s prie\u017ei\u016brai\",\"url\":\"https:\\\/\\\/anivet.lt\\\/elparduotuve\\\/\",\"logo\":{\"@type\":\"ImageObject\",\"inLanguage\":\"lt-LT\",\"@id\":\"https:\\\/\\\/anivet.lt\\\/elparduotuve\\\/#\\\/schema\\\/logo\\\/image\\\/\",\"url\":\"https:\\\/\\\/anivet.lt\\\/elparduotuve\\\/wp-content\\\/uploads\\\/2023\\\/06\\\/logo2.jpg\",\"contentUrl\":\"https:\\\/\\\/anivet.lt\\\/elparduotuve\\\/wp-content\\\/uploads\\\/2023\\\/06\\\/logo2.jpg\",\"width\":655,\"height\":194,\"caption\":\"Viskas J\u016bs\u0173 \u0161uns, kat\u0117s prie\u017ei\u016brai\"},\"image\":{\"@id\":\"https:\\\/\\\/anivet.lt\\\/elparduotuve\\\/#\\\/schema\\\/logo\\\/image\\\/\"}}]}<\/script>\n<!-- \/ Yoast SEO Premium plugin. -->","yoast_head_json":{"title":"Bazyl Wood Pellets kraikas kat\u0117ms ir grau\u017eikams 7,5L - anivet.lt","description":"Bazyl Wood Pellets \u2013 tai med\u017eio granuli\u0173 kraikas, skirtas kat\u0117ms ir smulkiems gyv\u016bnams.","robots":{"index":"index","follow":"follow","max-snippet":"max-snippet:-1","max-image-preview":"max-image-preview:large","max-video-preview":"max-video-preview:-1"},"canonical":"https:\/\/anivet.lt\/elparduotuve\/produktas\/bazyl-wood-pellets-kraikas-katems-ir-grauzikams-75l\/","og_locale":"lt_LT","og_type":"article","og_title":"Bazyl Wood Pellets kraikas kat\u0117ms ir grau\u017eikams 7,5L","og_description":"Bazyl Wood Pellets \u2013 tai med\u017eio granuli\u0173 kraikas, skirtas kat\u0117ms ir smulkiems gyv\u016bnams.","og_url":"https:\/\/anivet.lt\/elparduotuve\/produktas\/bazyl-wood-pellets-kraikas-katems-ir-grauzikams-75l\/","og_site_name":"anivet.lt","og_image":[{"width":600,"height":600,"url":"https:\/\/anivet.lt\/elparduotuve\/wp-content\/uploads\/2026\/02\/Bazyl-Wood-Pellets-kraikas-katems-ir-grauzikams-75L.jpg","type":"image\/jpeg"}],"twitter_card":"summary_large_image","twitter_misc":{"Est. reading time":"1 minut\u0117"},"schema":{"@context":"https:\/\/schema.org","@graph":[{"@type":"WebPage","@id":"https:\/\/anivet.lt\/elparduotuve\/produktas\/bazyl-wood-pellets-kraikas-katems-ir-grauzikams-75l\/","url":"https:\/\/anivet.lt\/elparduotuve\/produktas\/bazyl-wood-pellets-kraikas-katems-ir-grauzikams-75l\/","name":"Bazyl Wood Pellets kraikas kat\u0117ms ir grau\u017eikams 7,5L - anivet.lt","isPartOf":{"@id":"https:\/\/anivet.lt\/elparduotuve\/#website"},"primaryImageOfPage":{"@id":"https:\/\/anivet.lt\/elparduotuve\/produktas\/bazyl-wood-pellets-kraikas-katems-ir-grauzikams-75l\/#primaryimage"},"image":{"@id":"https:\/\/anivet.lt\/elparduotuve\/produktas\/bazyl-wood-pellets-kraikas-katems-ir-grauzikams-75l\/#primaryimage"},"thumbnailUrl":"https:\/\/anivet.lt\/elparduotuve\/wp-content\/uploads\/2026\/02\/Bazyl-Wood-Pellets-kraikas-katems-ir-grauzikams-75L.jpg","datePublished":"2026-02-06T12:32:50+00:00","description":"Bazyl Wood Pellets \u2013 tai med\u017eio granuli\u0173 kraikas, skirtas kat\u0117ms ir smulkiems gyv\u016bnams.","breadcrumb":{"@id":"https:\/\/anivet.lt\/elparduotuve\/produktas\/bazyl-wood-pellets-kraikas-katems-ir-grauzikams-75l\/#breadcrumb"},"inLanguage":"lt-LT","potentialAction":[{"@type":"ReadAction","target":["https:\/\/anivet.lt\/elparduotuve\/produktas\/bazyl-wood-pellets-kraikas-katems-ir-grauzikams-75l\/"]}]},{"@type":"ImageObject","inLanguage":"lt-LT","@id":"https:\/\/anivet.lt\/elparduotuve\/produktas\/bazyl-wood-pellets-kraikas-katems-ir-grauzikams-75l\/#primaryimage","url":"https:\/\/anivet.lt\/elparduotuve\/wp-content\/uploads\/2026\/02\/Bazyl-Wood-Pellets-kraikas-katems-ir-grauzikams-75L.jpg","contentUrl":"https:\/\/anivet.lt\/elparduotuve\/wp-content\/uploads\/2026\/02\/Bazyl-Wood-Pellets-kraikas-katems-ir-grauzikams-75L.jpg","width":600,"height":600,"caption":"Bazyl Wood Pellets kraikas kat\u0117ms ir grau\u017eikams 7,5L"},{"@type":"BreadcrumbList","@id":"https:\/\/anivet.lt\/elparduotuve\/produktas\/bazyl-wood-pellets-kraikas-katems-ir-grauzikams-75l\/#breadcrumb","itemListElement":[{"@type":"ListItem","position":1,"name":"Home","item":"https:\/\/anivet.lt\/elparduotuve\/"},{"@type":"ListItem","position":2,"name":"Produktai","item":"https:\/\/anivet.lt\/elparduotuve\/produktai\/"},{"@type":"ListItem","position":3,"name":"Bazyl Wood Pellets kraikas kat\u0117ms ir grau\u017eikams 7,5L"}]},{"@type":"WebSite","@id":"https:\/\/anivet.lt\/elparduotuve\/#website","url":"https:\/\/anivet.lt\/elparduotuve\/","name":"anivet.lt","description":"Viskas J\u016bs\u0173 \u0161uns, kat\u0117s prie\u017ei\u016brai","publisher":{"@id":"https:\/\/anivet.lt\/elparduotuve\/#organization"},"alternateName":"Viskas J\u016bs\u0173 \u0161uns, kat\u0117s prie\u017ei\u016brai","potentialAction":[{"@type":"SearchAction","target":{"@type":"EntryPoint","urlTemplate":"https:\/\/anivet.lt\/elparduotuve\/?s={search_term_string}"},"query-input":{"@type":"PropertyValueSpecification","valueRequired":true,"valueName":"search_term_string"}}],"inLanguage":"lt-LT"},{"@type":"Organization","@id":"https:\/\/anivet.lt\/elparduotuve\/#organization","name":"Viskas J\u016bs\u0173 \u0161uns, kat\u0117s prie\u017ei\u016brai","url":"https:\/\/anivet.lt\/elparduotuve\/","logo":{"@type":"ImageObject","inLanguage":"lt-LT","@id":"https:\/\/anivet.lt\/elparduotuve\/#\/schema\/logo\/image\/","url":"https:\/\/anivet.lt\/elparduotuve\/wp-content\/uploads\/2023\/06\/logo2.jpg","contentUrl":"https:\/\/anivet.lt\/elparduotuve\/wp-content\/uploads\/2023\/06\/logo2.jpg","width":655,"height":194,"caption":"Viskas J\u016bs\u0173 \u0161uns, kat\u0117s prie\u017ei\u016brai"},"image":{"@id":"https:\/\/anivet.lt\/elparduotuve\/#\/schema\/logo\/image\/"}}]}},"_links":{"self":[{"href":"https:\/\/anivet.lt\/elparduotuve\/wp-json\/wp\/v2\/product\/20143","targetHints":{"allow":["GET"]}}],"collection":[{"href":"https:\/\/anivet.lt\/elparduotuve\/wp-json\/wp\/v2\/product"}],"about":[{"href":"https:\/\/anivet.lt\/elparduotuve\/wp-json\/wp\/v2\/types\/product"}],"wp:featuredmedia":[{"embeddable":true,"href":"https:\/\/anivet.lt\/elparduotuve\/wp-json\/wp\/v2\/media\/20145"}],"wp:attachment":[{"href":"https:\/\/anivet.lt\/elparduotuve\/wp-json\/wp\/v2\/media?parent=20143"}],"wp:term":[{"taxonomy":"product_brand","embeddable":true,"href":"https:\/\/anivet.lt\/elparduotuve\/wp-json\/wp\/v2\/product_brand?post=20143"},{"taxonomy":"product_cat","embeddable":true,"href":"https:\/\/anivet.lt\/elparduotuve\/wp-json\/wp\/v2\/product_cat?post=20143"},{"taxonomy":"product_tag","embeddable":true,"href":"https:\/\/anivet.lt\/elparduotuve\/wp-json\/wp\/v2\/product_tag?post=20143"}],"curies":[{"name":"wp","href":"https:\/\/api.w.org\/{rel}","templated":true}]}}