{"id":20248,"date":"2026-02-12T07:12:50","date_gmt":"2026-02-12T07:12:50","guid":{"rendered":"https:\/\/anivet.lt\/elparduotuve\/?post_type=product&#038;p=20248"},"modified":"2026-04-06T08:04:17","modified_gmt":"2026-04-06T08:04:17","slug":"vetexpert-caryodent-dantu-valymo-serveteles-antpirsciai-n50","status":"publish","type":"product","link":"https:\/\/anivet.lt\/elparduotuve\/produktas\/vetexpert-caryodent-dantu-valymo-serveteles-antpirsciai-n50\/","title":{"rendered":"VetExpert Caryodent dant\u0173 valymo servet\u0117l\u0117s \u2013 antpir\u0161\u010diai N50"},"content":{"rendered":"<ul>\n<li>Specialiai sukurtas \u0161iurk\u0161tesnis pavir\u0161ius \u0161velniai masa\u017euoja dantenas ir padeda pa\u0161alinti apna\u0161as nuo dant\u0173 bei danten\u0173.<\/li>\n<li>Caryodent servet\u0117l\u0117s yra sudr\u0117kintos cetilpiridinio chlorido tirpalu, kuris padeda palaikyti sveik\u0105 burnos ertm\u0117s mikrobiot\u0105.<\/li>\n<li>Sud\u0117tyje esantis raudon\u0117li\u0173 aliejus \u2013 beta-kariofileno \u0161altinis &#8211; prisideda prie geros burnos gleivin\u0117s ir danten\u0173 b\u016bkl\u0117s palaikymo.<\/li>\n<\/ul>\n","protected":false},"excerpt":{"rendered":"<p>Prakti\u0161kos, ant pir\u0161t\u0173 maunamos servet\u0117l\u0117s &#8211; patogus ir efektyvus b\u016bdas palaikyti ger\u0105 augintinio burnos higien\u0105.<\/p>\n","protected":false},"featured_media":20249,"template":"","meta":[],"product_brand":[],"product_cat":[101,102,108,119,112,123],"product_tag":[],"class_list":{"0":"post-20248","1":"product","2":"type-product","3":"status-publish","4":"has-post-thumbnail","6":"product_cat-sunims","7":"product_cat-katems","8":"product_cat-prieziuros-priemones","9":"product_cat-prieziuros-priemones-katems","10":"product_cat-dantu-ir-burnos-higiena","11":"product_cat-dantu-ir-burnos-higiena-prieziuros-priemones-katems","12":"pa_prekinis-zenklas-vetexpert","14":"first","15":"instock","16":"sale","17":"taxable","18":"shipping-taxable","19":"purchasable","20":"product-type-simple"},"yoast_head":"<!-- This site is optimized with the Yoast SEO Premium plugin v27.1 (Yoast SEO v27.3) - https:\/\/yoast.com\/product\/yoast-seo-premium-wordpress\/ -->\n<title>VetExpert Caryodent dant\u0173 valymo servet\u0117l\u0117s \u2013 antpir\u0161\u010diai N50 - anivet.lt<\/title>\n<meta name=\"description\" content=\"Prakti\u0161kos, ant pir\u0161t\u0173 maunamos servet\u0117l\u0117s - patogus ir efektyvus b\u016bdas palaikyti ger\u0105 augintinio burnos higien\u0105.\" \/>\n<meta name=\"robots\" content=\"index, follow, max-snippet:-1, max-image-preview:large, max-video-preview:-1\" \/>\n<link rel=\"canonical\" href=\"https:\/\/anivet.lt\/elparduotuve\/produktas\/vetexpert-caryodent-dantu-valymo-serveteles-antpirsciai-n50\/\" \/>\n<meta property=\"og:locale\" content=\"lt_LT\" \/>\n<meta property=\"og:type\" content=\"article\" \/>\n<meta property=\"og:title\" content=\"VetExpert Caryodent dant\u0173 valymo servet\u0117l\u0117s \u2013 antpir\u0161\u010diai N50\" \/>\n<meta property=\"og:description\" content=\"Prakti\u0161kos, ant pir\u0161t\u0173 maunamos servet\u0117l\u0117s - patogus ir efektyvus b\u016bdas palaikyti ger\u0105 augintinio burnos higien\u0105.\" \/>\n<meta property=\"og:url\" content=\"https:\/\/anivet.lt\/elparduotuve\/produktas\/vetexpert-caryodent-dantu-valymo-serveteles-antpirsciai-n50\/\" \/>\n<meta property=\"og:site_name\" content=\"anivet.lt\" \/>\n<meta property=\"article:modified_time\" content=\"2026-04-06T08:04:17+00:00\" \/>\n<meta property=\"og:image\" content=\"https:\/\/anivet.lt\/elparduotuve\/wp-content\/uploads\/2026\/02\/VetExpert-Caryodent-dantu-valymo-serveteles-\u2013-antpirsciai-N50.jpg\" \/>\n\t<meta property=\"og:image:width\" content=\"600\" \/>\n\t<meta property=\"og:image:height\" content=\"612\" \/>\n\t<meta property=\"og:image:type\" content=\"image\/jpeg\" \/>\n<meta name=\"twitter:card\" content=\"summary_large_image\" \/>\n<meta name=\"twitter:label1\" content=\"Est. reading time\" \/>\n\t<meta name=\"twitter:data1\" content=\"1 minut\u0117\" \/>\n<script type=\"application\/ld+json\" class=\"yoast-schema-graph\">{\"@context\":\"https:\\\/\\\/schema.org\",\"@graph\":[{\"@type\":\"WebPage\",\"@id\":\"https:\\\/\\\/anivet.lt\\\/elparduotuve\\\/produktas\\\/vetexpert-caryodent-dantu-valymo-serveteles-antpirsciai-n50\\\/\",\"url\":\"https:\\\/\\\/anivet.lt\\\/elparduotuve\\\/produktas\\\/vetexpert-caryodent-dantu-valymo-serveteles-antpirsciai-n50\\\/\",\"name\":\"VetExpert Caryodent dant\u0173 valymo servet\u0117l\u0117s \u2013 antpir\u0161\u010diai N50 - anivet.lt\",\"isPartOf\":{\"@id\":\"https:\\\/\\\/anivet.lt\\\/elparduotuve\\\/#website\"},\"primaryImageOfPage\":{\"@id\":\"https:\\\/\\\/anivet.lt\\\/elparduotuve\\\/produktas\\\/vetexpert-caryodent-dantu-valymo-serveteles-antpirsciai-n50\\\/#primaryimage\"},\"image\":{\"@id\":\"https:\\\/\\\/anivet.lt\\\/elparduotuve\\\/produktas\\\/vetexpert-caryodent-dantu-valymo-serveteles-antpirsciai-n50\\\/#primaryimage\"},\"thumbnailUrl\":\"https:\\\/\\\/anivet.lt\\\/elparduotuve\\\/wp-content\\\/uploads\\\/2026\\\/02\\\/VetExpert-Caryodent-dantu-valymo-serveteles-\u2013-antpirsciai-N50.jpg\",\"datePublished\":\"2026-02-12T07:12:50+00:00\",\"dateModified\":\"2026-04-06T08:04:17+00:00\",\"description\":\"Prakti\u0161kos, ant pir\u0161t\u0173 maunamos servet\u0117l\u0117s - patogus ir efektyvus b\u016bdas palaikyti ger\u0105 augintinio burnos higien\u0105.\",\"breadcrumb\":{\"@id\":\"https:\\\/\\\/anivet.lt\\\/elparduotuve\\\/produktas\\\/vetexpert-caryodent-dantu-valymo-serveteles-antpirsciai-n50\\\/#breadcrumb\"},\"inLanguage\":\"lt-LT\",\"potentialAction\":[{\"@type\":\"ReadAction\",\"target\":[\"https:\\\/\\\/anivet.lt\\\/elparduotuve\\\/produktas\\\/vetexpert-caryodent-dantu-valymo-serveteles-antpirsciai-n50\\\/\"]}]},{\"@type\":\"ImageObject\",\"inLanguage\":\"lt-LT\",\"@id\":\"https:\\\/\\\/anivet.lt\\\/elparduotuve\\\/produktas\\\/vetexpert-caryodent-dantu-valymo-serveteles-antpirsciai-n50\\\/#primaryimage\",\"url\":\"https:\\\/\\\/anivet.lt\\\/elparduotuve\\\/wp-content\\\/uploads\\\/2026\\\/02\\\/VetExpert-Caryodent-dantu-valymo-serveteles-\u2013-antpirsciai-N50.jpg\",\"contentUrl\":\"https:\\\/\\\/anivet.lt\\\/elparduotuve\\\/wp-content\\\/uploads\\\/2026\\\/02\\\/VetExpert-Caryodent-dantu-valymo-serveteles-\u2013-antpirsciai-N50.jpg\",\"width\":600,\"height\":612,\"caption\":\"VetExpert Caryodent dant\u0173 valymo servet\u0117l\u0117s \u2013 antpir\u0161\u010diai N50\"},{\"@type\":\"BreadcrumbList\",\"@id\":\"https:\\\/\\\/anivet.lt\\\/elparduotuve\\\/produktas\\\/vetexpert-caryodent-dantu-valymo-serveteles-antpirsciai-n50\\\/#breadcrumb\",\"itemListElement\":[{\"@type\":\"ListItem\",\"position\":1,\"name\":\"Home\",\"item\":\"https:\\\/\\\/anivet.lt\\\/elparduotuve\\\/\"},{\"@type\":\"ListItem\",\"position\":2,\"name\":\"Produktai\",\"item\":\"https:\\\/\\\/anivet.lt\\\/elparduotuve\\\/produktai\\\/\"},{\"@type\":\"ListItem\",\"position\":3,\"name\":\"VetExpert Caryodent dant\u0173 valymo servet\u0117l\u0117s \u2013 antpir\u0161\u010diai N50\"}]},{\"@type\":\"WebSite\",\"@id\":\"https:\\\/\\\/anivet.lt\\\/elparduotuve\\\/#website\",\"url\":\"https:\\\/\\\/anivet.lt\\\/elparduotuve\\\/\",\"name\":\"anivet.lt\",\"description\":\"Viskas J\u016bs\u0173 \u0161uns, kat\u0117s prie\u017ei\u016brai\",\"publisher\":{\"@id\":\"https:\\\/\\\/anivet.lt\\\/elparduotuve\\\/#organization\"},\"alternateName\":\"Viskas J\u016bs\u0173 \u0161uns, kat\u0117s prie\u017ei\u016brai\",\"potentialAction\":[{\"@type\":\"SearchAction\",\"target\":{\"@type\":\"EntryPoint\",\"urlTemplate\":\"https:\\\/\\\/anivet.lt\\\/elparduotuve\\\/?s={search_term_string}\"},\"query-input\":{\"@type\":\"PropertyValueSpecification\",\"valueRequired\":true,\"valueName\":\"search_term_string\"}}],\"inLanguage\":\"lt-LT\"},{\"@type\":\"Organization\",\"@id\":\"https:\\\/\\\/anivet.lt\\\/elparduotuve\\\/#organization\",\"name\":\"Viskas J\u016bs\u0173 \u0161uns, kat\u0117s prie\u017ei\u016brai\",\"url\":\"https:\\\/\\\/anivet.lt\\\/elparduotuve\\\/\",\"logo\":{\"@type\":\"ImageObject\",\"inLanguage\":\"lt-LT\",\"@id\":\"https:\\\/\\\/anivet.lt\\\/elparduotuve\\\/#\\\/schema\\\/logo\\\/image\\\/\",\"url\":\"https:\\\/\\\/anivet.lt\\\/elparduotuve\\\/wp-content\\\/uploads\\\/2023\\\/06\\\/logo2.jpg\",\"contentUrl\":\"https:\\\/\\\/anivet.lt\\\/elparduotuve\\\/wp-content\\\/uploads\\\/2023\\\/06\\\/logo2.jpg\",\"width\":655,\"height\":194,\"caption\":\"Viskas J\u016bs\u0173 \u0161uns, kat\u0117s prie\u017ei\u016brai\"},\"image\":{\"@id\":\"https:\\\/\\\/anivet.lt\\\/elparduotuve\\\/#\\\/schema\\\/logo\\\/image\\\/\"}}]}<\/script>\n<!-- \/ Yoast SEO Premium plugin. -->","yoast_head_json":{"title":"VetExpert Caryodent dant\u0173 valymo servet\u0117l\u0117s \u2013 antpir\u0161\u010diai N50 - anivet.lt","description":"Prakti\u0161kos, ant pir\u0161t\u0173 maunamos servet\u0117l\u0117s - patogus ir efektyvus b\u016bdas palaikyti ger\u0105 augintinio burnos higien\u0105.","robots":{"index":"index","follow":"follow","max-snippet":"max-snippet:-1","max-image-preview":"max-image-preview:large","max-video-preview":"max-video-preview:-1"},"canonical":"https:\/\/anivet.lt\/elparduotuve\/produktas\/vetexpert-caryodent-dantu-valymo-serveteles-antpirsciai-n50\/","og_locale":"lt_LT","og_type":"article","og_title":"VetExpert Caryodent dant\u0173 valymo servet\u0117l\u0117s \u2013 antpir\u0161\u010diai N50","og_description":"Prakti\u0161kos, ant pir\u0161t\u0173 maunamos servet\u0117l\u0117s - patogus ir efektyvus b\u016bdas palaikyti ger\u0105 augintinio burnos higien\u0105.","og_url":"https:\/\/anivet.lt\/elparduotuve\/produktas\/vetexpert-caryodent-dantu-valymo-serveteles-antpirsciai-n50\/","og_site_name":"anivet.lt","article_modified_time":"2026-04-06T08:04:17+00:00","og_image":[{"width":600,"height":612,"url":"https:\/\/anivet.lt\/elparduotuve\/wp-content\/uploads\/2026\/02\/VetExpert-Caryodent-dantu-valymo-serveteles-\u2013-antpirsciai-N50.jpg","type":"image\/jpeg"}],"twitter_card":"summary_large_image","twitter_misc":{"Est. reading time":"1 minut\u0117"},"schema":{"@context":"https:\/\/schema.org","@graph":[{"@type":"WebPage","@id":"https:\/\/anivet.lt\/elparduotuve\/produktas\/vetexpert-caryodent-dantu-valymo-serveteles-antpirsciai-n50\/","url":"https:\/\/anivet.lt\/elparduotuve\/produktas\/vetexpert-caryodent-dantu-valymo-serveteles-antpirsciai-n50\/","name":"VetExpert Caryodent dant\u0173 valymo servet\u0117l\u0117s \u2013 antpir\u0161\u010diai N50 - anivet.lt","isPartOf":{"@id":"https:\/\/anivet.lt\/elparduotuve\/#website"},"primaryImageOfPage":{"@id":"https:\/\/anivet.lt\/elparduotuve\/produktas\/vetexpert-caryodent-dantu-valymo-serveteles-antpirsciai-n50\/#primaryimage"},"image":{"@id":"https:\/\/anivet.lt\/elparduotuve\/produktas\/vetexpert-caryodent-dantu-valymo-serveteles-antpirsciai-n50\/#primaryimage"},"thumbnailUrl":"https:\/\/anivet.lt\/elparduotuve\/wp-content\/uploads\/2026\/02\/VetExpert-Caryodent-dantu-valymo-serveteles-\u2013-antpirsciai-N50.jpg","datePublished":"2026-02-12T07:12:50+00:00","dateModified":"2026-04-06T08:04:17+00:00","description":"Prakti\u0161kos, ant pir\u0161t\u0173 maunamos servet\u0117l\u0117s - patogus ir efektyvus b\u016bdas palaikyti ger\u0105 augintinio burnos higien\u0105.","breadcrumb":{"@id":"https:\/\/anivet.lt\/elparduotuve\/produktas\/vetexpert-caryodent-dantu-valymo-serveteles-antpirsciai-n50\/#breadcrumb"},"inLanguage":"lt-LT","potentialAction":[{"@type":"ReadAction","target":["https:\/\/anivet.lt\/elparduotuve\/produktas\/vetexpert-caryodent-dantu-valymo-serveteles-antpirsciai-n50\/"]}]},{"@type":"ImageObject","inLanguage":"lt-LT","@id":"https:\/\/anivet.lt\/elparduotuve\/produktas\/vetexpert-caryodent-dantu-valymo-serveteles-antpirsciai-n50\/#primaryimage","url":"https:\/\/anivet.lt\/elparduotuve\/wp-content\/uploads\/2026\/02\/VetExpert-Caryodent-dantu-valymo-serveteles-\u2013-antpirsciai-N50.jpg","contentUrl":"https:\/\/anivet.lt\/elparduotuve\/wp-content\/uploads\/2026\/02\/VetExpert-Caryodent-dantu-valymo-serveteles-\u2013-antpirsciai-N50.jpg","width":600,"height":612,"caption":"VetExpert Caryodent dant\u0173 valymo servet\u0117l\u0117s \u2013 antpir\u0161\u010diai N50"},{"@type":"BreadcrumbList","@id":"https:\/\/anivet.lt\/elparduotuve\/produktas\/vetexpert-caryodent-dantu-valymo-serveteles-antpirsciai-n50\/#breadcrumb","itemListElement":[{"@type":"ListItem","position":1,"name":"Home","item":"https:\/\/anivet.lt\/elparduotuve\/"},{"@type":"ListItem","position":2,"name":"Produktai","item":"https:\/\/anivet.lt\/elparduotuve\/produktai\/"},{"@type":"ListItem","position":3,"name":"VetExpert Caryodent dant\u0173 valymo servet\u0117l\u0117s \u2013 antpir\u0161\u010diai N50"}]},{"@type":"WebSite","@id":"https:\/\/anivet.lt\/elparduotuve\/#website","url":"https:\/\/anivet.lt\/elparduotuve\/","name":"anivet.lt","description":"Viskas J\u016bs\u0173 \u0161uns, kat\u0117s prie\u017ei\u016brai","publisher":{"@id":"https:\/\/anivet.lt\/elparduotuve\/#organization"},"alternateName":"Viskas J\u016bs\u0173 \u0161uns, kat\u0117s prie\u017ei\u016brai","potentialAction":[{"@type":"SearchAction","target":{"@type":"EntryPoint","urlTemplate":"https:\/\/anivet.lt\/elparduotuve\/?s={search_term_string}"},"query-input":{"@type":"PropertyValueSpecification","valueRequired":true,"valueName":"search_term_string"}}],"inLanguage":"lt-LT"},{"@type":"Organization","@id":"https:\/\/anivet.lt\/elparduotuve\/#organization","name":"Viskas J\u016bs\u0173 \u0161uns, kat\u0117s prie\u017ei\u016brai","url":"https:\/\/anivet.lt\/elparduotuve\/","logo":{"@type":"ImageObject","inLanguage":"lt-LT","@id":"https:\/\/anivet.lt\/elparduotuve\/#\/schema\/logo\/image\/","url":"https:\/\/anivet.lt\/elparduotuve\/wp-content\/uploads\/2023\/06\/logo2.jpg","contentUrl":"https:\/\/anivet.lt\/elparduotuve\/wp-content\/uploads\/2023\/06\/logo2.jpg","width":655,"height":194,"caption":"Viskas J\u016bs\u0173 \u0161uns, kat\u0117s prie\u017ei\u016brai"},"image":{"@id":"https:\/\/anivet.lt\/elparduotuve\/#\/schema\/logo\/image\/"}}]}},"_links":{"self":[{"href":"https:\/\/anivet.lt\/elparduotuve\/wp-json\/wp\/v2\/product\/20248","targetHints":{"allow":["GET"]}}],"collection":[{"href":"https:\/\/anivet.lt\/elparduotuve\/wp-json\/wp\/v2\/product"}],"about":[{"href":"https:\/\/anivet.lt\/elparduotuve\/wp-json\/wp\/v2\/types\/product"}],"wp:featuredmedia":[{"embeddable":true,"href":"https:\/\/anivet.lt\/elparduotuve\/wp-json\/wp\/v2\/media\/20249"}],"wp:attachment":[{"href":"https:\/\/anivet.lt\/elparduotuve\/wp-json\/wp\/v2\/media?parent=20248"}],"wp:term":[{"taxonomy":"product_brand","embeddable":true,"href":"https:\/\/anivet.lt\/elparduotuve\/wp-json\/wp\/v2\/product_brand?post=20248"},{"taxonomy":"product_cat","embeddable":true,"href":"https:\/\/anivet.lt\/elparduotuve\/wp-json\/wp\/v2\/product_cat?post=20248"},{"taxonomy":"product_tag","embeddable":true,"href":"https:\/\/anivet.lt\/elparduotuve\/wp-json\/wp\/v2\/product_tag?post=20248"}],"curies":[{"name":"wp","href":"https:\/\/api.w.org\/{rel}","templated":true}]}}