{"id":20639,"date":"2026-03-06T17:32:23","date_gmt":"2026-03-06T17:32:23","guid":{"rendered":"https:\/\/anivet.lt\/elparduotuve\/?post_type=product&#038;p=20639"},"modified":"2026-03-06T17:32:23","modified_gmt":"2026-03-06T17:32:23","slug":"monge-bfb-dry-cat-bwild-adult-anchovies-sausas-maistas-maistas-katems-su-anciuviais-10kg","status":"publish","type":"product","link":"https:\/\/anivet.lt\/elparduotuve\/produktas\/monge-bfb-dry-cat-bwild-adult-anchovies-sausas-maistas-maistas-katems-su-anciuviais-10kg\/","title":{"rendered":"Monge BFB Dry Cat BWild Adult Anchovies sausas maistas maistas kat\u0117ms su an\u010diuviais 10kg"},"content":{"rendered":"<ul>\n<li>Pagrindinis baltym\u0173 \u0161altinis \u2013 auk\u0161tos kokyb\u0117s an\u010diuviai, u\u017etikrinantys subalansuot\u0105 mityb\u0105 ir ger\u0105 augintinio sveikat\u0105.<\/li>\n<li>Maistas turi ma\u017eai gr\u016bd\u0173 ir visi\u0161kai neturi bulvi\u0173.<\/li>\n<li>Lin\u0173 s\u0117menys, turtingi omega-3 riebal\u0173 r\u016bg\u0161timis, padeda palaikyti \u0161veln\u0173 ir blizgant\u012f kail\u012f, o morkos sustiprina gard\u0173 skon\u012f.<\/li>\n<li>Formul\u0117 papildyta ksilo-oligosacharidais (XOS) \u2013 moderniais prebiotikais, kurie skatina sveik\u0105 \u017earnyno mikroflor\u0105.<\/li>\n<li>Specialiai subalansuota recept\u016bra palaiko kat\u0117s gerov\u0119 ir atitinka jos nat\u016bral\u0173 elges\u012f.<\/li>\n<li>Be dirbtini\u0173 da\u017eikli\u0173 ir konservant\u0173, nat\u016bralus pasirinkimas kasdienai.<\/li>\n<\/ul>\n","protected":false},"excerpt":{"rendered":"<p>Begr\u016bdis subalansuotas sausas maistas suaugusioms kat\u0117ms su an\u010diuviais.<\/p>\n","protected":false},"featured_media":20640,"template":"","meta":[],"product_brand":[],"product_cat":[114,115,102,343],"product_tag":[],"class_list":{"0":"post-20639","1":"product","2":"type-product","3":"status-publish","4":"has-post-thumbnail","6":"product_cat-kaciu-maistas","7":"product_cat-sausas-maistas-ir-skanestai-katems","8":"product_cat-katems","9":"product_cat-monge-kaciu-maistas","10":"pa_prekinis-zenklas-monge","12":"first","13":"outofstock","14":"taxable","15":"shipping-taxable","16":"purchasable","17":"product-type-simple"},"yoast_head":"<!-- This site is optimized with the Yoast SEO Premium plugin v27.1 (Yoast SEO v27.5) - https:\/\/yoast.com\/product\/yoast-seo-premium-wordpress\/ -->\n<title>Monge BFB Dry Cat BWild Adult Anchovies sausas maistas maistas kat\u0117ms su an\u010diuviais 10kg - anivet.lt<\/title>\n<meta name=\"description\" content=\"Begr\u016bdis subalansuotas sausas maistas suaugusioms kat\u0117ms su an\u010diuviais.\" \/>\n<meta name=\"robots\" content=\"index, follow, max-snippet:-1, max-image-preview:large, max-video-preview:-1\" \/>\n<link rel=\"canonical\" href=\"https:\/\/anivet.lt\/elparduotuve\/produktas\/monge-bfb-dry-cat-bwild-adult-anchovies-sausas-maistas-maistas-katems-su-anciuviais-10kg\/\" \/>\n<meta property=\"og:locale\" content=\"lt_LT\" \/>\n<meta property=\"og:type\" content=\"article\" \/>\n<meta property=\"og:title\" content=\"Monge BFB Dry Cat BWild Adult Anchovies sausas maistas maistas kat\u0117ms su an\u010diuviais 10kg\" \/>\n<meta property=\"og:description\" content=\"Begr\u016bdis subalansuotas sausas maistas suaugusioms kat\u0117ms su an\u010diuviais.\" \/>\n<meta property=\"og:url\" content=\"https:\/\/anivet.lt\/elparduotuve\/produktas\/monge-bfb-dry-cat-bwild-adult-anchovies-sausas-maistas-maistas-katems-su-anciuviais-10kg\/\" \/>\n<meta property=\"og:site_name\" content=\"anivet.lt\" \/>\n<meta property=\"og:image\" content=\"https:\/\/anivet.lt\/elparduotuve\/wp-content\/uploads\/2026\/03\/Monge-BFB-Dry-Cat-BWild-Adult-Anchovies-sausas-maistas-maistas-katems-su-anciuviais-10kg.jpg\" \/>\n\t<meta property=\"og:image:width\" content=\"600\" \/>\n\t<meta property=\"og:image:height\" content=\"600\" \/>\n\t<meta property=\"og:image:type\" content=\"image\/jpeg\" \/>\n<meta name=\"twitter:card\" content=\"summary_large_image\" \/>\n<meta name=\"twitter:label1\" content=\"Est. reading time\" \/>\n\t<meta name=\"twitter:data1\" content=\"1 minut\u0117\" \/>\n<script type=\"application\/ld+json\" class=\"yoast-schema-graph\">{\"@context\":\"https:\\\/\\\/schema.org\",\"@graph\":[{\"@type\":\"WebPage\",\"@id\":\"https:\\\/\\\/anivet.lt\\\/elparduotuve\\\/produktas\\\/monge-bfb-dry-cat-bwild-adult-anchovies-sausas-maistas-maistas-katems-su-anciuviais-10kg\\\/\",\"url\":\"https:\\\/\\\/anivet.lt\\\/elparduotuve\\\/produktas\\\/monge-bfb-dry-cat-bwild-adult-anchovies-sausas-maistas-maistas-katems-su-anciuviais-10kg\\\/\",\"name\":\"Monge BFB Dry Cat BWild Adult Anchovies sausas maistas maistas kat\u0117ms su an\u010diuviais 10kg - anivet.lt\",\"isPartOf\":{\"@id\":\"https:\\\/\\\/anivet.lt\\\/elparduotuve\\\/#website\"},\"primaryImageOfPage\":{\"@id\":\"https:\\\/\\\/anivet.lt\\\/elparduotuve\\\/produktas\\\/monge-bfb-dry-cat-bwild-adult-anchovies-sausas-maistas-maistas-katems-su-anciuviais-10kg\\\/#primaryimage\"},\"image\":{\"@id\":\"https:\\\/\\\/anivet.lt\\\/elparduotuve\\\/produktas\\\/monge-bfb-dry-cat-bwild-adult-anchovies-sausas-maistas-maistas-katems-su-anciuviais-10kg\\\/#primaryimage\"},\"thumbnailUrl\":\"https:\\\/\\\/anivet.lt\\\/elparduotuve\\\/wp-content\\\/uploads\\\/2026\\\/03\\\/Monge-BFB-Dry-Cat-BWild-Adult-Anchovies-sausas-maistas-maistas-katems-su-anciuviais-10kg.jpg\",\"datePublished\":\"2026-03-06T17:32:23+00:00\",\"description\":\"Begr\u016bdis subalansuotas sausas maistas suaugusioms kat\u0117ms su an\u010diuviais.\",\"breadcrumb\":{\"@id\":\"https:\\\/\\\/anivet.lt\\\/elparduotuve\\\/produktas\\\/monge-bfb-dry-cat-bwild-adult-anchovies-sausas-maistas-maistas-katems-su-anciuviais-10kg\\\/#breadcrumb\"},\"inLanguage\":\"lt-LT\",\"potentialAction\":[{\"@type\":\"ReadAction\",\"target\":[\"https:\\\/\\\/anivet.lt\\\/elparduotuve\\\/produktas\\\/monge-bfb-dry-cat-bwild-adult-anchovies-sausas-maistas-maistas-katems-su-anciuviais-10kg\\\/\"]}]},{\"@type\":\"ImageObject\",\"inLanguage\":\"lt-LT\",\"@id\":\"https:\\\/\\\/anivet.lt\\\/elparduotuve\\\/produktas\\\/monge-bfb-dry-cat-bwild-adult-anchovies-sausas-maistas-maistas-katems-su-anciuviais-10kg\\\/#primaryimage\",\"url\":\"https:\\\/\\\/anivet.lt\\\/elparduotuve\\\/wp-content\\\/uploads\\\/2026\\\/03\\\/Monge-BFB-Dry-Cat-BWild-Adult-Anchovies-sausas-maistas-maistas-katems-su-anciuviais-10kg.jpg\",\"contentUrl\":\"https:\\\/\\\/anivet.lt\\\/elparduotuve\\\/wp-content\\\/uploads\\\/2026\\\/03\\\/Monge-BFB-Dry-Cat-BWild-Adult-Anchovies-sausas-maistas-maistas-katems-su-anciuviais-10kg.jpg\",\"width\":600,\"height\":600,\"caption\":\"AUTO-DRAFT\"},{\"@type\":\"BreadcrumbList\",\"@id\":\"https:\\\/\\\/anivet.lt\\\/elparduotuve\\\/produktas\\\/monge-bfb-dry-cat-bwild-adult-anchovies-sausas-maistas-maistas-katems-su-anciuviais-10kg\\\/#breadcrumb\",\"itemListElement\":[{\"@type\":\"ListItem\",\"position\":1,\"name\":\"Home\",\"item\":\"https:\\\/\\\/anivet.lt\\\/elparduotuve\\\/\"},{\"@type\":\"ListItem\",\"position\":2,\"name\":\"Produktai\",\"item\":\"https:\\\/\\\/anivet.lt\\\/elparduotuve\\\/produktai\\\/\"},{\"@type\":\"ListItem\",\"position\":3,\"name\":\"Monge BFB Dry Cat BWild Adult Anchovies sausas maistas maistas kat\u0117ms su an\u010diuviais 10kg\"}]},{\"@type\":\"WebSite\",\"@id\":\"https:\\\/\\\/anivet.lt\\\/elparduotuve\\\/#website\",\"url\":\"https:\\\/\\\/anivet.lt\\\/elparduotuve\\\/\",\"name\":\"anivet.lt\",\"description\":\"Viskas J\u016bs\u0173 \u0161uns, kat\u0117s prie\u017ei\u016brai\",\"publisher\":{\"@id\":\"https:\\\/\\\/anivet.lt\\\/elparduotuve\\\/#organization\"},\"alternateName\":\"Viskas J\u016bs\u0173 \u0161uns, kat\u0117s prie\u017ei\u016brai\",\"potentialAction\":[{\"@type\":\"SearchAction\",\"target\":{\"@type\":\"EntryPoint\",\"urlTemplate\":\"https:\\\/\\\/anivet.lt\\\/elparduotuve\\\/?s={search_term_string}\"},\"query-input\":{\"@type\":\"PropertyValueSpecification\",\"valueRequired\":true,\"valueName\":\"search_term_string\"}}],\"inLanguage\":\"lt-LT\"},{\"@type\":\"Organization\",\"@id\":\"https:\\\/\\\/anivet.lt\\\/elparduotuve\\\/#organization\",\"name\":\"Viskas J\u016bs\u0173 \u0161uns, kat\u0117s prie\u017ei\u016brai\",\"url\":\"https:\\\/\\\/anivet.lt\\\/elparduotuve\\\/\",\"logo\":{\"@type\":\"ImageObject\",\"inLanguage\":\"lt-LT\",\"@id\":\"https:\\\/\\\/anivet.lt\\\/elparduotuve\\\/#\\\/schema\\\/logo\\\/image\\\/\",\"url\":\"https:\\\/\\\/anivet.lt\\\/elparduotuve\\\/wp-content\\\/uploads\\\/2023\\\/06\\\/logo2.jpg\",\"contentUrl\":\"https:\\\/\\\/anivet.lt\\\/elparduotuve\\\/wp-content\\\/uploads\\\/2023\\\/06\\\/logo2.jpg\",\"width\":655,\"height\":194,\"caption\":\"Viskas J\u016bs\u0173 \u0161uns, kat\u0117s prie\u017ei\u016brai\"},\"image\":{\"@id\":\"https:\\\/\\\/anivet.lt\\\/elparduotuve\\\/#\\\/schema\\\/logo\\\/image\\\/\"}}]}<\/script>\n<!-- \/ Yoast SEO Premium plugin. -->","yoast_head_json":{"title":"Monge BFB Dry Cat BWild Adult Anchovies sausas maistas maistas kat\u0117ms su an\u010diuviais 10kg - anivet.lt","description":"Begr\u016bdis subalansuotas sausas maistas suaugusioms kat\u0117ms su an\u010diuviais.","robots":{"index":"index","follow":"follow","max-snippet":"max-snippet:-1","max-image-preview":"max-image-preview:large","max-video-preview":"max-video-preview:-1"},"canonical":"https:\/\/anivet.lt\/elparduotuve\/produktas\/monge-bfb-dry-cat-bwild-adult-anchovies-sausas-maistas-maistas-katems-su-anciuviais-10kg\/","og_locale":"lt_LT","og_type":"article","og_title":"Monge BFB Dry Cat BWild Adult Anchovies sausas maistas maistas kat\u0117ms su an\u010diuviais 10kg","og_description":"Begr\u016bdis subalansuotas sausas maistas suaugusioms kat\u0117ms su an\u010diuviais.","og_url":"https:\/\/anivet.lt\/elparduotuve\/produktas\/monge-bfb-dry-cat-bwild-adult-anchovies-sausas-maistas-maistas-katems-su-anciuviais-10kg\/","og_site_name":"anivet.lt","og_image":[{"width":600,"height":600,"url":"https:\/\/anivet.lt\/elparduotuve\/wp-content\/uploads\/2026\/03\/Monge-BFB-Dry-Cat-BWild-Adult-Anchovies-sausas-maistas-maistas-katems-su-anciuviais-10kg.jpg","type":"image\/jpeg"}],"twitter_card":"summary_large_image","twitter_misc":{"Est. reading time":"1 minut\u0117"},"schema":{"@context":"https:\/\/schema.org","@graph":[{"@type":"WebPage","@id":"https:\/\/anivet.lt\/elparduotuve\/produktas\/monge-bfb-dry-cat-bwild-adult-anchovies-sausas-maistas-maistas-katems-su-anciuviais-10kg\/","url":"https:\/\/anivet.lt\/elparduotuve\/produktas\/monge-bfb-dry-cat-bwild-adult-anchovies-sausas-maistas-maistas-katems-su-anciuviais-10kg\/","name":"Monge BFB Dry Cat BWild Adult Anchovies sausas maistas maistas kat\u0117ms su an\u010diuviais 10kg - anivet.lt","isPartOf":{"@id":"https:\/\/anivet.lt\/elparduotuve\/#website"},"primaryImageOfPage":{"@id":"https:\/\/anivet.lt\/elparduotuve\/produktas\/monge-bfb-dry-cat-bwild-adult-anchovies-sausas-maistas-maistas-katems-su-anciuviais-10kg\/#primaryimage"},"image":{"@id":"https:\/\/anivet.lt\/elparduotuve\/produktas\/monge-bfb-dry-cat-bwild-adult-anchovies-sausas-maistas-maistas-katems-su-anciuviais-10kg\/#primaryimage"},"thumbnailUrl":"https:\/\/anivet.lt\/elparduotuve\/wp-content\/uploads\/2026\/03\/Monge-BFB-Dry-Cat-BWild-Adult-Anchovies-sausas-maistas-maistas-katems-su-anciuviais-10kg.jpg","datePublished":"2026-03-06T17:32:23+00:00","description":"Begr\u016bdis subalansuotas sausas maistas suaugusioms kat\u0117ms su an\u010diuviais.","breadcrumb":{"@id":"https:\/\/anivet.lt\/elparduotuve\/produktas\/monge-bfb-dry-cat-bwild-adult-anchovies-sausas-maistas-maistas-katems-su-anciuviais-10kg\/#breadcrumb"},"inLanguage":"lt-LT","potentialAction":[{"@type":"ReadAction","target":["https:\/\/anivet.lt\/elparduotuve\/produktas\/monge-bfb-dry-cat-bwild-adult-anchovies-sausas-maistas-maistas-katems-su-anciuviais-10kg\/"]}]},{"@type":"ImageObject","inLanguage":"lt-LT","@id":"https:\/\/anivet.lt\/elparduotuve\/produktas\/monge-bfb-dry-cat-bwild-adult-anchovies-sausas-maistas-maistas-katems-su-anciuviais-10kg\/#primaryimage","url":"https:\/\/anivet.lt\/elparduotuve\/wp-content\/uploads\/2026\/03\/Monge-BFB-Dry-Cat-BWild-Adult-Anchovies-sausas-maistas-maistas-katems-su-anciuviais-10kg.jpg","contentUrl":"https:\/\/anivet.lt\/elparduotuve\/wp-content\/uploads\/2026\/03\/Monge-BFB-Dry-Cat-BWild-Adult-Anchovies-sausas-maistas-maistas-katems-su-anciuviais-10kg.jpg","width":600,"height":600,"caption":"AUTO-DRAFT"},{"@type":"BreadcrumbList","@id":"https:\/\/anivet.lt\/elparduotuve\/produktas\/monge-bfb-dry-cat-bwild-adult-anchovies-sausas-maistas-maistas-katems-su-anciuviais-10kg\/#breadcrumb","itemListElement":[{"@type":"ListItem","position":1,"name":"Home","item":"https:\/\/anivet.lt\/elparduotuve\/"},{"@type":"ListItem","position":2,"name":"Produktai","item":"https:\/\/anivet.lt\/elparduotuve\/produktai\/"},{"@type":"ListItem","position":3,"name":"Monge BFB Dry Cat BWild Adult Anchovies sausas maistas maistas kat\u0117ms su an\u010diuviais 10kg"}]},{"@type":"WebSite","@id":"https:\/\/anivet.lt\/elparduotuve\/#website","url":"https:\/\/anivet.lt\/elparduotuve\/","name":"anivet.lt","description":"Viskas J\u016bs\u0173 \u0161uns, kat\u0117s prie\u017ei\u016brai","publisher":{"@id":"https:\/\/anivet.lt\/elparduotuve\/#organization"},"alternateName":"Viskas J\u016bs\u0173 \u0161uns, kat\u0117s prie\u017ei\u016brai","potentialAction":[{"@type":"SearchAction","target":{"@type":"EntryPoint","urlTemplate":"https:\/\/anivet.lt\/elparduotuve\/?s={search_term_string}"},"query-input":{"@type":"PropertyValueSpecification","valueRequired":true,"valueName":"search_term_string"}}],"inLanguage":"lt-LT"},{"@type":"Organization","@id":"https:\/\/anivet.lt\/elparduotuve\/#organization","name":"Viskas J\u016bs\u0173 \u0161uns, kat\u0117s prie\u017ei\u016brai","url":"https:\/\/anivet.lt\/elparduotuve\/","logo":{"@type":"ImageObject","inLanguage":"lt-LT","@id":"https:\/\/anivet.lt\/elparduotuve\/#\/schema\/logo\/image\/","url":"https:\/\/anivet.lt\/elparduotuve\/wp-content\/uploads\/2023\/06\/logo2.jpg","contentUrl":"https:\/\/anivet.lt\/elparduotuve\/wp-content\/uploads\/2023\/06\/logo2.jpg","width":655,"height":194,"caption":"Viskas J\u016bs\u0173 \u0161uns, kat\u0117s prie\u017ei\u016brai"},"image":{"@id":"https:\/\/anivet.lt\/elparduotuve\/#\/schema\/logo\/image\/"}}]}},"_links":{"self":[{"href":"https:\/\/anivet.lt\/elparduotuve\/wp-json\/wp\/v2\/product\/20639","targetHints":{"allow":["GET"]}}],"collection":[{"href":"https:\/\/anivet.lt\/elparduotuve\/wp-json\/wp\/v2\/product"}],"about":[{"href":"https:\/\/anivet.lt\/elparduotuve\/wp-json\/wp\/v2\/types\/product"}],"wp:featuredmedia":[{"embeddable":true,"href":"https:\/\/anivet.lt\/elparduotuve\/wp-json\/wp\/v2\/media\/20640"}],"wp:attachment":[{"href":"https:\/\/anivet.lt\/elparduotuve\/wp-json\/wp\/v2\/media?parent=20639"}],"wp:term":[{"taxonomy":"product_brand","embeddable":true,"href":"https:\/\/anivet.lt\/elparduotuve\/wp-json\/wp\/v2\/product_brand?post=20639"},{"taxonomy":"product_cat","embeddable":true,"href":"https:\/\/anivet.lt\/elparduotuve\/wp-json\/wp\/v2\/product_cat?post=20639"},{"taxonomy":"product_tag","embeddable":true,"href":"https:\/\/anivet.lt\/elparduotuve\/wp-json\/wp\/v2\/product_tag?post=20639"}],"curies":[{"name":"wp","href":"https:\/\/api.w.org\/{rel}","templated":true}]}}