{"id":20898,"date":"2026-03-20T15:05:42","date_gmt":"2026-03-20T15:05:42","guid":{"rendered":"https:\/\/anivet.lt\/elparduotuve\/?post_type=product&#038;p=20898"},"modified":"2026-03-20T15:05:42","modified_gmt":"2026-03-20T15:05:42","slug":"farmina-vet-life-cat-dry-gastro-intestinal-jauriam-virskinimui-2kg","status":"publish","type":"product","link":"https:\/\/anivet.lt\/elparduotuve\/produktas\/farmina-vet-life-cat-dry-gastro-intestinal-jauriam-virskinimui-2kg\/","title":{"rendered":"Farmina Vet Life Cat Dry Gastro Intestinal jauriam vir\u0161kinimui 2kg"},"content":{"rendered":"<ul>\n<li>Specialiai subalansuota formul\u0117 padeda gerinti maistini\u0173 med\u017eiag\u0173 \u012fsisavinim\u0105.<\/li>\n<li>Palaiko vir\u0161kinimo sistemos sveikat\u0105.<\/li>\n<li>Stiprina bendr\u0105 gyv\u016bno savijaut\u0105.<\/li>\n<li>U\u017etikrina vis\u0173 b\u016btini\u0173 maistini\u0173 med\u017eiag\u0173 \u012fsisavinim\u0105 esant jautriam vir\u0161kinimui.<\/li>\n<li>Sukurta i\u0161 auk\u0161\u010diausios kokyb\u0117s ingredient\u0173.<\/li>\n<\/ul>\n","protected":false},"excerpt":{"rendered":"<p>Dietinis visavertis maistas suaugusioms kat\u0117ms, skirtas suma\u017einti \u017earnyno absorbcijos sutrikimus.<\/p>\n","protected":false},"featured_media":20899,"template":"","meta":[],"product_brand":[],"product_cat":[114,102,118],"product_tag":[],"class_list":{"0":"post-20898","1":"product","2":"type-product","3":"status-publish","4":"has-post-thumbnail","6":"product_cat-kaciu-maistas","7":"product_cat-katems","8":"product_cat-veterinarinis-maistas-katems","9":"pa_prekinis-zenklas-farmina","11":"first","12":"instock","13":"taxable","14":"shipping-taxable","15":"purchasable","16":"product-type-simple"},"yoast_head":"<!-- This site is optimized with the Yoast SEO Premium plugin v27.1 (Yoast SEO v27.5) - https:\/\/yoast.com\/product\/yoast-seo-premium-wordpress\/ -->\n<title>Farmina Vet Life Cat Dry Gastro Intestinal jauriam vir\u0161kinimui 2kg - anivet.lt<\/title>\n<meta name=\"description\" content=\"Dietinis visavertis maistas suaugusioms kat\u0117ms, skirtas suma\u017einti \u017earnyno absorbcijos sutrikimus.\" \/>\n<meta name=\"robots\" content=\"index, follow, max-snippet:-1, max-image-preview:large, max-video-preview:-1\" \/>\n<link rel=\"canonical\" href=\"https:\/\/anivet.lt\/elparduotuve\/produktas\/farmina-vet-life-cat-dry-gastro-intestinal-jauriam-virskinimui-2kg\/\" \/>\n<meta property=\"og:locale\" content=\"lt_LT\" \/>\n<meta property=\"og:type\" content=\"article\" \/>\n<meta property=\"og:title\" content=\"Farmina Vet Life Cat Dry Gastro Intestinal jauriam vir\u0161kinimui 2kg\" \/>\n<meta property=\"og:description\" content=\"Dietinis visavertis maistas suaugusioms kat\u0117ms, skirtas suma\u017einti \u017earnyno absorbcijos sutrikimus.\" \/>\n<meta property=\"og:url\" content=\"https:\/\/anivet.lt\/elparduotuve\/produktas\/farmina-vet-life-cat-dry-gastro-intestinal-jauriam-virskinimui-2kg\/\" \/>\n<meta property=\"og:site_name\" content=\"anivet.lt\" \/>\n<meta property=\"og:image\" content=\"https:\/\/anivet.lt\/elparduotuve\/wp-content\/uploads\/2026\/03\/Farmina-Vet-Life-Cat-Dry-Gastro-Intestinal-jauriam-virskinimui-2kg.jpg\" \/>\n\t<meta property=\"og:image:width\" content=\"500\" \/>\n\t<meta property=\"og:image:height\" content=\"500\" \/>\n\t<meta property=\"og:image:type\" content=\"image\/jpeg\" \/>\n<meta name=\"twitter:card\" content=\"summary_large_image\" \/>\n<meta name=\"twitter:label1\" content=\"Est. reading time\" \/>\n\t<meta name=\"twitter:data1\" content=\"1 minut\u0117\" \/>\n<script type=\"application\/ld+json\" class=\"yoast-schema-graph\">{\"@context\":\"https:\\\/\\\/schema.org\",\"@graph\":[{\"@type\":\"WebPage\",\"@id\":\"https:\\\/\\\/anivet.lt\\\/elparduotuve\\\/produktas\\\/farmina-vet-life-cat-dry-gastro-intestinal-jauriam-virskinimui-2kg\\\/\",\"url\":\"https:\\\/\\\/anivet.lt\\\/elparduotuve\\\/produktas\\\/farmina-vet-life-cat-dry-gastro-intestinal-jauriam-virskinimui-2kg\\\/\",\"name\":\"Farmina Vet Life Cat Dry Gastro Intestinal jauriam vir\u0161kinimui 2kg - anivet.lt\",\"isPartOf\":{\"@id\":\"https:\\\/\\\/anivet.lt\\\/elparduotuve\\\/#website\"},\"primaryImageOfPage\":{\"@id\":\"https:\\\/\\\/anivet.lt\\\/elparduotuve\\\/produktas\\\/farmina-vet-life-cat-dry-gastro-intestinal-jauriam-virskinimui-2kg\\\/#primaryimage\"},\"image\":{\"@id\":\"https:\\\/\\\/anivet.lt\\\/elparduotuve\\\/produktas\\\/farmina-vet-life-cat-dry-gastro-intestinal-jauriam-virskinimui-2kg\\\/#primaryimage\"},\"thumbnailUrl\":\"https:\\\/\\\/anivet.lt\\\/elparduotuve\\\/wp-content\\\/uploads\\\/2026\\\/03\\\/Farmina-Vet-Life-Cat-Dry-Gastro-Intestinal-jauriam-virskinimui-2kg.jpg\",\"datePublished\":\"2026-03-20T15:05:42+00:00\",\"description\":\"Dietinis visavertis maistas suaugusioms kat\u0117ms, skirtas suma\u017einti \u017earnyno absorbcijos sutrikimus.\",\"breadcrumb\":{\"@id\":\"https:\\\/\\\/anivet.lt\\\/elparduotuve\\\/produktas\\\/farmina-vet-life-cat-dry-gastro-intestinal-jauriam-virskinimui-2kg\\\/#breadcrumb\"},\"inLanguage\":\"lt-LT\",\"potentialAction\":[{\"@type\":\"ReadAction\",\"target\":[\"https:\\\/\\\/anivet.lt\\\/elparduotuve\\\/produktas\\\/farmina-vet-life-cat-dry-gastro-intestinal-jauriam-virskinimui-2kg\\\/\"]}]},{\"@type\":\"ImageObject\",\"inLanguage\":\"lt-LT\",\"@id\":\"https:\\\/\\\/anivet.lt\\\/elparduotuve\\\/produktas\\\/farmina-vet-life-cat-dry-gastro-intestinal-jauriam-virskinimui-2kg\\\/#primaryimage\",\"url\":\"https:\\\/\\\/anivet.lt\\\/elparduotuve\\\/wp-content\\\/uploads\\\/2026\\\/03\\\/Farmina-Vet-Life-Cat-Dry-Gastro-Intestinal-jauriam-virskinimui-2kg.jpg\",\"contentUrl\":\"https:\\\/\\\/anivet.lt\\\/elparduotuve\\\/wp-content\\\/uploads\\\/2026\\\/03\\\/Farmina-Vet-Life-Cat-Dry-Gastro-Intestinal-jauriam-virskinimui-2kg.jpg\",\"width\":500,\"height\":500,\"caption\":\"AUTO-DRAFT\"},{\"@type\":\"BreadcrumbList\",\"@id\":\"https:\\\/\\\/anivet.lt\\\/elparduotuve\\\/produktas\\\/farmina-vet-life-cat-dry-gastro-intestinal-jauriam-virskinimui-2kg\\\/#breadcrumb\",\"itemListElement\":[{\"@type\":\"ListItem\",\"position\":1,\"name\":\"Home\",\"item\":\"https:\\\/\\\/anivet.lt\\\/elparduotuve\\\/\"},{\"@type\":\"ListItem\",\"position\":2,\"name\":\"Produktai\",\"item\":\"https:\\\/\\\/anivet.lt\\\/elparduotuve\\\/produktai\\\/\"},{\"@type\":\"ListItem\",\"position\":3,\"name\":\"Farmina Vet Life Cat Dry Gastro Intestinal jauriam vir\u0161kinimui 2kg\"}]},{\"@type\":\"WebSite\",\"@id\":\"https:\\\/\\\/anivet.lt\\\/elparduotuve\\\/#website\",\"url\":\"https:\\\/\\\/anivet.lt\\\/elparduotuve\\\/\",\"name\":\"anivet.lt\",\"description\":\"Viskas J\u016bs\u0173 \u0161uns, kat\u0117s prie\u017ei\u016brai\",\"publisher\":{\"@id\":\"https:\\\/\\\/anivet.lt\\\/elparduotuve\\\/#organization\"},\"alternateName\":\"Viskas J\u016bs\u0173 \u0161uns, kat\u0117s prie\u017ei\u016brai\",\"potentialAction\":[{\"@type\":\"SearchAction\",\"target\":{\"@type\":\"EntryPoint\",\"urlTemplate\":\"https:\\\/\\\/anivet.lt\\\/elparduotuve\\\/?s={search_term_string}\"},\"query-input\":{\"@type\":\"PropertyValueSpecification\",\"valueRequired\":true,\"valueName\":\"search_term_string\"}}],\"inLanguage\":\"lt-LT\"},{\"@type\":\"Organization\",\"@id\":\"https:\\\/\\\/anivet.lt\\\/elparduotuve\\\/#organization\",\"name\":\"Viskas J\u016bs\u0173 \u0161uns, kat\u0117s prie\u017ei\u016brai\",\"url\":\"https:\\\/\\\/anivet.lt\\\/elparduotuve\\\/\",\"logo\":{\"@type\":\"ImageObject\",\"inLanguage\":\"lt-LT\",\"@id\":\"https:\\\/\\\/anivet.lt\\\/elparduotuve\\\/#\\\/schema\\\/logo\\\/image\\\/\",\"url\":\"https:\\\/\\\/anivet.lt\\\/elparduotuve\\\/wp-content\\\/uploads\\\/2023\\\/06\\\/logo2.jpg\",\"contentUrl\":\"https:\\\/\\\/anivet.lt\\\/elparduotuve\\\/wp-content\\\/uploads\\\/2023\\\/06\\\/logo2.jpg\",\"width\":655,\"height\":194,\"caption\":\"Viskas J\u016bs\u0173 \u0161uns, kat\u0117s prie\u017ei\u016brai\"},\"image\":{\"@id\":\"https:\\\/\\\/anivet.lt\\\/elparduotuve\\\/#\\\/schema\\\/logo\\\/image\\\/\"}}]}<\/script>\n<!-- \/ Yoast SEO Premium plugin. -->","yoast_head_json":{"title":"Farmina Vet Life Cat Dry Gastro Intestinal jauriam vir\u0161kinimui 2kg - anivet.lt","description":"Dietinis visavertis maistas suaugusioms kat\u0117ms, skirtas suma\u017einti \u017earnyno absorbcijos sutrikimus.","robots":{"index":"index","follow":"follow","max-snippet":"max-snippet:-1","max-image-preview":"max-image-preview:large","max-video-preview":"max-video-preview:-1"},"canonical":"https:\/\/anivet.lt\/elparduotuve\/produktas\/farmina-vet-life-cat-dry-gastro-intestinal-jauriam-virskinimui-2kg\/","og_locale":"lt_LT","og_type":"article","og_title":"Farmina Vet Life Cat Dry Gastro Intestinal jauriam vir\u0161kinimui 2kg","og_description":"Dietinis visavertis maistas suaugusioms kat\u0117ms, skirtas suma\u017einti \u017earnyno absorbcijos sutrikimus.","og_url":"https:\/\/anivet.lt\/elparduotuve\/produktas\/farmina-vet-life-cat-dry-gastro-intestinal-jauriam-virskinimui-2kg\/","og_site_name":"anivet.lt","og_image":[{"width":500,"height":500,"url":"https:\/\/anivet.lt\/elparduotuve\/wp-content\/uploads\/2026\/03\/Farmina-Vet-Life-Cat-Dry-Gastro-Intestinal-jauriam-virskinimui-2kg.jpg","type":"image\/jpeg"}],"twitter_card":"summary_large_image","twitter_misc":{"Est. reading time":"1 minut\u0117"},"schema":{"@context":"https:\/\/schema.org","@graph":[{"@type":"WebPage","@id":"https:\/\/anivet.lt\/elparduotuve\/produktas\/farmina-vet-life-cat-dry-gastro-intestinal-jauriam-virskinimui-2kg\/","url":"https:\/\/anivet.lt\/elparduotuve\/produktas\/farmina-vet-life-cat-dry-gastro-intestinal-jauriam-virskinimui-2kg\/","name":"Farmina Vet Life Cat Dry Gastro Intestinal jauriam vir\u0161kinimui 2kg - anivet.lt","isPartOf":{"@id":"https:\/\/anivet.lt\/elparduotuve\/#website"},"primaryImageOfPage":{"@id":"https:\/\/anivet.lt\/elparduotuve\/produktas\/farmina-vet-life-cat-dry-gastro-intestinal-jauriam-virskinimui-2kg\/#primaryimage"},"image":{"@id":"https:\/\/anivet.lt\/elparduotuve\/produktas\/farmina-vet-life-cat-dry-gastro-intestinal-jauriam-virskinimui-2kg\/#primaryimage"},"thumbnailUrl":"https:\/\/anivet.lt\/elparduotuve\/wp-content\/uploads\/2026\/03\/Farmina-Vet-Life-Cat-Dry-Gastro-Intestinal-jauriam-virskinimui-2kg.jpg","datePublished":"2026-03-20T15:05:42+00:00","description":"Dietinis visavertis maistas suaugusioms kat\u0117ms, skirtas suma\u017einti \u017earnyno absorbcijos sutrikimus.","breadcrumb":{"@id":"https:\/\/anivet.lt\/elparduotuve\/produktas\/farmina-vet-life-cat-dry-gastro-intestinal-jauriam-virskinimui-2kg\/#breadcrumb"},"inLanguage":"lt-LT","potentialAction":[{"@type":"ReadAction","target":["https:\/\/anivet.lt\/elparduotuve\/produktas\/farmina-vet-life-cat-dry-gastro-intestinal-jauriam-virskinimui-2kg\/"]}]},{"@type":"ImageObject","inLanguage":"lt-LT","@id":"https:\/\/anivet.lt\/elparduotuve\/produktas\/farmina-vet-life-cat-dry-gastro-intestinal-jauriam-virskinimui-2kg\/#primaryimage","url":"https:\/\/anivet.lt\/elparduotuve\/wp-content\/uploads\/2026\/03\/Farmina-Vet-Life-Cat-Dry-Gastro-Intestinal-jauriam-virskinimui-2kg.jpg","contentUrl":"https:\/\/anivet.lt\/elparduotuve\/wp-content\/uploads\/2026\/03\/Farmina-Vet-Life-Cat-Dry-Gastro-Intestinal-jauriam-virskinimui-2kg.jpg","width":500,"height":500,"caption":"AUTO-DRAFT"},{"@type":"BreadcrumbList","@id":"https:\/\/anivet.lt\/elparduotuve\/produktas\/farmina-vet-life-cat-dry-gastro-intestinal-jauriam-virskinimui-2kg\/#breadcrumb","itemListElement":[{"@type":"ListItem","position":1,"name":"Home","item":"https:\/\/anivet.lt\/elparduotuve\/"},{"@type":"ListItem","position":2,"name":"Produktai","item":"https:\/\/anivet.lt\/elparduotuve\/produktai\/"},{"@type":"ListItem","position":3,"name":"Farmina Vet Life Cat Dry Gastro Intestinal jauriam vir\u0161kinimui 2kg"}]},{"@type":"WebSite","@id":"https:\/\/anivet.lt\/elparduotuve\/#website","url":"https:\/\/anivet.lt\/elparduotuve\/","name":"anivet.lt","description":"Viskas J\u016bs\u0173 \u0161uns, kat\u0117s prie\u017ei\u016brai","publisher":{"@id":"https:\/\/anivet.lt\/elparduotuve\/#organization"},"alternateName":"Viskas J\u016bs\u0173 \u0161uns, kat\u0117s prie\u017ei\u016brai","potentialAction":[{"@type":"SearchAction","target":{"@type":"EntryPoint","urlTemplate":"https:\/\/anivet.lt\/elparduotuve\/?s={search_term_string}"},"query-input":{"@type":"PropertyValueSpecification","valueRequired":true,"valueName":"search_term_string"}}],"inLanguage":"lt-LT"},{"@type":"Organization","@id":"https:\/\/anivet.lt\/elparduotuve\/#organization","name":"Viskas J\u016bs\u0173 \u0161uns, kat\u0117s prie\u017ei\u016brai","url":"https:\/\/anivet.lt\/elparduotuve\/","logo":{"@type":"ImageObject","inLanguage":"lt-LT","@id":"https:\/\/anivet.lt\/elparduotuve\/#\/schema\/logo\/image\/","url":"https:\/\/anivet.lt\/elparduotuve\/wp-content\/uploads\/2023\/06\/logo2.jpg","contentUrl":"https:\/\/anivet.lt\/elparduotuve\/wp-content\/uploads\/2023\/06\/logo2.jpg","width":655,"height":194,"caption":"Viskas J\u016bs\u0173 \u0161uns, kat\u0117s prie\u017ei\u016brai"},"image":{"@id":"https:\/\/anivet.lt\/elparduotuve\/#\/schema\/logo\/image\/"}}]}},"_links":{"self":[{"href":"https:\/\/anivet.lt\/elparduotuve\/wp-json\/wp\/v2\/product\/20898","targetHints":{"allow":["GET"]}}],"collection":[{"href":"https:\/\/anivet.lt\/elparduotuve\/wp-json\/wp\/v2\/product"}],"about":[{"href":"https:\/\/anivet.lt\/elparduotuve\/wp-json\/wp\/v2\/types\/product"}],"wp:featuredmedia":[{"embeddable":true,"href":"https:\/\/anivet.lt\/elparduotuve\/wp-json\/wp\/v2\/media\/20899"}],"wp:attachment":[{"href":"https:\/\/anivet.lt\/elparduotuve\/wp-json\/wp\/v2\/media?parent=20898"}],"wp:term":[{"taxonomy":"product_brand","embeddable":true,"href":"https:\/\/anivet.lt\/elparduotuve\/wp-json\/wp\/v2\/product_brand?post=20898"},{"taxonomy":"product_cat","embeddable":true,"href":"https:\/\/anivet.lt\/elparduotuve\/wp-json\/wp\/v2\/product_cat?post=20898"},{"taxonomy":"product_tag","embeddable":true,"href":"https:\/\/anivet.lt\/elparduotuve\/wp-json\/wp\/v2\/product_tag?post=20898"}],"curies":[{"name":"wp","href":"https:\/\/api.w.org\/{rel}","templated":true}]}}