{"id":21013,"date":"2026-04-01T14:59:24","date_gmt":"2026-04-01T14:59:24","guid":{"rendered":"https:\/\/anivet.lt\/elparduotuve\/?post_type=product&#038;p=21013"},"modified":"2026-04-10T15:50:18","modified_gmt":"2026-04-10T15:50:18","slug":"vetexpert-4t-vet-diet-intestinal-turkey-chicken-pouch-konservai-katems-jautriam-virskinimui-100g","status":"publish","type":"product","link":"https:\/\/anivet.lt\/elparduotuve\/produktas\/vetexpert-4t-vet-diet-intestinal-turkey-chicken-pouch-konservai-katems-jautriam-virskinimui-100g\/","title":{"rendered":"VetExpert 4T Vet. Diet Intestinal Turkey &#038; Chicken pouch konservai kat\u0117ms jautriam vir\u0161kinimui 100g"},"content":{"rendered":"<ul>\n<li>Tinka tiek suaugusioms kat\u0117ms, tiek ka\u010diukams, kuriems reikalinga lengvai vir\u0161kinama ir organizm\u0105 palaikanti mityba.<\/li>\n<li>Lengvai vir\u0161kinami baltymai \u2013 sud\u0117tyje esanti kalakutiena ir vi\u0161tiena u\u017etikrina ger\u0105 baltym\u0173 pasisavinim\u0105, apr\u016bpina organizm\u0105 b\u016btinomis aminor\u016bg\u0161timis ir padeda palaikyti sveik\u0105 raumen\u0173 mas\u0119 bei med\u017eiag\u0173 apykait\u0105.<\/li>\n<li>FOS ir MOS prebiotikai \u2013 skatina nauding\u0173 \u017earnyno bakterij\u0173 augim\u0105, padeda atkurti ir palaikyti subalansuot\u0105 mikroflor\u0105 bei stiprina nat\u016bral\u0173 imunitet\u0105.<\/li>\n<li>Padidintas natrio ir kalio kiekis \u2013 padeda atkurti elektrolit\u0173 balans\u0105, ypa\u010d svarbu esant v\u0117mimui ar viduriavimui.<\/li>\n<li>Puikus pasirinkimas kat\u0117ms ir ka\u010diukams, kuriems reikalingas specializuotas pa\u0161aras jautriai vir\u0161kinimo sistemai ir geresniam maistini\u0173 med\u017eiag\u0173 \u012fsisavinimui.<\/li>\n<\/ul>\n","protected":false},"excerpt":{"rendered":"<p>Pilnavertis ir subalansuotas dietinis maistas kat\u0117ms, skirtas ma\u017einti \u017earnyno absorbcijos sutrikimus ir kompensuoti blog\u0105 vir\u0161kinim\u0105.<\/p>\n","protected":false},"featured_media":21014,"template":"","meta":[],"product_brand":[],"product_cat":[114,102,118,329,563],"product_tag":[],"class_list":{"0":"post-21013","1":"product","2":"type-product","3":"status-publish","4":"has-post-thumbnail","6":"product_cat-kaciu-maistas","7":"product_cat-katems","8":"product_cat-veterinarinis-maistas-katems","9":"product_cat-pagal-prekes-zenklus-2","10":"product_cat-vet-expert-kaciu-maistas","11":"pa_prekinis-zenklas-vetexpert","13":"first","14":"instock","15":"taxable","16":"shipping-taxable","17":"purchasable","18":"product-type-simple"},"yoast_head":"<!-- This site is optimized with the Yoast SEO Premium plugin v27.1 (Yoast SEO v27.3) - https:\/\/yoast.com\/product\/yoast-seo-premium-wordpress\/ -->\n<title>VetExpert 4T Vet. Diet Intestinal Turkey &amp; Chicken pouch konservai kat\u0117ms jautriam vir\u0161kinimui 100g - anivet.lt<\/title>\n<meta name=\"description\" content=\"Pilnavertis ir subalansuotas dietinis maistas kat\u0117ms, skirtas ma\u017einti \u017earnyno absorbcijos sutrikimus ir kompensuoti blog\u0105 vir\u0161kinim\u0105.\" \/>\n<meta name=\"robots\" content=\"index, follow, max-snippet:-1, max-image-preview:large, max-video-preview:-1\" \/>\n<link rel=\"canonical\" href=\"https:\/\/anivet.lt\/elparduotuve\/produktas\/vetexpert-4t-vet-diet-intestinal-turkey-chicken-pouch-konservai-katems-jautriam-virskinimui-100g\/\" \/>\n<meta property=\"og:locale\" content=\"lt_LT\" \/>\n<meta property=\"og:type\" content=\"article\" \/>\n<meta property=\"og:title\" content=\"VetExpert 4T Vet. Diet Intestinal Turkey &amp; Chicken pouch konservai kat\u0117ms jautriam vir\u0161kinimui 100g\" \/>\n<meta property=\"og:description\" content=\"Pilnavertis ir subalansuotas dietinis maistas kat\u0117ms, skirtas ma\u017einti \u017earnyno absorbcijos sutrikimus ir kompensuoti blog\u0105 vir\u0161kinim\u0105.\" \/>\n<meta property=\"og:url\" content=\"https:\/\/anivet.lt\/elparduotuve\/produktas\/vetexpert-4t-vet-diet-intestinal-turkey-chicken-pouch-konservai-katems-jautriam-virskinimui-100g\/\" \/>\n<meta property=\"og:site_name\" content=\"anivet.lt\" \/>\n<meta property=\"article:modified_time\" content=\"2026-04-10T15:50:18+00:00\" \/>\n<meta property=\"og:image\" content=\"https:\/\/anivet.lt\/elparduotuve\/wp-content\/uploads\/2026\/04\/VetExpert-4T-Vet.-Diet-Intestinal-Turkey-Chicken-pouch-konservai-katems-jautriam-virskinimui-100g.jpg\" \/>\n\t<meta property=\"og:image:width\" content=\"500\" \/>\n\t<meta property=\"og:image:height\" content=\"500\" \/>\n\t<meta property=\"og:image:type\" content=\"image\/jpeg\" \/>\n<meta name=\"twitter:card\" content=\"summary_large_image\" \/>\n<meta name=\"twitter:label1\" content=\"Est. reading time\" \/>\n\t<meta name=\"twitter:data1\" content=\"1 minut\u0117\" \/>\n<script type=\"application\/ld+json\" class=\"yoast-schema-graph\">{\"@context\":\"https:\\\/\\\/schema.org\",\"@graph\":[{\"@type\":\"WebPage\",\"@id\":\"https:\\\/\\\/anivet.lt\\\/elparduotuve\\\/produktas\\\/vetexpert-4t-vet-diet-intestinal-turkey-chicken-pouch-konservai-katems-jautriam-virskinimui-100g\\\/\",\"url\":\"https:\\\/\\\/anivet.lt\\\/elparduotuve\\\/produktas\\\/vetexpert-4t-vet-diet-intestinal-turkey-chicken-pouch-konservai-katems-jautriam-virskinimui-100g\\\/\",\"name\":\"VetExpert 4T Vet. Diet Intestinal Turkey & Chicken pouch konservai kat\u0117ms jautriam vir\u0161kinimui 100g - anivet.lt\",\"isPartOf\":{\"@id\":\"https:\\\/\\\/anivet.lt\\\/elparduotuve\\\/#website\"},\"primaryImageOfPage\":{\"@id\":\"https:\\\/\\\/anivet.lt\\\/elparduotuve\\\/produktas\\\/vetexpert-4t-vet-diet-intestinal-turkey-chicken-pouch-konservai-katems-jautriam-virskinimui-100g\\\/#primaryimage\"},\"image\":{\"@id\":\"https:\\\/\\\/anivet.lt\\\/elparduotuve\\\/produktas\\\/vetexpert-4t-vet-diet-intestinal-turkey-chicken-pouch-konservai-katems-jautriam-virskinimui-100g\\\/#primaryimage\"},\"thumbnailUrl\":\"https:\\\/\\\/anivet.lt\\\/elparduotuve\\\/wp-content\\\/uploads\\\/2026\\\/04\\\/VetExpert-4T-Vet.-Diet-Intestinal-Turkey-Chicken-pouch-konservai-katems-jautriam-virskinimui-100g.jpg\",\"datePublished\":\"2026-04-01T14:59:24+00:00\",\"dateModified\":\"2026-04-10T15:50:18+00:00\",\"description\":\"Pilnavertis ir subalansuotas dietinis maistas kat\u0117ms, skirtas ma\u017einti \u017earnyno absorbcijos sutrikimus ir kompensuoti blog\u0105 vir\u0161kinim\u0105.\",\"breadcrumb\":{\"@id\":\"https:\\\/\\\/anivet.lt\\\/elparduotuve\\\/produktas\\\/vetexpert-4t-vet-diet-intestinal-turkey-chicken-pouch-konservai-katems-jautriam-virskinimui-100g\\\/#breadcrumb\"},\"inLanguage\":\"lt-LT\",\"potentialAction\":[{\"@type\":\"ReadAction\",\"target\":[\"https:\\\/\\\/anivet.lt\\\/elparduotuve\\\/produktas\\\/vetexpert-4t-vet-diet-intestinal-turkey-chicken-pouch-konservai-katems-jautriam-virskinimui-100g\\\/\"]}]},{\"@type\":\"ImageObject\",\"inLanguage\":\"lt-LT\",\"@id\":\"https:\\\/\\\/anivet.lt\\\/elparduotuve\\\/produktas\\\/vetexpert-4t-vet-diet-intestinal-turkey-chicken-pouch-konservai-katems-jautriam-virskinimui-100g\\\/#primaryimage\",\"url\":\"https:\\\/\\\/anivet.lt\\\/elparduotuve\\\/wp-content\\\/uploads\\\/2026\\\/04\\\/VetExpert-4T-Vet.-Diet-Intestinal-Turkey-Chicken-pouch-konservai-katems-jautriam-virskinimui-100g.jpg\",\"contentUrl\":\"https:\\\/\\\/anivet.lt\\\/elparduotuve\\\/wp-content\\\/uploads\\\/2026\\\/04\\\/VetExpert-4T-Vet.-Diet-Intestinal-Turkey-Chicken-pouch-konservai-katems-jautriam-virskinimui-100g.jpg\",\"width\":500,\"height\":500,\"caption\":\"AUTO-DRAFT\"},{\"@type\":\"BreadcrumbList\",\"@id\":\"https:\\\/\\\/anivet.lt\\\/elparduotuve\\\/produktas\\\/vetexpert-4t-vet-diet-intestinal-turkey-chicken-pouch-konservai-katems-jautriam-virskinimui-100g\\\/#breadcrumb\",\"itemListElement\":[{\"@type\":\"ListItem\",\"position\":1,\"name\":\"Home\",\"item\":\"https:\\\/\\\/anivet.lt\\\/elparduotuve\\\/\"},{\"@type\":\"ListItem\",\"position\":2,\"name\":\"Produktai\",\"item\":\"https:\\\/\\\/anivet.lt\\\/elparduotuve\\\/produktai\\\/\"},{\"@type\":\"ListItem\",\"position\":3,\"name\":\"VetExpert 4T Vet. Diet Intestinal Turkey &#038; Chicken pouch konservai kat\u0117ms jautriam vir\u0161kinimui 100g\"}]},{\"@type\":\"WebSite\",\"@id\":\"https:\\\/\\\/anivet.lt\\\/elparduotuve\\\/#website\",\"url\":\"https:\\\/\\\/anivet.lt\\\/elparduotuve\\\/\",\"name\":\"anivet.lt\",\"description\":\"Viskas J\u016bs\u0173 \u0161uns, kat\u0117s prie\u017ei\u016brai\",\"publisher\":{\"@id\":\"https:\\\/\\\/anivet.lt\\\/elparduotuve\\\/#organization\"},\"alternateName\":\"Viskas J\u016bs\u0173 \u0161uns, kat\u0117s prie\u017ei\u016brai\",\"potentialAction\":[{\"@type\":\"SearchAction\",\"target\":{\"@type\":\"EntryPoint\",\"urlTemplate\":\"https:\\\/\\\/anivet.lt\\\/elparduotuve\\\/?s={search_term_string}\"},\"query-input\":{\"@type\":\"PropertyValueSpecification\",\"valueRequired\":true,\"valueName\":\"search_term_string\"}}],\"inLanguage\":\"lt-LT\"},{\"@type\":\"Organization\",\"@id\":\"https:\\\/\\\/anivet.lt\\\/elparduotuve\\\/#organization\",\"name\":\"Viskas J\u016bs\u0173 \u0161uns, kat\u0117s prie\u017ei\u016brai\",\"url\":\"https:\\\/\\\/anivet.lt\\\/elparduotuve\\\/\",\"logo\":{\"@type\":\"ImageObject\",\"inLanguage\":\"lt-LT\",\"@id\":\"https:\\\/\\\/anivet.lt\\\/elparduotuve\\\/#\\\/schema\\\/logo\\\/image\\\/\",\"url\":\"https:\\\/\\\/anivet.lt\\\/elparduotuve\\\/wp-content\\\/uploads\\\/2023\\\/06\\\/logo2.jpg\",\"contentUrl\":\"https:\\\/\\\/anivet.lt\\\/elparduotuve\\\/wp-content\\\/uploads\\\/2023\\\/06\\\/logo2.jpg\",\"width\":655,\"height\":194,\"caption\":\"Viskas J\u016bs\u0173 \u0161uns, kat\u0117s prie\u017ei\u016brai\"},\"image\":{\"@id\":\"https:\\\/\\\/anivet.lt\\\/elparduotuve\\\/#\\\/schema\\\/logo\\\/image\\\/\"}}]}<\/script>\n<!-- \/ Yoast SEO Premium plugin. -->","yoast_head_json":{"title":"VetExpert 4T Vet. Diet Intestinal Turkey & Chicken pouch konservai kat\u0117ms jautriam vir\u0161kinimui 100g - anivet.lt","description":"Pilnavertis ir subalansuotas dietinis maistas kat\u0117ms, skirtas ma\u017einti \u017earnyno absorbcijos sutrikimus ir kompensuoti blog\u0105 vir\u0161kinim\u0105.","robots":{"index":"index","follow":"follow","max-snippet":"max-snippet:-1","max-image-preview":"max-image-preview:large","max-video-preview":"max-video-preview:-1"},"canonical":"https:\/\/anivet.lt\/elparduotuve\/produktas\/vetexpert-4t-vet-diet-intestinal-turkey-chicken-pouch-konservai-katems-jautriam-virskinimui-100g\/","og_locale":"lt_LT","og_type":"article","og_title":"VetExpert 4T Vet. Diet Intestinal Turkey & Chicken pouch konservai kat\u0117ms jautriam vir\u0161kinimui 100g","og_description":"Pilnavertis ir subalansuotas dietinis maistas kat\u0117ms, skirtas ma\u017einti \u017earnyno absorbcijos sutrikimus ir kompensuoti blog\u0105 vir\u0161kinim\u0105.","og_url":"https:\/\/anivet.lt\/elparduotuve\/produktas\/vetexpert-4t-vet-diet-intestinal-turkey-chicken-pouch-konservai-katems-jautriam-virskinimui-100g\/","og_site_name":"anivet.lt","article_modified_time":"2026-04-10T15:50:18+00:00","og_image":[{"width":500,"height":500,"url":"https:\/\/anivet.lt\/elparduotuve\/wp-content\/uploads\/2026\/04\/VetExpert-4T-Vet.-Diet-Intestinal-Turkey-Chicken-pouch-konservai-katems-jautriam-virskinimui-100g.jpg","type":"image\/jpeg"}],"twitter_card":"summary_large_image","twitter_misc":{"Est. reading time":"1 minut\u0117"},"schema":{"@context":"https:\/\/schema.org","@graph":[{"@type":"WebPage","@id":"https:\/\/anivet.lt\/elparduotuve\/produktas\/vetexpert-4t-vet-diet-intestinal-turkey-chicken-pouch-konservai-katems-jautriam-virskinimui-100g\/","url":"https:\/\/anivet.lt\/elparduotuve\/produktas\/vetexpert-4t-vet-diet-intestinal-turkey-chicken-pouch-konservai-katems-jautriam-virskinimui-100g\/","name":"VetExpert 4T Vet. Diet Intestinal Turkey & Chicken pouch konservai kat\u0117ms jautriam vir\u0161kinimui 100g - anivet.lt","isPartOf":{"@id":"https:\/\/anivet.lt\/elparduotuve\/#website"},"primaryImageOfPage":{"@id":"https:\/\/anivet.lt\/elparduotuve\/produktas\/vetexpert-4t-vet-diet-intestinal-turkey-chicken-pouch-konservai-katems-jautriam-virskinimui-100g\/#primaryimage"},"image":{"@id":"https:\/\/anivet.lt\/elparduotuve\/produktas\/vetexpert-4t-vet-diet-intestinal-turkey-chicken-pouch-konservai-katems-jautriam-virskinimui-100g\/#primaryimage"},"thumbnailUrl":"https:\/\/anivet.lt\/elparduotuve\/wp-content\/uploads\/2026\/04\/VetExpert-4T-Vet.-Diet-Intestinal-Turkey-Chicken-pouch-konservai-katems-jautriam-virskinimui-100g.jpg","datePublished":"2026-04-01T14:59:24+00:00","dateModified":"2026-04-10T15:50:18+00:00","description":"Pilnavertis ir subalansuotas dietinis maistas kat\u0117ms, skirtas ma\u017einti \u017earnyno absorbcijos sutrikimus ir kompensuoti blog\u0105 vir\u0161kinim\u0105.","breadcrumb":{"@id":"https:\/\/anivet.lt\/elparduotuve\/produktas\/vetexpert-4t-vet-diet-intestinal-turkey-chicken-pouch-konservai-katems-jautriam-virskinimui-100g\/#breadcrumb"},"inLanguage":"lt-LT","potentialAction":[{"@type":"ReadAction","target":["https:\/\/anivet.lt\/elparduotuve\/produktas\/vetexpert-4t-vet-diet-intestinal-turkey-chicken-pouch-konservai-katems-jautriam-virskinimui-100g\/"]}]},{"@type":"ImageObject","inLanguage":"lt-LT","@id":"https:\/\/anivet.lt\/elparduotuve\/produktas\/vetexpert-4t-vet-diet-intestinal-turkey-chicken-pouch-konservai-katems-jautriam-virskinimui-100g\/#primaryimage","url":"https:\/\/anivet.lt\/elparduotuve\/wp-content\/uploads\/2026\/04\/VetExpert-4T-Vet.-Diet-Intestinal-Turkey-Chicken-pouch-konservai-katems-jautriam-virskinimui-100g.jpg","contentUrl":"https:\/\/anivet.lt\/elparduotuve\/wp-content\/uploads\/2026\/04\/VetExpert-4T-Vet.-Diet-Intestinal-Turkey-Chicken-pouch-konservai-katems-jautriam-virskinimui-100g.jpg","width":500,"height":500,"caption":"AUTO-DRAFT"},{"@type":"BreadcrumbList","@id":"https:\/\/anivet.lt\/elparduotuve\/produktas\/vetexpert-4t-vet-diet-intestinal-turkey-chicken-pouch-konservai-katems-jautriam-virskinimui-100g\/#breadcrumb","itemListElement":[{"@type":"ListItem","position":1,"name":"Home","item":"https:\/\/anivet.lt\/elparduotuve\/"},{"@type":"ListItem","position":2,"name":"Produktai","item":"https:\/\/anivet.lt\/elparduotuve\/produktai\/"},{"@type":"ListItem","position":3,"name":"VetExpert 4T Vet. Diet Intestinal Turkey &#038; Chicken pouch konservai kat\u0117ms jautriam vir\u0161kinimui 100g"}]},{"@type":"WebSite","@id":"https:\/\/anivet.lt\/elparduotuve\/#website","url":"https:\/\/anivet.lt\/elparduotuve\/","name":"anivet.lt","description":"Viskas J\u016bs\u0173 \u0161uns, kat\u0117s prie\u017ei\u016brai","publisher":{"@id":"https:\/\/anivet.lt\/elparduotuve\/#organization"},"alternateName":"Viskas J\u016bs\u0173 \u0161uns, kat\u0117s prie\u017ei\u016brai","potentialAction":[{"@type":"SearchAction","target":{"@type":"EntryPoint","urlTemplate":"https:\/\/anivet.lt\/elparduotuve\/?s={search_term_string}"},"query-input":{"@type":"PropertyValueSpecification","valueRequired":true,"valueName":"search_term_string"}}],"inLanguage":"lt-LT"},{"@type":"Organization","@id":"https:\/\/anivet.lt\/elparduotuve\/#organization","name":"Viskas J\u016bs\u0173 \u0161uns, kat\u0117s prie\u017ei\u016brai","url":"https:\/\/anivet.lt\/elparduotuve\/","logo":{"@type":"ImageObject","inLanguage":"lt-LT","@id":"https:\/\/anivet.lt\/elparduotuve\/#\/schema\/logo\/image\/","url":"https:\/\/anivet.lt\/elparduotuve\/wp-content\/uploads\/2023\/06\/logo2.jpg","contentUrl":"https:\/\/anivet.lt\/elparduotuve\/wp-content\/uploads\/2023\/06\/logo2.jpg","width":655,"height":194,"caption":"Viskas J\u016bs\u0173 \u0161uns, kat\u0117s prie\u017ei\u016brai"},"image":{"@id":"https:\/\/anivet.lt\/elparduotuve\/#\/schema\/logo\/image\/"}}]}},"_links":{"self":[{"href":"https:\/\/anivet.lt\/elparduotuve\/wp-json\/wp\/v2\/product\/21013","targetHints":{"allow":["GET"]}}],"collection":[{"href":"https:\/\/anivet.lt\/elparduotuve\/wp-json\/wp\/v2\/product"}],"about":[{"href":"https:\/\/anivet.lt\/elparduotuve\/wp-json\/wp\/v2\/types\/product"}],"wp:featuredmedia":[{"embeddable":true,"href":"https:\/\/anivet.lt\/elparduotuve\/wp-json\/wp\/v2\/media\/21014"}],"wp:attachment":[{"href":"https:\/\/anivet.lt\/elparduotuve\/wp-json\/wp\/v2\/media?parent=21013"}],"wp:term":[{"taxonomy":"product_brand","embeddable":true,"href":"https:\/\/anivet.lt\/elparduotuve\/wp-json\/wp\/v2\/product_brand?post=21013"},{"taxonomy":"product_cat","embeddable":true,"href":"https:\/\/anivet.lt\/elparduotuve\/wp-json\/wp\/v2\/product_cat?post=21013"},{"taxonomy":"product_tag","embeddable":true,"href":"https:\/\/anivet.lt\/elparduotuve\/wp-json\/wp\/v2\/product_tag?post=21013"}],"curies":[{"name":"wp","href":"https:\/\/api.w.org\/{rel}","templated":true}]}}