{"id":10224,"date":"2023-06-26T04:02:01","date_gmt":"2023-06-26T04:02:01","guid":{"rendered":"https:\/\/anivet.lt\/klinika\/?page_id=10224"},"modified":"2023-06-27T12:03:35","modified_gmt":"2023-06-27T12:03:35","slug":"naudinga-informacija","status":"publish","type":"page","link":"https:\/\/anivet.lt\/klinika\/naudinga-informacija\/","title":{"rendered":"Naudinga informacija"},"content":{"rendered":"<div class=\"wpb-content-wrapper\"><p>[vc_row][vc_column]\t\t\t<link rel=\"stylesheet\" id=\"wd-blog-base-css\" href=\"https:\/\/anivet.lt\/klinika\/wp-content\/themes\/woodmart\/css\/parts\/blog-base.min.css?ver=7.2.4\" type=\"text\/css\" media=\"all\" \/> \t\t\t\t\t\t<link rel=\"stylesheet\" id=\"wd-blog-loop-base-old-css\" href=\"https:\/\/anivet.lt\/klinika\/wp-content\/themes\/woodmart\/css\/parts\/blog-loop-base-old.min.css?ver=7.2.4\" type=\"text\/css\" media=\"all\" \/> \t\t\t\t\t\t<link rel=\"stylesheet\" id=\"wd-blog-loop-design-small-img-chess-css\" href=\"https:\/\/anivet.lt\/klinika\/wp-content\/themes\/woodmart\/css\/parts\/blog-loop-design-smallimg-chess.min.css?ver=7.2.4\" type=\"text\/css\" media=\"all\" \/> \t\t\t<div class=\"wd-blog-holder blog-shortcode  blog-pagination-\" id=\"69e095bb0d820\" data-paged=\"1\" data-atts=\"{&quot;post_type&quot;:&quot;post&quot;,&quot;include&quot;:&quot;&quot;,&quot;custom_query&quot;:&quot;&quot;,&quot;taxonomies&quot;:&quot;1&quot;,&quot;pagination&quot;:&quot;&quot;,&quot;parts_media&quot;:true,&quot;parts_title&quot;:&quot;1&quot;,&quot;parts_meta&quot;:&quot;0&quot;,&quot;parts_text&quot;:&quot;1&quot;,&quot;parts_btn&quot;:&quot;1&quot;,&quot;items_per_page&quot;:12,&quot;offset&quot;:&quot;&quot;,&quot;orderby&quot;:&quot;date&quot;,&quot;order&quot;:&quot;DESC&quot;,&quot;meta_key&quot;:&quot;&quot;,&quot;exclude&quot;:&quot;&quot;,&quot;class&quot;:&quot;&quot;,&quot;ajax_page&quot;:&quot;&quot;,&quot;img_size&quot;:&quot;full&quot;,&quot;blog_design&quot;:&quot;small-images&quot;,&quot;blog_carousel_design&quot;:&quot;masonry&quot;,&quot;blog_columns&quot;:3,&quot;blog_columns_tablet&quot;:&quot;auto&quot;,&quot;blog_columns_mobile&quot;:&quot;auto&quot;,&quot;blog_spacing&quot;:&quot;20&quot;,&quot;speed&quot;:&quot;5000&quot;,&quot;slides_per_view&quot;:&quot;3&quot;,&quot;slides_per_view_tablet&quot;:&quot;auto&quot;,&quot;slides_per_view_mobile&quot;:&quot;auto&quot;,&quot;wrap&quot;:&quot;&quot;,&quot;autoplay&quot;:&quot;no&quot;,&quot;hide_pagination_control&quot;:&quot;&quot;,&quot;hide_prev_next_buttons&quot;:&quot;&quot;,&quot;lazy_loading&quot;:&quot;no&quot;,&quot;scroll_carousel_init&quot;:&quot;no&quot;,&quot;scroll_per_page&quot;:&quot;yes&quot;,&quot;search&quot;:&quot;&quot;}\" data-source=\"shortcode\">\n<article id=\"post-10297\" class=\"blog-design-small-images blog-post-loop blog-style-bg wd-add-shadow post-10297 post type-post status-publish format-standard has-post-thumbnail hentry category-naudinga-informacija\">\n\t<div class=\"article-inner\">\n\t\t\t\t\t<header class=\"entry-header\">\n\t\t\t\t\t\t\t\t\t\n\t\t\t\t\t<figure id=\"carousel-929\" class=\"entry-thumbnail\" data-owl-carousel data-hide_pagination_control=\"yes\" data-desktop=\"1\" data-tablet=\"1\" data-tablet_landscape=\"1\" data-mobile=\"1\">\n\t\t\t\t\t\t\n\t\t\t\t\t\t\t<div class=\"post-img-wrapp\">\n\t\t\t\t\t\t\t\t<a href=\"https:\/\/anivet.lt\/klinika\/naudinga-informacija\/sterilizacija-kastracija\/\">\n\t\t\t\t\t\t\t\t\t<img loading=\"lazy\" decoding=\"async\" width=\"1920\" height=\"1280\" src=\"data:image\/jpg;base64,\/9j\/4AAQSkZJRgABAQEAYABgAAD\/\/gA7Q1JFQVRPUjogZ2QtanBlZyB2MS4wICh1c2luZyBJSkcgSlBFRyB2NjIpLCBxdWFsaXR5ID0gODIK\/9sAQwAGBAQFBAQGBQUFBgYGBwkOCQkICAkSDQ0KDhUSFhYVEhQUFxohHBcYHxkUFB0nHR8iIyUlJRYcKSwoJCshJCUk\/9sAQwEGBgYJCAkRCQkRJBgUGCQkJCQkJCQkJCQkJCQkJCQkJCQkJCQkJCQkJCQkJCQkJCQkJCQkJCQkJCQkJCQkJCQk\/8AAEQgACgAPAwEiAAIRAQMRAf\/EAB8AAAEFAQEBAQEBAAAAAAAAAAABAgMEBQYHCAkKC\/\/EALUQAAIBAwMCBAMFBQQEAAABfQECAwAEEQUSITFBBhNRYQcicRQygZGhCCNCscEVUtHwJDNicoIJChYXGBkaJSYnKCkqNDU2Nzg5OkNERUZHSElKU1RVVldYWVpjZGVmZ2hpanN0dXZ3eHl6g4SFhoeIiYqSk5SVlpeYmZqio6Slpqeoqaqys7S1tre4ubrCw8TFxsfIycrS09TV1tfY2drh4uPk5ebn6Onq8fLz9PX29\/j5+v\/EAB8BAAMBAQEBAQEBAQEAAAAAAAABAgMEBQYHCAkKC\/\/EALURAAIBAgQEAwQHBQQEAAECdwABAgMRBAUhMQYSQVEHYXETIjKBCBRCkaGxwQkjM1LwFWJy0QoWJDThJfEXGBkaJicoKSo1Njc4OTpDREVGR0hJSlNUVVZXWFlaY2RlZmdoaWpzdHV2d3h5eoKDhIWGh4iJipKTlJWWl5iZmqKjpKWmp6ipqrKztLW2t7i5usLDxMXGx8jJytLT1NXW19jZ2uLj5OXm5+jp6vLz9PX29\/j5+v\/aAAwDAQACEQMRAD8Ay9Z8J3NhrhtrPSZvMRme2aCLdGxLDMrFQMLjaAvqOevPa32nfE2KTbB4nlhVT8uLt2Egwo7tx0\/zmuqtmYwqdxyFbnPsap3csnkp87dfWvn\/AKzJJdz0lRjLc\/\/Z\" class=\"attachment-large wp-post-image attachment-full wd-lazy-load wd-lazy-fade\" alt=\"\" title=\"section_image_neutered_dog\" srcset=\"\" sizes=\"auto, (max-width: 1920px) 100vw, 1920px\" data-wood-src=\"https:\/\/anivet.lt\/klinika\/wp-content\/uploads\/2023\/06\/section_image_neutered_dog.jpg\" data-srcset=\"https:\/\/anivet.lt\/klinika\/wp-content\/uploads\/2023\/06\/section_image_neutered_dog.jpg 1920w, https:\/\/anivet.lt\/klinika\/wp-content\/uploads\/2023\/06\/section_image_neutered_dog-400x267.jpg 400w, https:\/\/anivet.lt\/klinika\/wp-content\/uploads\/2023\/06\/section_image_neutered_dog-1200x800.jpg 1200w, https:\/\/anivet.lt\/klinika\/wp-content\/uploads\/2023\/06\/section_image_neutered_dog-768x512.jpg 768w, https:\/\/anivet.lt\/klinika\/wp-content\/uploads\/2023\/06\/section_image_neutered_dog-1536x1024.jpg 1536w, https:\/\/anivet.lt\/klinika\/wp-content\/uploads\/2023\/06\/section_image_neutered_dog-600x400.jpg 600w, https:\/\/anivet.lt\/klinika\/wp-content\/uploads\/2023\/06\/section_image_neutered_dog-700x467.jpg 700w, https:\/\/anivet.lt\/klinika\/wp-content\/uploads\/2023\/06\/section_image_neutered_dog-150x100.jpg 150w\" \/>\t\t\t\t\t\t\t\t<\/a>\n\t\t\t\t\t\t\t<\/div>\n\t\t\t\t\t\t\t<div class=\"post-image-mask\">\n\t\t\t\t\t\t\t\t<span><\/span>\n\t\t\t\t\t\t\t<\/div>\n\n\t\t\t\t\t\t\n\t\t\t\t\t<\/figure>\n\t\t\t\t\n\t\t\t\t\t\t\t\t\t\t\t\t<div class=\"post-date wd-post-date wd-style-with-bg\" onclick=\"\">\n\t\t\t\t<span class=\"post-date-day\">\n\t\t\t\t\t26\t\t\t\t<\/span>\n\t\t\t\t<span class=\"post-date-month\">\n\t\t\t\t\tBir\t\t\t\t<\/span>\n\t\t\t<\/div>\n\t\t\t\t\t\t\n\t\t\t<\/header><!-- .entry-header -->\n\n\t\t<div class=\"article-body-container\">\n\t\t\t\n\t\t\t\t\n\t\t\t\t\t\t\t\t\t<h3 class=\"wd-entities-title title post-title\">\n\t\t\t\t\t\t<a href=\"https:\/\/anivet.lt\/klinika\/naudinga-informacija\/sterilizacija-kastracija\/\" rel=\"bookmark\">Sterilizacija, kastracija<\/a>\n\t\t\t\t\t<\/h3>\n\t\t\t\t\n\t\t\t\t\t\t\t\n\t\t\t\t\t\t\t<div class=\"entry-content wd-entry-content\">\n\t\t\t\t\tSterilizacija ir kastracija yra veterinarin\u0117s proced\u016bros, kurios atliekamos daugeliui gyv\u016bn\u0173, ypa\u010d \u0161unims ir kat\u0117ms. \u0160ios proced\u016bros yra chirurgin\u0117s intervencijos, kurios gali b\u016bti atliekamos tiek sveikatos, tiek populiacijos valdymo tikslais. \u0160tai k...<p class=\"read-more-section\"><a class=\"btn-read-more more-link\" href=\"https:\/\/anivet.lt\/klinika\/naudinga-informacija\/sterilizacija-kastracija\/\">Skaityti pla\u010diau<\/a><\/p>\t\t\t\t\t\t\t\t\t<\/div><!-- .entry-content -->\n\t\t\t\n\t\t\t\n\t\t\t\t\t<\/div>\n\t<\/div>\n<\/article><!-- #post -->\n\n\n\n<article id=\"post-10295\" class=\"blog-design-small-images blog-post-loop blog-style-bg wd-add-shadow post-10295 post type-post status-publish format-standard has-post-thumbnail hentry category-naudinga-informacija\">\n\t<div class=\"article-inner\">\n\t\t\t\t\t<header class=\"entry-header\">\n\t\t\t\t\t\t\t\t\t\n\t\t\t\t\t<figure id=\"carousel-442\" class=\"entry-thumbnail\" data-owl-carousel data-hide_pagination_control=\"yes\" data-desktop=\"1\" data-tablet=\"1\" data-tablet_landscape=\"1\" data-mobile=\"1\">\n\t\t\t\t\t\t\n\t\t\t\t\t\t\t<div class=\"post-img-wrapp\">\n\t\t\t\t\t\t\t\t<a href=\"https:\/\/anivet.lt\/klinika\/naudinga-informacija\/vaistai-apie-kirminus\/\">\n\t\t\t\t\t\t\t\t\t<img loading=\"lazy\" decoding=\"async\" width=\"800\" height=\"533\" src=\"data:image\/jpg;base64,\/9j\/4AAQSkZJRgABAQEAYABgAAD\/\/gA7Q1JFQVRPUjogZ2QtanBlZyB2MS4wICh1c2luZyBJSkcgSlBFRyB2NjIpLCBxdWFsaXR5ID0gODIK\/9sAQwAGBAQFBAQGBQUFBgYGBwkOCQkICAkSDQ0KDhUSFhYVEhQUFxohHBcYHxkUFB0nHR8iIyUlJRYcKSwoJCshJCUk\/9sAQwEGBgYJCAkRCQkRJBgUGCQkJCQkJCQkJCQkJCQkJCQkJCQkJCQkJCQkJCQkJCQkJCQkJCQkJCQkJCQkJCQkJCQk\/8AAEQgACgAQAwEiAAIRAQMRAf\/EAB8AAAEFAQEBAQEBAAAAAAAAAAABAgMEBQYHCAkKC\/\/EALUQAAIBAwMCBAMFBQQEAAABfQECAwAEEQUSITFBBhNRYQcicRQygZGhCCNCscEVUtHwJDNicoIJChYXGBkaJSYnKCkqNDU2Nzg5OkNERUZHSElKU1RVVldYWVpjZGVmZ2hpanN0dXZ3eHl6g4SFhoeIiYqSk5SVlpeYmZqio6Slpqeoqaqys7S1tre4ubrCw8TFxsfIycrS09TV1tfY2drh4uPk5ebn6Onq8fLz9PX29\/j5+v\/EAB8BAAMBAQEBAQEBAQEAAAAAAAABAgMEBQYHCAkKC\/\/EALURAAIBAgQEAwQHBQQEAAECdwABAgMRBAUhMQYSQVEHYXETIjKBCBRCkaGxwQkjM1LwFWJy0QoWJDThJfEXGBkaJicoKSo1Njc4OTpDREVGR0hJSlNUVVZXWFlaY2RlZmdoaWpzdHV2d3h5eoKDhIWGh4iJipKTlJWWl5iZmqKjpKWmp6ipqrKztLW2t7i5usLDxMXGx8jJytLT1NXW19jZ2uLj5OXm5+jp6vLz9PX29\/j5+v\/aAAwDAQACEQMRAD8A9a8Z6jf2MUcdnBKIVYoyBhygXGMnnJ4xj37mqXg\/Xn1fU0D20gRNxjZQxjiGMFScBQfbnvW145\/499PPdbgMD6Ha3NWtNijjmfZGi\/P2GKxUW6u+x03So7bn\/9k=\" class=\"attachment-large wp-post-image attachment-full wd-lazy-load wd-lazy-fade\" alt=\"\" title=\"ShelterMed_vet-with-dog-kitten_iStock-1171733307_1s\" srcset=\"\" sizes=\"auto, (max-width: 800px) 100vw, 800px\" data-wood-src=\"https:\/\/anivet.lt\/klinika\/wp-content\/uploads\/2023\/06\/ShelterMed_vet-with-dog-kitten_iStock-1171733307_1s.jpg\" data-srcset=\"https:\/\/anivet.lt\/klinika\/wp-content\/uploads\/2023\/06\/ShelterMed_vet-with-dog-kitten_iStock-1171733307_1s.jpg 800w, https:\/\/anivet.lt\/klinika\/wp-content\/uploads\/2023\/06\/ShelterMed_vet-with-dog-kitten_iStock-1171733307_1s-400x267.jpg 400w, https:\/\/anivet.lt\/klinika\/wp-content\/uploads\/2023\/06\/ShelterMed_vet-with-dog-kitten_iStock-1171733307_1s-768x512.jpg 768w, https:\/\/anivet.lt\/klinika\/wp-content\/uploads\/2023\/06\/ShelterMed_vet-with-dog-kitten_iStock-1171733307_1s-600x400.jpg 600w, https:\/\/anivet.lt\/klinika\/wp-content\/uploads\/2023\/06\/ShelterMed_vet-with-dog-kitten_iStock-1171733307_1s-700x466.jpg 700w, https:\/\/anivet.lt\/klinika\/wp-content\/uploads\/2023\/06\/ShelterMed_vet-with-dog-kitten_iStock-1171733307_1s-150x100.jpg 150w\" \/>\t\t\t\t\t\t\t\t<\/a>\n\t\t\t\t\t\t\t<\/div>\n\t\t\t\t\t\t\t<div class=\"post-image-mask\">\n\t\t\t\t\t\t\t\t<span><\/span>\n\t\t\t\t\t\t\t<\/div>\n\n\t\t\t\t\t\t\n\t\t\t\t\t<\/figure>\n\t\t\t\t\n\t\t\t\t\t\t\t\t\t\t\t\t<div class=\"post-date wd-post-date wd-style-with-bg\" onclick=\"\">\n\t\t\t\t<span class=\"post-date-day\">\n\t\t\t\t\t26\t\t\t\t<\/span>\n\t\t\t\t<span class=\"post-date-month\">\n\t\t\t\t\tBir\t\t\t\t<\/span>\n\t\t\t<\/div>\n\t\t\t\t\t\t\n\t\t\t<\/header><!-- .entry-header -->\n\n\t\t<div class=\"article-body-container\">\n\t\t\t\n\t\t\t\t\n\t\t\t\t\t\t\t\t\t<h3 class=\"wd-entities-title title post-title\">\n\t\t\t\t\t\t<a href=\"https:\/\/anivet.lt\/klinika\/naudinga-informacija\/vaistai-apie-kirminus\/\" rel=\"bookmark\">Vaistai\/Helmintai<\/a>\n\t\t\t\t\t<\/h3>\n\t\t\t\t\n\t\t\t\t\t\t\t\n\t\t\t\t\t\t\t<div class=\"entry-content wd-entry-content\">\n\t\t\t\t\tKaip veikia vaistai nuo helmint\u0173?\r\nVaistai nuo helmint\u0173 naikina ir slopina helmintus gyv\u016bno organizme. Vaistai gali tur\u0117ti \u012fvairi\u0173 veikli\u0173j\u0173 med\u017eiag\u0173, kurios veikia specifi\u0161kai tam tikrus kirminus, tokius kaip \u017earnyno kirminus ar \u0161irdies kirminus. Va...<p class=\"read-more-section\"><a class=\"btn-read-more more-link\" href=\"https:\/\/anivet.lt\/klinika\/naudinga-informacija\/vaistai-apie-kirminus\/\">Skaityti pla\u010diau<\/a><\/p>\t\t\t\t\t\t\t\t\t<\/div><!-- .entry-content -->\n\t\t\t\n\t\t\t\n\t\t\t\t\t<\/div>\n\t<\/div>\n<\/article><!-- #post -->\n\n\n\n<article id=\"post-10292\" class=\"blog-design-small-images blog-post-loop blog-style-bg wd-add-shadow post-10292 post type-post status-publish format-standard has-post-thumbnail hentry category-naudinga-informacija\">\n\t<div class=\"article-inner\">\n\t\t\t\t\t<header class=\"entry-header\">\n\t\t\t\t\t\t\t\t\t\n\t\t\t\t\t<figure id=\"carousel-560\" class=\"entry-thumbnail\" data-owl-carousel data-hide_pagination_control=\"yes\" data-desktop=\"1\" data-tablet=\"1\" data-tablet_landscape=\"1\" data-mobile=\"1\">\n\t\t\t\t\t\t\n\t\t\t\t\t\t\t<div class=\"post-img-wrapp\">\n\t\t\t\t\t\t\t\t<a href=\"https:\/\/anivet.lt\/klinika\/naudinga-informacija\/erkes-ir-vakcinavimas\/\">\n\t\t\t\t\t\t\t\t\t<img loading=\"lazy\" decoding=\"async\" width=\"1620\" height=\"1080\" src=\"data:image\/jpg;base64,\/9j\/4AAQSkZJRgABAQEAYABgAAD\/\/gA7Q1JFQVRPUjogZ2QtanBlZyB2MS4wICh1c2luZyBJSkcgSlBFRyB2NjIpLCBxdWFsaXR5ID0gODIK\/9sAQwAGBAQFBAQGBQUFBgYGBwkOCQkICAkSDQ0KDhUSFhYVEhQUFxohHBcYHxkUFB0nHR8iIyUlJRYcKSwoJCshJCUk\/9sAQwEGBgYJCAkRCQkRJBgUGCQkJCQkJCQkJCQkJCQkJCQkJCQkJCQkJCQkJCQkJCQkJCQkJCQkJCQkJCQkJCQkJCQk\/8AAEQgACgAPAwEiAAIRAQMRAf\/EAB8AAAEFAQEBAQEBAAAAAAAAAAABAgMEBQYHCAkKC\/\/EALUQAAIBAwMCBAMFBQQEAAABfQECAwAEEQUSITFBBhNRYQcicRQygZGhCCNCscEVUtHwJDNicoIJChYXGBkaJSYnKCkqNDU2Nzg5OkNERUZHSElKU1RVVldYWVpjZGVmZ2hpanN0dXZ3eHl6g4SFhoeIiYqSk5SVlpeYmZqio6Slpqeoqaqys7S1tre4ubrCw8TFxsfIycrS09TV1tfY2drh4uPk5ebn6Onq8fLz9PX29\/j5+v\/EAB8BAAMBAQEBAQEBAQEAAAAAAAABAgMEBQYHCAkKC\/\/EALURAAIBAgQEAwQHBQQEAAECdwABAgMRBAUhMQYSQVEHYXETIjKBCBRCkaGxwQkjM1LwFWJy0QoWJDThJfEXGBkaJicoKSo1Njc4OTpDREVGR0hJSlNUVVZXWFlaY2RlZmdoaWpzdHV2d3h5eoKDhIWGh4iJipKTlJWWl5iZmqKjpKWmp6ipqrKztLW2t7i5usLDxMXGx8jJytLT1NXW19jZ2uLj5OXm5+jp6vLz9PX29\/j5+v\/aAAwDAQACEQMRAD8A6zxR4+v7yzZEaGGTblTIpEeffpXk\/jDxejbEN1DcycFsE4B9h2p2pSyNZXOXY\/um6n2NeTzElySSTnvXy88K61W8pPlXQ0lVdrH\/2Q==\" class=\"attachment-large wp-post-image attachment-full wd-lazy-load wd-lazy-fade\" alt=\"\" title=\"erik-karits-0zfltjbqiwq-unsplash\" srcset=\"\" sizes=\"auto, (max-width: 1620px) 100vw, 1620px\" data-wood-src=\"https:\/\/anivet.lt\/klinika\/wp-content\/uploads\/2023\/06\/erik-karits-0zfltjbqiwq-unsplash.jpg\" data-srcset=\"https:\/\/anivet.lt\/klinika\/wp-content\/uploads\/2023\/06\/erik-karits-0zfltjbqiwq-unsplash.jpg 1620w, https:\/\/anivet.lt\/klinika\/wp-content\/uploads\/2023\/06\/erik-karits-0zfltjbqiwq-unsplash-400x267.jpg 400w, https:\/\/anivet.lt\/klinika\/wp-content\/uploads\/2023\/06\/erik-karits-0zfltjbqiwq-unsplash-1200x800.jpg 1200w, https:\/\/anivet.lt\/klinika\/wp-content\/uploads\/2023\/06\/erik-karits-0zfltjbqiwq-unsplash-768x512.jpg 768w, https:\/\/anivet.lt\/klinika\/wp-content\/uploads\/2023\/06\/erik-karits-0zfltjbqiwq-unsplash-1536x1024.jpg 1536w, https:\/\/anivet.lt\/klinika\/wp-content\/uploads\/2023\/06\/erik-karits-0zfltjbqiwq-unsplash-600x400.jpg 600w, https:\/\/anivet.lt\/klinika\/wp-content\/uploads\/2023\/06\/erik-karits-0zfltjbqiwq-unsplash-700x467.jpg 700w, https:\/\/anivet.lt\/klinika\/wp-content\/uploads\/2023\/06\/erik-karits-0zfltjbqiwq-unsplash-150x100.jpg 150w\" \/>\t\t\t\t\t\t\t\t<\/a>\n\t\t\t\t\t\t\t<\/div>\n\t\t\t\t\t\t\t<div class=\"post-image-mask\">\n\t\t\t\t\t\t\t\t<span><\/span>\n\t\t\t\t\t\t\t<\/div>\n\n\t\t\t\t\t\t\n\t\t\t\t\t<\/figure>\n\t\t\t\t\n\t\t\t\t\t\t\t\t\t\t\t\t<div class=\"post-date wd-post-date wd-style-with-bg\" onclick=\"\">\n\t\t\t\t<span class=\"post-date-day\">\n\t\t\t\t\t26\t\t\t\t<\/span>\n\t\t\t\t<span class=\"post-date-month\">\n\t\t\t\t\tBir\t\t\t\t<\/span>\n\t\t\t<\/div>\n\t\t\t\t\t\t\n\t\t\t<\/header><!-- .entry-header -->\n\n\t\t<div class=\"article-body-container\">\n\t\t\t\n\t\t\t\t\n\t\t\t\t\t\t\t\t\t<h3 class=\"wd-entities-title title post-title\">\n\t\t\t\t\t\t<a href=\"https:\/\/anivet.lt\/klinika\/naudinga-informacija\/erkes-ir-vakcinavimas\/\" rel=\"bookmark\">Erk\u0117s<\/a>\n\t\t\t\t\t<\/h3>\n\t\t\t\t\n\t\t\t\t\t\t\t\n\t\t\t\t\t\t\t<div class=\"entry-content wd-entry-content\">\n\t\t\t\t\tErk\u0117s yra ma\u017ei parazitai, kuri\u0173 platinamomis ligomis da\u017enai u\u017esikre\u010dia gyv\u016bnai. Jie gali kelti rimt\u0173 sveikatos problem\u0173, tod\u0117l gyv\u016bn\u0173 savininkai tur\u0117t\u0173 b\u016bti informuoti apie \u0161i\u0105 rizik\u0105 ir imtis atitinkam\u0173 prevencini\u0173 priemoni\u0173. Vienas i\u0161 svarbiausi\u0173 b...<p class=\"read-more-section\"><a class=\"btn-read-more more-link\" href=\"https:\/\/anivet.lt\/klinika\/naudinga-informacija\/erkes-ir-vakcinavimas\/\">Skaityti pla\u010diau<\/a><\/p>\t\t\t\t\t\t\t\t\t<\/div><!-- .entry-content -->\n\t\t\t\n\t\t\t\n\t\t\t\t\t<\/div>\n\t<\/div>\n<\/article><!-- #post -->\n\n\n<\/div>[\/vc_column][\/vc_row]<\/p>\n<\/div>","protected":false},"excerpt":{"rendered":"<p>[vc_row][vc_column][\/vc_column][\/vc_row]<\/p>\n","protected":false},"author":1,"featured_media":0,"parent":0,"menu_order":0,"comment_status":"closed","ping_status":"closed","template":"","meta":{"footnotes":""},"class_list":["post-10224","page","type-page","status-publish","hentry"],"yoast_head":"<!-- This site is optimized with the Yoast SEO plugin v25.6 - https:\/\/yoast.com\/wordpress\/plugins\/seo\/ -->\n<title>Naudinga informacija - anivet.lt<\/title>\n<meta name=\"robots\" content=\"index, follow, max-snippet:-1, max-image-preview:large, max-video-preview:-1\" \/>\n<link rel=\"canonical\" href=\"https:\/\/anivet.lt\/klinika\/naudinga-informacija\/\" \/>\n<meta property=\"og:locale\" content=\"lt_LT\" \/>\n<meta property=\"og:type\" content=\"article\" \/>\n<meta property=\"og:title\" content=\"Naudinga informacija - anivet.lt\" \/>\n<meta property=\"og:url\" content=\"https:\/\/anivet.lt\/klinika\/naudinga-informacija\/\" \/>\n<meta property=\"og:site_name\" content=\"anivet.lt\" \/>\n<meta property=\"article:modified_time\" content=\"2023-06-27T12:03:35+00:00\" \/>\n<meta property=\"og:image\" content=\"https:\/\/anivet.lt\/klinika\/wp-content\/uploads\/2023\/06\/2.jpg\" \/>\n\t<meta property=\"og:image:width\" content=\"1008\" \/>\n\t<meta property=\"og:image:height\" content=\"801\" \/>\n\t<meta property=\"og:image:type\" content=\"image\/jpeg\" \/>\n<meta name=\"twitter:card\" content=\"summary_large_image\" \/>\n<script type=\"application\/ld+json\" class=\"yoast-schema-graph\">{\"@context\":\"https:\/\/schema.org\",\"@graph\":[{\"@type\":\"WebPage\",\"@id\":\"https:\/\/anivet.lt\/klinika\/naudinga-informacija\/\",\"url\":\"https:\/\/anivet.lt\/klinika\/naudinga-informacija\/\",\"name\":\"Naudinga informacija - anivet.lt\",\"isPartOf\":{\"@id\":\"https:\/\/anivet.lt\/klinika\/#website\"},\"datePublished\":\"2023-06-26T04:02:01+00:00\",\"dateModified\":\"2023-06-27T12:03:35+00:00\",\"breadcrumb\":{\"@id\":\"https:\/\/anivet.lt\/klinika\/naudinga-informacija\/#breadcrumb\"},\"inLanguage\":\"lt-LT\",\"potentialAction\":[{\"@type\":\"ReadAction\",\"target\":[\"https:\/\/anivet.lt\/klinika\/naudinga-informacija\/\"]}]},{\"@type\":\"BreadcrumbList\",\"@id\":\"https:\/\/anivet.lt\/klinika\/naudinga-informacija\/#breadcrumb\",\"itemListElement\":[{\"@type\":\"ListItem\",\"position\":1,\"name\":\"Home\",\"item\":\"https:\/\/anivet.lt\/klinika\/\"},{\"@type\":\"ListItem\",\"position\":2,\"name\":\"Naudinga informacija\"}]},{\"@type\":\"WebSite\",\"@id\":\"https:\/\/anivet.lt\/klinika\/#website\",\"url\":\"https:\/\/anivet.lt\/klinika\/\",\"name\":\"anivet.lt\",\"description\":\"anivet.lt\",\"publisher\":{\"@id\":\"https:\/\/anivet.lt\/klinika\/#organization\"},\"alternateName\":\"Veterinarijos klinika\",\"potentialAction\":[{\"@type\":\"SearchAction\",\"target\":{\"@type\":\"EntryPoint\",\"urlTemplate\":\"https:\/\/anivet.lt\/klinika\/?s={search_term_string}\"},\"query-input\":{\"@type\":\"PropertyValueSpecification\",\"valueRequired\":true,\"valueName\":\"search_term_string\"}}],\"inLanguage\":\"lt-LT\"},{\"@type\":\"Organization\",\"@id\":\"https:\/\/anivet.lt\/klinika\/#organization\",\"name\":\"Veterinarijos klinika\",\"url\":\"https:\/\/anivet.lt\/klinika\/\",\"logo\":{\"@type\":\"ImageObject\",\"inLanguage\":\"lt-LT\",\"@id\":\"https:\/\/anivet.lt\/klinika\/#\/schema\/logo\/image\/\",\"url\":\"https:\/\/anivet.lt\/klinika\/wp-content\/uploads\/2023\/06\/logo2.jpg\",\"contentUrl\":\"https:\/\/anivet.lt\/klinika\/wp-content\/uploads\/2023\/06\/logo2.jpg\",\"width\":655,\"height\":194,\"caption\":\"Veterinarijos klinika\"},\"image\":{\"@id\":\"https:\/\/anivet.lt\/klinika\/#\/schema\/logo\/image\/\"}}]}<\/script>\n<!-- \/ Yoast SEO plugin. -->","yoast_head_json":{"title":"Naudinga informacija - anivet.lt","robots":{"index":"index","follow":"follow","max-snippet":"max-snippet:-1","max-image-preview":"max-image-preview:large","max-video-preview":"max-video-preview:-1"},"canonical":"https:\/\/anivet.lt\/klinika\/naudinga-informacija\/","og_locale":"lt_LT","og_type":"article","og_title":"Naudinga informacija - anivet.lt","og_url":"https:\/\/anivet.lt\/klinika\/naudinga-informacija\/","og_site_name":"anivet.lt","article_modified_time":"2023-06-27T12:03:35+00:00","og_image":[{"width":1008,"height":801,"url":"https:\/\/anivet.lt\/klinika\/wp-content\/uploads\/2023\/06\/2.jpg","type":"image\/jpeg"}],"twitter_card":"summary_large_image","schema":{"@context":"https:\/\/schema.org","@graph":[{"@type":"WebPage","@id":"https:\/\/anivet.lt\/klinika\/naudinga-informacija\/","url":"https:\/\/anivet.lt\/klinika\/naudinga-informacija\/","name":"Naudinga informacija - anivet.lt","isPartOf":{"@id":"https:\/\/anivet.lt\/klinika\/#website"},"datePublished":"2023-06-26T04:02:01+00:00","dateModified":"2023-06-27T12:03:35+00:00","breadcrumb":{"@id":"https:\/\/anivet.lt\/klinika\/naudinga-informacija\/#breadcrumb"},"inLanguage":"lt-LT","potentialAction":[{"@type":"ReadAction","target":["https:\/\/anivet.lt\/klinika\/naudinga-informacija\/"]}]},{"@type":"BreadcrumbList","@id":"https:\/\/anivet.lt\/klinika\/naudinga-informacija\/#breadcrumb","itemListElement":[{"@type":"ListItem","position":1,"name":"Home","item":"https:\/\/anivet.lt\/klinika\/"},{"@type":"ListItem","position":2,"name":"Naudinga informacija"}]},{"@type":"WebSite","@id":"https:\/\/anivet.lt\/klinika\/#website","url":"https:\/\/anivet.lt\/klinika\/","name":"anivet.lt","description":"anivet.lt","publisher":{"@id":"https:\/\/anivet.lt\/klinika\/#organization"},"alternateName":"Veterinarijos klinika","potentialAction":[{"@type":"SearchAction","target":{"@type":"EntryPoint","urlTemplate":"https:\/\/anivet.lt\/klinika\/?s={search_term_string}"},"query-input":{"@type":"PropertyValueSpecification","valueRequired":true,"valueName":"search_term_string"}}],"inLanguage":"lt-LT"},{"@type":"Organization","@id":"https:\/\/anivet.lt\/klinika\/#organization","name":"Veterinarijos klinika","url":"https:\/\/anivet.lt\/klinika\/","logo":{"@type":"ImageObject","inLanguage":"lt-LT","@id":"https:\/\/anivet.lt\/klinika\/#\/schema\/logo\/image\/","url":"https:\/\/anivet.lt\/klinika\/wp-content\/uploads\/2023\/06\/logo2.jpg","contentUrl":"https:\/\/anivet.lt\/klinika\/wp-content\/uploads\/2023\/06\/logo2.jpg","width":655,"height":194,"caption":"Veterinarijos klinika"},"image":{"@id":"https:\/\/anivet.lt\/klinika\/#\/schema\/logo\/image\/"}}]}},"_links":{"self":[{"href":"https:\/\/anivet.lt\/klinika\/wp-json\/wp\/v2\/pages\/10224","targetHints":{"allow":["GET"]}}],"collection":[{"href":"https:\/\/anivet.lt\/klinika\/wp-json\/wp\/v2\/pages"}],"about":[{"href":"https:\/\/anivet.lt\/klinika\/wp-json\/wp\/v2\/types\/page"}],"author":[{"embeddable":true,"href":"https:\/\/anivet.lt\/klinika\/wp-json\/wp\/v2\/users\/1"}],"replies":[{"embeddable":true,"href":"https:\/\/anivet.lt\/klinika\/wp-json\/wp\/v2\/comments?post=10224"}],"version-history":[{"count":5,"href":"https:\/\/anivet.lt\/klinika\/wp-json\/wp\/v2\/pages\/10224\/revisions"}],"predecessor-version":[{"id":10314,"href":"https:\/\/anivet.lt\/klinika\/wp-json\/wp\/v2\/pages\/10224\/revisions\/10314"}],"wp:attachment":[{"href":"https:\/\/anivet.lt\/klinika\/wp-json\/wp\/v2\/media?parent=10224"}],"curies":[{"name":"wp","href":"https:\/\/api.w.org\/{rel}","templated":true}]}}